[INFO] fetching crate riscv-macros 0.1.0...
[INFO] testing riscv-macros-0.1.0 against nightly-2024-10-28 for randomize-layout
[INFO] extracting crate riscv-macros 0.1.0 into /workspace/builds/worker-6-tc1/source
[INFO] validating manifest of crates.io crate riscv-macros 0.1.0 on toolchain nightly-2024-10-28
[INFO] running `Command { std: CARGO_HOME="/workspace/cargo-home" RUSTUP_HOME="/workspace/rustup-home" "/workspace/cargo-home/bin/cargo" "+nightly-2024-10-28" "metadata" "--manifest-path" "Cargo.toml" "--no-deps", kill_on_drop: false }`
[INFO] started tweaking crates.io crate riscv-macros 0.1.0
[INFO] finished tweaking crates.io crate riscv-macros 0.1.0
[INFO] tweaked toml for crates.io crate riscv-macros 0.1.0 written to /workspace/builds/worker-6-tc1/source/Cargo.toml
[INFO] running `Command { std: CARGO_HOME="/workspace/cargo-home" RUSTUP_HOME="/workspace/rustup-home" "/workspace/cargo-home/bin/cargo" "+nightly-2024-10-28" "generate-lockfile" "--manifest-path" "Cargo.toml", kill_on_drop: false }`
[INFO] [stderr]     Updating crates.io index
[INFO] [stderr]      Locking 4 packages to latest compatible versions
[INFO] running `Command { std: CARGO_HOME="/workspace/cargo-home" RUSTUP_HOME="/workspace/rustup-home" "/workspace/cargo-home/bin/cargo" "+nightly-2024-10-28" "fetch" "--manifest-path" "Cargo.toml", kill_on_drop: false }`
[INFO] running `Command { std: "docker" "create" "-v" "/var/lib/crater-agent-workspace/builds/worker-6-tc1/target:/opt/rustwide/target:rw,Z" "-v" "/var/lib/crater-agent-workspace/builds/worker-6-tc1/source:/opt/rustwide/workdir:ro,Z" "-v" "/var/lib/crater-agent-workspace/cargo-home:/opt/rustwide/cargo-home:ro,Z" "-v" "/var/lib/crater-agent-workspace/rustup-home:/opt/rustwide/rustup-home:ro,Z" "-e" "SOURCE_DIR=/opt/rustwide/workdir" "-e" "CARGO_TARGET_DIR=/opt/rustwide/target" "-e" "CARGO_HOME=/opt/rustwide/cargo-home" "-e" "RUSTUP_HOME=/opt/rustwide/rustup-home" "-w" "/opt/rustwide/workdir" "-m" "1610612736" "--user" "0:0" "--network" "none" "ghcr.io/rust-lang/crates-build-env/linux@sha256:4a844ea9eb2546a2d2c7022eacef16ef2e8229c7fbb2c7d4d55a9ceca922f72d" "/opt/rustwide/cargo-home/bin/cargo" "+nightly-2024-10-28" "metadata" "--no-deps" "--format-version=1", kill_on_drop: false }`
[INFO] [stdout] e60f6ba88079142a183baf4e53226c66bc00b9e537cb5daa9c9d75da38c2b727
[INFO] running `Command { std: "docker" "start" "-a" "e60f6ba88079142a183baf4e53226c66bc00b9e537cb5daa9c9d75da38c2b727", kill_on_drop: false }`
[INFO] running `Command { std: "docker" "inspect" "e60f6ba88079142a183baf4e53226c66bc00b9e537cb5daa9c9d75da38c2b727", kill_on_drop: false }`
[INFO] running `Command { std: "docker" "rm" "-f" "e60f6ba88079142a183baf4e53226c66bc00b9e537cb5daa9c9d75da38c2b727", kill_on_drop: false }`
[INFO] [stdout] e60f6ba88079142a183baf4e53226c66bc00b9e537cb5daa9c9d75da38c2b727
[INFO] running `Command { std: "docker" "create" "-v" "/var/lib/crater-agent-workspace/builds/worker-6-tc1/target:/opt/rustwide/target:rw,Z" "-v" "/var/lib/crater-agent-workspace/builds/worker-6-tc1/source:/opt/rustwide/workdir:ro,Z" "-v" "/var/lib/crater-agent-workspace/cargo-home:/opt/rustwide/cargo-home:ro,Z" "-v" "/var/lib/crater-agent-workspace/rustup-home:/opt/rustwide/rustup-home:ro,Z" "-e" "SOURCE_DIR=/opt/rustwide/workdir" "-e" "CARGO_TARGET_DIR=/opt/rustwide/target" "-e" "CARGO_INCREMENTAL=0" "-e" "RUST_BACKTRACE=full" "-e" "RUSTFLAGS=--cap-lints=forbid" "-e" "RUSTDOCFLAGS=--cap-lints=forbid" "-e" "CARGO_HOME=/opt/rustwide/cargo-home" "-e" "RUSTUP_HOME=/opt/rustwide/rustup-home" "-w" "/opt/rustwide/workdir" "-m" "1610612736" "--user" "0:0" "--network" "none" "ghcr.io/rust-lang/crates-build-env/linux@sha256:4a844ea9eb2546a2d2c7022eacef16ef2e8229c7fbb2c7d4d55a9ceca922f72d" "/opt/rustwide/cargo-home/bin/cargo" "+nightly-2024-10-28" "build" "--frozen" "--message-format=json", kill_on_drop: false }`
[INFO] [stdout] c9e0e492e3821d9b3a838a118541df991de5d4091fd68272d86f654147a3e542
[INFO] running `Command { std: "docker" "start" "-a" "c9e0e492e3821d9b3a838a118541df991de5d4091fd68272d86f654147a3e542", kill_on_drop: false }`
[INFO] [stderr]    Compiling proc-macro2 v1.0.89
[INFO] [stderr]    Compiling unicode-ident v1.0.13
[INFO] [stderr]    Compiling quote v1.0.37
[INFO] [stderr]    Compiling syn v2.0.86
[INFO] [stderr]    Compiling riscv-macros v0.1.0 (/opt/rustwide/workdir)
[INFO] [stderr]     Finished `dev` profile [unoptimized + debuginfo] target(s) in 1.77s
[INFO] running `Command { std: "docker" "inspect" "c9e0e492e3821d9b3a838a118541df991de5d4091fd68272d86f654147a3e542", kill_on_drop: false }`
[INFO] running `Command { std: "docker" "rm" "-f" "c9e0e492e3821d9b3a838a118541df991de5d4091fd68272d86f654147a3e542", kill_on_drop: false }`
[INFO] [stdout] c9e0e492e3821d9b3a838a118541df991de5d4091fd68272d86f654147a3e542
[INFO] running `Command { std: "docker" "create" "-v" "/var/lib/crater-agent-workspace/builds/worker-6-tc1/target:/opt/rustwide/target:rw,Z" "-v" "/var/lib/crater-agent-workspace/builds/worker-6-tc1/source:/opt/rustwide/workdir:ro,Z" "-v" "/var/lib/crater-agent-workspace/cargo-home:/opt/rustwide/cargo-home:ro,Z" "-v" "/var/lib/crater-agent-workspace/rustup-home:/opt/rustwide/rustup-home:ro,Z" "-e" "SOURCE_DIR=/opt/rustwide/workdir" "-e" "CARGO_TARGET_DIR=/opt/rustwide/target" "-e" "CARGO_INCREMENTAL=0" "-e" "RUST_BACKTRACE=full" "-e" "RUSTFLAGS=--cap-lints=forbid" "-e" "RUSTDOCFLAGS=--cap-lints=forbid" "-e" "CARGO_HOME=/opt/rustwide/cargo-home" "-e" "RUSTUP_HOME=/opt/rustwide/rustup-home" "-w" "/opt/rustwide/workdir" "-m" "1610612736" "--user" "0:0" "--network" "none" "ghcr.io/rust-lang/crates-build-env/linux@sha256:4a844ea9eb2546a2d2c7022eacef16ef2e8229c7fbb2c7d4d55a9ceca922f72d" "/opt/rustwide/cargo-home/bin/cargo" "+nightly-2024-10-28" "test" "--frozen" "--no-run" "--message-format=json", kill_on_drop: false }`
[INFO] [stdout] ef0130ab610f9b428d02d4948b22d4cbd780719d0cd99168719e1b1dfd4db7e7
[INFO] running `Command { std: "docker" "start" "-a" "ef0130ab610f9b428d02d4948b22d4cbd780719d0cd99168719e1b1dfd4db7e7", kill_on_drop: false }`
[INFO] [stderr]    Compiling riscv-macros v0.1.0 (/opt/rustwide/workdir)
[INFO] [stderr]     Finished `test` profile [unoptimized + debuginfo] target(s) in 0.19s
[INFO] running `Command { std: "docker" "inspect" "ef0130ab610f9b428d02d4948b22d4cbd780719d0cd99168719e1b1dfd4db7e7", kill_on_drop: false }`
[INFO] running `Command { std: "docker" "rm" "-f" "ef0130ab610f9b428d02d4948b22d4cbd780719d0cd99168719e1b1dfd4db7e7", kill_on_drop: false }`
[INFO] [stdout] ef0130ab610f9b428d02d4948b22d4cbd780719d0cd99168719e1b1dfd4db7e7
[INFO] running `Command { std: "docker" "create" "-v" "/var/lib/crater-agent-workspace/builds/worker-6-tc1/target:/opt/rustwide/target:rw,Z" "-v" "/var/lib/crater-agent-workspace/builds/worker-6-tc1/source:/opt/rustwide/workdir:ro,Z" "-v" "/var/lib/crater-agent-workspace/cargo-home:/opt/rustwide/cargo-home:ro,Z" "-v" "/var/lib/crater-agent-workspace/rustup-home:/opt/rustwide/rustup-home:ro,Z" "-e" "SOURCE_DIR=/opt/rustwide/workdir" "-e" "CARGO_TARGET_DIR=/opt/rustwide/target" "-e" "CARGO_INCREMENTAL=0" "-e" "RUST_BACKTRACE=full" "-e" "RUSTFLAGS=--cap-lints=forbid" "-e" "RUSTDOCFLAGS=--cap-lints=forbid" "-e" "CARGO_HOME=/opt/rustwide/cargo-home" "-e" "RUSTUP_HOME=/opt/rustwide/rustup-home" "-w" "/opt/rustwide/workdir" "-m" "1610612736" "--user" "0:0" "--network" "none" "ghcr.io/rust-lang/crates-build-env/linux@sha256:4a844ea9eb2546a2d2c7022eacef16ef2e8229c7fbb2c7d4d55a9ceca922f72d" "/opt/rustwide/cargo-home/bin/cargo" "+nightly-2024-10-28" "test" "--frozen", kill_on_drop: false }`
[INFO] [stdout] 398f5074e3585c7ebb62738d0bef493997abf3a712c82200d0a2bad65df2911d
[INFO] running `Command { std: "docker" "start" "-a" "398f5074e3585c7ebb62738d0bef493997abf3a712c82200d0a2bad65df2911d", kill_on_drop: false }`
[INFO] [stderr]     Finished `test` profile [unoptimized + debuginfo] target(s) in 0.01s
[INFO] [stderr]      Running unittests src/lib.rs (/opt/rustwide/target/debug/deps/riscv_macros-54b65e9cb9af032a)
[INFO] [stdout] 
[INFO] [stdout] running 0 tests
[INFO] [stdout] 
[INFO] [stdout] test result: ok. 0 passed; 0 failed; 0 ignored; 0 measured; 0 filtered out; finished in 0.00s
[INFO] [stdout] 
[INFO] [stderr]    Doc-tests riscv_macros
[INFO] [stdout] 
[INFO] [stdout] running 1 test
[INFO] [stdout] test src/lib.rs - pac_enum (line 403) ... FAILED
[INFO] [stdout] 
[INFO] [stdout] failures:
[INFO] [stdout] 
[INFO] [stdout] ---- src/lib.rs - pac_enum (line 403) stdout ----
[INFO] [stdout] error[E0432]: unresolved import `riscv`
[INFO] [stdout]  --> src/lib.rs:404:5
[INFO] [stdout]   |
[INFO] [stdout] 2 | use riscv::*;
[INFO] [stdout]   |     ^^^^^ use of undeclared crate or module `riscv`
[INFO] [stdout] 
[INFO] [stdout] error: cannot find attribute `pac_enum` in this scope
[INFO] [stdout]  --> src/lib.rs:407:3
[INFO] [stdout]   |
[INFO] [stdout] 5 | #[pac_enum(unsafe ExceptionNumber)]
[INFO] [stdout]   |   ^^^^^^^^
[INFO] [stdout]   |
[INFO] [stdout] help: consider importing this attribute macro
[INFO] [stdout]   |
[INFO] [stdout] 2 + use riscv_macros::pac_enum;
[INFO] [stdout]   |
[INFO] [stdout] 
[INFO] [stdout] error[E0599]: no method named `number` found for enum `Exception` in the current scope
[INFO] [stdout]   --> src/lib.rs:415:30
[INFO] [stdout]    |
[INFO] [stdout] 7  | enum Exception {
[INFO] [stdout]    | -------------- method `number` not found for this enum
[INFO] [stdout] ...
[INFO] [stdout] 13 |     assert_eq!(Exception::E1.number(), 1);
[INFO] [stdout]    |                              ^^^^^^ method not found in `Exception`
[INFO] [stdout] 
[INFO] [stdout] error[E0599]: no method named `number` found for enum `Exception` in the current scope
[INFO] [stdout]   --> src/lib.rs:416:30
[INFO] [stdout]    |
[INFO] [stdout] 7  | enum Exception {
[INFO] [stdout]    | -------------- method `number` not found for this enum
[INFO] [stdout] ...
[INFO] [stdout] 14 |     assert_eq!(Exception::E3.number(), 3);
[INFO] [stdout]    |                              ^^^^^^ method not found in `Exception`
[INFO] [stdout] 
[INFO] [stdout] error[E0599]: no variant or associated item named `from_number` found for enum `Exception` in the current scope
[INFO] [stdout]   --> src/lib.rs:418:27
[INFO] [stdout]    |
[INFO] [stdout] 7  | enum Exception {
[INFO] [stdout]    | -------------- variant or associated item `from_number` not found for this enum
[INFO] [stdout] ...
[INFO] [stdout] 16 |     assert_eq!(Exception::from_number(1), Ok(Exception::E1));
[INFO] [stdout]    |                           ^^^^^^^^^^^ variant or associated item not found in `Exception`
[INFO] [stdout] 
[INFO] [stdout] error[E0599]: no variant or associated item named `from_number` found for enum `Exception` in the current scope
[INFO] [stdout]   --> src/lib.rs:419:27
[INFO] [stdout]    |
[INFO] [stdout] 7  | enum Exception {
[INFO] [stdout]    | -------------- variant or associated item `from_number` not found for this enum
[INFO] [stdout] ...
[INFO] [stdout] 17 |     assert_eq!(Exception::from_number(2), Err(2));
[INFO] [stdout]    |                           ^^^^^^^^^^^ variant or associated item not found in `Exception`
[INFO] [stdout] 
[INFO] [stdout] error[E0599]: no variant or associated item named `from_number` found for enum `Exception` in the current scope
[INFO] [stdout]   --> src/lib.rs:420:27
[INFO] [stdout]    |
[INFO] [stdout] 7  | enum Exception {
[INFO] [stdout]    | -------------- variant or associated item `from_number` not found for this enum
[INFO] [stdout] ...
[INFO] [stdout] 18 |     assert_eq!(Exception::from_number(3), Ok(Exception::E3));
[INFO] [stdout]    |                           ^^^^^^^^^^^ variant or associated item not found in `Exception`
[INFO] [stdout] 
[INFO] [stdout] error[E0599]: no variant or associated item named `MAX_EXCEPTION_NUMBER` found for enum `Exception` in the current scope
[INFO] [stdout]   --> src/lib.rs:422:27
[INFO] [stdout]    |
[INFO] [stdout] 7  | enum Exception {
[INFO] [stdout]    | -------------- variant or associated item `MAX_EXCEPTION_NUMBER` not found for this enum
[INFO] [stdout] ...
[INFO] [stdout] 20 |     assert_eq!(Exception::MAX_EXCEPTION_NUMBER, 3);
[INFO] [stdout]    |                           ^^^^^^^^^^^^^^^^^^^^ variant or associated item not found in `Exception`
[INFO] [stdout] 
[INFO] [stdout] error: aborting due to 8 previous errors
[INFO] [stdout] 
[INFO] [stdout] Some errors have detailed explanations: E0432, E0599.
[INFO] [stdout] For more information about an error, try `rustc --explain E0432`.
[INFO] [stdout] Couldn't compile the test.
[INFO] [stdout] 
[INFO] [stdout] failures:
[INFO] [stdout]     src/lib.rs - pac_enum (line 403)
[INFO] [stdout] 
[INFO] [stdout] test result: FAILED. 0 passed; 1 failed; 0 ignored; 0 measured; 0 filtered out; finished in 0.08s
[INFO] [stdout] 
[INFO] [stderr] error: doctest failed, to rerun pass `--doc`
[INFO] running `Command { std: "docker" "inspect" "398f5074e3585c7ebb62738d0bef493997abf3a712c82200d0a2bad65df2911d", kill_on_drop: false }`
[INFO] running `Command { std: "docker" "rm" "-f" "398f5074e3585c7ebb62738d0bef493997abf3a712c82200d0a2bad65df2911d", kill_on_drop: false }`
[INFO] [stdout] 398f5074e3585c7ebb62738d0bef493997abf3a712c82200d0a2bad65df2911d
