[INFO] fetching crate ripeg 0.1.3...
[INFO] testing ripeg-0.1.3 against nightly-2024-10-28+rustflags=-Zrandomize-layout for randomize-layout
[INFO] extracting crate ripeg 0.1.3 into /workspace/builds/worker-7-tc2/source
[INFO] validating manifest of crates.io crate ripeg 0.1.3 on toolchain nightly-2024-10-28
[INFO] running `Command { std: CARGO_HOME="/workspace/cargo-home" RUSTUP_HOME="/workspace/rustup-home" "/workspace/cargo-home/bin/cargo" "+nightly-2024-10-28" "metadata" "--manifest-path" "Cargo.toml" "--no-deps", kill_on_drop: false }`
[INFO] started tweaking crates.io crate ripeg 0.1.3
[INFO] finished tweaking crates.io crate ripeg 0.1.3
[INFO] tweaked toml for crates.io crate ripeg 0.1.3 written to /workspace/builds/worker-7-tc2/source/Cargo.toml
[INFO] running `Command { std: CARGO_HOME="/workspace/cargo-home" RUSTUP_HOME="/workspace/rustup-home" "/workspace/cargo-home/bin/cargo" "+nightly-2024-10-28" "generate-lockfile" "--manifest-path" "Cargo.toml", kill_on_drop: false }`
[INFO] [stderr]     Updating crates.io index
[INFO] [stderr]      Locking 5 packages to latest compatible versions
[INFO] running `Command { std: CARGO_HOME="/workspace/cargo-home" RUSTUP_HOME="/workspace/rustup-home" "/workspace/cargo-home/bin/cargo" "+nightly-2024-10-28" "fetch" "--manifest-path" "Cargo.toml", kill_on_drop: false }`
[INFO] running `Command { std: "docker" "create" "-v" "/var/lib/crater-agent-workspace/builds/worker-7-tc2/target:/opt/rustwide/target:rw,Z" "-v" "/var/lib/crater-agent-workspace/builds/worker-7-tc2/source:/opt/rustwide/workdir:ro,Z" "-v" "/var/lib/crater-agent-workspace/cargo-home:/opt/rustwide/cargo-home:ro,Z" "-v" "/var/lib/crater-agent-workspace/rustup-home:/opt/rustwide/rustup-home:ro,Z" "-e" "SOURCE_DIR=/opt/rustwide/workdir" "-e" "CARGO_TARGET_DIR=/opt/rustwide/target" "-e" "CARGO_HOME=/opt/rustwide/cargo-home" "-e" "RUSTUP_HOME=/opt/rustwide/rustup-home" "-w" "/opt/rustwide/workdir" "-m" "1610612736" "--user" "0:0" "--network" "none" "ghcr.io/rust-lang/crates-build-env/linux@sha256:4a844ea9eb2546a2d2c7022eacef16ef2e8229c7fbb2c7d4d55a9ceca922f72d" "/opt/rustwide/cargo-home/bin/cargo" "+nightly-2024-10-28" "metadata" "--no-deps" "--format-version=1", kill_on_drop: false }`
[INFO] [stdout] bf7ad0ea53b7881d77fd1cb425464112251bd18acbfff20c81f89f2c69429f63
[INFO] running `Command { std: "docker" "start" "-a" "bf7ad0ea53b7881d77fd1cb425464112251bd18acbfff20c81f89f2c69429f63", kill_on_drop: false }`
[INFO] running `Command { std: "docker" "inspect" "bf7ad0ea53b7881d77fd1cb425464112251bd18acbfff20c81f89f2c69429f63", kill_on_drop: false }`
[INFO] running `Command { std: "docker" "rm" "-f" "bf7ad0ea53b7881d77fd1cb425464112251bd18acbfff20c81f89f2c69429f63", kill_on_drop: false }`
[INFO] [stdout] bf7ad0ea53b7881d77fd1cb425464112251bd18acbfff20c81f89f2c69429f63
[INFO] running `Command { std: "docker" "create" "-v" "/var/lib/crater-agent-workspace/builds/worker-7-tc2/target:/opt/rustwide/target:rw,Z" "-v" "/var/lib/crater-agent-workspace/builds/worker-7-tc2/source:/opt/rustwide/workdir:ro,Z" "-v" "/var/lib/crater-agent-workspace/cargo-home:/opt/rustwide/cargo-home:ro,Z" "-v" "/var/lib/crater-agent-workspace/rustup-home:/opt/rustwide/rustup-home:ro,Z" "-e" "SOURCE_DIR=/opt/rustwide/workdir" "-e" "CARGO_TARGET_DIR=/opt/rustwide/target" "-e" "CARGO_INCREMENTAL=0" "-e" "RUST_BACKTRACE=full" "-e" "RUSTFLAGS=--cap-lints=forbid -Zrandomize-layout" "-e" "RUSTDOCFLAGS=--cap-lints=forbid" "-e" "CARGO_HOME=/opt/rustwide/cargo-home" "-e" "RUSTUP_HOME=/opt/rustwide/rustup-home" "-w" "/opt/rustwide/workdir" "-m" "1610612736" "--user" "0:0" "--network" "none" "ghcr.io/rust-lang/crates-build-env/linux@sha256:4a844ea9eb2546a2d2c7022eacef16ef2e8229c7fbb2c7d4d55a9ceca922f72d" "/opt/rustwide/cargo-home/bin/cargo" "+nightly-2024-10-28" "build" "--frozen" "--message-format=json", kill_on_drop: false }`
[INFO] [stdout] 6cf44cfcdb6f79e239d72cf72f4356e73802e84f3a36916e77161041210544ca
[INFO] running `Command { std: "docker" "start" "-a" "6cf44cfcdb6f79e239d72cf72f4356e73802e84f3a36916e77161041210544ca", kill_on_drop: false }`
[INFO] [stderr]    Compiling radium v0.7.0
[INFO] [stderr]    Compiling tap v1.0.1
[INFO] [stderr]    Compiling funty v2.0.0
[INFO] [stderr]    Compiling wyz v0.5.1
[INFO] [stderr]    Compiling bitvec v1.0.1
[INFO] [stderr]    Compiling ripeg v0.1.3 (/opt/rustwide/workdir)
[INFO] [stderr]     Finished `dev` profile [unoptimized + debuginfo] target(s) in 3.01s
[INFO] running `Command { std: "docker" "inspect" "6cf44cfcdb6f79e239d72cf72f4356e73802e84f3a36916e77161041210544ca", kill_on_drop: false }`
[INFO] running `Command { std: "docker" "rm" "-f" "6cf44cfcdb6f79e239d72cf72f4356e73802e84f3a36916e77161041210544ca", kill_on_drop: false }`
[INFO] [stdout] 6cf44cfcdb6f79e239d72cf72f4356e73802e84f3a36916e77161041210544ca
[INFO] running `Command { std: "docker" "create" "-v" "/var/lib/crater-agent-workspace/builds/worker-7-tc2/target:/opt/rustwide/target:rw,Z" "-v" "/var/lib/crater-agent-workspace/builds/worker-7-tc2/source:/opt/rustwide/workdir:ro,Z" "-v" "/var/lib/crater-agent-workspace/cargo-home:/opt/rustwide/cargo-home:ro,Z" "-v" "/var/lib/crater-agent-workspace/rustup-home:/opt/rustwide/rustup-home:ro,Z" "-e" "SOURCE_DIR=/opt/rustwide/workdir" "-e" "CARGO_TARGET_DIR=/opt/rustwide/target" "-e" "CARGO_INCREMENTAL=0" "-e" "RUST_BACKTRACE=full" "-e" "RUSTFLAGS=--cap-lints=forbid -Zrandomize-layout" "-e" "RUSTDOCFLAGS=--cap-lints=forbid" "-e" "CARGO_HOME=/opt/rustwide/cargo-home" "-e" "RUSTUP_HOME=/opt/rustwide/rustup-home" "-w" "/opt/rustwide/workdir" "-m" "1610612736" "--user" "0:0" "--network" "none" "ghcr.io/rust-lang/crates-build-env/linux@sha256:4a844ea9eb2546a2d2c7022eacef16ef2e8229c7fbb2c7d4d55a9ceca922f72d" "/opt/rustwide/cargo-home/bin/cargo" "+nightly-2024-10-28" "test" "--frozen" "--no-run" "--message-format=json", kill_on_drop: false }`
[INFO] [stdout] 6772f88e2ba39a46c6218d16e8d00c4f3f7867505b6f645fa352a6de5e1e4858
[INFO] running `Command { std: "docker" "start" "-a" "6772f88e2ba39a46c6218d16e8d00c4f3f7867505b6f645fa352a6de5e1e4858", kill_on_drop: false }`
[INFO] [stderr]    Compiling radium v0.7.0
[INFO] [stderr]    Compiling tap v1.0.1
[INFO] [stderr]    Compiling funty v2.0.0
[INFO] [stderr]    Compiling wyz v0.5.1
[INFO] [stderr]    Compiling bitvec v1.0.1
[INFO] [stderr]    Compiling ripeg v0.1.3 (/opt/rustwide/workdir)
[INFO] [stderr]     Finished `test` profile [optimized] target(s) in 17.29s
[INFO] running `Command { std: "docker" "inspect" "6772f88e2ba39a46c6218d16e8d00c4f3f7867505b6f645fa352a6de5e1e4858", kill_on_drop: false }`
[INFO] running `Command { std: "docker" "rm" "-f" "6772f88e2ba39a46c6218d16e8d00c4f3f7867505b6f645fa352a6de5e1e4858", kill_on_drop: false }`
[INFO] [stdout] 6772f88e2ba39a46c6218d16e8d00c4f3f7867505b6f645fa352a6de5e1e4858
[INFO] running `Command { std: "docker" "create" "-v" "/var/lib/crater-agent-workspace/builds/worker-7-tc2/target:/opt/rustwide/target:rw,Z" "-v" "/var/lib/crater-agent-workspace/builds/worker-7-tc2/source:/opt/rustwide/workdir:ro,Z" "-v" "/var/lib/crater-agent-workspace/cargo-home:/opt/rustwide/cargo-home:ro,Z" "-v" "/var/lib/crater-agent-workspace/rustup-home:/opt/rustwide/rustup-home:ro,Z" "-e" "SOURCE_DIR=/opt/rustwide/workdir" "-e" "CARGO_TARGET_DIR=/opt/rustwide/target" "-e" "CARGO_INCREMENTAL=0" "-e" "RUST_BACKTRACE=full" "-e" "RUSTFLAGS=--cap-lints=forbid -Zrandomize-layout" "-e" "RUSTDOCFLAGS=--cap-lints=forbid" "-e" "CARGO_HOME=/opt/rustwide/cargo-home" "-e" "RUSTUP_HOME=/opt/rustwide/rustup-home" "-w" "/opt/rustwide/workdir" "-m" "1610612736" "--user" "0:0" "--network" "none" "ghcr.io/rust-lang/crates-build-env/linux@sha256:4a844ea9eb2546a2d2c7022eacef16ef2e8229c7fbb2c7d4d55a9ceca922f72d" "/opt/rustwide/cargo-home/bin/cargo" "+nightly-2024-10-28" "test" "--frozen", kill_on_drop: false }`
[INFO] [stdout] 9b305e33546b80a73496cc1ffaf63d73d8d95a53c7e6cf70bd3d2800301bbdb9
[INFO] running `Command { std: "docker" "start" "-a" "9b305e33546b80a73496cc1ffaf63d73d8d95a53c7e6cf70bd3d2800301bbdb9", kill_on_drop: false }`
[INFO] [stderr]     Finished `test` profile [optimized] target(s) in 0.01s
[INFO] [stderr]      Running unittests src/lib.rs (/opt/rustwide/target/debug/deps/ripeg-ec231cca092194ba)
[INFO] [stdout] 
[INFO] [stdout] running 0 tests
[INFO] [stdout] 
[INFO] [stdout] test result: ok. 0 passed; 0 failed; 0 ignored; 0 measured; 0 filtered out; finished in 0.00s
[INFO] [stdout] 
[INFO] [stderr]    Doc-tests ripeg
[INFO] [stderr] warning: unknown lint: `rustdoc::missing_doc_code_examples`
[INFO] [stderr]   --> src/lib.rs:37:1
[INFO] [stderr]    |
[INFO] [stderr] 37 | #[warn(rustdoc::missing_doc_code_examples)]
[INFO] [stderr]    | ^^^^^^^^^^^^^^^^^^^^^^^^^^^^^^^^^^^^^^^^^^^
[INFO] [stderr]    |
[INFO] [stderr]    = note: the `rustdoc::missing_doc_code_examples` lint is unstable
[INFO] [stderr]    = note: see issue #101730 <https://github.com/rust-lang/rust/issues/101730> for more information
[INFO] [stderr]    = help: add `#![feature(rustdoc_missing_doc_code_examples)]` to the crate attributes to enable
[INFO] [stderr]    = note: this compiler was built on 2024-10-27; consider upgrading it if it is out of date
[INFO] [stderr]    = note: `#[warn(unknown_lints)]` on by default
[INFO] [stderr] 
[INFO] [stdout] 
[INFO] [stderr] warning: 1 warning emitted
[INFO] [stdout] running 15 tests
[INFO] [stderr] 
[INFO] [stdout] test src/charset/mod.rs - charset::NormalSet::size (line 153) ... FAILED
[INFO] [stdout] test src/charset/mod.rs - charset::NormalSet::string (line 279) ... FAILED
[INFO] [stdout] test src/charset/mod.rs - charset::NormalSet::is_small (line 208) ... FAILED
[INFO] [stdout] test src/isa/mod.rs - isa::Program::new (line 109) ... FAILED
[INFO] [stdout] test src/charset/mod.rs - charset::SmallSet::new (line 75) ... FAILED
[INFO] [stdout] test src/isa/mod.rs - isa::Program::size (line 122) ... FAILED
[INFO] [stdout] test src/charset/mod.rs - charset::NormalSet::sub (line 317) ... FAILED
[INFO] [stdout] test src/charset/mod.rs - charset::SmallSet::size (line 96) ... FAILED
[INFO] [stdout] test src/charset/mod.rs - charset::NormalSet::complement (line 186) ... ok
[INFO] [stdout] test src/charset/mod.rs - charset::NormalSet::new (line 130) ... ok
[INFO] [stdout] test src/charset/mod.rs - charset::SmallSet::has (line 55) ... ok
[INFO] [stdout] test src/charset/mod.rs - charset::NormalSet::smallset (line 250) ... ok
[INFO] [stdout] test src/charset/mod.rs - charset::NormalSet::range (line 224) ... ok
[INFO] [stdout] test src/charset/mod.rs - charset::NormalSet::add (line 170) ... ok
[INFO] [stdout] test src/charset/mod.rs - charset::NormalSet::has (line 113) ... ok
[INFO] [stdout] 
[INFO] [stdout] failures:
[INFO] [stdout] 
[INFO] [stdout] ---- src/charset/mod.rs - charset::NormalSet::size (line 153) stdout ----
[INFO] [stdout] Couldn't compile the test.
[INFO] [stdout] ---- src/charset/mod.rs - charset::NormalSet::string (line 279) stdout ----
[INFO] [stdout] Couldn't compile the test.
[INFO] [stdout] ---- src/charset/mod.rs - charset::NormalSet::is_small (line 208) stdout ----
[INFO] [stdout] Couldn't compile the test.
[INFO] [stdout] ---- src/isa/mod.rs - isa::Program::new (line 109) stdout ----
[INFO] [stdout] Couldn't compile the test.
[INFO] [stdout] ---- src/charset/mod.rs - charset::SmallSet::new (line 75) stdout ----
[INFO] [stdout] Couldn't compile the test.
[INFO] [stdout] ---- src/isa/mod.rs - isa::Program::size (line 122) stdout ----
[INFO] [stdout] Couldn't compile the test.
[INFO] [stdout] ---- src/charset/mod.rs - charset::NormalSet::sub (line 317) stdout ----
[INFO] [stdout] Couldn't compile the test.
[INFO] [stdout] ---- src/charset/mod.rs - charset::SmallSet::size (line 96) stdout ----
[INFO] [stdout] Couldn't compile the test.
[INFO] [stdout] 
[INFO] [stdout] failures:
[INFO] [stdout]     src/charset/mod.rs - charset::NormalSet::is_small (line 208)
[INFO] [stdout]     src/charset/mod.rs - charset::NormalSet::size (line 153)
[INFO] [stdout]     src/charset/mod.rs - charset::NormalSet::string (line 279)
[INFO] [stdout]     src/charset/mod.rs - charset::NormalSet::sub (line 317)
[INFO] [stdout]     src/charset/mod.rs - charset::SmallSet::new (line 75)
[INFO] [stdout]     src/charset/mod.rs - charset::SmallSet::size (line 96)
[INFO] [stdout]     src/isa/mod.rs - isa::Program::new (line 109)
[INFO] [stdout]     src/isa/mod.rs - isa::Program::size (line 122)
[INFO] [stdout] 
[INFO] [stdout] test result: FAILED. 7 passed; 8 failed; 0 ignored; 0 measured; 0 filtered out; finished in 11.21s
[INFO] [stdout] 
[INFO] [stderr] error: doctest failed, to rerun pass `--doc`
[INFO] running `Command { std: "docker" "inspect" "9b305e33546b80a73496cc1ffaf63d73d8d95a53c7e6cf70bd3d2800301bbdb9", kill_on_drop: false }`
[INFO] running `Command { std: "docker" "rm" "-f" "9b305e33546b80a73496cc1ffaf63d73d8d95a53c7e6cf70bd3d2800301bbdb9", kill_on_drop: false }`
[INFO] [stdout] 9b305e33546b80a73496cc1ffaf63d73d8d95a53c7e6cf70bd3d2800301bbdb9
