[INFO] fetching crate revai 0.7.0...
[INFO] testing revai-0.7.0 against nightly-2024-10-28 for randomize-layout
[INFO] extracting crate revai 0.7.0 into /workspace/builds/worker-1-tc1/source
[INFO] validating manifest of crates.io crate revai 0.7.0 on toolchain nightly-2024-10-28
[INFO] running `Command { std: CARGO_HOME="/workspace/cargo-home" RUSTUP_HOME="/workspace/rustup-home" "/workspace/cargo-home/bin/cargo" "+nightly-2024-10-28" "metadata" "--manifest-path" "Cargo.toml" "--no-deps", kill_on_drop: false }`
[INFO] started tweaking crates.io crate revai 0.7.0
[INFO] finished tweaking crates.io crate revai 0.7.0
[INFO] tweaked toml for crates.io crate revai 0.7.0 written to /workspace/builds/worker-1-tc1/source/Cargo.toml
[INFO] running `Command { std: CARGO_HOME="/workspace/cargo-home" RUSTUP_HOME="/workspace/rustup-home" "/workspace/cargo-home/bin/cargo" "+nightly-2024-10-28" "generate-lockfile" "--manifest-path" "Cargo.toml", kill_on_drop: false }`
[INFO] [stderr]     Updating crates.io index
[INFO] [stderr]      Locking 260 packages to latest compatible versions
[INFO] [stderr]       Adding base64 v0.21.7 (available: v0.22.1)
[INFO] [stderr]       Adding dirs v3.0.2 (available: v5.0.1)
[INFO] [stderr]       Adding http v0.2.12 (available: v1.1.0)
[INFO] [stderr]       Adding jsonwebtoken v8.3.0 (available: v9.3.0)
[INFO] [stderr]       Adding parse_link_header v0.3.3 (available: v0.4.0)
[INFO] [stderr]       Adding pem v1.1.1 (available: v3.0.4)
[INFO] [stderr]       Adding reqwest v0.11.27 (available: v0.12.9)
[INFO] [stderr]       Adding reqwest-conditional-middleware v0.2.1 (available: v0.3.0)
[INFO] [stderr]       Adding reqwest-middleware v0.2.5 (available: v0.3.3)
[INFO] [stderr]       Adding reqwest-retry v0.2.3 (available: v0.6.1)
[INFO] [stderr]       Adding reqwest-tracing v0.4.8 (available: v0.5.3)
[INFO] [stderr]       Adding ring v0.16.20 (available: v0.17.8)
[INFO] [stderr]       Adding rsa v0.8.2 (available: v0.9.6)
[INFO] [stderr]       Adding wiremock v0.5.22 (available: v0.6.2)
[INFO] running `Command { std: CARGO_HOME="/workspace/cargo-home" RUSTUP_HOME="/workspace/rustup-home" "/workspace/cargo-home/bin/cargo" "+nightly-2024-10-28" "fetch" "--manifest-path" "Cargo.toml", kill_on_drop: false }`
[INFO] [stderr]  Downloading crates ...
[INFO] [stderr]   Downloaded rsa v0.8.2
[INFO] [stderr]   Downloaded pkcs1 v0.4.1
[INFO] [stderr]   Downloaded nom_pem v4.0.0
[INFO] [stderr]   Downloaded reqwest-tracing v0.4.8
[INFO] [stderr]   Downloaded reqwest-conditional-middleware v0.2.1
[INFO] [stderr]   Downloaded reqwest-retry v0.2.3
[INFO] running `Command { std: "docker" "create" "-v" "/var/lib/crater-agent-workspace/builds/worker-1-tc1/target:/opt/rustwide/target:rw,Z" "-v" "/var/lib/crater-agent-workspace/builds/worker-1-tc1/source:/opt/rustwide/workdir:ro,Z" "-v" "/var/lib/crater-agent-workspace/cargo-home:/opt/rustwide/cargo-home:ro,Z" "-v" "/var/lib/crater-agent-workspace/rustup-home:/opt/rustwide/rustup-home:ro,Z" "-e" "SOURCE_DIR=/opt/rustwide/workdir" "-e" "CARGO_TARGET_DIR=/opt/rustwide/target" "-e" "CARGO_HOME=/opt/rustwide/cargo-home" "-e" "RUSTUP_HOME=/opt/rustwide/rustup-home" "-w" "/opt/rustwide/workdir" "-m" "1610612736" "--user" "0:0" "--network" "none" "ghcr.io/rust-lang/crates-build-env/linux@sha256:4a844ea9eb2546a2d2c7022eacef16ef2e8229c7fbb2c7d4d55a9ceca922f72d" "/opt/rustwide/cargo-home/bin/cargo" "+nightly-2024-10-28" "metadata" "--no-deps" "--format-version=1", kill_on_drop: false }`
[INFO] [stdout] 5641e44654b3fdbea9809ccf35f98c97a4e88a224cfe3a85d2d8322c2a41759e
[INFO] running `Command { std: "docker" "start" "-a" "5641e44654b3fdbea9809ccf35f98c97a4e88a224cfe3a85d2d8322c2a41759e", kill_on_drop: false }`
[INFO] running `Command { std: "docker" "inspect" "5641e44654b3fdbea9809ccf35f98c97a4e88a224cfe3a85d2d8322c2a41759e", kill_on_drop: false }`
[INFO] running `Command { std: "docker" "rm" "-f" "5641e44654b3fdbea9809ccf35f98c97a4e88a224cfe3a85d2d8322c2a41759e", kill_on_drop: false }`
[INFO] [stdout] 5641e44654b3fdbea9809ccf35f98c97a4e88a224cfe3a85d2d8322c2a41759e
[INFO] running `Command { std: "docker" "create" "-v" "/var/lib/crater-agent-workspace/builds/worker-1-tc1/target:/opt/rustwide/target:rw,Z" "-v" "/var/lib/crater-agent-workspace/builds/worker-1-tc1/source:/opt/rustwide/workdir:ro,Z" "-v" "/var/lib/crater-agent-workspace/cargo-home:/opt/rustwide/cargo-home:ro,Z" "-v" "/var/lib/crater-agent-workspace/rustup-home:/opt/rustwide/rustup-home:ro,Z" "-e" "SOURCE_DIR=/opt/rustwide/workdir" "-e" "CARGO_TARGET_DIR=/opt/rustwide/target" "-e" "CARGO_INCREMENTAL=0" "-e" "RUST_BACKTRACE=full" "-e" "RUSTFLAGS=--cap-lints=forbid" "-e" "RUSTDOCFLAGS=--cap-lints=forbid" "-e" "CARGO_HOME=/opt/rustwide/cargo-home" "-e" "RUSTUP_HOME=/opt/rustwide/rustup-home" "-w" "/opt/rustwide/workdir" "-m" "1610612736" "--user" "0:0" "--network" "none" "ghcr.io/rust-lang/crates-build-env/linux@sha256:4a844ea9eb2546a2d2c7022eacef16ef2e8229c7fbb2c7d4d55a9ceca922f72d" "/opt/rustwide/cargo-home/bin/cargo" "+nightly-2024-10-28" "build" "--frozen" "--message-format=json", kill_on_drop: false }`
[INFO] [stdout] 9c0be3cf9fd14ee6c018c064d4a20157e7837fc7d2d3d16f862c194e4e1c5edb
[INFO] running `Command { std: "docker" "start" "-a" "9c0be3cf9fd14ee6c018c064d4a20157e7837fc7d2d3d16f862c194e4e1c5edb", kill_on_drop: false }`
[INFO] [stderr]    Compiling proc-macro2 v1.0.89
[INFO] [stderr]    Compiling unicode-ident v1.0.13
[INFO] [stderr]    Compiling libc v0.2.161
[INFO] [stderr]    Compiling serde v1.0.214
[INFO] [stderr]    Compiling shlex v1.3.0
[INFO] [stderr]    Compiling memchr v2.7.4
[INFO] [stderr]    Compiling pin-project-lite v0.2.15
[INFO] [stderr]    Compiling futures-sink v0.3.31
[INFO] [stderr]    Compiling futures-core v0.3.31
[INFO] [stderr]    Compiling smallvec v1.13.2
[INFO] [stderr]    Compiling spin v0.9.8
[INFO] [stderr]    Compiling slab v0.4.9
[INFO] [stderr]    Compiling libm v0.2.11
[INFO] [stderr]    Compiling futures-io v0.3.31
[INFO] [stderr]    Compiling untrusted v0.9.0
[INFO] [stderr]    Compiling futures-task v0.3.31
[INFO] [stderr]    Compiling num-traits v0.2.19
[INFO] [stderr]    Compiling cc v1.1.31
[INFO] [stderr]    Compiling tracing-core v0.1.32
[INFO] [stderr]    Compiling futures-channel v0.3.31
[INFO] [stderr]    Compiling serde_json v1.0.132
[INFO] [stderr]    Compiling rustls v0.21.12
[INFO] [stderr]    Compiling httparse v1.9.5
[INFO] [stderr]    Compiling try-lock v0.2.5
[INFO] [stderr]    Compiling thiserror v1.0.66
[INFO] [stderr]    Compiling unicase v2.8.0
[INFO] [stderr]    Compiling want v0.3.1
[INFO] [stderr]    Compiling base64 v0.21.7
[INFO] [stderr]    Compiling tower-service v0.3.3
[INFO] [stderr]    Compiling httpdate v1.0.3
[INFO] [stderr]    Compiling mime v0.3.17
[INFO] [stderr]    Compiling byteorder v1.5.0
[INFO] [stderr]    Compiling encoding_rs v0.8.35
[INFO] [stderr]    Compiling ipnet v2.10.1
[INFO] [stderr]    Compiling mime_guess v2.0.5
[INFO] [stderr]    Compiling webpki-roots v0.25.4
[INFO] [stderr]    Compiling sync_wrapper v0.1.2
[INFO] [stderr]    Compiling task-local-extensions v0.1.4
[INFO] [stderr]    Compiling num-conv v0.1.0
[INFO] [stderr]    Compiling powerfmt v0.2.0
[INFO] [stderr]    Compiling rustls-pemfile v1.0.4
[INFO] [stderr]    Compiling time-core v0.1.2
[INFO] [stderr]    Compiling deranged v0.3.11
[INFO] [stderr]    Compiling aho-corasick v1.1.3
[INFO] [stderr]    Compiling base64 v0.13.1
[INFO] [stderr]    Compiling time-macros v0.2.18
[INFO] [stderr]    Compiling untrusted v0.7.1
[INFO] [stderr]    Compiling quote v1.0.37
[INFO] [stderr]    Compiling schemars v0.8.21
[INFO] [stderr]    Compiling spin v0.5.2
[INFO] [stderr]    Compiling syn v2.0.86
[INFO] [stderr]    Compiling pem v1.1.1
[INFO] [stderr]    Compiling lazy_static v1.5.0
[INFO] [stderr]    Compiling matchit v0.7.3
[INFO] [stderr]    Compiling dyn-clone v1.0.17
[INFO] [stderr]    Compiling getrandom v0.2.15
[INFO] [stderr]    Compiling parking_lot_core v0.9.10
[INFO] [stderr]    Compiling signal-hook-registry v1.4.2
[INFO] [stderr]    Compiling mio v1.0.2
[INFO] [stderr]    Compiling socket2 v0.5.7
[INFO] [stderr]    Compiling rand_core v0.6.4
[INFO] [stderr]    Compiling parking_lot v0.12.3
[INFO] [stderr]    Compiling ring v0.17.8
[INFO] [stderr]    Compiling ring v0.16.20
[INFO] [stderr]    Compiling num-integer v0.1.46
[INFO] [stderr]    Compiling time v0.3.36
[INFO] [stderr]    Compiling regex-automata v0.4.8
[INFO] [stderr]    Compiling num-bigint v0.4.6
[INFO] [stderr]    Compiling regex v1.11.1
[INFO] [stderr]    Compiling serde_derive_internals v0.29.1
[INFO] [stderr]    Compiling rustls-webpki v0.101.7
[INFO] [stderr]    Compiling sct v0.7.1
[INFO] [stderr]    Compiling serde_derive v1.0.214
[INFO] [stderr]    Compiling tokio-macros v2.4.0
[INFO] [stderr]    Compiling futures-macro v0.3.31
[INFO] [stderr]    Compiling tracing-attributes v0.1.27
[INFO] [stderr]    Compiling thiserror-impl v1.0.66
[INFO] [stderr]    Compiling zerocopy-derive v0.7.35
[INFO] [stderr]    Compiling async-trait v0.1.83
[INFO] [stderr]    Compiling schemars_derive v0.8.21
[INFO] [stderr]    Compiling async-recursion v1.1.1
[INFO] [stderr]    Compiling zerocopy v0.7.35
[INFO] [stderr]    Compiling futures-util v0.3.31
[INFO] [stderr]    Compiling simple_asn1 v0.6.2
[INFO] [stderr]    Compiling tracing v0.1.40
[INFO] [stderr]    Compiling ppv-lite86 v0.2.20
[INFO] [stderr]    Compiling rand_chacha v0.3.1
[INFO] [stderr]    Compiling rand v0.8.5
[INFO] [stderr]    Compiling futures-executor v0.3.31
[INFO] [stderr]    Compiling futures v0.3.31
[INFO] [stderr]    Compiling bytes v1.8.0
[INFO] [stderr]    Compiling log v0.4.22
[INFO] [stderr]    Compiling url v2.5.2
[INFO] [stderr]    Compiling serde_urlencoded v0.7.1
[INFO] [stderr]    Compiling chrono v0.4.38
[INFO] [stderr]    Compiling uuid v1.11.0
[INFO] [stderr]    Compiling http v0.2.12
[INFO] [stderr]    Compiling tokio v1.41.0
[INFO] [stderr]    Compiling jsonwebtoken v8.3.0
[INFO] [stderr]    Compiling retry-policies v0.1.2
[INFO] [stderr]    Compiling http-body v0.4.6
[INFO] [stderr]    Compiling parse_link_header v0.3.3
[INFO] [stderr]    Compiling tokio-util v0.7.12
[INFO] [stderr]    Compiling tokio-rustls v0.24.1
[INFO] [stderr]    Compiling h2 v0.3.26
[INFO] [stderr]    Compiling hyper v0.14.31
[INFO] [stderr]    Compiling hyper-rustls v0.24.2
[INFO] [stderr]    Compiling reqwest v0.11.27
[INFO] [stderr]    Compiling reqwest-middleware v0.2.5
[INFO] [stderr]    Compiling reqwest-retry v0.2.3
[INFO] [stderr]    Compiling reqwest-conditional-middleware v0.2.1
[INFO] [stderr]    Compiling reqwest-tracing v0.4.8
[INFO] [stderr]    Compiling revai v0.7.0 (/opt/rustwide/workdir)
[INFO] [stdout] warning: use of deprecated method `chrono::TimeZone::datetime_from_str`: use `DateTime::parse_from_str` or `NaiveDateTime::parse_from_str` with `and_utc()` or `and_local_timezone()` instead
[INFO] [stdout]   --> src/utils.rs:74:31
[INFO] [stdout]    |
[INFO] [stdout] 74 |                     match Utc.datetime_from_str(&s, "%Y-%m-%dT%H:%M:%S%.3fZ") {
[INFO] [stdout]    |                               ^^^^^^^^^^^^^^^^^
[INFO] [stdout]    |
[INFO] [stdout]    = note: `#[warn(deprecated)]` on by default
[INFO] [stdout] 
[INFO] [stdout] 
[INFO] [stdout] warning: use of deprecated method `chrono::TimeZone::datetime_from_str`: use `DateTime::parse_from_str` or `NaiveDateTime::parse_from_str` with `and_utc()` or `and_local_timezone()` instead
[INFO] [stdout]   --> src/utils.rs:76:45
[INFO] [stdout]    |
[INFO] [stdout] 76 |                         Err(_) => match Utc.datetime_from_str(&s, FORMAT) {
[INFO] [stdout]    |                                             ^^^^^^^^^^^^^^^^^
[INFO] [stdout] 
[INFO] [stdout] 
[INFO] [stdout] warning: use of deprecated method `chrono::TimeZone::datetime_from_str`: use `DateTime::parse_from_str` or `NaiveDateTime::parse_from_str` with `and_utc()` or `and_local_timezone()` instead
[INFO] [stdout]   --> src/utils.rs:78:49
[INFO] [stdout]    |
[INFO] [stdout] 78 | ...                   Err(_) => match Utc.datetime_from_str(&s, "%+") {
[INFO] [stdout]    |                                           ^^^^^^^^^^^^^^^^^
[INFO] [stdout] 
[INFO] [stdout] 
[INFO] [stdout] warning: use of deprecated associated function `chrono::DateTime::<Tz>::from_utc`: Use TimeZone::from_utc_datetime() or DateTime::from_naive_utc_and_offset instead
[INFO] [stdout]   --> src/utils.rs:81:71
[INFO] [stdout]    |
[INFO] [stdout] 81 | ...                   Ok(d) => Ok(Some(DateTime::<Utc>::from_utc(
[INFO] [stdout]    |                                                         ^^^^^^^^
[INFO] [stdout] 
[INFO] [stdout] 
[INFO] [stdout] warning: use of deprecated method `chrono::TimeZone::datetime_from_str`: use `DateTime::parse_from_str` or `NaiveDateTime::parse_from_str` with `and_utc()` or `and_local_timezone()` instead
[INFO] [stdout]   --> src/utils.rs:90:51
[INFO] [stdout]    |
[INFO] [stdout] 90 | ...                   match Utc.datetime_from_str(&s, FORMAT) {
[INFO] [stdout]    |                                 ^^^^^^^^^^^^^^^^^
[INFO] [stdout] 
[INFO] [stdout] 
[INFO] [stdout] warning: use of deprecated method `chrono::TimeZone::datetime_from_str`: use `DateTime::parse_from_str` or `NaiveDateTime::parse_from_str` with `and_utc()` or `and_local_timezone()` instead
[INFO] [stdout]   --> src/utils.rs:92:65
[INFO] [stdout]    |
[INFO] [stdout] 92 | ...                   Err(_) => match Utc.datetime_from_str(&s, "%+") {
[INFO] [stdout]    |                                           ^^^^^^^^^^^^^^^^^
[INFO] [stdout] 
[INFO] [stdout] 
[INFO] [stderr]     Finished `dev` profile [unoptimized + debuginfo] target(s) in 32.17s
[INFO] running `Command { std: "docker" "inspect" "9c0be3cf9fd14ee6c018c064d4a20157e7837fc7d2d3d16f862c194e4e1c5edb", kill_on_drop: false }`
[INFO] running `Command { std: "docker" "rm" "-f" "9c0be3cf9fd14ee6c018c064d4a20157e7837fc7d2d3d16f862c194e4e1c5edb", kill_on_drop: false }`
[INFO] [stdout] 9c0be3cf9fd14ee6c018c064d4a20157e7837fc7d2d3d16f862c194e4e1c5edb
[INFO] running `Command { std: "docker" "create" "-v" "/var/lib/crater-agent-workspace/builds/worker-1-tc1/target:/opt/rustwide/target:rw,Z" "-v" "/var/lib/crater-agent-workspace/builds/worker-1-tc1/source:/opt/rustwide/workdir:ro,Z" "-v" "/var/lib/crater-agent-workspace/cargo-home:/opt/rustwide/cargo-home:ro,Z" "-v" "/var/lib/crater-agent-workspace/rustup-home:/opt/rustwide/rustup-home:ro,Z" "-e" "SOURCE_DIR=/opt/rustwide/workdir" "-e" "CARGO_TARGET_DIR=/opt/rustwide/target" "-e" "CARGO_INCREMENTAL=0" "-e" "RUST_BACKTRACE=full" "-e" "RUSTFLAGS=--cap-lints=forbid" "-e" "RUSTDOCFLAGS=--cap-lints=forbid" "-e" "CARGO_HOME=/opt/rustwide/cargo-home" "-e" "RUSTUP_HOME=/opt/rustwide/rustup-home" "-w" "/opt/rustwide/workdir" "-m" "1610612736" "--user" "0:0" "--network" "none" "ghcr.io/rust-lang/crates-build-env/linux@sha256:4a844ea9eb2546a2d2c7022eacef16ef2e8229c7fbb2c7d4d55a9ceca922f72d" "/opt/rustwide/cargo-home/bin/cargo" "+nightly-2024-10-28" "test" "--frozen" "--no-run" "--message-format=json", kill_on_drop: false }`
[INFO] [stdout] 0d7b5297ab3a64fb9dfda8d4636916d615163d5db3f0ec42a62b5da7eebc4692
[INFO] running `Command { std: "docker" "start" "-a" "0d7b5297ab3a64fb9dfda8d4636916d615163d5db3f0ec42a62b5da7eebc4692", kill_on_drop: false }`
[INFO] [stderr]    Compiling typenum v1.17.0
[INFO] [stderr]    Compiling getrandom v0.1.16
[INFO] [stderr]    Compiling const-oid v0.9.6
[INFO] [stderr]    Compiling generic-array v0.14.7
[INFO] [stderr]    Compiling base64ct v1.6.0
[INFO] [stderr]    Compiling zeroize v1.8.1
[INFO] [stderr]    Compiling crossbeam-utils v0.8.20
[INFO] [stderr]    Compiling version_check v0.1.5
[INFO] [stderr]    Compiling event-listener v2.5.3
[INFO] [stderr]    Compiling parking v2.2.1
[INFO] [stderr]    Compiling http-types v2.12.0
[INFO] [stderr]    Compiling fastrand v1.9.0
[INFO] [stderr]    Compiling num-bigint-dig v0.8.4
[INFO] [stderr]    Compiling waker-fn v1.2.0
[INFO] [stderr]    Compiling num-iter v0.1.45
[INFO] [stderr]    Compiling serde_qs v0.8.5
[INFO] [stderr]    Compiling num_cpus v1.16.0
[INFO] [stderr]    Compiling infer v0.2.3
[INFO] [stderr]    Compiling deadpool-runtime v0.1.4
[INFO] [stderr]    Compiling retain_mut v0.1.9
[INFO] [stderr]    Compiling futures-lite v1.13.0
[INFO] [stderr]    Compiling assert-json-diff v2.0.2
[INFO] [stderr]    Compiling dirs-sys v0.3.7
[INFO] [stderr]    Compiling futures-timer v3.0.3
[INFO] [stderr]    Compiling pem-rfc7468 v0.6.0
[INFO] [stderr]    Compiling deadpool v0.9.5
[INFO] [stderr]    Compiling nom v4.2.3
[INFO] [stderr]    Compiling subtle v2.6.1
[INFO] [stdout] warning: use of deprecated method `chrono::TimeZone::datetime_from_str`: use `DateTime::parse_from_str` or `NaiveDateTime::parse_from_str` with `and_utc()` or `and_local_timezone()` instead
[INFO] [stdout]   --> src/utils.rs:74:31
[INFO] [stdout]    |
[INFO] [stdout] 74 |                     match Utc.datetime_from_str(&s, "%Y-%m-%dT%H:%M:%S%.3fZ") {
[INFO] [stdout]    |                               ^^^^^^^^^^^^^^^^^
[INFO] [stdout]    |
[INFO] [stdout]    = note: `#[warn(deprecated)]` on by default
[INFO] [stdout] 
[INFO] [stdout] 
[INFO] [stdout] warning: use of deprecated method `chrono::TimeZone::datetime_from_str`: use `DateTime::parse_from_str` or `NaiveDateTime::parse_from_str` with `and_utc()` or `and_local_timezone()` instead
[INFO] [stdout]   --> src/utils.rs:76:45
[INFO] [stdout]    |
[INFO] [stdout] 76 |                         Err(_) => match Utc.datetime_from_str(&s, FORMAT) {
[INFO] [stdout]    |                                             ^^^^^^^^^^^^^^^^^
[INFO] [stdout] 
[INFO] [stdout] 
[INFO] [stdout] warning: use of deprecated method `chrono::TimeZone::datetime_from_str`: use `DateTime::parse_from_str` or `NaiveDateTime::parse_from_str` with `and_utc()` or `and_local_timezone()` instead
[INFO] [stdout]   --> src/utils.rs:78:49
[INFO] [stdout]    |
[INFO] [stdout] 78 | ...                   Err(_) => match Utc.datetime_from_str(&s, "%+") {
[INFO] [stdout]    |                                           ^^^^^^^^^^^^^^^^^
[INFO] [stdout] 
[INFO] [stdout] 
[INFO] [stdout] warning: use of deprecated associated function `chrono::DateTime::<Tz>::from_utc`: Use TimeZone::from_utc_datetime() or DateTime::from_naive_utc_and_offset instead
[INFO] [stdout]   --> src/utils.rs:81:71
[INFO] [stdout]    |
[INFO] [stdout] 81 | ...                   Ok(d) => Ok(Some(DateTime::<Utc>::from_utc(
[INFO] [stdout]    |                                                         ^^^^^^^^
[INFO] [stdout] 
[INFO] [stdout] 
[INFO] [stdout] warning: use of deprecated method `chrono::TimeZone::datetime_from_str`: use `DateTime::parse_from_str` or `NaiveDateTime::parse_from_str` with `and_utc()` or `and_local_timezone()` instead
[INFO] [stdout]   --> src/utils.rs:90:51
[INFO] [stdout]    |
[INFO] [stdout] 90 | ...                   match Utc.datetime_from_str(&s, FORMAT) {
[INFO] [stdout]    |                                 ^^^^^^^^^^^^^^^^^
[INFO] [stdout] 
[INFO] [stdout] 
[INFO] [stdout] warning: use of deprecated method `chrono::TimeZone::datetime_from_str`: use `DateTime::parse_from_str` or `NaiveDateTime::parse_from_str` with `and_utc()` or `and_local_timezone()` instead
[INFO] [stdout]   --> src/utils.rs:92:65
[INFO] [stdout]    |
[INFO] [stdout] 92 | ...                   Err(_) => match Utc.datetime_from_str(&s, "%+") {
[INFO] [stdout]    |                                           ^^^^^^^^^^^^^^^^^
[INFO] [stdout] 
[INFO] [stdout] 
[INFO] [stderr]    Compiling dirs v3.0.2
[INFO] [stderr]    Compiling der v0.6.1
[INFO] [stderr]    Compiling rand_core v0.5.1
[INFO] [stderr]    Compiling rand_chacha v0.2.2
[INFO] [stderr]    Compiling concurrent-queue v2.5.0
[INFO] [stderr]    Compiling async-channel v1.9.0
[INFO] [stderr]    Compiling rand v0.7.3
[INFO] [stderr]    Compiling nom_pem v4.0.0
[INFO] [stderr]    Compiling spki v0.6.0
[INFO] [stderr]    Compiling pkcs8 v0.9.0
[INFO] [stderr]    Compiling pkcs1 v0.4.1
[INFO] [stderr]    Compiling crypto-common v0.1.6
[INFO] [stderr]    Compiling digest v0.10.7
[INFO] [stderr]    Compiling signature v2.2.0
[INFO] [stderr]    Compiling rsa v0.8.2
[INFO] [stderr]    Compiling wiremock v0.5.22
[INFO] [stderr]    Compiling revai v0.7.0 (/opt/rustwide/workdir)
[INFO] [stdout] warning: use of deprecated method `chrono::TimeZone::datetime_from_str`: use `DateTime::parse_from_str` or `NaiveDateTime::parse_from_str` with `and_utc()` or `and_local_timezone()` instead
[INFO] [stdout]   --> src/utils.rs:74:31
[INFO] [stdout]    |
[INFO] [stdout] 74 |                     match Utc.datetime_from_str(&s, "%Y-%m-%dT%H:%M:%S%.3fZ") {
[INFO] [stdout]    |                               ^^^^^^^^^^^^^^^^^
[INFO] [stdout]    |
[INFO] [stdout]    = note: `#[warn(deprecated)]` on by default
[INFO] [stdout] 
[INFO] [stdout] 
[INFO] [stdout] warning: use of deprecated method `chrono::TimeZone::datetime_from_str`: use `DateTime::parse_from_str` or `NaiveDateTime::parse_from_str` with `and_utc()` or `and_local_timezone()` instead
[INFO] [stdout]   --> src/utils.rs:76:45
[INFO] [stdout]    |
[INFO] [stdout] 76 |                         Err(_) => match Utc.datetime_from_str(&s, FORMAT) {
[INFO] [stdout]    |                                             ^^^^^^^^^^^^^^^^^
[INFO] [stdout] 
[INFO] [stdout] 
[INFO] [stdout] warning: use of deprecated method `chrono::TimeZone::datetime_from_str`: use `DateTime::parse_from_str` or `NaiveDateTime::parse_from_str` with `and_utc()` or `and_local_timezone()` instead
[INFO] [stdout]   --> src/utils.rs:78:49
[INFO] [stdout]    |
[INFO] [stdout] 78 | ...                   Err(_) => match Utc.datetime_from_str(&s, "%+") {
[INFO] [stdout]    |                                           ^^^^^^^^^^^^^^^^^
[INFO] [stdout] 
[INFO] [stdout] 
[INFO] [stdout] warning: use of deprecated associated function `chrono::DateTime::<Tz>::from_utc`: Use TimeZone::from_utc_datetime() or DateTime::from_naive_utc_and_offset instead
[INFO] [stdout]   --> src/utils.rs:81:71
[INFO] [stdout]    |
[INFO] [stdout] 81 | ...                   Ok(d) => Ok(Some(DateTime::<Utc>::from_utc(
[INFO] [stdout]    |                                                         ^^^^^^^^
[INFO] [stdout] 
[INFO] [stdout] 
[INFO] [stdout] warning: use of deprecated method `chrono::TimeZone::datetime_from_str`: use `DateTime::parse_from_str` or `NaiveDateTime::parse_from_str` with `and_utc()` or `and_local_timezone()` instead
[INFO] [stdout]   --> src/utils.rs:90:51
[INFO] [stdout]    |
[INFO] [stdout] 90 | ...                   match Utc.datetime_from_str(&s, FORMAT) {
[INFO] [stdout]    |                                 ^^^^^^^^^^^^^^^^^
[INFO] [stdout] 
[INFO] [stdout] 
[INFO] [stdout] warning: use of deprecated method `chrono::TimeZone::datetime_from_str`: use `DateTime::parse_from_str` or `NaiveDateTime::parse_from_str` with `and_utc()` or `and_local_timezone()` instead
[INFO] [stdout]   --> src/utils.rs:92:65
[INFO] [stdout]    |
[INFO] [stdout] 92 | ...                   Err(_) => match Utc.datetime_from_str(&s, "%+") {
[INFO] [stdout]    |                                           ^^^^^^^^^^^^^^^^^
[INFO] [stdout] 
[INFO] [stdout] 
[INFO] [stderr]     Finished `test` profile [unoptimized + debuginfo] target(s) in 6.88s
[INFO] [stderr] warning: the following packages contain code that will be rejected by a future version of Rust: nom v4.2.3
[INFO] [stderr] note: to see what the problems were, use the option `--future-incompat-report`, or run `cargo report future-incompatibilities --id 1`
[INFO] running `Command { std: "docker" "inspect" "0d7b5297ab3a64fb9dfda8d4636916d615163d5db3f0ec42a62b5da7eebc4692", kill_on_drop: false }`
[INFO] running `Command { std: "docker" "rm" "-f" "0d7b5297ab3a64fb9dfda8d4636916d615163d5db3f0ec42a62b5da7eebc4692", kill_on_drop: false }`
[INFO] [stdout] 0d7b5297ab3a64fb9dfda8d4636916d615163d5db3f0ec42a62b5da7eebc4692
[INFO] running `Command { std: "docker" "create" "-v" "/var/lib/crater-agent-workspace/builds/worker-1-tc1/target:/opt/rustwide/target:rw,Z" "-v" "/var/lib/crater-agent-workspace/builds/worker-1-tc1/source:/opt/rustwide/workdir:ro,Z" "-v" "/var/lib/crater-agent-workspace/cargo-home:/opt/rustwide/cargo-home:ro,Z" "-v" "/var/lib/crater-agent-workspace/rustup-home:/opt/rustwide/rustup-home:ro,Z" "-e" "SOURCE_DIR=/opt/rustwide/workdir" "-e" "CARGO_TARGET_DIR=/opt/rustwide/target" "-e" "CARGO_INCREMENTAL=0" "-e" "RUST_BACKTRACE=full" "-e" "RUSTFLAGS=--cap-lints=forbid" "-e" "RUSTDOCFLAGS=--cap-lints=forbid" "-e" "CARGO_HOME=/opt/rustwide/cargo-home" "-e" "RUSTUP_HOME=/opt/rustwide/rustup-home" "-w" "/opt/rustwide/workdir" "-m" "1610612736" "--user" "0:0" "--network" "none" "ghcr.io/rust-lang/crates-build-env/linux@sha256:4a844ea9eb2546a2d2c7022eacef16ef2e8229c7fbb2c7d4d55a9ceca922f72d" "/opt/rustwide/cargo-home/bin/cargo" "+nightly-2024-10-28" "test" "--frozen", kill_on_drop: false }`
[INFO] [stdout] c7bebb2516828f6686392926f3e6a77bb81fb14e7dc3352fd0f00d3c39665ef2
[INFO] running `Command { std: "docker" "start" "-a" "c7bebb2516828f6686392926f3e6a77bb81fb14e7dc3352fd0f00d3c39665ef2", kill_on_drop: false }`
[INFO] [stderr] warning: use of deprecated method `chrono::TimeZone::datetime_from_str`: use `DateTime::parse_from_str` or `NaiveDateTime::parse_from_str` with `and_utc()` or `and_local_timezone()` instead
[INFO] [stderr]   --> src/utils.rs:74:31
[INFO] [stderr]    |
[INFO] [stderr] 74 |                     match Utc.datetime_from_str(&s, "%Y-%m-%dT%H:%M:%S%.3fZ") {
[INFO] [stderr]    |                               ^^^^^^^^^^^^^^^^^
[INFO] [stderr]    |
[INFO] [stderr]    = note: `#[warn(deprecated)]` on by default
[INFO] [stderr] 
[INFO] [stderr] warning: use of deprecated method `chrono::TimeZone::datetime_from_str`: use `DateTime::parse_from_str` or `NaiveDateTime::parse_from_str` with `and_utc()` or `and_local_timezone()` instead
[INFO] [stderr]   --> src/utils.rs:76:45
[INFO] [stderr]    |
[INFO] [stderr] 76 |                         Err(_) => match Utc.datetime_from_str(&s, FORMAT) {
[INFO] [stderr]    |                                             ^^^^^^^^^^^^^^^^^
[INFO] [stderr] 
[INFO] [stderr] warning: use of deprecated method `chrono::TimeZone::datetime_from_str`: use `DateTime::parse_from_str` or `NaiveDateTime::parse_from_str` with `and_utc()` or `and_local_timezone()` instead
[INFO] [stderr]   --> src/utils.rs:78:49
[INFO] [stderr]    |
[INFO] [stderr] 78 | ...                   Err(_) => match Utc.datetime_from_str(&s, "%+") {
[INFO] [stderr]    |                                           ^^^^^^^^^^^^^^^^^
[INFO] [stderr] 
[INFO] [stderr] warning: use of deprecated associated function `chrono::DateTime::<Tz>::from_utc`: Use TimeZone::from_utc_datetime() or DateTime::from_naive_utc_and_offset instead
[INFO] [stderr]   --> src/utils.rs:81:71
[INFO] [stderr]    |
[INFO] [stderr] 81 | ...                   Ok(d) => Ok(Some(DateTime::<Utc>::from_utc(
[INFO] [stderr]    |                                                         ^^^^^^^^
[INFO] [stderr] 
[INFO] [stderr] warning: use of deprecated method `chrono::TimeZone::datetime_from_str`: use `DateTime::parse_from_str` or `NaiveDateTime::parse_from_str` with `and_utc()` or `and_local_timezone()` instead
[INFO] [stderr]   --> src/utils.rs:90:51
[INFO] [stderr]    |
[INFO] [stderr] 90 | ...                   match Utc.datetime_from_str(&s, FORMAT) {
[INFO] [stderr]    |                                 ^^^^^^^^^^^^^^^^^
[INFO] [stderr] 
[INFO] [stderr] warning: use of deprecated method `chrono::TimeZone::datetime_from_str`: use `DateTime::parse_from_str` or `NaiveDateTime::parse_from_str` with `and_utc()` or `and_local_timezone()` instead
[INFO] [stderr]   --> src/utils.rs:92:65
[INFO] [stderr]    |
[INFO] [stderr] 92 | ...                   Err(_) => match Utc.datetime_from_str(&s, "%+") {
[INFO] [stderr]    |                                           ^^^^^^^^^^^^^^^^^
[INFO] [stderr] 
[INFO] [stderr] warning: `revai` (lib) generated 6 warnings
[INFO] [stderr] warning: `revai` (lib test) generated 6 warnings (6 duplicates)
[INFO] [stderr]     Finished `test` profile [unoptimized + debuginfo] target(s) in 0.18s
[INFO] [stderr] warning: the following packages contain code that will be rejected by a future version of Rust: nom v4.2.3
[INFO] [stderr] note: to see what the problems were, use the option `--future-incompat-report`, or run `cargo report future-incompatibilities --id 1`
[INFO] [stderr]      Running unittests src/lib.rs (/opt/rustwide/target/debug/deps/revai-3f29ad3c0bab3a00)
[INFO] [stdout] 
[INFO] [stdout] running 1 test
[INFO] [stdout] test utils::tests::test_hyperx_next_link_compat ... ok
[INFO] [stdout] 
[INFO] [stdout] test result: ok. 1 passed; 0 failed; 0 ignored; 0 measured; 0 filtered out; finished in 0.00s
[INFO] [stdout] 
[INFO] [stderr]      Running tests/tests.rs (/opt/rustwide/target/debug/deps/tests-5f6fdb5d6a9c5c47)
[INFO] [stdout] 
[INFO] [stdout] running 0 tests
[INFO] [stdout] 
[INFO] [stdout] test result: ok. 0 passed; 0 failed; 0 ignored; 0 measured; 0 filtered out; finished in 0.00s
[INFO] [stdout] 
[INFO] [stderr]    Doc-tests revai
[INFO] [stdout] 
[INFO] [stdout] running 10 tests
[INFO] [stdout] test src/lib.rs - (line 52) ... FAILED
[INFO] [stdout] test src/lib.rs - (line 168) ... FAILED
[INFO] [stdout] test src/lib.rs - (line 36) ... FAILED
[INFO] [stdout] test src/lib.rs - (line 30) ... FAILED
[INFO] [stdout] test src/lib.rs - (line 58) ... FAILED
[INFO] [stdout] test src/lib.rs - (line 105) ... FAILED
[INFO] [stdout] test src/lib.rs - (line 64) ... FAILED
[INFO] [stdout] test src/lib.rs - (line 120) ... FAILED
[INFO] [stdout] test src/lib.rs - (line 249) ... FAILED
[INFO] [stdout] test src/lib.rs - (line 234) ... FAILED
[INFO] [stdout] 
[INFO] [stdout] failures:
[INFO] [stdout] 
[INFO] [stdout] ---- src/lib.rs - (line 52) stdout ----
[INFO] [stdout] error: expected one of `!`, `.`, `::`, `;`, `?`, `{`, `}`, or an operator, found `GET`
[INFO] [stdout]  --> src/lib.rs:53:9
[INFO] [stdout]   |
[INFO] [stdout] 3 | curl -X GET "https://api.rev.ai/speechtotext/v1/jobs/{id}/transcript" -H "Authorization: Bearer $REV_ACCESS_TOKEN" -H "Accept: applicatio...
[INFO] [stdout]   |         ^^^ expected one of 8 possible tokens
[INFO] [stdout] 
[INFO] [stdout] error: aborting due to 1 previous error
[INFO] [stdout] 
[INFO] [stdout] Couldn't compile the test.
[INFO] [stdout] ---- src/lib.rs - (line 168) stdout ----
[INFO] [stdout] error: expected one of `.`, `;`, `?`, `}`, or an operator, found `:`
[INFO] [stdout]  --> src/lib.rs:171:14
[INFO] [stdout]   |
[INFO] [stdout] 5 |   "parameter": {
[INFO] [stdout]   |              ^ expected one of `.`, `;`, `?`, `}`, or an operator
[INFO] [stdout] 
[INFO] [stdout] error: expected one of `.`, `;`, `?`, `}`, or an operator, found `:`
[INFO] [stdout]   --> src/lib.rs:183:19
[INFO] [stdout]    |
[INFO] [stdout] 17 |   "allowed_values": [
[INFO] [stdout]    |                   ^ expected one of `.`, `;`, `?`, `}`, or an operator
[INFO] [stdout] 
[INFO] [stdout] error: aborting due to 2 previous errors
[INFO] [stdout] 
[INFO] [stdout] Couldn't compile the test.
[INFO] [stdout] ---- src/lib.rs - (line 36) stdout ----
[INFO] [stdout] error: expected one of `.`, `;`, `?`, `}`, or an operator, found `:`
[INFO] [stdout]  --> src/lib.rs:38:7
[INFO] [stdout]   |
[INFO] [stdout] 4 |   "id": "Umx5c6F7pH7r",
[INFO] [stdout]   |       ^ expected one of `.`, `;`, `?`, `}`, or an operator
[INFO] [stdout] 
[INFO] [stdout] error: aborting due to 1 previous error
[INFO] [stdout] 
[INFO] [stdout] Couldn't compile the test.
[INFO] [stdout] ---- src/lib.rs - (line 30) stdout ----
[INFO] [stdout] error: expected one of `!`, `.`, `::`, `;`, `?`, `{`, `}`, or an operator, found `POST`
[INFO] [stdout]  --> src/lib.rs:31:9
[INFO] [stdout]   |
[INFO] [stdout] 3 | curl -X POST "https://api.rev.ai/speechtotext/v1/jobs" -H "Authorization: Bearer $REV_ACCESS_TOKEN" -H "Content-Type: application/json" -...
[INFO] [stdout]   |         ^^^^ expected one of 8 possible tokens
[INFO] [stdout] 
[INFO] [stdout] error: aborting due to 1 previous error
[INFO] [stdout] 
[INFO] [stdout] Couldn't compile the test.
[INFO] [stdout] ---- src/lib.rs - (line 58) stdout ----
[INFO] [stdout] error: expected one of `!`, `.`, `::`, `;`, `?`, `{`, `}`, or an operator, found `GET`
[INFO] [stdout]  --> src/lib.rs:59:9
[INFO] [stdout]   |
[INFO] [stdout] 3 | curl -X GET "https://api.rev.ai/speechtotext/v1/jobs/{id}/transcript" -H "Authorization: Bearer $REV_ACCESS_TOKEN" -H "Accept: text/plain"
[INFO] [stdout]   |         ^^^ expected one of 8 possible tokens
[INFO] [stdout] 
[INFO] [stdout] error: aborting due to 1 previous error
[INFO] [stdout] 
[INFO] [stdout] Couldn't compile the test.
[INFO] [stdout] ---- src/lib.rs - (line 105) stdout ----
[INFO] [stdout] error: expected one of `.`, `;`, `?`, `}`, or an operator, found `:`
[INFO] [stdout]  --> src/lib.rs:107:8
[INFO] [stdout]   |
[INFO] [stdout] 4 |   "job": {
[INFO] [stdout]   |        ^ expected one of `.`, `;`, `?`, `}`, or an operator
[INFO] [stdout] 
[INFO] [stdout] error: aborting due to 1 previous error
[INFO] [stdout] 
[INFO] [stdout] Couldn't compile the test.
[INFO] [stdout] ---- src/lib.rs - (line 64) stdout ----
[INFO] [stdout] error: expected one of `!`, `.`, `::`, `;`, `?`, `{`, `}`, or an operator, found `GET`
[INFO] [stdout]  --> src/lib.rs:65:9
[INFO] [stdout]   |
[INFO] [stdout] 3 | curl -X GET https://api.rev.ai/speechtotext/v1/jobs/{id} -H "Authorization: Bearer $REV_ACCESS_TOKEN"
[INFO] [stdout]   |         ^^^ expected one of 8 possible tokens
[INFO] [stdout] 
[INFO] [stdout] error: aborting due to 1 previous error
[INFO] [stdout] 
[INFO] [stdout] Couldn't compile the test.
[INFO] [stdout] ---- src/lib.rs - (line 120) stdout ----
[INFO] [stdout] error: expected one of `.`, `;`, `?`, `}`, or an operator, found `:`
[INFO] [stdout]  --> src/lib.rs:122:8
[INFO] [stdout]   |
[INFO] [stdout] 4 |   "job": {
[INFO] [stdout]   |        ^ expected one of `.`, `;`, `?`, `}`, or an operator
[INFO] [stdout] 
[INFO] [stdout] error: aborting due to 1 previous error
[INFO] [stdout] 
[INFO] [stdout] Couldn't compile the test.
[INFO] [stdout] ---- src/lib.rs - (line 249) stdout ----
[INFO] [stdout] error: expected a pattern, found an expression
[INFO] [stdout]  --> src/lib.rs:253:5
[INFO] [stdout]   |
[INFO] [stdout] 7 | let rev.ai = Client::new_from_env();
[INFO] [stdout]   |     ^^^^^^ not a pattern
[INFO] [stdout]   |
[INFO] [stdout]   = note: arbitrary expressions are not allowed in patterns: <https://doc.rust-lang.org/book/ch18-00-patterns.html>
[INFO] [stdout] 
[INFO] [stdout] error: aborting due to 1 previous error
[INFO] [stdout] 
[INFO] [stdout] Couldn't compile the test.
[INFO] [stdout] ---- src/lib.rs - (line 234) stdout ----
[INFO] [stdout] error: expected a pattern, found an expression
[INFO] [stdout]  --> src/lib.rs:238:5
[INFO] [stdout]   |
[INFO] [stdout] 7 | let rev.ai = Client::new(
[INFO] [stdout]   |     ^^^^^^ not a pattern
[INFO] [stdout]   |
[INFO] [stdout]   = note: arbitrary expressions are not allowed in patterns: <https://doc.rust-lang.org/book/ch18-00-patterns.html>
[INFO] [stdout] 
[INFO] [stdout] error: aborting due to 1 previous error
[INFO] [stdout] 
[INFO] [stdout] Couldn't compile the test.
[INFO] [stdout] 
[INFO] [stdout] failures:
[INFO] [stdout]     src/lib.rs - (line 105)
[INFO] [stdout]     src/lib.rs - (line 120)
[INFO] [stdout]     src/lib.rs - (line 168)
[INFO] [stdout]     src/lib.rs - (line 234)
[INFO] [stdout]     src/lib.rs - (line 249)
[INFO] [stdout]     src/lib.rs - (line 30)
[INFO] [stdout]     src/lib.rs - (line 36)
[INFO] [stdout]     src/lib.rs - (line 52)
[INFO] [stdout]     src/lib.rs - (line 58)
[INFO] [stdout]     src/lib.rs - (line 64)
[INFO] [stdout] 
[INFO] [stdout] test result: FAILED. 0 passed; 10 failed; 0 ignored; 0 measured; 0 filtered out; finished in 0.09s
[INFO] [stdout] 
[INFO] [stderr] error: doctest failed, to rerun pass `--doc`
[INFO] running `Command { std: "docker" "inspect" "c7bebb2516828f6686392926f3e6a77bb81fb14e7dc3352fd0f00d3c39665ef2", kill_on_drop: false }`
[INFO] running `Command { std: "docker" "rm" "-f" "c7bebb2516828f6686392926f3e6a77bb81fb14e7dc3352fd0f00d3c39665ef2", kill_on_drop: false }`
[INFO] [stdout] c7bebb2516828f6686392926f3e6a77bb81fb14e7dc3352fd0f00d3c39665ef2
