[INFO] fetching crate restate-sdk-shared-core 0.1.0...
[INFO] testing restate-sdk-shared-core-0.1.0 against nightly-2024-10-28+rustflags=-Zrandomize-layout for randomize-layout
[INFO] extracting crate restate-sdk-shared-core 0.1.0 into /workspace/builds/worker-5-tc2/source
[INFO] validating manifest of crates.io crate restate-sdk-shared-core 0.1.0 on toolchain nightly-2024-10-28
[INFO] running `Command { std: CARGO_HOME="/workspace/cargo-home" RUSTUP_HOME="/workspace/rustup-home" "/workspace/cargo-home/bin/cargo" "+nightly-2024-10-28" "metadata" "--manifest-path" "Cargo.toml" "--no-deps", kill_on_drop: false }`
[INFO] started tweaking crates.io crate restate-sdk-shared-core 0.1.0
[INFO] removed 0 missing tests
[INFO] finished tweaking crates.io crate restate-sdk-shared-core 0.1.0
[INFO] tweaked toml for crates.io crate restate-sdk-shared-core 0.1.0 written to /workspace/builds/worker-5-tc2/source/Cargo.toml
[INFO] running `Command { std: CARGO_HOME="/workspace/cargo-home" RUSTUP_HOME="/workspace/rustup-home" "/workspace/cargo-home/bin/cargo" "+nightly-2024-10-28" "generate-lockfile" "--manifest-path" "Cargo.toml", kill_on_drop: false }`
[INFO] [stderr]     Updating crates.io index
[INFO] [stderr]      Locking 142 packages to latest compatible versions
[INFO] [stderr]       Adding googletest v0.11.0 (available: v0.12.0)
[INFO] running `Command { std: CARGO_HOME="/workspace/cargo-home" RUSTUP_HOME="/workspace/rustup-home" "/workspace/cargo-home/bin/cargo" "+nightly-2024-10-28" "fetch" "--manifest-path" "Cargo.toml", kill_on_drop: false }`
[INFO] [stderr]     Blocking waiting for file lock on package cache
[INFO] [stderr]     Blocking waiting for file lock on package cache
[INFO] running `Command { std: "docker" "create" "-v" "/var/lib/crater-agent-workspace/builds/worker-5-tc2/target:/opt/rustwide/target:rw,Z" "-v" "/var/lib/crater-agent-workspace/builds/worker-5-tc2/source:/opt/rustwide/workdir:ro,Z" "-v" "/var/lib/crater-agent-workspace/cargo-home:/opt/rustwide/cargo-home:ro,Z" "-v" "/var/lib/crater-agent-workspace/rustup-home:/opt/rustwide/rustup-home:ro,Z" "-e" "SOURCE_DIR=/opt/rustwide/workdir" "-e" "CARGO_TARGET_DIR=/opt/rustwide/target" "-e" "CARGO_HOME=/opt/rustwide/cargo-home" "-e" "RUSTUP_HOME=/opt/rustwide/rustup-home" "-w" "/opt/rustwide/workdir" "-m" "1610612736" "--user" "0:0" "--network" "none" "ghcr.io/rust-lang/crates-build-env/linux@sha256:4a844ea9eb2546a2d2c7022eacef16ef2e8229c7fbb2c7d4d55a9ceca922f72d" "/opt/rustwide/cargo-home/bin/cargo" "+nightly-2024-10-28" "metadata" "--no-deps" "--format-version=1", kill_on_drop: false }`
[INFO] [stdout] 46c7b8b71a880c24f72269e712aaf04200033fc4a8d6529930e89197a3526aa0
[INFO] running `Command { std: "docker" "start" "-a" "46c7b8b71a880c24f72269e712aaf04200033fc4a8d6529930e89197a3526aa0", kill_on_drop: false }`
[INFO] running `Command { std: "docker" "inspect" "46c7b8b71a880c24f72269e712aaf04200033fc4a8d6529930e89197a3526aa0", kill_on_drop: false }`
[INFO] running `Command { std: "docker" "rm" "-f" "46c7b8b71a880c24f72269e712aaf04200033fc4a8d6529930e89197a3526aa0", kill_on_drop: false }`
[INFO] [stdout] 46c7b8b71a880c24f72269e712aaf04200033fc4a8d6529930e89197a3526aa0
[INFO] running `Command { std: "docker" "create" "-v" "/var/lib/crater-agent-workspace/builds/worker-5-tc2/target:/opt/rustwide/target:rw,Z" "-v" "/var/lib/crater-agent-workspace/builds/worker-5-tc2/source:/opt/rustwide/workdir:ro,Z" "-v" "/var/lib/crater-agent-workspace/cargo-home:/opt/rustwide/cargo-home:ro,Z" "-v" "/var/lib/crater-agent-workspace/rustup-home:/opt/rustwide/rustup-home:ro,Z" "-e" "SOURCE_DIR=/opt/rustwide/workdir" "-e" "CARGO_TARGET_DIR=/opt/rustwide/target" "-e" "CARGO_INCREMENTAL=0" "-e" "RUST_BACKTRACE=full" "-e" "RUSTFLAGS=--cap-lints=forbid -Zrandomize-layout" "-e" "RUSTDOCFLAGS=--cap-lints=forbid" "-e" "CARGO_HOME=/opt/rustwide/cargo-home" "-e" "RUSTUP_HOME=/opt/rustwide/rustup-home" "-w" "/opt/rustwide/workdir" "-m" "1610612736" "--user" "0:0" "--network" "none" "ghcr.io/rust-lang/crates-build-env/linux@sha256:4a844ea9eb2546a2d2c7022eacef16ef2e8229c7fbb2c7d4d55a9ceca922f72d" "/opt/rustwide/cargo-home/bin/cargo" "+nightly-2024-10-28" "build" "--frozen" "--message-format=json", kill_on_drop: false }`
[INFO] [stdout] a87bf9e0bc6f62ba2eee4467c84fce5f4d5d8dfd28d3bdc7387e270a47787662
[INFO] running `Command { std: "docker" "start" "-a" "a87bf9e0bc6f62ba2eee4467c84fce5f4d5d8dfd28d3bdc7387e270a47787662", kill_on_drop: false }`
[INFO] [stderr]    Compiling typenum v1.17.0
[INFO] [stderr]    Compiling either v1.13.0
[INFO] [stderr]    Compiling anyhow v1.0.92
[INFO] [stderr]    Compiling serde v1.0.214
[INFO] [stderr]    Compiling num-traits v0.2.19
[INFO] [stderr]    Compiling ring v0.17.8
[INFO] [stderr]    Compiling time v0.3.36
[INFO] [stderr]    Compiling const-oid v0.10.0-rc.2
[INFO] [stderr]    Compiling getrandom v0.2.15
[INFO] [stderr]    Compiling pem v3.0.4
[INFO] [stderr]    Compiling strum_macros v0.26.4
[INFO] [stderr]    Compiling bytes-utils v0.1.4
[INFO] [stderr]    Compiling bs58 v0.5.1
[INFO] [stderr]    Compiling itertools v0.13.0
[INFO] [stderr]    Compiling itertools v0.10.5
[INFO] [stderr]    Compiling num-integer v0.1.46
[INFO] [stderr]    Compiling hybrid-array v0.2.1
[INFO] [stderr]    Compiling num-bigint v0.4.6
[INFO] [stderr]    Compiling strum v0.26.3
[INFO] [stderr]    Compiling ambassador v0.4.1
[INFO] [stderr]    Compiling crypto-common v0.2.0-rc.1
[INFO] [stderr]    Compiling block-buffer v0.11.0-rc.3
[INFO] [stderr]    Compiling prost-derive v0.13.3
[INFO] [stderr]    Compiling simple_asn1 v0.6.2
[INFO] [stderr]    Compiling digest v0.11.0-pre.9
[INFO] [stderr]    Compiling sha2 v0.11.0-pre.4
[INFO] [stderr]    Compiling serde_json v1.0.132
[INFO] [stderr]    Compiling prost v0.13.3
[INFO] [stderr]    Compiling jsonwebtoken v9.3.0
[INFO] [stderr]    Compiling restate-sdk-shared-core v0.1.0 (/opt/rustwide/workdir)
[INFO] [stderr]     Finished `dev` profile [unoptimized + debuginfo] target(s) in 6.29s
[INFO] running `Command { std: "docker" "inspect" "a87bf9e0bc6f62ba2eee4467c84fce5f4d5d8dfd28d3bdc7387e270a47787662", kill_on_drop: false }`
[INFO] running `Command { std: "docker" "rm" "-f" "a87bf9e0bc6f62ba2eee4467c84fce5f4d5d8dfd28d3bdc7387e270a47787662", kill_on_drop: false }`
[INFO] [stdout] a87bf9e0bc6f62ba2eee4467c84fce5f4d5d8dfd28d3bdc7387e270a47787662
[INFO] running `Command { std: "docker" "create" "-v" "/var/lib/crater-agent-workspace/builds/worker-5-tc2/target:/opt/rustwide/target:rw,Z" "-v" "/var/lib/crater-agent-workspace/builds/worker-5-tc2/source:/opt/rustwide/workdir:ro,Z" "-v" "/var/lib/crater-agent-workspace/cargo-home:/opt/rustwide/cargo-home:ro,Z" "-v" "/var/lib/crater-agent-workspace/rustup-home:/opt/rustwide/rustup-home:ro,Z" "-e" "SOURCE_DIR=/opt/rustwide/workdir" "-e" "CARGO_TARGET_DIR=/opt/rustwide/target" "-e" "CARGO_INCREMENTAL=0" "-e" "RUST_BACKTRACE=full" "-e" "RUSTFLAGS=--cap-lints=forbid -Zrandomize-layout" "-e" "RUSTDOCFLAGS=--cap-lints=forbid" "-e" "CARGO_HOME=/opt/rustwide/cargo-home" "-e" "RUSTUP_HOME=/opt/rustwide/rustup-home" "-w" "/opt/rustwide/workdir" "-m" "1610612736" "--user" "0:0" "--network" "none" "ghcr.io/rust-lang/crates-build-env/linux@sha256:4a844ea9eb2546a2d2c7022eacef16ef2e8229c7fbb2c7d4d55a9ceca922f72d" "/opt/rustwide/cargo-home/bin/cargo" "+nightly-2024-10-28" "test" "--frozen" "--no-run" "--message-format=json", kill_on_drop: false }`
[INFO] [stdout] 91c5362763511c22328ca3dc1c3bf83404afea9fff83aa2b8be1ffb1bd727801
[INFO] running `Command { std: "docker" "start" "-a" "91c5362763511c22328ca3dc1c3bf83404afea9fff83aa2b8be1ffb1bd727801", kill_on_drop: false }`
[INFO] [stderr]    Compiling semver v1.0.23
[INFO] [stderr]    Compiling aho-corasick v1.1.3
[INFO] [stderr]    Compiling proc-macro2 v1.0.89
[INFO] [stderr]    Compiling regex-syntax v0.6.29
[INFO] [stderr]    Compiling rustix v0.38.38
[INFO] [stderr]    Compiling heck v0.5.0
[INFO] [stderr]    Compiling getrandom v0.2.15
[INFO] [stderr]    Compiling syn v2.0.86
[INFO] [stderr]    Compiling prettyplease v0.2.25
[INFO] [stderr]    Compiling linux-raw-sys v0.4.14
[INFO] [stderr]    Compiling syn v1.0.109
[INFO] [stderr]    Compiling fixedbitset v0.4.2
[INFO] [stderr]    Compiling itertools v0.13.0
[INFO] [stderr]    Compiling is-terminal v0.4.13
[INFO] [stderr]    Compiling multimap v0.10.0
[INFO] [stderr]    Compiling ring v0.17.8
[INFO] [stderr]    Compiling petgraph v0.6.5
[INFO] [stderr]    Compiling rustc_version v0.4.1
[INFO] [stderr]    Compiling quote v1.0.37
[INFO] [stderr]    Compiling assert2-macros v0.3.15
[INFO] [stderr]    Compiling regex-automata v0.4.8
[INFO] [stderr]    Compiling regex-automata v0.1.10
[INFO] [stderr]    Compiling tempfile v3.13.0
[INFO] [stderr]    Compiling matchers v0.1.0
[INFO] [stderr]    Compiling regex v1.11.1
[INFO] [stderr]    Compiling ambassador v0.4.1
[INFO] [stderr]    Compiling thiserror-impl v1.0.66
[INFO] [stderr]    Compiling tracing-attributes v0.1.27
[INFO] [stderr]    Compiling serde_derive v1.0.214
[INFO] [stderr]    Compiling prost-derive v0.13.3
[INFO] [stderr]    Compiling strum_macros v0.26.4
[INFO] [stderr]    Compiling googletest_macro v0.11.0
[INFO] [stderr]    Compiling test-log-macros v0.2.16
[INFO] [stderr]    Compiling googletest v0.11.0
[INFO] [stderr]    Compiling assert2 v0.3.15
[INFO] [stderr]    Compiling thiserror v1.0.66
[INFO] [stderr]    Compiling tracing v0.1.40
[INFO] [stderr]    Compiling simple_asn1 v0.6.2
[INFO] [stderr]    Compiling tracing-subscriber v0.3.18
[INFO] [stderr]    Compiling prost v0.13.3
[INFO] [stderr]    Compiling strum v0.26.3
[INFO] [stderr]    Compiling prost-types v0.13.3
[INFO] [stderr]    Compiling test-log v0.2.16
[INFO] [stderr]    Compiling serde v1.0.214
[INFO] [stderr]    Compiling prost-build v0.13.3
[INFO] [stderr]    Compiling serde_json v1.0.132
[INFO] [stderr]    Compiling jsonwebtoken v9.3.0
[INFO] [stderr]    Compiling restate-sdk-shared-core v0.1.0 (/opt/rustwide/workdir)
[INFO] [stderr]     Finished `test` profile [unoptimized + debuginfo] target(s) in 13.63s
[INFO] running `Command { std: "docker" "inspect" "91c5362763511c22328ca3dc1c3bf83404afea9fff83aa2b8be1ffb1bd727801", kill_on_drop: false }`
[INFO] running `Command { std: "docker" "rm" "-f" "91c5362763511c22328ca3dc1c3bf83404afea9fff83aa2b8be1ffb1bd727801", kill_on_drop: false }`
[INFO] [stdout] 91c5362763511c22328ca3dc1c3bf83404afea9fff83aa2b8be1ffb1bd727801
[INFO] running `Command { std: "docker" "create" "-v" "/var/lib/crater-agent-workspace/builds/worker-5-tc2/target:/opt/rustwide/target:rw,Z" "-v" "/var/lib/crater-agent-workspace/builds/worker-5-tc2/source:/opt/rustwide/workdir:ro,Z" "-v" "/var/lib/crater-agent-workspace/cargo-home:/opt/rustwide/cargo-home:ro,Z" "-v" "/var/lib/crater-agent-workspace/rustup-home:/opt/rustwide/rustup-home:ro,Z" "-e" "SOURCE_DIR=/opt/rustwide/workdir" "-e" "CARGO_TARGET_DIR=/opt/rustwide/target" "-e" "CARGO_INCREMENTAL=0" "-e" "RUST_BACKTRACE=full" "-e" "RUSTFLAGS=--cap-lints=forbid -Zrandomize-layout" "-e" "RUSTDOCFLAGS=--cap-lints=forbid" "-e" "CARGO_HOME=/opt/rustwide/cargo-home" "-e" "RUSTUP_HOME=/opt/rustwide/rustup-home" "-w" "/opt/rustwide/workdir" "-m" "1610612736" "--user" "0:0" "--network" "none" "ghcr.io/rust-lang/crates-build-env/linux@sha256:4a844ea9eb2546a2d2c7022eacef16ef2e8229c7fbb2c7d4d55a9ceca922f72d" "/opt/rustwide/cargo-home/bin/cargo" "+nightly-2024-10-28" "test" "--frozen", kill_on_drop: false }`
[INFO] [stdout] 208bbd819b9b5a374b09a89f46a9a0a0d176d9185b8b93cb5529339e5117742c
[INFO] running `Command { std: "docker" "start" "-a" "208bbd819b9b5a374b09a89f46a9a0a0d176d9185b8b93cb5529339e5117742c", kill_on_drop: false }`
[INFO] [stderr]     Finished `test` profile [unoptimized + debuginfo] target(s) in 0.11s
[INFO] [stderr]      Running unittests src/lib.rs (/opt/rustwide/target/debug/deps/restate_sdk_shared_core-655b9c17da0e8370)
[INFO] [stdout] 
[INFO] [stdout] running 92 tests
[INFO] [stdout] test retries::tests::test_exponential_policy ... ok
[INFO] [stdout] test service_protocol::encoding::tests::fill_decoder_with_partial_header ... ok
[INFO] [stdout] test service_protocol::encoding::tests::fill_decoder_with_partial_body ... ok
[INFO] [stdout] test service_protocol::encoding::tests::fill_decoder_with_several_messages ... ok
[INFO] [stdout] test service_protocol::header::tests::completed_get_state ... ok
[INFO] [stdout] test service_protocol::header::tests::completed_get_state_with_len ... ok
[INFO] [stdout] test service_protocol::header::tests::completion ... ok
[INFO] [stdout] test service_protocol::header::tests::custom_entry ... ok
[INFO] [stdout] test service_protocol::header::tests::custom_entry_with_requires_ack ... ok
[INFO] [stdout] test service_protocol::header::tests::not_completed_get_state ... ok
[INFO] [stdout] test service_protocol::header::tests::set_state_with_requires_ack ... ok
[INFO] [stdout] test request_identity::tests::bad_key ... ok
[INFO] [stdout] test tests::async_result::dont_await_call_dont_notify_input_closed ... ok
[INFO] [stdout] test tests::async_result::dont_await_call ... ok
[INFO] [stdout] test tests::async_result::notify_await_point::await_twice_the_same_handle ... ok
[INFO] [stdout] test tests::async_result::notify_await_point::await_two_handles_at_same_time ... ok
[INFO] [stdout] test tests::async_result::reverse_await_order::only_a1_completed ... ok
[INFO] [stdout] test tests::failures::got_closed_stream_before_end_of_replay ... ok
[INFO] [stdout] test tests::failures::get_state_entry_mismatch ... ok
[INFO] [stdout] test tests::async_result::reverse_await_order::a1_and_a2_completed_later ... ok
[INFO] [stdout] test tests::failures::one_way_call_entry_mismatch ... ok
[INFO] [stdout] test tests::get_state::completed ... ok
[INFO] [stdout] test tests::get_state::completed_with_eager_state ... ok
[INFO] [stdout] test tests::async_result::reverse_await_order::none_completed ... ok
[INFO] [stdout] test tests::get_state::just_replay ... ok
[INFO] [stdout] test tests::input_output::headers ... ok
[INFO] [stdout] test tests::async_result::reverse_await_order::only_a2_completed ... ok
[INFO] [stdout] test request_identity::tests::verify ... ok
[INFO] [stdout] test tests::get_state::suspend ... ok
[INFO] [stdout] test tests::promise::complete_promise::reject_promise_fails ... ok
[INFO] [stdout] test tests::promise::complete_promise::reject_promise_succeeds ... ok
[INFO] [stdout] test tests::input_output::echo ... ok
[INFO] [stdout] test tests::async_result::reverse_await_order::a2_and_a1_completed_later ... ok
[INFO] [stdout] test tests::input_output::replay_output_too ... ok
[INFO] [stdout] test tests::promise::get_promise::completed_with_failure ... ok
[INFO] [stdout] test tests::promise::get_promise::completed_with_success ... ok
[INFO] [stdout] test tests::promise::peek_promise::completed_with_null ... ok
[INFO] [stdout] test tests::promise::peek_promise::completed_with_failure ... ok
[INFO] [stdout] test tests::promise::complete_promise::resolve_promise_fails ... ok
[INFO] [stdout] test tests::promise::peek_promise::completed_with_success ... ok
[INFO] [stdout] test tests::promise::complete_promise::resolve_promise_succeeds ... ok
[INFO] [stdout] test tests::run::enter_then_notify_error ... ok
[INFO] [stdout] test tests::run::exit_without_enter ... ok
[INFO] [stdout] test tests::run::consecutive_run::ack_on_first_side_effect_will_suspend ... ok
[INFO] [stdout] test tests::run::replay ... ok
[INFO] [stdout] test tests::run::retry_policy::exit_with_retryable_error_no_retry_policy ... ok
[INFO] [stdout] test tests::run::consecutive_run::without_acks_suspends ... ok
[INFO] [stdout] test tests::run::consecutive_run::ack_on_first_and_second_side_effect_will_resume ... ok
[INFO] [stdout] test tests::run::enter_then_exit_then_ack ... ok
[INFO] [stdout] test tests::run::enter_then_exit_then_ack_with_failure ... ok
[INFO] [stdout] test tests::run::enter_then_exit_then_suspend ... ok
[INFO] [stdout] test tests::run::retry_policy::exit_with_retryable_error_retry_policy_exhausted_max_attempts ... ok
[INFO] [stdout] test tests::run::retry_policy::exit_with_retryable_error_retry_policy_none ... ok
[INFO] [stdout] test tests::run::retry_policy::retry_info_is_zero_when_entry_is_the_one_after_the_first_new_entry ... ok
[INFO] [stdout] test tests::run::retry_policy::exit_with_retryable_error_retry_policy_exhausted_max_duration ... ok
[INFO] [stdout] test tests::sleep::sleep_still_sleeping ... ok
[INFO] [stdout] test tests::sleep::sleep_completed ... ok
[INFO] [stdout] test tests::sleep::sleep_suspends ... ok
[INFO] [stdout] test tests::state::eager::append_with_partial_state_on_the_first_get ... ok
[INFO] [stdout] test tests::run::run_guard ... ok
[INFO] [stdout] test tests::state::eager::consecutive_get_with_empty_run_with_replay_of_the_first_get ... ok
[INFO] [stdout] test tests::state::eager::get_and_clear_state_with_partial_state_on_the_first_get ... ok
[INFO] [stdout] test tests::state::eager::get_and_clear_state_with_state_in_the_state_map ... ok
[INFO] [stdout] test tests::state::eager::get_clear_all_with_partial_state_on_the_first_get ... ok
[INFO] [stdout] test tests::run::retry_policy::exit_with_retryable_error_retry_policy_fixed ... ok
[INFO] [stdout] test tests::state::eager::append_with_state_in_the_state_map ... ok
[INFO] [stdout] test tests::state::eager::consecutive_get_with_empty ... ok
[INFO] [stdout] test tests::state::eager::get_clear_all_with_state_in_the_state_map ... ok
[INFO] [stdout] test tests::state::eager::get_empty_resume_with_partial_state ... ok
[INFO] [stdout] test tests::state::eager::get_empty_with_complete_state ... ok
[INFO] [stdout] test tests::state::eager::get_with_complete_state ... ok
[INFO] [stdout] test tests::state::eager::get_with_partial_state ... ok
[INFO] [stdout] test tests::state::eager::get_empty_with_partial_state ... ok
[INFO] [stdout] test tests::state::only_lazy_state::entry_already_completed_empty ... ok
[INFO] [stdout] test tests::state::only_lazy_state::entry_not_completed_on_replay ... ok
[INFO] [stdout] test tests::state::only_lazy_state::entry_already_completed ... ok
[INFO] [stdout] test tests::state::only_lazy_state::replay_failed_get_state_entry ... ok
[INFO] [stdout] test tests::state::state_keys::entry_already_completed ... ok
[INFO] [stdout] test tests::state::state_keys::new_entry_completed_later ... ok
[INFO] [stdout] test tests::state::eager::get_with_partial_state_without_the_state_entry ... ok
[INFO] [stdout] test tests::state::only_lazy_state::new_entry ... ok
[INFO] [stdout] test tests::state::only_lazy_state::complete_failing_get_state_entry ... ok
[INFO] [stdout] test tests::state::only_lazy_state::entry_on_replay_completed_later ... ok
[INFO] [stdout] test tests::state::state_keys::entry_on_replay_completed_later ... ok
[INFO] [stdout] test tests::suspensions::when_notify_await_point_then_notify_completion_then_notify_input_closed_then_no_suspension ... ok
[INFO] [stdout] test tests::state::state_keys::new_entry ... ok
[INFO] [stdout] test tests::state::only_lazy_state::new_entry_completed_later ... ok
[INFO] [stdout] test tests::suspensions::suspension_should_be_triggered_in_notify_input_closed ... ok
[INFO] [stdout] test tests::take_output_on_newly_initialized_vm ... ok
[INFO] [stdout] test tests::suspensions::suspension_should_be_triggered_with_correct_entry ... ok
[INFO] [stdout] test tests::suspensions::when_notify_completion_then_notify_await_point_then_notify_input_closed_then_no_suspension ... ok
[INFO] [stdout] test tests::state::state_keys::new_entry_completed_with_eager_state ... ok
[INFO] [stdout] 
[INFO] [stdout] test result: ok. 92 passed; 0 failed; 0 ignored; 0 measured; 0 filtered out; finished in 0.01s
[INFO] [stdout] 
[INFO] [stderr]      Running tests/bootstrap.rs (/opt/rustwide/target/debug/deps/bootstrap-7c462e168a1182cb)
[INFO] [stdout] 
[INFO] [stdout] running 1 test
[INFO] [stdout] test bootstrap ... FAILED
[INFO] [stdout] 
[INFO] [stdout] failures:
[INFO] [stdout] 
[INFO] [stdout] ---- bootstrap stdout ----
[INFO] [stdout] thread 'bootstrap' panicked at tests/bootstrap.rs:20:9:
[INFO] [stdout] failed to compile `console-api` protobuf: Read-only file system (os error 30)
[INFO] [stdout] stack backtrace:
[INFO] [stdout]    0:     0x5d25b15a633a - std::backtrace_rs::backtrace::libunwind::trace::h207520d6e9873551
[INFO] [stdout]                                at /rustc/df4ca44d3fbc9301ee17f30f4d474e6ae4b05252/library/std/src/../../backtrace/src/backtrace/libunwind.rs:116:5
[INFO] [stdout]    1:     0x5d25b15a633a - std::backtrace_rs::backtrace::trace_unsynchronized::h2ed7433f370e3eca
[INFO] [stdout]                                at /rustc/df4ca44d3fbc9301ee17f30f4d474e6ae4b05252/library/std/src/../../backtrace/src/backtrace/mod.rs:66:5
[INFO] [stdout]    2:     0x5d25b15a633a - std::sys::backtrace::_print_fmt::h916fac51166b18d7
[INFO] [stdout]                                at /rustc/df4ca44d3fbc9301ee17f30f4d474e6ae4b05252/library/std/src/sys/backtrace.rs:66:9
[INFO] [stdout]    3:     0x5d25b15a633a - <std::sys::backtrace::BacktraceLock::print::DisplayBacktrace as core::fmt::Display>::fmt::ha0a4c9b8ce3802e6
[INFO] [stdout]                                at /rustc/df4ca44d3fbc9301ee17f30f4d474e6ae4b05252/library/std/src/sys/backtrace.rs:39:26
[INFO] [stdout]    4:     0x5d25b15ceda3 - core::fmt::rt::Argument::fmt::h4cfc8587d52b3eb5
[INFO] [stdout]                                at /rustc/df4ca44d3fbc9301ee17f30f4d474e6ae4b05252/library/core/src/fmt/rt.rs:177:76
[INFO] [stdout]    5:     0x5d25b15ceda3 - core::fmt::write::h522cc39e5b36ae9f
[INFO] [stdout]                                at /rustc/df4ca44d3fbc9301ee17f30f4d474e6ae4b05252/library/core/src/fmt/mod.rs:1190:21
[INFO] [stdout]    6:     0x5d25b15a2bf3 - std::io::Write::write_fmt::h7d3c26752da97734
[INFO] [stdout]                                at /rustc/df4ca44d3fbc9301ee17f30f4d474e6ae4b05252/library/std/src/io/mod.rs:1839:15
[INFO] [stdout]    7:     0x5d25b15a6182 - std::sys::backtrace::BacktraceLock::print::h4b9e00b29e9c0942
[INFO] [stdout]                                at /rustc/df4ca44d3fbc9301ee17f30f4d474e6ae4b05252/library/std/src/sys/backtrace.rs:42:9
[INFO] [stdout]    8:     0x5d25b15a784a - std::panicking::default_hook::{{closure}}::hb59b88280d0324d9
[INFO] [stdout]                                at /rustc/df4ca44d3fbc9301ee17f30f4d474e6ae4b05252/library/std/src/panicking.rs:268:22
[INFO] [stdout]    9:     0x5d25b15a7654 - std::panicking::default_hook::he1dd496665be4a29
[INFO] [stdout]                                at /rustc/df4ca44d3fbc9301ee17f30f4d474e6ae4b05252/library/std/src/panicking.rs:292:9
[INFO] [stdout]   10:     0x5d25b156f739 - <alloc::boxed::Box<F,A> as core::ops::function::Fn<Args>>::call::h4ff71de18744e1dc
[INFO] [stdout]                                at /rustc/df4ca44d3fbc9301ee17f30f4d474e6ae4b05252/library/alloc/src/boxed.rs:2468:9
[INFO] [stdout]   11:     0x5d25b156f739 - test::test_main::{{closure}}::hcf7c055ce117aa81
[INFO] [stdout]                                at /rustc/df4ca44d3fbc9301ee17f30f4d474e6ae4b05252/library/test/src/lib.rs:133:21
[INFO] [stdout]   12:     0x5d25b15a7f48 - <alloc::boxed::Box<F,A> as core::ops::function::Fn<Args>>::call::h1d66c6bbd60c9692
[INFO] [stdout]                                at /rustc/df4ca44d3fbc9301ee17f30f4d474e6ae4b05252/library/alloc/src/boxed.rs:2468:9
[INFO] [stdout]   13:     0x5d25b15a7f48 - std::panicking::rust_panic_with_hook::h2ff17fe8f26dfcf8
[INFO] [stdout]                                at /rustc/df4ca44d3fbc9301ee17f30f4d474e6ae4b05252/library/std/src/panicking.rs:809:13
[INFO] [stdout]   14:     0x5d25b15a7d0a - std::panicking::begin_panic_handler::{{closure}}::h4fad77951c07e101
[INFO] [stdout]                                at /rustc/df4ca44d3fbc9301ee17f30f4d474e6ae4b05252/library/std/src/panicking.rs:674:13
[INFO] [stdout]   15:     0x5d25b15a6819 - std::sys::backtrace::__rust_end_short_backtrace::hb1a25b3da5d0ea08
[INFO] [stdout]                                at /rustc/df4ca44d3fbc9301ee17f30f4d474e6ae4b05252/library/std/src/sys/backtrace.rs:170:18
[INFO] [stdout]   16:     0x5d25b15a799c - rust_begin_unwind
[INFO] [stdout]                                at /rustc/df4ca44d3fbc9301ee17f30f4d474e6ae4b05252/library/std/src/panicking.rs:665:5
[INFO] [stdout]   17:     0x5d25b15cd3b0 - core::panicking::panic_fmt::ha9db07b529f9b256
[INFO] [stdout]                                at /rustc/df4ca44d3fbc9301ee17f30f4d474e6ae4b05252/library/core/src/panicking.rs:75:14
[INFO] [stdout]   18:     0x5d25b10bd3d1 - bootstrap::bootstrap::hf86da93a92b90263
[INFO] [stdout]                                at /opt/rustwide/workdir/tests/bootstrap.rs:20:9
[INFO] [stdout]   19:     0x5d25b10bcfb7 - bootstrap::bootstrap::{{closure}}::h19e4fbe165b8aa98
[INFO] [stdout]                                at /opt/rustwide/workdir/tests/bootstrap.rs:7:15
[INFO] [stdout]   20:     0x5d25b10ba1d6 - core::ops::function::FnOnce::call_once::hbb71034e9d9315f8
[INFO] [stdout]                                at /rustc/df4ca44d3fbc9301ee17f30f4d474e6ae4b05252/library/core/src/ops/function.rs:250:5
[INFO] [stdout]   21:     0x5d25b157400b - core::ops::function::FnOnce::call_once::h22c3ba5715e93f05
[INFO] [stdout]                                at /rustc/df4ca44d3fbc9301ee17f30f4d474e6ae4b05252/library/core/src/ops/function.rs:250:5
[INFO] [stdout]   22:     0x5d25b157400b - test::__rust_begin_short_backtrace::h8e82d8113d0da17f
[INFO] [stdout]                                at /rustc/df4ca44d3fbc9301ee17f30f4d474e6ae4b05252/library/test/src/lib.rs:621:18
[INFO] [stdout]   23:     0x5d25b1573987 - test::run_test_in_process::{{closure}}::h33235f4f20b7b7c7
[INFO] [stdout]                                at /rustc/df4ca44d3fbc9301ee17f30f4d474e6ae4b05252/library/test/src/lib.rs:644:60
[INFO] [stdout]   24:     0x5d25b1573987 - <core::panic::unwind_safe::AssertUnwindSafe<F> as core::ops::function::FnOnce<()>>::call_once::hb5043206310c586f
[INFO] [stdout]                                at /rustc/df4ca44d3fbc9301ee17f30f4d474e6ae4b05252/library/core/src/panic/unwind_safe.rs:272:9
[INFO] [stdout]   25:     0x5d25b1573987 - std::panicking::try::do_call::h9ad4731a60ab23e2
[INFO] [stdout]                                at /rustc/df4ca44d3fbc9301ee17f30f4d474e6ae4b05252/library/std/src/panicking.rs:557:40
[INFO] [stdout]   26:     0x5d25b1573987 - std::panicking::try::h3824d23db772a716
[INFO] [stdout]                                at /rustc/df4ca44d3fbc9301ee17f30f4d474e6ae4b05252/library/std/src/panicking.rs:520:19
[INFO] [stdout]   27:     0x5d25b1573987 - std::panic::catch_unwind::h5afd514605fde46b
[INFO] [stdout]                                at /rustc/df4ca44d3fbc9301ee17f30f4d474e6ae4b05252/library/std/src/panic.rs:358:14
[INFO] [stdout]   28:     0x5d25b1573987 - test::run_test_in_process::h0d5cbfa7067d1720
[INFO] [stdout]                                at /rustc/df4ca44d3fbc9301ee17f30f4d474e6ae4b05252/library/test/src/lib.rs:644:27
[INFO] [stdout]   29:     0x5d25b1573987 - test::run_test::{{closure}}::h708eb8872708115d
[INFO] [stdout]                                at /rustc/df4ca44d3fbc9301ee17f30f4d474e6ae4b05252/library/test/src/lib.rs:565:43
[INFO] [stdout]   30:     0x5d25b15370a4 - test::run_test::{{closure}}::h392c51cee94713ab
[INFO] [stdout]                                at /rustc/df4ca44d3fbc9301ee17f30f4d474e6ae4b05252/library/test/src/lib.rs:595:41
[INFO] [stdout]   31:     0x5d25b15370a4 - std::sys::backtrace::__rust_begin_short_backtrace::h2f40290710935a8b
[INFO] [stdout]                                at /rustc/df4ca44d3fbc9301ee17f30f4d474e6ae4b05252/library/std/src/sys/backtrace.rs:154:18
[INFO] [stdout]   32:     0x5d25b153a84e - std::thread::Builder::spawn_unchecked_::{{closure}}::{{closure}}::h3fd968d89053a903
[INFO] [stdout]                                at /rustc/df4ca44d3fbc9301ee17f30f4d474e6ae4b05252/library/std/src/thread/mod.rs:541:17
[INFO] [stdout]   33:     0x5d25b153a84e - <core::panic::unwind_safe::AssertUnwindSafe<F> as core::ops::function::FnOnce<()>>::call_once::h743f637ba4229880
[INFO] [stdout]                                at /rustc/df4ca44d3fbc9301ee17f30f4d474e6ae4b05252/library/core/src/panic/unwind_safe.rs:272:9
[INFO] [stdout]   34:     0x5d25b153a84e - std::panicking::try::do_call::h07440897322525a6
[INFO] [stdout]                                at /rustc/df4ca44d3fbc9301ee17f30f4d474e6ae4b05252/library/std/src/panicking.rs:557:40
[INFO] [stdout]   35:     0x5d25b153a84e - std::panicking::try::he5a2e00188156637
[INFO] [stdout]                                at /rustc/df4ca44d3fbc9301ee17f30f4d474e6ae4b05252/library/std/src/panicking.rs:520:19
[INFO] [stdout]   36:     0x5d25b153a84e - std::panic::catch_unwind::hbaf3cae49b3c6433
[INFO] [stdout]                                at /rustc/df4ca44d3fbc9301ee17f30f4d474e6ae4b05252/library/std/src/panic.rs:358:14
[INFO] [stdout]   37:     0x5d25b153a84e - std::thread::Builder::spawn_unchecked_::{{closure}}::h8e141ea224820bce
[INFO] [stdout]                                at /rustc/df4ca44d3fbc9301ee17f30f4d474e6ae4b05252/library/std/src/thread/mod.rs:540:30
[INFO] [stdout]   38:     0x5d25b153a84e - core::ops::function::FnOnce::call_once{{vtable.shim}}::h90d312fedd7b8ea8
[INFO] [stdout]                                at /rustc/df4ca44d3fbc9301ee17f30f4d474e6ae4b05252/library/core/src/ops/function.rs:250:5
[INFO] [stdout]   39:     0x5d25b15ad22b - <alloc::boxed::Box<F,A> as core::ops::function::FnOnce<Args>>::call_once::h69aa08ddb6adb8b6
[INFO] [stdout]                                at /rustc/df4ca44d3fbc9301ee17f30f4d474e6ae4b05252/library/alloc/src/boxed.rs:2454:9
[INFO] [stdout]   40:     0x5d25b15ad22b - <alloc::boxed::Box<F,A> as core::ops::function::FnOnce<Args>>::call_once::h5aa36efdb79c806f
[INFO] [stdout]                                at /rustc/df4ca44d3fbc9301ee17f30f4d474e6ae4b05252/library/alloc/src/boxed.rs:2454:9
[INFO] [stdout]   41:     0x5d25b15ad22b - std::sys::pal::unix::thread::Thread::new::thread_start::h6cd80a1b4be5158d
[INFO] [stdout]                                at /rustc/df4ca44d3fbc9301ee17f30f4d474e6ae4b05252/library/std/src/sys/pal/unix/thread.rs:105:17
[INFO] [stdout]   42:     0x7c77df6a6ac3 - <unknown>
[INFO] [stdout]   43:     0x7c77df737a04 - clone
[INFO] [stdout]   44:                0x0 - <unknown>
[INFO] [stdout] 
[INFO] [stdout] 
[INFO] [stdout] failures:
[INFO] [stdout]     bootstrap
[INFO] [stdout] 
[INFO] [stdout] test result: FAILED. 0 passed; 1 failed; 0 ignored; 0 measured; 0 filtered out; finished in 0.04s
[INFO] [stdout] 
[INFO] [stderr] error: test failed, to rerun pass `--test bootstrap`
[INFO] running `Command { std: "docker" "inspect" "208bbd819b9b5a374b09a89f46a9a0a0d176d9185b8b93cb5529339e5117742c", kill_on_drop: false }`
[INFO] running `Command { std: "docker" "rm" "-f" "208bbd819b9b5a374b09a89f46a9a0a0d176d9185b8b93cb5529339e5117742c", kill_on_drop: false }`
[INFO] [stdout] 208bbd819b9b5a374b09a89f46a9a0a0d176d9185b8b93cb5529339e5117742c
