[INFO] fetching crate reqwest 0.12.8...
[INFO] testing reqwest-0.12.8 against nightly-2024-10-28 for randomize-layout
[INFO] extracting crate reqwest 0.12.8 into /workspace/builds/worker-6-tc1/source
[INFO] validating manifest of crates.io crate reqwest 0.12.8 on toolchain nightly-2024-10-28
[INFO] running `Command { std: CARGO_HOME="/workspace/cargo-home" RUSTUP_HOME="/workspace/rustup-home" "/workspace/cargo-home/bin/cargo" "+nightly-2024-10-28" "metadata" "--manifest-path" "Cargo.toml" "--no-deps", kill_on_drop: false }`
[INFO] started tweaking crates.io crate reqwest 0.12.8
[INFO] removed 0 missing examples
[INFO] removed 0 missing tests
[INFO] finished tweaking crates.io crate reqwest 0.12.8
[INFO] tweaked toml for crates.io crate reqwest 0.12.8 written to /workspace/builds/worker-6-tc1/source/Cargo.toml
[INFO] crate crates.io crate reqwest 0.12.8 already has a lockfile, it will not be regenerated
[INFO] running `Command { std: CARGO_HOME="/workspace/cargo-home" RUSTUP_HOME="/workspace/rustup-home" "/workspace/cargo-home/bin/cargo" "+nightly-2024-10-28" "fetch" "--manifest-path" "Cargo.toml", kill_on_drop: false }`
[INFO] [stderr]     Updating crates.io index
[INFO] [stderr]  Downloading crates ...
[INFO] [stderr]   Downloaded h3-quinn v0.0.7
[INFO] [stderr]   Downloaded h3 v0.0.6
[INFO] running `Command { std: "docker" "create" "-v" "/var/lib/crater-agent-workspace/builds/worker-6-tc1/target:/opt/rustwide/target:rw,Z" "-v" "/var/lib/crater-agent-workspace/builds/worker-6-tc1/source:/opt/rustwide/workdir:ro,Z" "-v" "/var/lib/crater-agent-workspace/cargo-home:/opt/rustwide/cargo-home:ro,Z" "-v" "/var/lib/crater-agent-workspace/rustup-home:/opt/rustwide/rustup-home:ro,Z" "-e" "SOURCE_DIR=/opt/rustwide/workdir" "-e" "CARGO_TARGET_DIR=/opt/rustwide/target" "-e" "CARGO_HOME=/opt/rustwide/cargo-home" "-e" "RUSTUP_HOME=/opt/rustwide/rustup-home" "-w" "/opt/rustwide/workdir" "-m" "1610612736" "--user" "0:0" "--network" "none" "ghcr.io/rust-lang/crates-build-env/linux@sha256:4a844ea9eb2546a2d2c7022eacef16ef2e8229c7fbb2c7d4d55a9ceca922f72d" "/opt/rustwide/cargo-home/bin/cargo" "+nightly-2024-10-28" "metadata" "--no-deps" "--format-version=1", kill_on_drop: false }`
[INFO] [stdout] a4e4afa449d96b7084543f5cd4e13739b47119e40bd6a257c505662ee6c813f7
[INFO] running `Command { std: "docker" "start" "-a" "a4e4afa449d96b7084543f5cd4e13739b47119e40bd6a257c505662ee6c813f7", kill_on_drop: false }`
[INFO] running `Command { std: "docker" "inspect" "a4e4afa449d96b7084543f5cd4e13739b47119e40bd6a257c505662ee6c813f7", kill_on_drop: false }`
[INFO] running `Command { std: "docker" "rm" "-f" "a4e4afa449d96b7084543f5cd4e13739b47119e40bd6a257c505662ee6c813f7", kill_on_drop: false }`
[INFO] [stdout] a4e4afa449d96b7084543f5cd4e13739b47119e40bd6a257c505662ee6c813f7
[INFO] running `Command { std: "docker" "create" "-v" "/var/lib/crater-agent-workspace/builds/worker-6-tc1/target:/opt/rustwide/target:rw,Z" "-v" "/var/lib/crater-agent-workspace/builds/worker-6-tc1/source:/opt/rustwide/workdir:ro,Z" "-v" "/var/lib/crater-agent-workspace/cargo-home:/opt/rustwide/cargo-home:ro,Z" "-v" "/var/lib/crater-agent-workspace/rustup-home:/opt/rustwide/rustup-home:ro,Z" "-e" "SOURCE_DIR=/opt/rustwide/workdir" "-e" "CARGO_TARGET_DIR=/opt/rustwide/target" "-e" "CARGO_INCREMENTAL=0" "-e" "RUST_BACKTRACE=full" "-e" "RUSTFLAGS=--cap-lints=forbid" "-e" "RUSTDOCFLAGS=--cap-lints=forbid" "-e" "CARGO_HOME=/opt/rustwide/cargo-home" "-e" "RUSTUP_HOME=/opt/rustwide/rustup-home" "-w" "/opt/rustwide/workdir" "-m" "1610612736" "--user" "0:0" "--network" "none" "ghcr.io/rust-lang/crates-build-env/linux@sha256:4a844ea9eb2546a2d2c7022eacef16ef2e8229c7fbb2c7d4d55a9ceca922f72d" "/opt/rustwide/cargo-home/bin/cargo" "+nightly-2024-10-28" "build" "--frozen" "--message-format=json", kill_on_drop: false }`
[INFO] [stdout] 9983ca7692dbe4208d869d023b97787c59d477c7c55f6b5a8aeca692c6615307
[INFO] running `Command { std: "docker" "start" "-a" "9983ca7692dbe4208d869d023b97787c59d477c7c55f6b5a8aeca692c6615307", kill_on_drop: false }`
[INFO] [stderr]    Compiling libc v0.2.155
[INFO] [stderr]    Compiling proc-macro2 v1.0.86
[INFO] [stderr]    Compiling unicode-ident v1.0.12
[INFO] [stderr]    Compiling bytes v1.7.1
[INFO] [stderr]    Compiling futures-core v0.3.30
[INFO] [stderr]    Compiling pkg-config v0.3.30
[INFO] [stderr]    Compiling once_cell v1.19.0
[INFO] [stderr]    Compiling vcpkg v0.2.15
[INFO] [stderr]    Compiling cc v1.1.7
[INFO] [stderr]    Compiling autocfg v1.3.0
[INFO] [stderr]    Compiling futures-task v0.3.30
[INFO] [stderr]    Compiling hashbrown v0.14.5
[INFO] [stderr]    Compiling openssl v0.10.66
[INFO] [stderr]    Compiling httparse v1.9.4
[INFO] [stderr]    Compiling foreign-types-shared v0.1.1
[INFO] [stderr]    Compiling futures-sink v0.3.30
[INFO] [stderr]    Compiling foreign-types v0.3.2
[INFO] [stderr]    Compiling bitflags v2.6.0
[INFO] [stderr]    Compiling native-tls v0.2.12
[INFO] [stderr]    Compiling futures-util v0.3.30
[INFO] [stderr]    Compiling atomic-waker v1.1.2
[INFO] [stderr]    Compiling futures-channel v0.3.30
[INFO] [stderr]    Compiling tracing-core v0.1.32
[INFO] [stderr]    Compiling tower-layer v0.3.2
[INFO] [stderr]    Compiling serde v1.0.204
[INFO] [stderr]    Compiling openssl-probe v0.1.5
[INFO] [stderr]    Compiling tower-service v0.3.2
[INFO] [stderr]    Compiling unicode-normalization v0.1.23
[INFO] [stderr]    Compiling unicode-bidi v0.3.15
[INFO] [stderr]    Compiling slab v0.4.9
[INFO] [stderr]    Compiling rustls-pki-types v1.7.0
[INFO] [stderr]    Compiling sync_wrapper v1.0.1
[INFO] [stderr]    Compiling http v1.1.0
[INFO] [stderr]    Compiling tracing v0.1.40
[INFO] [stderr]    Compiling rustls-pemfile v2.1.2
[INFO] [stderr]    Compiling indexmap v2.3.0
[INFO] [stderr]    Compiling encoding_rs v0.8.34
[INFO] [stderr]    Compiling ipnet v2.9.0
[INFO] [stderr]    Compiling quote v1.0.36
[INFO] [stderr]    Compiling idna v0.5.0
[INFO] [stderr]    Compiling syn v2.0.72
[INFO] [stderr]    Compiling mio v1.0.1
[INFO] [stderr]    Compiling socket2 v0.5.7
[INFO] [stderr]    Compiling openssl-sys v0.9.103
[INFO] [stderr]    Compiling http-body v1.0.1
[INFO] [stderr]    Compiling url v2.5.2
[INFO] [stderr]    Compiling tokio v1.39.2
[INFO] [stderr]    Compiling http-body-util v0.1.2
[INFO] [stderr]    Compiling serde_urlencoded v0.7.1
[INFO] [stderr]    Compiling openssl-macros v0.1.1
[INFO] [stderr]    Compiling pin-project-internal v1.1.5
[INFO] [stderr]    Compiling pin-project v1.1.5
[INFO] [stderr]    Compiling tokio-util v0.7.11
[INFO] [stderr]    Compiling tower v0.4.13
[INFO] [stderr]    Compiling h2 v0.4.5
[INFO] [stderr]    Compiling tokio-native-tls v0.3.1
[INFO] [stderr]    Compiling hyper v1.4.1
[INFO] [stderr]    Compiling hyper-util v0.1.6
[INFO] [stderr]    Compiling hyper-tls v0.6.0
[INFO] [stderr]    Compiling reqwest v0.12.8 (/opt/rustwide/workdir)
[INFO] [stderr]     Finished `dev` profile [unoptimized + debuginfo] target(s) in 9.47s
[INFO] running `Command { std: "docker" "inspect" "9983ca7692dbe4208d869d023b97787c59d477c7c55f6b5a8aeca692c6615307", kill_on_drop: false }`
[INFO] running `Command { std: "docker" "rm" "-f" "9983ca7692dbe4208d869d023b97787c59d477c7c55f6b5a8aeca692c6615307", kill_on_drop: false }`
[INFO] [stdout] 9983ca7692dbe4208d869d023b97787c59d477c7c55f6b5a8aeca692c6615307
[INFO] running `Command { std: "docker" "create" "-v" "/var/lib/crater-agent-workspace/builds/worker-6-tc1/target:/opt/rustwide/target:rw,Z" "-v" "/var/lib/crater-agent-workspace/builds/worker-6-tc1/source:/opt/rustwide/workdir:ro,Z" "-v" "/var/lib/crater-agent-workspace/cargo-home:/opt/rustwide/cargo-home:ro,Z" "-v" "/var/lib/crater-agent-workspace/rustup-home:/opt/rustwide/rustup-home:ro,Z" "-e" "SOURCE_DIR=/opt/rustwide/workdir" "-e" "CARGO_TARGET_DIR=/opt/rustwide/target" "-e" "CARGO_INCREMENTAL=0" "-e" "RUST_BACKTRACE=full" "-e" "RUSTFLAGS=--cap-lints=forbid" "-e" "RUSTDOCFLAGS=--cap-lints=forbid" "-e" "CARGO_HOME=/opt/rustwide/cargo-home" "-e" "RUSTUP_HOME=/opt/rustwide/rustup-home" "-w" "/opt/rustwide/workdir" "-m" "1610612736" "--user" "0:0" "--network" "none" "ghcr.io/rust-lang/crates-build-env/linux@sha256:4a844ea9eb2546a2d2c7022eacef16ef2e8229c7fbb2c7d4d55a9ceca922f72d" "/opt/rustwide/cargo-home/bin/cargo" "+nightly-2024-10-28" "test" "--frozen" "--no-run" "--message-format=json", kill_on_drop: false }`
[INFO] [stdout] 195d53468b09c267d18d4eac33a7c3960c787d4199343b4d01c748ab93ea81ec
[INFO] running `Command { std: "docker" "start" "-a" "195d53468b09c267d18d4eac33a7c3960c787d4199343b4d01c748ab93ea81ec", kill_on_drop: false }`
[INFO] [stderr]    Compiling zerocopy v0.7.35
[INFO] [stderr]    Compiling allocator-api2 v0.2.18
[INFO] [stderr]    Compiling ahash v0.8.11
[INFO] [stderr]    Compiling futures-task v0.3.30
[INFO] [stderr]    Compiling jobserver v0.1.32
[INFO] [stderr]    Compiling serde v1.0.204
[INFO] [stderr]    Compiling httpdate v1.0.3
[INFO] [stderr]    Compiling getrandom v0.2.15
[INFO] [stderr]    Compiling zstd-safe v7.2.1
[INFO] [stderr]    Compiling tokio-macros v2.4.0
[INFO] [stderr]    Compiling serde_derive v1.0.204
[INFO] [stderr]    Compiling alloc-no-stdlib v2.0.4
[INFO] [stderr]    Compiling regex-syntax v0.8.4
[INFO] [stderr]    Compiling core2 v0.4.0
[INFO] [stderr]    Compiling rle-decode-fast v1.0.3
[INFO] [stderr]    Compiling rustls v0.23.12
[INFO] [stderr]    Compiling alloc-stdlib v0.2.2
[INFO] [stderr]    Compiling doc-comment v0.3.3
[INFO] [stderr]    Compiling is-terminal v0.4.12
[INFO] [stderr]    Compiling futures-util v0.3.30
[INFO] [stderr]    Compiling brotli-decompressor v4.0.1
[INFO] [stderr]    Compiling cc v1.1.7
[INFO] [stderr]    Compiling crc32fast v1.4.2
[INFO] [stderr]    Compiling adler32 v1.2.0
[INFO] [stderr]    Compiling dary_heap v0.3.6
[INFO] [stderr]    Compiling hashbrown v0.14.5
[INFO] [stderr]    Compiling tokio v1.39.2
[INFO] [stderr]    Compiling indexmap v2.3.0
[INFO] [stderr]    Compiling libflate_lz77 v2.1.0
[INFO] [stderr]    Compiling brotli v6.0.0
[INFO] [stderr]    Compiling libflate v2.1.0
[INFO] [stderr]    Compiling openssl-sys v0.9.103
[INFO] [stderr]    Compiling ring v0.17.8
[INFO] [stderr]    Compiling zstd-sys v2.0.13+zstd.1.5.6
[INFO] [stderr]    Compiling regex-automata v0.4.7
[INFO] [stderr]    Compiling openssl v0.10.66
[INFO] [stderr]    Compiling native-tls v0.2.12
[INFO] [stderr]    Compiling http-body-util v0.1.2
[INFO] [stderr]    Compiling regex v1.10.6
[INFO] [stderr]    Compiling env_logger v0.10.2
[INFO] [stderr]    Compiling rustls-webpki v0.102.6
[INFO] [stderr]    Compiling tokio-util v0.7.11
[INFO] [stderr]    Compiling tower v0.4.13
[INFO] [stderr]    Compiling h2 v0.4.5
[INFO] [stderr]    Compiling zstd v0.13.2
[INFO] [stderr]    Compiling serde_urlencoded v0.7.1
[INFO] [stderr]    Compiling tokio-native-tls v0.3.1
[INFO] [stderr]    Compiling hyper v1.4.1
[INFO] [stderr]    Compiling hyper-util v0.1.6
[INFO] [stderr]    Compiling hyper-tls v0.6.0
[INFO] [stderr]    Compiling reqwest v0.12.8 (/opt/rustwide/workdir)
[INFO] [stdout] warning: field `events_rx` is never read
[INFO] [stdout]   --> tests/support/server.rs:15:5
[INFO] [stdout]    |
[INFO] [stdout] 12 | pub struct Server {
[INFO] [stdout]    |            ------ field in this struct
[INFO] [stdout] ...
[INFO] [stdout] 15 |     events_rx: std_mpsc::Receiver<Event>,
[INFO] [stdout]    |     ^^^^^^^^^
[INFO] [stdout]    |
[INFO] [stdout]    = note: `#[warn(dead_code)]` on by default
[INFO] [stdout] 
[INFO] [stdout] 
[INFO] [stdout] warning: method `events` is never used
[INFO] [stdout]   --> tests/support/server.rs:29:12
[INFO] [stdout]    |
[INFO] [stdout] 24 | impl Server {
[INFO] [stdout]    | ----------- method in this implementation
[INFO] [stdout] ...
[INFO] [stdout] 29 |     pub fn events(&mut self) -> Vec<Event> {
[INFO] [stdout]    |            ^^^^^^
[INFO] [stdout] 
[INFO] [stdout] 
[INFO] [stdout] warning: field `events_rx` is never read
[INFO] [stdout]   --> tests/support/server.rs:15:5
[INFO] [stdout]    |
[INFO] [stdout] 12 | pub struct Server {
[INFO] [stdout]    |            ------ field in this struct
[INFO] [stdout] ...
[INFO] [stdout] 15 |     events_rx: std_mpsc::Receiver<Event>,
[INFO] [stdout]    |     ^^^^^^^^^
[INFO] [stdout]    |
[INFO] [stdout]    = note: `#[warn(dead_code)]` on by default
[INFO] [stdout] 
[INFO] [stdout] 
[INFO] [stdout] warning: method `events` is never used
[INFO] [stdout]   --> tests/support/server.rs:29:12
[INFO] [stdout]    |
[INFO] [stdout] 24 | impl Server {
[INFO] [stdout]    | ----------- method in this implementation
[INFO] [stdout] ...
[INFO] [stdout] 29 |     pub fn events(&mut self) -> Vec<Event> {
[INFO] [stdout]    |            ^^^^^^
[INFO] [stdout] 
[INFO] [stdout] 
[INFO] [stdout] warning: field `events_rx` is never read
[INFO] [stdout]   --> tests/support/server.rs:15:5
[INFO] [stdout]    |
[INFO] [stdout] 12 | pub struct Server {
[INFO] [stdout]    |            ------ field in this struct
[INFO] [stdout] ...
[INFO] [stdout] 15 |     events_rx: std_mpsc::Receiver<Event>,
[INFO] [stdout]    |     ^^^^^^^^^
[INFO] [stdout]    |
[INFO] [stdout]    = note: `#[warn(dead_code)]` on by default
[INFO] [stdout] 
[INFO] [stdout] 
[INFO] [stdout] warning: method `events` is never used
[INFO] [stdout]   --> tests/support/server.rs:29:12
[INFO] [stdout]    |
[INFO] [stdout] 24 | impl Server {
[INFO] [stdout]    | ----------- method in this implementation
[INFO] [stdout] ...
[INFO] [stdout] 29 |     pub fn events(&mut self) -> Vec<Event> {
[INFO] [stdout]    |            ^^^^^^
[INFO] [stdout] 
[INFO] [stdout] 
[INFO] [stdout] warning: field `events_rx` is never read
[INFO] [stdout]   --> tests/support/server.rs:15:5
[INFO] [stdout]    |
[INFO] [stdout] 12 | pub struct Server {
[INFO] [stdout]    |            ------ field in this struct
[INFO] [stdout] ...
[INFO] [stdout] 15 |     events_rx: std_mpsc::Receiver<Event>,
[INFO] [stdout]    |     ^^^^^^^^^
[INFO] [stdout]    |
[INFO] [stdout]    = note: `#[warn(dead_code)]` on by default
[INFO] [stdout] 
[INFO] [stdout] 
[INFO] [stdout] warning: method `events` is never used
[INFO] [stdout]   --> tests/support/server.rs:29:12
[INFO] [stdout]    |
[INFO] [stdout] 24 | impl Server {
[INFO] [stdout]    | ----------- method in this implementation
[INFO] [stdout] ...
[INFO] [stdout] 29 |     pub fn events(&mut self) -> Vec<Event> {
[INFO] [stdout]    |            ^^^^^^
[INFO] [stdout] 
[INFO] [stdout] 
[INFO] [stderr]     Finished `test` profile [unoptimized + debuginfo] target(s) in 20.19s
[INFO] running `Command { std: "docker" "inspect" "195d53468b09c267d18d4eac33a7c3960c787d4199343b4d01c748ab93ea81ec", kill_on_drop: false }`
[INFO] running `Command { std: "docker" "rm" "-f" "195d53468b09c267d18d4eac33a7c3960c787d4199343b4d01c748ab93ea81ec", kill_on_drop: false }`
[INFO] [stdout] 195d53468b09c267d18d4eac33a7c3960c787d4199343b4d01c748ab93ea81ec
[INFO] running `Command { std: "docker" "create" "-v" "/var/lib/crater-agent-workspace/builds/worker-6-tc1/target:/opt/rustwide/target:rw,Z" "-v" "/var/lib/crater-agent-workspace/builds/worker-6-tc1/source:/opt/rustwide/workdir:ro,Z" "-v" "/var/lib/crater-agent-workspace/cargo-home:/opt/rustwide/cargo-home:ro,Z" "-v" "/var/lib/crater-agent-workspace/rustup-home:/opt/rustwide/rustup-home:ro,Z" "-e" "SOURCE_DIR=/opt/rustwide/workdir" "-e" "CARGO_TARGET_DIR=/opt/rustwide/target" "-e" "CARGO_INCREMENTAL=0" "-e" "RUST_BACKTRACE=full" "-e" "RUSTFLAGS=--cap-lints=forbid" "-e" "RUSTDOCFLAGS=--cap-lints=forbid" "-e" "CARGO_HOME=/opt/rustwide/cargo-home" "-e" "RUSTUP_HOME=/opt/rustwide/rustup-home" "-w" "/opt/rustwide/workdir" "-m" "1610612736" "--user" "0:0" "--network" "none" "ghcr.io/rust-lang/crates-build-env/linux@sha256:4a844ea9eb2546a2d2c7022eacef16ef2e8229c7fbb2c7d4d55a9ceca922f72d" "/opt/rustwide/cargo-home/bin/cargo" "+nightly-2024-10-28" "test" "--frozen", kill_on_drop: false }`
[INFO] [stdout] 2306cef1b43fd71791c6b367ad04a6e44f3c62538b29a8ab38528ac9d8a1a0bb
[INFO] running `Command { std: "docker" "start" "-a" "2306cef1b43fd71791c6b367ad04a6e44f3c62538b29a8ab38528ac9d8a1a0bb", kill_on_drop: false }`
[INFO] [stderr] warning: field `events_rx` is never read
[INFO] [stderr]   --> tests/support/server.rs:15:5
[INFO] [stderr]    |
[INFO] [stderr] 12 | pub struct Server {
[INFO] [stderr]    |            ------ field in this struct
[INFO] [stderr] ...
[INFO] [stderr] 15 |     events_rx: std_mpsc::Receiver<Event>,
[INFO] [stderr]    |     ^^^^^^^^^
[INFO] [stderr]    |
[INFO] [stderr]    = note: `#[warn(dead_code)]` on by default
[INFO] [stderr] 
[INFO] [stderr] warning: method `events` is never used
[INFO] [stderr]   --> tests/support/server.rs:29:12
[INFO] [stderr]    |
[INFO] [stderr] 24 | impl Server {
[INFO] [stderr]    | ----------- method in this implementation
[INFO] [stderr] ...
[INFO] [stderr] 29 |     pub fn events(&mut self) -> Vec<Event> {
[INFO] [stderr]    |            ^^^^^^
[INFO] [stderr] 
[INFO] [stderr] warning: `reqwest` (test "timeouts") generated 2 warnings
[INFO] [stderr] warning: `reqwest` (test "proxy") generated 2 warnings (2 duplicates)
[INFO] [stderr] warning: `reqwest` (test "upgrade") generated 2 warnings (2 duplicates)
[INFO] [stderr] warning: `reqwest` (test "redirect") generated 2 warnings (2 duplicates)
[INFO] [stderr]     Finished `test` profile [unoptimized + debuginfo] target(s) in 0.26s
[INFO] [stderr]      Running unittests src/lib.rs (/opt/rustwide/target/debug/deps/reqwest-97837c8a723b32db)
[INFO] [stdout] 
[INFO] [stdout] running 88 tests
[INFO] [stdout] test async_impl::body::tests::body_exact_length ... ok
[INFO] [stdout] test async_impl::decoder::tests::accepts_as_str ... ok
[INFO] [stdout] test async_impl::body::tests::test_as_bytes ... ok
[INFO] [stdout] test async_impl::request::tests::convert_from_http_request ... ok
[INFO] [stdout] test async_impl::request::tests::set_http_request_version ... ok
[INFO] [stdout] test async_impl::response::tests::test_from_http_response ... ok
[INFO] [stdout] test connect::tests::test_tunnel ... ok
[INFO] [stdout] test connect::tests::test_tunnel_basic_auth ... ok
[INFO] [stdout] test connect::tests::test_tunnel_eof ... ok
[INFO] [stdout] test connect::tests::test_tunnel_non_http_response ... ok
[INFO] [stdout] test connect::tests::test_tunnel_proxy_unauthorized ... ok
[INFO] [stdout] test error::tests::from_unknown_io_error ... ok
[INFO] [stdout] test error::tests::is_timeout ... ok
[INFO] [stdout] test error::tests::mem_size_of ... ok
[INFO] [stdout] test error::tests::roundtrip_io_error ... ok
[INFO] [stdout] test error::tests::test_source_chain ... ok
[INFO] [stdout] test into_url::tests::into_url_blob_scheme ... ok
[INFO] [stdout] test into_url::tests::into_url_file_scheme ... ok
[INFO] [stdout] test proxy::test::into_proxy_scheme::when_scheme_missing::and_url_has_bad::host ... ok
[INFO] [stdout] test proxy::test::into_proxy_scheme::when_scheme_missing::and_url_has_bad::idna_encoding ... ok
[INFO] [stdout] test proxy::test::into_proxy_scheme::when_scheme_missing::and_url_has_bad::invalid_domain_character ... ok
[INFO] [stdout] test proxy::test::into_proxy_scheme::when_scheme_missing::and_url_has_bad::ip_v4_address ... ok
[INFO] [stdout] test proxy::test::into_proxy_scheme::when_scheme_missing::and_url_has_bad::ip_v6_address ... ok
[INFO] [stdout] test proxy::test::into_proxy_scheme::when_scheme_missing::and_url_has_bad::port ... ok
[INFO] [stdout] test proxy::test::into_proxy_scheme::when_scheme_missing::and_url_is_valid::domain_port_works ... ok
[INFO] [stdout] test proxy::test::into_proxy_scheme::when_scheme_missing::and_url_is_valid::domain_username_password_port_works ... ok
[INFO] [stdout] test proxy::test::into_proxy_scheme::when_scheme_missing::and_url_is_valid::domain_username_password_works ... ok
[INFO] [stdout] test proxy::test::into_proxy_scheme::when_scheme_missing::and_url_is_valid::domain_username_works ... ok
[INFO] [stdout] test proxy::test::into_proxy_scheme::when_scheme_missing::and_url_is_valid::domain_works ... ok
[INFO] [stdout] test proxy::test::into_proxy_scheme::when_scheme_missing::and_url_is_valid::lookback_works ... ok
[INFO] [stdout] test proxy::test::into_proxy_scheme::when_scheme_missing::and_url_is_valid::loopback_port_works ... ok
[INFO] [stdout] test proxy::test::into_proxy_scheme::when_scheme_missing::and_url_is_valid::loopback_username_password_port_works ... ok
[INFO] [stdout] test proxy::test::into_proxy_scheme::when_scheme_missing::and_url_is_valid::loopback_username_password_works ... ok
[INFO] [stdout] test proxy::test::into_proxy_scheme::when_scheme_missing::and_url_is_valid::loopback_username_works ... ok
[INFO] [stdout] test proxy::test::into_proxy_scheme::when_scheme_present::and_url_has_bad::host ... ok
[INFO] [stdout] test proxy::test::into_proxy_scheme::when_scheme_present::and_url_has_bad::idna_encoding ... ok
[INFO] [stdout] test proxy::test::into_proxy_scheme::when_scheme_present::and_url_has_bad::ip_v4_address ... ok
[INFO] [stdout] test proxy::test::into_proxy_scheme::when_scheme_present::and_url_has_bad::ip_v6_address ... ok
[INFO] [stdout] test proxy::test::into_proxy_scheme::when_scheme_present::and_url_has_bad::port ... ok
[INFO] [stdout] test proxy::test::into_proxy_scheme::when_scheme_present::and_url_is_valid::domain_port_works ... ok
[INFO] [stdout] test proxy::test::into_proxy_scheme::when_scheme_present::and_url_is_valid::domain_username_password_port_works ... ok
[INFO] [stdout] test proxy::test::into_proxy_scheme::when_scheme_present::and_url_is_valid::domain_username_password_works ... ok
[INFO] [stdout] test proxy::test::into_proxy_scheme::when_scheme_present::and_url_is_valid::domain_username_works ... ok
[INFO] [stdout] test proxy::test::into_proxy_scheme::when_scheme_present::and_url_is_valid::domain_works ... ok
[INFO] [stdout] test proxy::test::into_proxy_scheme::when_scheme_present::and_url_is_valid::loopback_port_works ... ok
[INFO] [stdout] test proxy::test::into_proxy_scheme::when_scheme_present::and_url_is_valid::loopback_username_password_port_works ... ok
[INFO] [stdout] test proxy::test::into_proxy_scheme::when_scheme_present::and_url_is_valid::loopback_username_password_works ... ok
[INFO] [stdout] test proxy::test::into_proxy_scheme::when_scheme_present::and_url_is_valid::loopback_username_works ... ok
[INFO] [stdout] test proxy::test::into_proxy_scheme::when_scheme_present::and_url_is_valid::loopback_works ... ok
[INFO] [stdout] test proxy::tests::test_all ... ok
[INFO] [stdout] test proxy::tests::test_custom ... ok
[INFO] [stdout] test proxy::tests::test_domain_matcher ... ok
[INFO] [stdout] test proxy::tests::test_empty_sys_no_proxy ... ok
[INFO] [stdout] test proxy::tests::test_get_sys_proxies_in_cgi ... ok
[INFO] [stdout] test proxy::tests::test_get_sys_proxies_parsing ... ok
[INFO] [stdout] test proxy::tests::test_has_http_auth ... ok
[INFO] [stdout] test proxy::tests::test_http ... ok
[INFO] [stdout] test proxy::tests::test_https ... ok
[INFO] [stdout] test proxy::tests::test_no_proxy_load ... ok
[INFO] [stdout] test proxy::tests::test_proxy_no_proxy_interception_for_proxy_types ... ok
[INFO] [stdout] test proxy::tests::test_proxy_scheme_ip_address_default_http ... ok
[INFO] [stdout] test proxy::tests::test_proxy_scheme_parse ... ok
[INFO] [stdout] test proxy::tests::test_proxy_scheme_parse_default_http_with_auth ... ok
[INFO] [stdout] test proxy::tests::test_sys_no_proxy ... ok
[INFO] [stdout] test proxy::tests::test_wildcard_sys_no_proxy ... ok
[INFO] [stdout] test redirect::test_redirect_policy_custom ... ok
[INFO] [stdout] test redirect::test_redirect_policy_limit ... ok
[INFO] [stdout] test redirect::test_redirect_policy_limit_to_0 ... ok
[INFO] [stdout] test redirect::test_remove_sensitive_headers ... ok
[INFO] [stdout] test response::tests::test_response_builder_ext ... ok
[INFO] [stdout] test tls::tests::certificate_from_der_invalid ... ok
[INFO] [stdout] test tls::tests::certificate_from_pem_invalid ... ok
[INFO] [stdout] test tls::tests::certificates_from_pem_bundle ... ok
[INFO] [stdout] test async_impl::request::tests::add_query_struct ... ok
[INFO] [stdout] test async_impl::request::tests::test_basic_auth_sensitive_header ... ok
[INFO] [stdout] test async_impl::request::tests::convert_url_authority_into_basic_auth ... ok
[INFO] [stdout] test async_impl::request::tests::add_query_append ... ok
[INFO] [stdout] test async_impl::request::tests::test_replace_headers ... ok
[INFO] [stdout] test async_impl::request::tests::add_query_append_same ... ok
[INFO] [stdout] test async_impl::request::tests::add_query_map ... ok
[INFO] [stdout] test async_impl::client::tests::execute_request_rejects_invalid_hostname ... ok
[INFO] [stdout] test async_impl::request::tests::test_explicit_sensitive_header ... ok
[INFO] [stdout] test async_impl::request::tests::try_clone_no_body ... ok
[INFO] [stdout] test async_impl::request::tests::try_clone_reusable ... ok
[INFO] [stdout] test async_impl::request::tests::builder_split_reassemble ... ok
[INFO] [stdout] test async_impl::request::tests::normalize_empty_query ... ok
[INFO] [stdout] test async_impl::request::tests::test_bearer_auth_sensitive_header ... ok
[INFO] [stdout] test async_impl::client::tests::execute_request_rejects_invalid_urls ... ok
[INFO] [stdout] 
[INFO] [stdout] test result: ok. 88 passed; 0 failed; 0 ignored; 0 measured; 0 filtered out; finished in 0.39s
[INFO] [stdout] 
[INFO] [stderr]      Running tests/badssl.rs (/opt/rustwide/target/debug/deps/badssl-81a85ef0c78e4189)
[INFO] [stdout] 
[INFO] [stdout] running 3 tests
[INFO] [stdout] test test_badssl_no_built_in_roots ... ok
[INFO] [stdout] test test_badssl_modern ... FAILED
[INFO] [stdout] test test_badssl_self_signed ... FAILED
[INFO] [stdout] 
[INFO] [stdout] failures:
[INFO] [stdout] 
[INFO] [stdout] ---- test_badssl_modern stdout ----
[INFO] [stdout] thread 'test_badssl_modern' panicked at tests/badssl.rs:14:10:
[INFO] [stdout] called `Result::unwrap()` on an `Err` value: reqwest::Error { kind: Request, url: "https://mozilla-modern.badssl.com/", source: hyper_util::client::legacy::Error(Connect, ConnectError("dns error", Custom { kind: Uncategorized, error: "failed to lookup address information: Temporary failure in name resolution" })) }
[INFO] [stdout] stack backtrace:
[INFO] [stdout]    0:     0x634ddbc2f4ea - std::backtrace_rs::backtrace::libunwind::trace::h207520d6e9873551
[INFO] [stdout]                                at /rustc/df4ca44d3fbc9301ee17f30f4d474e6ae4b05252/library/std/src/../../backtrace/src/backtrace/libunwind.rs:116:5
[INFO] [stdout]    1:     0x634ddbc2f4ea - std::backtrace_rs::backtrace::trace_unsynchronized::h2ed7433f370e3eca
[INFO] [stdout]                                at /rustc/df4ca44d3fbc9301ee17f30f4d474e6ae4b05252/library/std/src/../../backtrace/src/backtrace/mod.rs:66:5
[INFO] [stdout]    2:     0x634ddbc2f4ea - std::sys::backtrace::_print_fmt::h916fac51166b18d7
[INFO] [stdout]                                at /rustc/df4ca44d3fbc9301ee17f30f4d474e6ae4b05252/library/std/src/sys/backtrace.rs:66:9
[INFO] [stdout]    3:     0x634ddbc2f4ea - <std::sys::backtrace::BacktraceLock::print::DisplayBacktrace as core::fmt::Display>::fmt::ha0a4c9b8ce3802e6
[INFO] [stdout]                                at /rustc/df4ca44d3fbc9301ee17f30f4d474e6ae4b05252/library/std/src/sys/backtrace.rs:39:26
[INFO] [stdout]    4:     0x634ddbc58f93 - core::fmt::rt::Argument::fmt::h4cfc8587d52b3eb5
[INFO] [stdout]                                at /rustc/df4ca44d3fbc9301ee17f30f4d474e6ae4b05252/library/core/src/fmt/rt.rs:177:76
[INFO] [stdout]    5:     0x634ddbc58f93 - core::fmt::write::h522cc39e5b36ae9f
[INFO] [stdout]                                at /rustc/df4ca44d3fbc9301ee17f30f4d474e6ae4b05252/library/core/src/fmt/mod.rs:1190:21
[INFO] [stdout]    6:     0x634ddbc2b4a3 - std::io::Write::write_fmt::h7d3c26752da97734
[INFO] [stdout]                                at /rustc/df4ca44d3fbc9301ee17f30f4d474e6ae4b05252/library/std/src/io/mod.rs:1839:15
[INFO] [stdout]    7:     0x634ddbc2f332 - std::sys::backtrace::BacktraceLock::print::h4b9e00b29e9c0942
[INFO] [stdout]                                at /rustc/df4ca44d3fbc9301ee17f30f4d474e6ae4b05252/library/std/src/sys/backtrace.rs:42:9
[INFO] [stdout]    8:     0x634ddbc3097a - std::panicking::default_hook::{{closure}}::hb59b88280d0324d9
[INFO] [stdout]                                at /rustc/df4ca44d3fbc9301ee17f30f4d474e6ae4b05252/library/std/src/panicking.rs:268:22
[INFO] [stdout]    9:     0x634ddbc30784 - std::panicking::default_hook::he1dd496665be4a29
[INFO] [stdout]                                at /rustc/df4ca44d3fbc9301ee17f30f4d474e6ae4b05252/library/std/src/panicking.rs:292:9
[INFO] [stdout]   10:     0x634ddbb79189 - <alloc::boxed::Box<F,A> as core::ops::function::Fn<Args>>::call::h4ff71de18744e1dc
[INFO] [stdout]                                at /rustc/df4ca44d3fbc9301ee17f30f4d474e6ae4b05252/library/alloc/src/boxed.rs:2468:9
[INFO] [stdout]   11:     0x634ddbb79189 - test::test_main::{{closure}}::hcf7c055ce117aa81
[INFO] [stdout]                                at /rustc/df4ca44d3fbc9301ee17f30f4d474e6ae4b05252/library/test/src/lib.rs:133:21
[INFO] [stdout]   12:     0x634ddbc31078 - <alloc::boxed::Box<F,A> as core::ops::function::Fn<Args>>::call::h1d66c6bbd60c9692
[INFO] [stdout]                                at /rustc/df4ca44d3fbc9301ee17f30f4d474e6ae4b05252/library/alloc/src/boxed.rs:2468:9
[INFO] [stdout]   13:     0x634ddbc31078 - std::panicking::rust_panic_with_hook::h2ff17fe8f26dfcf8
[INFO] [stdout]                                at /rustc/df4ca44d3fbc9301ee17f30f4d474e6ae4b05252/library/std/src/panicking.rs:809:13
[INFO] [stdout]   14:     0x634ddbc30e3a - std::panicking::begin_panic_handler::{{closure}}::h4fad77951c07e101
[INFO] [stdout]                                at /rustc/df4ca44d3fbc9301ee17f30f4d474e6ae4b05252/library/std/src/panicking.rs:674:13
[INFO] [stdout]   15:     0x634ddbc2f9c9 - std::sys::backtrace::__rust_end_short_backtrace::hb1a25b3da5d0ea08
[INFO] [stdout]                                at /rustc/df4ca44d3fbc9301ee17f30f4d474e6ae4b05252/library/std/src/sys/backtrace.rs:170:18
[INFO] [stdout]   16:     0x634ddbc30acc - rust_begin_unwind
[INFO] [stdout]                                at /rustc/df4ca44d3fbc9301ee17f30f4d474e6ae4b05252/library/std/src/panicking.rs:665:5
[INFO] [stdout]   17:     0x634ddbc57490 - core::panicking::panic_fmt::ha9db07b529f9b256
[INFO] [stdout]                                at /rustc/df4ca44d3fbc9301ee17f30f4d474e6ae4b05252/library/core/src/panicking.rs:75:14
[INFO] [stdout]   18:     0x634ddbc57976 - core::result::unwrap_failed::h5e8218e4d4338b8a
[INFO] [stdout]                                at /rustc/df4ca44d3fbc9301ee17f30f4d474e6ae4b05252/library/core/src/result.rs:1698:5
[INFO] [stdout]   19:     0x634ddb83fc38 - core::result::Result<T,E>::unwrap::hebea06e72b9a673c
[INFO] [stdout]                                at /rustc/df4ca44d3fbc9301ee17f30f4d474e6ae4b05252/library/core/src/result.rs:1103:23
[INFO] [stdout]   20:     0x634ddb83fc38 - badssl::test_badssl_modern::{{closure}}::hbdbfb67d8b7c5dcc
[INFO] [stdout]                                at /opt/rustwide/workdir/tests/badssl.rs:7:16
[INFO] [stdout]   21:     0x634ddb83d552 - <core::pin::Pin<P> as core::future::future::Future>::poll::h681414b0e3657f0a
[INFO] [stdout]                                at /rustc/df4ca44d3fbc9301ee17f30f4d474e6ae4b05252/library/core/src/future/future.rs:123:9
[INFO] [stdout]   22:     0x634ddb83d58d - <core::pin::Pin<P> as core::future::future::Future>::poll::h81b526e7ddb4b41a
[INFO] [stdout]                                at /rustc/df4ca44d3fbc9301ee17f30f4d474e6ae4b05252/library/core/src/future/future.rs:123:9
[INFO] [stdout]   23:     0x634ddb845a6f - tokio::runtime::scheduler::current_thread::CoreGuard::block_on::{{closure}}::{{closure}}::{{closure}}::he1f150c984590ec4
[INFO] [stdout]                                at /opt/rustwide/cargo-home/registry/src/index.crates.io-6f17d22bba15001f/tokio-1.39.2/src/runtime/scheduler/current_thread/mod.rs:673:57
[INFO] [stdout]   24:     0x634ddb8457b5 - tokio::runtime::coop::with_budget::h50ad0b82de1ad8c0
[INFO] [stdout]                                at /opt/rustwide/cargo-home/registry/src/index.crates.io-6f17d22bba15001f/tokio-1.39.2/src/runtime/coop.rs:107:5
[INFO] [stdout]   25:     0x634ddb8457b5 - tokio::runtime::coop::budget::hb2b9d763931a2240
[INFO] [stdout]                                at /opt/rustwide/cargo-home/registry/src/index.crates.io-6f17d22bba15001f/tokio-1.39.2/src/runtime/coop.rs:73:5
[INFO] [stdout]   26:     0x634ddb8457b5 - tokio::runtime::scheduler::current_thread::CoreGuard::block_on::{{closure}}::{{closure}}::h65579cad7023af04
[INFO] [stdout]                                at /opt/rustwide/cargo-home/registry/src/index.crates.io-6f17d22bba15001f/tokio-1.39.2/src/runtime/scheduler/current_thread/mod.rs:673:25
[INFO] [stdout]   27:     0x634ddb842ff0 - tokio::runtime::scheduler::current_thread::Context::enter::h8b079d437580ef07
[INFO] [stdout]                                at /opt/rustwide/cargo-home/registry/src/index.crates.io-6f17d22bba15001f/tokio-1.39.2/src/runtime/scheduler/current_thread/mod.rs:412:19
[INFO] [stdout]   28:     0x634ddb84503b - tokio::runtime::scheduler::current_thread::CoreGuard::block_on::{{closure}}::hd5d4e27b532964c2
[INFO] [stdout]                                at /opt/rustwide/cargo-home/registry/src/index.crates.io-6f17d22bba15001f/tokio-1.39.2/src/runtime/scheduler/current_thread/mod.rs:672:36
[INFO] [stdout]   29:     0x634ddb8444b4 - tokio::runtime::scheduler::current_thread::CoreGuard::enter::{{closure}}::h0885eb913eaadfa3
[INFO] [stdout]                                at /opt/rustwide/cargo-home/registry/src/index.crates.io-6f17d22bba15001f/tokio-1.39.2/src/runtime/scheduler/current_thread/mod.rs:751:68
[INFO] [stdout]   30:     0x634ddb837b7b - tokio::runtime::context::scoped::Scoped<T>::set::h509dcaf19a512d36
[INFO] [stdout]                                at /opt/rustwide/cargo-home/registry/src/index.crates.io-6f17d22bba15001f/tokio-1.39.2/src/runtime/context/scoped.rs:40:9
[INFO] [stdout]   31:     0x634ddb8378b9 - tokio::runtime::context::set_scheduler::{{closure}}::h7c0b3e9bffb23db5
[INFO] [stdout]                                at /opt/rustwide/cargo-home/registry/src/index.crates.io-6f17d22bba15001f/tokio-1.39.2/src/runtime/context.rs:180:26
[INFO] [stdout]   32:     0x634ddb833ccd - std::thread::local::LocalKey<T>::try_with::hd68bd42b473fee74
[INFO] [stdout]                                at /rustc/df4ca44d3fbc9301ee17f30f4d474e6ae4b05252/library/std/src/thread/local.rs:283:12
[INFO] [stdout]   33:     0x634ddb832e4a - std::thread::local::LocalKey<T>::with::h8a5847d85a173077
[INFO] [stdout]                                at /rustc/df4ca44d3fbc9301ee17f30f4d474e6ae4b05252/library/std/src/thread/local.rs:260:9
[INFO] [stdout]   34:     0x634ddb8377ed - tokio::runtime::context::set_scheduler::h145cdb51e32af7c1
[INFO] [stdout]                                at /opt/rustwide/cargo-home/registry/src/index.crates.io-6f17d22bba15001f/tokio-1.39.2/src/runtime/context.rs:180:9
[INFO] [stdout]   35:     0x634ddb843e40 - tokio::runtime::scheduler::current_thread::CoreGuard::enter::h901df704f1f5f12f
[INFO] [stdout]                                at /opt/rustwide/cargo-home/registry/src/index.crates.io-6f17d22bba15001f/tokio-1.39.2/src/runtime/scheduler/current_thread/mod.rs:751:27
[INFO] [stdout]   36:     0x634ddb8444f3 - tokio::runtime::scheduler::current_thread::CoreGuard::block_on::h43f6a2dc5453a513
[INFO] [stdout]                                at /opt/rustwide/cargo-home/registry/src/index.crates.io-6f17d22bba15001f/tokio-1.39.2/src/runtime/scheduler/current_thread/mod.rs:660:19
[INFO] [stdout]   37:     0x634ddb8422cf - tokio::runtime::scheduler::current_thread::CurrentThread::block_on::{{closure}}::h8e8469a717a1b032
[INFO] [stdout]                                at /opt/rustwide/cargo-home/registry/src/index.crates.io-6f17d22bba15001f/tokio-1.39.2/src/runtime/scheduler/current_thread/mod.rs:180:28
[INFO] [stdout]   38:     0x634ddb83be76 - tokio::runtime::context::runtime::enter_runtime::h7522b5739bc2a72f
[INFO] [stdout]                                at /opt/rustwide/cargo-home/registry/src/index.crates.io-6f17d22bba15001f/tokio-1.39.2/src/runtime/context/runtime.rs:65:16
[INFO] [stdout]   39:     0x634ddb842071 - tokio::runtime::scheduler::current_thread::CurrentThread::block_on::h249191d11651cd32
[INFO] [stdout]                                at /opt/rustwide/cargo-home/registry/src/index.crates.io-6f17d22bba15001f/tokio-1.39.2/src/runtime/scheduler/current_thread/mod.rs:168:9
[INFO] [stdout]   40:     0x634ddb83cdad - tokio::runtime::runtime::Runtime::block_on_inner::h7fbef2ccd237c472
[INFO] [stdout]                                at /opt/rustwide/cargo-home/registry/src/index.crates.io-6f17d22bba15001f/tokio-1.39.2/src/runtime/runtime.rs:361:47
[INFO] [stdout]   41:     0x634ddb83cec5 - tokio::runtime::runtime::Runtime::block_on::h4cc75c7a32d593dc
[INFO] [stdout]                                at /opt/rustwide/cargo-home/registry/src/index.crates.io-6f17d22bba15001f/tokio-1.39.2/src/runtime/runtime.rs:335:13
[INFO] [stdout]   42:     0x634ddb83f77e - badssl::test_badssl_modern::hfd000f4a7ebbc4f9
[INFO] [stdout]                                at /opt/rustwide/workdir/tests/badssl.rs:19:5
[INFO] [stdout]   43:     0x634ddb83f627 - badssl::test_badssl_modern::{{closure}}::hfdc8599d25bca7ad
[INFO] [stdout]                                at /opt/rustwide/workdir/tests/badssl.rs:6:30
[INFO] [stdout]   44:     0x634ddb834656 - core::ops::function::FnOnce::call_once::h93e247155e9c51c7
[INFO] [stdout]                                at /rustc/df4ca44d3fbc9301ee17f30f4d474e6ae4b05252/library/core/src/ops/function.rs:250:5
[INFO] [stdout]   45:     0x634ddbb7da5b - core::ops::function::FnOnce::call_once::h22c3ba5715e93f05
[INFO] [stdout]                                at /rustc/df4ca44d3fbc9301ee17f30f4d474e6ae4b05252/library/core/src/ops/function.rs:250:5
[INFO] [stdout]   46:     0x634ddbb7da5b - test::__rust_begin_short_backtrace::h8e82d8113d0da17f
[INFO] [stdout]                                at /rustc/df4ca44d3fbc9301ee17f30f4d474e6ae4b05252/library/test/src/lib.rs:621:18
[INFO] [stdout]   47:     0x634ddbb7d3d7 - test::run_test_in_process::{{closure}}::h33235f4f20b7b7c7
[INFO] [stdout]                                at /rustc/df4ca44d3fbc9301ee17f30f4d474e6ae4b05252/library/test/src/lib.rs:644:60
[INFO] [stdout]   48:     0x634ddbb7d3d7 - <core::panic::unwind_safe::AssertUnwindSafe<F> as core::ops::function::FnOnce<()>>::call_once::hb5043206310c586f
[INFO] [stdout]                                at /rustc/df4ca44d3fbc9301ee17f30f4d474e6ae4b05252/library/core/src/panic/unwind_safe.rs:272:9
[INFO] [stdout]   49:     0x634ddbb7d3d7 - std::panicking::try::do_call::h9ad4731a60ab23e2
[INFO] [stdout]                                at /rustc/df4ca44d3fbc9301ee17f30f4d474e6ae4b05252/library/std/src/panicking.rs:557:40
[INFO] [stdout]   50:     0x634ddbb7d3d7 - std::panicking::try::h3824d23db772a716
[INFO] [stdout]                                at /rustc/df4ca44d3fbc9301ee17f30f4d474e6ae4b05252/library/std/src/panicking.rs:520:19
[INFO] [stdout]   51:     0x634ddbb7d3d7 - std::panic::catch_unwind::h5afd514605fde46b
[INFO] [stdout]                                at /rustc/df4ca44d3fbc9301ee17f30f4d474e6ae4b05252/library/std/src/panic.rs:358:14
[INFO] [stdout]   52:     0x634ddbb7d3d7 - test::run_test_in_process::h0d5cbfa7067d1720
[INFO] [stdout]                                at /rustc/df4ca44d3fbc9301ee17f30f4d474e6ae4b05252/library/test/src/lib.rs:644:27
[INFO] [stdout]   53:     0x634ddbb7d3d7 - test::run_test::{{closure}}::h708eb8872708115d
[INFO] [stdout]                                at /rustc/df4ca44d3fbc9301ee17f30f4d474e6ae4b05252/library/test/src/lib.rs:565:43
[INFO] [stdout]   54:     0x634ddbb40af4 - test::run_test::{{closure}}::h392c51cee94713ab
[INFO] [stdout]                                at /rustc/df4ca44d3fbc9301ee17f30f4d474e6ae4b05252/library/test/src/lib.rs:595:41
[INFO] [stdout]   55:     0x634ddbb40af4 - std::sys::backtrace::__rust_begin_short_backtrace::h2f40290710935a8b
[INFO] [stdout]                                at /rustc/df4ca44d3fbc9301ee17f30f4d474e6ae4b05252/library/std/src/sys/backtrace.rs:154:18
[INFO] [stdout]   56:     0x634ddbb4429e - std::thread::Builder::spawn_unchecked_::{{closure}}::{{closure}}::h3fd968d89053a903
[INFO] [stdout]                                at /rustc/df4ca44d3fbc9301ee17f30f4d474e6ae4b05252/library/std/src/thread/mod.rs:541:17
[INFO] [stdout]   57:     0x634ddbb4429e - <core::panic::unwind_safe::AssertUnwindSafe<F> as core::ops::function::FnOnce<()>>::call_once::h743f637ba4229880
[INFO] [stdout]                                at /rustc/df4ca44d3fbc9301ee17f30f4d474e6ae4b05252/library/core/src/panic/unwind_safe.rs:272:9
[INFO] [stdout]   58:     0x634ddbb4429e - std::panicking::try::do_call::h07440897322525a6
[INFO] [stdout]                                at /rustc/df4ca44d3fbc9301ee17f30f4d474e6ae4b05252/library/std/src/panicking.rs:557:40
[INFO] [stdout]   59:     0x634ddbb4429e - std::panicking::try::he5a2e00188156637
[INFO] [stdout]                                at /rustc/df4ca44d3fbc9301ee17f30f4d474e6ae4b05252/library/std/src/panicking.rs:520:19
[INFO] [stdout]   60:     0x634ddbb4429e - std::panic::catch_unwind::hbaf3cae49b3c6433
[INFO] [stdout]                                at /rustc/df4ca44d3fbc9301ee17f30f4d474e6ae4b05252/library/std/src/panic.rs:358:14
[INFO] [stdout]   61:     0x634ddbb4429e - std::thread::Builder::spawn_unchecked_::{{closure}}::h8e141ea224820bce
[INFO] [stdout]                                at /rustc/df4ca44d3fbc9301ee17f30f4d474e6ae4b05252/library/std/src/thread/mod.rs:540:30
[INFO] [stdout]   62:     0x634ddbb4429e - core::ops::function::FnOnce::call_once{{vtable.shim}}::h90d312fedd7b8ea8
[INFO] [stdout]                                at /rustc/df4ca44d3fbc9301ee17f30f4d474e6ae4b05252/library/core/src/ops/function.rs:250:5
[INFO] [stdout]   63:     0x634ddbc352ab - <alloc::boxed::Box<F,A> as core::ops::function::FnOnce<Args>>::call_once::h69aa08ddb6adb8b6
[INFO] [stdout]                                at /rustc/df4ca44d3fbc9301ee17f30f4d474e6ae4b05252/library/alloc/src/boxed.rs:2454:9
[INFO] [stdout]   64:     0x634ddbc352ab - <alloc::boxed::Box<F,A> as core::ops::function::FnOnce<Args>>::call_once::h5aa36efdb79c806f
[INFO] [stdout]                                at /rustc/df4ca44d3fbc9301ee17f30f4d474e6ae4b05252/library/alloc/src/boxed.rs:2454:9
[INFO] [stdout]   65:     0x634ddbc352ab - std::sys::pal::unix::thread::Thread::new::thread_start::h6cd80a1b4be5158d
[INFO] [stdout]                                at /rustc/df4ca44d3fbc9301ee17f30f4d474e6ae4b05252/library/std/src/sys/pal/unix/thread.rs:105:17
[INFO] [stdout]   66:     0x73f424da3ac3 - <unknown>
[INFO] [stdout]   67:     0x73f424e34a04 - clone
[INFO] [stdout]   68:                0x0 - <unknown>
[INFO] [stdout] 
[INFO] [stdout] ---- test_badssl_self_signed stdout ----
[INFO] [stdout] thread 'test_badssl_self_signed' panicked at tests/badssl.rs:55:10:
[INFO] [stdout] called `Result::unwrap()` on an `Err` value: reqwest::Error { kind: Request, url: "https://self-signed.badssl.com/", source: hyper_util::client::legacy::Error(Connect, ConnectError("dns error", Custom { kind: Uncategorized, error: "failed to lookup address information: Temporary failure in name resolution" })) }
[INFO] [stdout] stack backtrace:
[INFO] [stdout]    0:     0x634ddbc2f4ea - std::backtrace_rs::backtrace::libunwind::trace::h207520d6e9873551
[INFO] [stdout]                                at /rustc/df4ca44d3fbc9301ee17f30f4d474e6ae4b05252/library/std/src/../../backtrace/src/backtrace/libunwind.rs:116:5
[INFO] [stdout]    1:     0x634ddbc2f4ea - std::backtrace_rs::backtrace::trace_unsynchronized::h2ed7433f370e3eca
[INFO] [stdout]                                at /rustc/df4ca44d3fbc9301ee17f30f4d474e6ae4b05252/library/std/src/../../backtrace/src/backtrace/mod.rs:66:5
[INFO] [stdout]    2:     0x634ddbc2f4ea - std::sys::backtrace::_print_fmt::h916fac51166b18d7
[INFO] [stdout]                                at /rustc/df4ca44d3fbc9301ee17f30f4d474e6ae4b05252/library/std/src/sys/backtrace.rs:66:9
[INFO] [stdout]    3:     0x634ddbc2f4ea - <std::sys::backtrace::BacktraceLock::print::DisplayBacktrace as core::fmt::Display>::fmt::ha0a4c9b8ce3802e6
[INFO] [stdout]                                at /rustc/df4ca44d3fbc9301ee17f30f4d474e6ae4b05252/library/std/src/sys/backtrace.rs:39:26
[INFO] [stdout]    4:     0x634ddbc58f93 - core::fmt::rt::Argument::fmt::h4cfc8587d52b3eb5
[INFO] [stdout]                                at /rustc/df4ca44d3fbc9301ee17f30f4d474e6ae4b05252/library/core/src/fmt/rt.rs:177:76
[INFO] [stdout]    5:     0x634ddbc58f93 - core::fmt::write::h522cc39e5b36ae9f
[INFO] [stdout]                                at /rustc/df4ca44d3fbc9301ee17f30f4d474e6ae4b05252/library/core/src/fmt/mod.rs:1190:21
[INFO] [stdout]    6:     0x634ddbc2b4a3 - std::io::Write::write_fmt::h7d3c26752da97734
[INFO] [stdout]                                at /rustc/df4ca44d3fbc9301ee17f30f4d474e6ae4b05252/library/std/src/io/mod.rs:1839:15
[INFO] [stdout]    7:     0x634ddbc2f332 - std::sys::backtrace::BacktraceLock::print::h4b9e00b29e9c0942
[INFO] [stdout]                                at /rustc/df4ca44d3fbc9301ee17f30f4d474e6ae4b05252/library/std/src/sys/backtrace.rs:42:9
[INFO] [stdout]    8:     0x634ddbc3097a - std::panicking::default_hook::{{closure}}::hb59b88280d0324d9
[INFO] [stdout]                                at /rustc/df4ca44d3fbc9301ee17f30f4d474e6ae4b05252/library/std/src/panicking.rs:268:22
[INFO] [stdout]    9:     0x634ddbc30784 - std::panicking::default_hook::he1dd496665be4a29
[INFO] [stdout]                                at /rustc/df4ca44d3fbc9301ee17f30f4d474e6ae4b05252/library/std/src/panicking.rs:292:9
[INFO] [stdout]   10:     0x634ddbb79189 - <alloc::boxed::Box<F,A> as core::ops::function::Fn<Args>>::call::h4ff71de18744e1dc
[INFO] [stdout]                                at /rustc/df4ca44d3fbc9301ee17f30f4d474e6ae4b05252/library/alloc/src/boxed.rs:2468:9
[INFO] [stdout]   11:     0x634ddbb79189 - test::test_main::{{closure}}::hcf7c055ce117aa81
[INFO] [stdout]                                at /rustc/df4ca44d3fbc9301ee17f30f4d474e6ae4b05252/library/test/src/lib.rs:133:21
[INFO] [stdout]   12:     0x634ddbc31078 - <alloc::boxed::Box<F,A> as core::ops::function::Fn<Args>>::call::h1d66c6bbd60c9692
[INFO] [stdout]                                at /rustc/df4ca44d3fbc9301ee17f30f4d474e6ae4b05252/library/alloc/src/boxed.rs:2468:9
[INFO] [stdout]   13:     0x634ddbc31078 - std::panicking::rust_panic_with_hook::h2ff17fe8f26dfcf8
[INFO] [stdout]                                at /rustc/df4ca44d3fbc9301ee17f30f4d474e6ae4b05252/library/std/src/panicking.rs:809:13
[INFO] [stdout]   14:     0x634ddbc30e3a - std::panicking::begin_panic_handler::{{closure}}::h4fad77951c07e101
[INFO] [stdout]                                at /rustc/df4ca44d3fbc9301ee17f30f4d474e6ae4b05252/library/std/src/panicking.rs:674:13
[INFO] [stdout]   15:     0x634ddbc2f9c9 - std::sys::backtrace::__rust_end_short_backtrace::hb1a25b3da5d0ea08
[INFO] [stdout]                                at /rustc/df4ca44d3fbc9301ee17f30f4d474e6ae4b05252/library/std/src/sys/backtrace.rs:170:18
[INFO] [stdout]   16:     0x634ddbc30acc - rust_begin_unwind
[INFO] [stdout]                                at /rustc/df4ca44d3fbc9301ee17f30f4d474e6ae4b05252/library/std/src/panicking.rs:665:5
[INFO] [stdout]   17:     0x634ddbc57490 - core::panicking::panic_fmt::ha9db07b529f9b256
[INFO] [stdout]                                at /rustc/df4ca44d3fbc9301ee17f30f4d474e6ae4b05252/library/core/src/panicking.rs:75:14
[INFO] [stdout]   18:     0x634ddbc57976 - core::result::unwrap_failed::h5e8218e4d4338b8a
[INFO] [stdout]                                at /rustc/df4ca44d3fbc9301ee17f30f4d474e6ae4b05252/library/core/src/result.rs:1698:5
[INFO] [stdout]   19:     0x634ddb8405e8 - core::result::Result<T,E>::unwrap::hebea06e72b9a673c
[INFO] [stdout]                                at /rustc/df4ca44d3fbc9301ee17f30f4d474e6ae4b05252/library/core/src/result.rs:1103:23
[INFO] [stdout]   20:     0x634ddb8405e8 - badssl::test_badssl_self_signed::{{closure}}::h97c035f8ce7d85ca
[INFO] [stdout]                                at /opt/rustwide/workdir/tests/badssl.rs:47:16
[INFO] [stdout]   21:     0x634ddb83d552 - <core::pin::Pin<P> as core::future::future::Future>::poll::h681414b0e3657f0a
[INFO] [stdout]                                at /rustc/df4ca44d3fbc9301ee17f30f4d474e6ae4b05252/library/core/src/future/future.rs:123:9
[INFO] [stdout]   22:     0x634ddb83d58d - <core::pin::Pin<P> as core::future::future::Future>::poll::h81b526e7ddb4b41a
[INFO] [stdout]                                at /rustc/df4ca44d3fbc9301ee17f30f4d474e6ae4b05252/library/core/src/future/future.rs:123:9
[INFO] [stdout]   23:     0x634ddb845a6f - tokio::runtime::scheduler::current_thread::CoreGuard::block_on::{{closure}}::{{closure}}::{{closure}}::he1f150c984590ec4
[INFO] [stdout]                                at /opt/rustwide/cargo-home/registry/src/index.crates.io-6f17d22bba15001f/tokio-1.39.2/src/runtime/scheduler/current_thread/mod.rs:673:57
[INFO] [stdout]   24:     0x634ddb8457b5 - tokio::runtime::coop::with_budget::h50ad0b82de1ad8c0
[INFO] [stdout]                                at /opt/rustwide/cargo-home/registry/src/index.crates.io-6f17d22bba15001f/tokio-1.39.2/src/runtime/coop.rs:107:5
[INFO] [stdout]   25:     0x634ddb8457b5 - tokio::runtime::coop::budget::hb2b9d763931a2240
[INFO] [stdout]                                at /opt/rustwide/cargo-home/registry/src/index.crates.io-6f17d22bba15001f/tokio-1.39.2/src/runtime/coop.rs:73:5
[INFO] [stdout]   26:     0x634ddb8457b5 - tokio::runtime::scheduler::current_thread::CoreGuard::block_on::{{closure}}::{{closure}}::h65579cad7023af04
[INFO] [stdout]                                at /opt/rustwide/cargo-home/registry/src/index.crates.io-6f17d22bba15001f/tokio-1.39.2/src/runtime/scheduler/current_thread/mod.rs:673:25
[INFO] [stdout]   27:     0x634ddb842ff0 - tokio::runtime::scheduler::current_thread::Context::enter::h8b079d437580ef07
[INFO] [stdout]                                at /opt/rustwide/cargo-home/registry/src/index.crates.io-6f17d22bba15001f/tokio-1.39.2/src/runtime/scheduler/current_thread/mod.rs:412:19
[INFO] [stdout]   28:     0x634ddb84503b - tokio::runtime::scheduler::current_thread::CoreGuard::block_on::{{closure}}::hd5d4e27b532964c2
[INFO] [stdout]                                at /opt/rustwide/cargo-home/registry/src/index.crates.io-6f17d22bba15001f/tokio-1.39.2/src/runtime/scheduler/current_thread/mod.rs:672:36
[INFO] [stdout]   29:     0x634ddb8444b4 - tokio::runtime::scheduler::current_thread::CoreGuard::enter::{{closure}}::h0885eb913eaadfa3
[INFO] [stdout]                                at /opt/rustwide/cargo-home/registry/src/index.crates.io-6f17d22bba15001f/tokio-1.39.2/src/runtime/scheduler/current_thread/mod.rs:751:68
[INFO] [stdout]   30:     0x634ddb837b7b - tokio::runtime::context::scoped::Scoped<T>::set::h509dcaf19a512d36
[INFO] [stdout]                                at /opt/rustwide/cargo-home/registry/src/index.crates.io-6f17d22bba15001f/tokio-1.39.2/src/runtime/context/scoped.rs:40:9
[INFO] [stdout]   31:     0x634ddb8378b9 - tokio::runtime::context::set_scheduler::{{closure}}::h7c0b3e9bffb23db5
[INFO] [stdout]                                at /opt/rustwide/cargo-home/registry/src/index.crates.io-6f17d22bba15001f/tokio-1.39.2/src/runtime/context.rs:180:26
[INFO] [stdout]   32:     0x634ddb833ccd - std::thread::local::LocalKey<T>::try_with::hd68bd42b473fee74
[INFO] [stdout]                                at /rustc/df4ca44d3fbc9301ee17f30f4d474e6ae4b05252/library/std/src/thread/local.rs:283:12
[INFO] [stdout]   33:     0x634ddb832e4a - std::thread::local::LocalKey<T>::with::h8a5847d85a173077
[INFO] [stdout]                                at /rustc/df4ca44d3fbc9301ee17f30f4d474e6ae4b05252/library/std/src/thread/local.rs:260:9
[INFO] [stdout]   34:     0x634ddb8377ed - tokio::runtime::context::set_scheduler::h145cdb51e32af7c1
[INFO] [stdout]                                at /opt/rustwide/cargo-home/registry/src/index.crates.io-6f17d22bba15001f/tokio-1.39.2/src/runtime/context.rs:180:9
[INFO] [stdout]   35:     0x634ddb843e40 - tokio::runtime::scheduler::current_thread::CoreGuard::enter::h901df704f1f5f12f
[INFO] [stdout]                                at /opt/rustwide/cargo-home/registry/src/index.crates.io-6f17d22bba15001f/tokio-1.39.2/src/runtime/scheduler/current_thread/mod.rs:751:27
[INFO] [stdout]   36:     0x634ddb8444f3 - tokio::runtime::scheduler::current_thread::CoreGuard::block_on::h43f6a2dc5453a513
[INFO] [stdout]                                at /opt/rustwide/cargo-home/registry/src/index.crates.io-6f17d22bba15001f/tokio-1.39.2/src/runtime/scheduler/current_thread/mod.rs:660:19
[INFO] [stdout]   37:     0x634ddb8422cf - tokio::runtime::scheduler::current_thread::CurrentThread::block_on::{{closure}}::h8e8469a717a1b032
[INFO] [stdout]                                at /opt/rustwide/cargo-home/registry/src/index.crates.io-6f17d22bba15001f/tokio-1.39.2/src/runtime/scheduler/current_thread/mod.rs:180:28
[INFO] [stdout]   38:     0x634ddb83be76 - tokio::runtime::context::runtime::enter_runtime::h7522b5739bc2a72f
[INFO] [stdout]                                at /opt/rustwide/cargo-home/registry/src/index.crates.io-6f17d22bba15001f/tokio-1.39.2/src/runtime/context/runtime.rs:65:16
[INFO] [stdout]   39:     0x634ddb842071 - tokio::runtime::scheduler::current_thread::CurrentThread::block_on::h249191d11651cd32
[INFO] [stdout]                                at /opt/rustwide/cargo-home/registry/src/index.crates.io-6f17d22bba15001f/tokio-1.39.2/src/runtime/scheduler/current_thread/mod.rs:168:9
[INFO] [stdout]   40:     0x634ddb83cdad - tokio::runtime::runtime::Runtime::block_on_inner::h7fbef2ccd237c472
[INFO] [stdout]                                at /opt/rustwide/cargo-home/registry/src/index.crates.io-6f17d22bba15001f/tokio-1.39.2/src/runtime/runtime.rs:361:47
[INFO] [stdout]   41:     0x634ddb83cec5 - tokio::runtime::runtime::Runtime::block_on::h4cc75c7a32d593dc
[INFO] [stdout]                                at /opt/rustwide/cargo-home/registry/src/index.crates.io-6f17d22bba15001f/tokio-1.39.2/src/runtime/runtime.rs:335:13
[INFO] [stdout]   42:     0x634ddb84010e - badssl::test_badssl_self_signed::he634b6c4dcca13c1
[INFO] [stdout]                                at /opt/rustwide/workdir/tests/badssl.rs:60:5
[INFO] [stdout]   43:     0x634ddb83ffb7 - badssl::test_badssl_self_signed::{{closure}}::he8875b3a047ab6b4
[INFO] [stdout]                                at /opt/rustwide/workdir/tests/badssl.rs:46:35
[INFO] [stdout]   44:     0x634ddb8346d6 - core::ops::function::FnOnce::call_once::hb81c43d16d1eeb70
[INFO] [stdout]                                at /rustc/df4ca44d3fbc9301ee17f30f4d474e6ae4b05252/library/core/src/ops/function.rs:250:5
[INFO] [stdout]   45:     0x634ddbb7da5b - core::ops::function::FnOnce::call_once::h22c3ba5715e93f05
[INFO] [stdout]                                at /rustc/df4ca44d3fbc9301ee17f30f4d474e6ae4b05252/library/core/src/ops/function.rs:250:5
[INFO] [stdout]   46:     0x634ddbb7da5b - test::__rust_begin_short_backtrace::h8e82d8113d0da17f
[INFO] [stdout]                                at /rustc/df4ca44d3fbc9301ee17f30f4d474e6ae4b05252/library/test/src/lib.rs:621:18
[INFO] [stdout]   47:     0x634ddbb7d3d7 - test::run_test_in_process::{{closure}}::h33235f4f20b7b7c7
[INFO] [stdout]                                at /rustc/df4ca44d3fbc9301ee17f30f4d474e6ae4b05252/library/test/src/lib.rs:644:60
[INFO] [stdout]   48:     0x634ddbb7d3d7 - <core::panic::unwind_safe::AssertUnwindSafe<F> as core::ops::function::FnOnce<()>>::call_once::hb5043206310c586f
[INFO] [stdout]                                at /rustc/df4ca44d3fbc9301ee17f30f4d474e6ae4b05252/library/core/src/panic/unwind_safe.rs:272:9
[INFO] [stdout]   49:     0x634ddbb7d3d7 - std::panicking::try::do_call::h9ad4731a60ab23e2
[INFO] [stdout]                                at /rustc/df4ca44d3fbc9301ee17f30f4d474e6ae4b05252/library/std/src/panicking.rs:557:40
[INFO] [stdout]   50:     0x634ddbb7d3d7 - std::panicking::try::h3824d23db772a716
[INFO] [stdout]                                at /rustc/df4ca44d3fbc9301ee17f30f4d474e6ae4b05252/library/std/src/panicking.rs:520:19
[INFO] [stdout]   51:     0x634ddbb7d3d7 - std::panic::catch_unwind::h5afd514605fde46b
[INFO] [stdout]                                at /rustc/df4ca44d3fbc9301ee17f30f4d474e6ae4b05252/library/std/src/panic.rs:358:14
[INFO] [stdout]   52:     0x634ddbb7d3d7 - test::run_test_in_process::h0d5cbfa7067d1720
[INFO] [stdout]                                at /rustc/df4ca44d3fbc9301ee17f30f4d474e6ae4b05252/library/test/src/lib.rs:644:27
[INFO] [stdout]   53:     0x634ddbb7d3d7 - test::run_test::{{closure}}::h708eb8872708115d
[INFO] [stdout]                                at /rustc/df4ca44d3fbc9301ee17f30f4d474e6ae4b05252/library/test/src/lib.rs:565:43
[INFO] [stdout]   54:     0x634ddbb40af4 - test::run_test::{{closure}}::h392c51cee94713ab
[INFO] [stdout]                                at /rustc/df4ca44d3fbc9301ee17f30f4d474e6ae4b05252/library/test/src/lib.rs:595:41
[INFO] [stdout]   55:     0x634ddbb40af4 - std::sys::backtrace::__rust_begin_short_backtrace::h2f40290710935a8b
[INFO] [stdout]                                at /rustc/df4ca44d3fbc9301ee17f30f4d474e6ae4b05252/library/std/src/sys/backtrace.rs:154:18
[INFO] [stdout]   56:     0x634ddbb4429e - std::thread::Builder::spawn_unchecked_::{{closure}}::{{closure}}::h3fd968d89053a903
[INFO] [stdout]                                at /rustc/df4ca44d3fbc9301ee17f30f4d474e6ae4b05252/library/std/src/thread/mod.rs:541:17
[INFO] [stdout]   57:     0x634ddbb4429e - <core::panic::unwind_safe::AssertUnwindSafe<F> as core::ops::function::FnOnce<()>>::call_once::h743f637ba4229880
[INFO] [stdout]                                at /rustc/df4ca44d3fbc9301ee17f30f4d474e6ae4b05252/library/core/src/panic/unwind_safe.rs:272:9
[INFO] [stdout]   58:     0x634ddbb4429e - std::panicking::try::do_call::h07440897322525a6
[INFO] [stdout]                                at /rustc/df4ca44d3fbc9301ee17f30f4d474e6ae4b05252/library/std/src/panicking.rs:557:40
[INFO] [stdout]   59:     0x634ddbb4429e - std::panicking::try::he5a2e00188156637
[INFO] [stdout]                                at /rustc/df4ca44d3fbc9301ee17f30f4d474e6ae4b05252/library/std/src/panicking.rs:520:19
[INFO] [stdout]   60:     0x634ddbb4429e - std::panic::catch_unwind::hbaf3cae49b3c6433
[INFO] [stdout]                                at /rustc/df4ca44d3fbc9301ee17f30f4d474e6ae4b05252/library/std/src/panic.rs:358:14
[INFO] [stdout]   61:     0x634ddbb4429e - std::thread::Builder::spawn_unchecked_::{{closure}}::h8e141ea224820bce
[INFO] [stdout]                                at /rustc/df4ca44d3fbc9301ee17f30f4d474e6ae4b05252/library/std/src/thread/mod.rs:540:30
[INFO] [stdout]   62:     0x634ddbb4429e - core::ops::function::FnOnce::call_once{{vtable.shim}}::h90d312fedd7b8ea8
[INFO] [stdout]                                at /rustc/df4ca44d3fbc9301ee17f30f4d474e6ae4b05252/library/core/src/ops/function.rs:250:5
[INFO] [stdout]   63:     0x634ddbc352ab - <alloc::boxed::Box<F,A> as core::ops::function::FnOnce<Args>>::call_once::h69aa08ddb6adb8b6
[INFO] [stdout]                                at /rustc/df4ca44d3fbc9301ee17f30f4d474e6ae4b05252/library/alloc/src/boxed.rs:2454:9
[INFO] [stdout]   64:     0x634ddbc352ab - <alloc::boxed::Box<F,A> as core::ops::function::FnOnce<Args>>::call_once::h5aa36efdb79c806f
[INFO] [stdout]                                at /rustc/df4ca44d3fbc9301ee17f30f4d474e6ae4b05252/library/alloc/src/boxed.rs:2454:9
[INFO] [stdout]   65:     0x634ddbc352ab - std::sys::pal::unix::thread::Thread::new::thread_start::h6cd80a1b4be5158d
[INFO] [stdout]                                at /rustc/df4ca44d3fbc9301ee17f30f4d474e6ae4b05252/library/std/src/sys/pal/unix/thread.rs:105:17
[INFO] [stdout]   66:     0x73f424da3ac3 - <unknown>
[INFO] [stdout]   67:     0x73f424e34a04 - clone
[INFO] [stdout]   68:                0x0 - <unknown>
[INFO] [stdout] 
[INFO] [stdout] 
[INFO] [stdout] failures:
[INFO] [stdout]     test_badssl_modern
[INFO] [stdout]     test_badssl_self_signed
[INFO] [stdout] 
[INFO] [stdout] test result: FAILED. 1 passed; 2 failed; 0 ignored; 0 measured; 0 filtered out; finished in 0.12s
[INFO] [stdout] 
[INFO] [stderr] error: test failed, to rerun pass `--test badssl`
[INFO] running `Command { std: "docker" "inspect" "2306cef1b43fd71791c6b367ad04a6e44f3c62538b29a8ab38528ac9d8a1a0bb", kill_on_drop: false }`
[INFO] running `Command { std: "docker" "rm" "-f" "2306cef1b43fd71791c6b367ad04a6e44f3c62538b29a8ab38528ac9d8a1a0bb", kill_on_drop: false }`
[INFO] [stdout] 2306cef1b43fd71791c6b367ad04a6e44f3c62538b29a8ab38528ac9d8a1a0bb
