[INFO] fetching crate reqwest-enum 0.3.3...
[INFO] testing reqwest-enum-0.3.3 against nightly-2024-10-28+rustflags=-Zrandomize-layout for randomize-layout
[INFO] extracting crate reqwest-enum 0.3.3 into /workspace/builds/worker-0-tc2/source
[INFO] validating manifest of crates.io crate reqwest-enum 0.3.3 on toolchain nightly-2024-10-28
[INFO] running `Command { std: CARGO_HOME="/workspace/cargo-home" RUSTUP_HOME="/workspace/rustup-home" "/workspace/cargo-home/bin/cargo" "+nightly-2024-10-28" "metadata" "--manifest-path" "Cargo.toml" "--no-deps", kill_on_drop: false }`
[INFO] started tweaking crates.io crate reqwest-enum 0.3.3
[INFO] finished tweaking crates.io crate reqwest-enum 0.3.3
[INFO] tweaked toml for crates.io crate reqwest-enum 0.3.3 written to /workspace/builds/worker-0-tc2/source/Cargo.toml
[INFO] running `Command { std: CARGO_HOME="/workspace/cargo-home" RUSTUP_HOME="/workspace/rustup-home" "/workspace/cargo-home/bin/cargo" "+nightly-2024-10-28" "generate-lockfile" "--manifest-path" "Cargo.toml", kill_on_drop: false }`
[INFO] [stderr]     Updating crates.io index
[INFO] [stderr]      Locking 139 packages to latest compatible versions
[INFO] running `Command { std: CARGO_HOME="/workspace/cargo-home" RUSTUP_HOME="/workspace/rustup-home" "/workspace/cargo-home/bin/cargo" "+nightly-2024-10-28" "fetch" "--manifest-path" "Cargo.toml", kill_on_drop: false }`
[INFO] running `Command { std: "docker" "create" "-v" "/var/lib/crater-agent-workspace/builds/worker-0-tc2/target:/opt/rustwide/target:rw,Z" "-v" "/var/lib/crater-agent-workspace/builds/worker-0-tc2/source:/opt/rustwide/workdir:ro,Z" "-v" "/var/lib/crater-agent-workspace/cargo-home:/opt/rustwide/cargo-home:ro,Z" "-v" "/var/lib/crater-agent-workspace/rustup-home:/opt/rustwide/rustup-home:ro,Z" "-e" "SOURCE_DIR=/opt/rustwide/workdir" "-e" "CARGO_TARGET_DIR=/opt/rustwide/target" "-e" "CARGO_HOME=/opt/rustwide/cargo-home" "-e" "RUSTUP_HOME=/opt/rustwide/rustup-home" "-w" "/opt/rustwide/workdir" "-m" "1610612736" "--user" "0:0" "--network" "none" "ghcr.io/rust-lang/crates-build-env/linux@sha256:4a844ea9eb2546a2d2c7022eacef16ef2e8229c7fbb2c7d4d55a9ceca922f72d" "/opt/rustwide/cargo-home/bin/cargo" "+nightly-2024-10-28" "metadata" "--no-deps" "--format-version=1", kill_on_drop: false }`
[INFO] [stdout] 3c77558606f5d89d8ae2f362e5d1d6ae4fbe9213f55c074d2b04cde6c78d4a54
[INFO] running `Command { std: "docker" "start" "-a" "3c77558606f5d89d8ae2f362e5d1d6ae4fbe9213f55c074d2b04cde6c78d4a54", kill_on_drop: false }`
[INFO] running `Command { std: "docker" "inspect" "3c77558606f5d89d8ae2f362e5d1d6ae4fbe9213f55c074d2b04cde6c78d4a54", kill_on_drop: false }`
[INFO] running `Command { std: "docker" "rm" "-f" "3c77558606f5d89d8ae2f362e5d1d6ae4fbe9213f55c074d2b04cde6c78d4a54", kill_on_drop: false }`
[INFO] [stdout] 3c77558606f5d89d8ae2f362e5d1d6ae4fbe9213f55c074d2b04cde6c78d4a54
[INFO] running `Command { std: "docker" "create" "-v" "/var/lib/crater-agent-workspace/builds/worker-0-tc2/target:/opt/rustwide/target:rw,Z" "-v" "/var/lib/crater-agent-workspace/builds/worker-0-tc2/source:/opt/rustwide/workdir:ro,Z" "-v" "/var/lib/crater-agent-workspace/cargo-home:/opt/rustwide/cargo-home:ro,Z" "-v" "/var/lib/crater-agent-workspace/rustup-home:/opt/rustwide/rustup-home:ro,Z" "-e" "SOURCE_DIR=/opt/rustwide/workdir" "-e" "CARGO_TARGET_DIR=/opt/rustwide/target" "-e" "CARGO_INCREMENTAL=0" "-e" "RUST_BACKTRACE=full" "-e" "RUSTFLAGS=--cap-lints=forbid -Zrandomize-layout" "-e" "RUSTDOCFLAGS=--cap-lints=forbid" "-e" "CARGO_HOME=/opt/rustwide/cargo-home" "-e" "RUSTUP_HOME=/opt/rustwide/rustup-home" "-w" "/opt/rustwide/workdir" "-m" "1610612736" "--user" "0:0" "--network" "none" "ghcr.io/rust-lang/crates-build-env/linux@sha256:4a844ea9eb2546a2d2c7022eacef16ef2e8229c7fbb2c7d4d55a9ceca922f72d" "/opt/rustwide/cargo-home/bin/cargo" "+nightly-2024-10-28" "build" "--frozen" "--message-format=json", kill_on_drop: false }`
[INFO] [stdout] 4ba500b3be4c5e1883e237a6d613a09c7a5b1591ea7bee5d9b3a73e9fb5b4573
[INFO] running `Command { std: "docker" "start" "-a" "4ba500b3be4c5e1883e237a6d613a09c7a5b1591ea7bee5d9b3a73e9fb5b4573", kill_on_drop: false }`
[INFO] [stderr]    Compiling futures-core v0.3.31
[INFO] [stderr]    Compiling bytes v1.8.0
[INFO] [stderr]    Compiling futures-sink v0.3.31
[INFO] [stderr]    Compiling itoa v1.0.11
[INFO] [stderr]    Compiling vcpkg v0.2.15
[INFO] [stderr]    Compiling memchr v2.7.4
[INFO] [stderr]    Compiling socket2 v0.5.7
[INFO] [stderr]    Compiling mio v1.0.2
[INFO] [stderr]    Compiling fnv v1.0.7
[INFO] [stderr]    Compiling futures-channel v0.3.31
[INFO] [stderr]    Compiling futures-io v0.3.31
[INFO] [stderr]    Compiling tracing-core v0.1.32
[INFO] [stderr]    Compiling foreign-types-shared v0.1.1
[INFO] [stderr]    Compiling httparse v1.9.5
[INFO] [stderr]    Compiling hashbrown v0.15.0
[INFO] [stderr]    Compiling futures-util v0.3.31
[INFO] [stderr]    Compiling tokio v1.41.0
[INFO] [stderr]    Compiling http v1.1.0
[INFO] [stderr]    Compiling equivalent v1.0.1
[INFO] [stderr]    Compiling openssl-sys v0.9.104
[INFO] [stderr]    Compiling openssl v0.10.68
[INFO] [stderr]    Compiling tracing v0.1.40
[INFO] [stderr]    Compiling indexmap v2.6.0
[INFO] [stderr]    Compiling foreign-types v0.3.2
[INFO] [stderr]    Compiling openssl-macros v0.1.1
[INFO] [stderr]    Compiling native-tls v0.2.12
[INFO] [stderr]    Compiling atomic-waker v1.1.2
[INFO] [stderr]    Compiling serde v1.0.214
[INFO] [stderr]    Compiling tinyvec_macros v0.1.1
[INFO] [stderr]    Compiling try-lock v0.2.5
[INFO] [stderr]    Compiling bitflags v2.6.0
[INFO] [stderr]    Compiling want v0.3.1
[INFO] [stderr]    Compiling tinyvec v1.8.0
[INFO] [stderr]    Compiling serde_derive v1.0.214
[INFO] [stderr]    Compiling http-body v1.0.1
[INFO] [stderr]    Compiling percent-encoding v2.3.1
[INFO] [stderr]    Compiling openssl-probe v0.1.5
[INFO] [stderr]    Compiling smallvec v1.13.2
[INFO] [stderr]    Compiling unicode-normalization v0.1.24
[INFO] [stderr]    Compiling form_urlencoded v1.2.1
[INFO] [stderr]    Compiling serde_json v1.0.132
[INFO] [stderr]    Compiling ryu v1.0.18
[INFO] [stderr]    Compiling unicode-bidi v0.3.17
[INFO] [stderr]    Compiling tower-service v0.3.3
[INFO] [stderr]    Compiling rustls-pki-types v1.10.0
[INFO] [stderr]    Compiling encoding_rs v0.8.35
[INFO] [stderr]    Compiling idna v0.5.0
[INFO] [stderr]    Compiling rustls-pemfile v2.2.0
[INFO] [stderr]    Compiling url v2.5.2
[INFO] [stderr]    Compiling sync_wrapper v1.0.1
[INFO] [stderr]    Compiling mime v0.3.17
[INFO] [stderr]    Compiling base64 v0.22.1
[INFO] [stderr]    Compiling http-body-util v0.1.2
[INFO] [stderr]    Compiling futures-executor v0.3.31
[INFO] [stderr]    Compiling ipnet v2.10.1
[INFO] [stderr]    Compiling futures v0.3.31
[INFO] [stderr]    Compiling tokio-util v0.7.12
[INFO] [stderr]    Compiling h2 v0.4.6
[INFO] [stderr]    Compiling tokio-native-tls v0.3.1
[INFO] [stderr]    Compiling hyper v1.5.0
[INFO] [stderr]    Compiling serde_urlencoded v0.7.1
[INFO] [stderr]    Compiling hyper-util v0.1.10
[INFO] [stderr]    Compiling hyper-tls v0.6.0
[INFO] [stderr]    Compiling reqwest v0.12.9
[INFO] [stderr]    Compiling reqwest-enum v0.3.3 (/opt/rustwide/workdir)
[INFO] [stderr]     Finished `dev` profile [unoptimized + debuginfo] target(s) in 12.82s
[INFO] running `Command { std: "docker" "inspect" "4ba500b3be4c5e1883e237a6d613a09c7a5b1591ea7bee5d9b3a73e9fb5b4573", kill_on_drop: false }`
[INFO] running `Command { std: "docker" "rm" "-f" "4ba500b3be4c5e1883e237a6d613a09c7a5b1591ea7bee5d9b3a73e9fb5b4573", kill_on_drop: false }`
[INFO] [stdout] 4ba500b3be4c5e1883e237a6d613a09c7a5b1591ea7bee5d9b3a73e9fb5b4573
[INFO] running `Command { std: "docker" "create" "-v" "/var/lib/crater-agent-workspace/builds/worker-0-tc2/target:/opt/rustwide/target:rw,Z" "-v" "/var/lib/crater-agent-workspace/builds/worker-0-tc2/source:/opt/rustwide/workdir:ro,Z" "-v" "/var/lib/crater-agent-workspace/cargo-home:/opt/rustwide/cargo-home:ro,Z" "-v" "/var/lib/crater-agent-workspace/rustup-home:/opt/rustwide/rustup-home:ro,Z" "-e" "SOURCE_DIR=/opt/rustwide/workdir" "-e" "CARGO_TARGET_DIR=/opt/rustwide/target" "-e" "CARGO_INCREMENTAL=0" "-e" "RUST_BACKTRACE=full" "-e" "RUSTFLAGS=--cap-lints=forbid -Zrandomize-layout" "-e" "RUSTDOCFLAGS=--cap-lints=forbid" "-e" "CARGO_HOME=/opt/rustwide/cargo-home" "-e" "RUSTUP_HOME=/opt/rustwide/rustup-home" "-w" "/opt/rustwide/workdir" "-m" "1610612736" "--user" "0:0" "--network" "none" "ghcr.io/rust-lang/crates-build-env/linux@sha256:4a844ea9eb2546a2d2c7022eacef16ef2e8229c7fbb2c7d4d55a9ceca922f72d" "/opt/rustwide/cargo-home/bin/cargo" "+nightly-2024-10-28" "test" "--frozen" "--no-run" "--message-format=json", kill_on_drop: false }`
[INFO] [stdout] d67c616ddf3994a158a1f92247633fc70540c28ec275bed31618cc9f22e451c3
[INFO] running `Command { std: "docker" "start" "-a" "d67c616ddf3994a158a1f92247633fc70540c28ec275bed31618cc9f22e451c3", kill_on_drop: false }`
[INFO] [stderr]    Compiling syn v2.0.86
[INFO] [stderr]    Compiling tokio v1.41.0
[INFO] [stderr]    Compiling futures-macro v0.3.31
[INFO] [stderr]    Compiling openssl-macros v0.1.1
[INFO] [stderr]    Compiling serde_derive v1.0.214
[INFO] [stderr]    Compiling async-stream-impl v0.3.6
[INFO] [stderr]    Compiling openssl v0.10.68
[INFO] [stderr]    Compiling async-stream v0.3.6
[INFO] [stderr]    Compiling tokio-util v0.7.12
[INFO] [stderr]    Compiling tokio-stream v0.1.16
[INFO] [stderr]    Compiling futures-util v0.3.31
[INFO] [stderr]    Compiling h2 v0.4.6
[INFO] [stderr]    Compiling tokio-test v0.4.4
[INFO] [stderr]    Compiling serde v1.0.214
[INFO] [stderr]    Compiling native-tls v0.2.12
[INFO] [stderr]    Compiling tokio-native-tls v0.3.1
[INFO] [stderr]    Compiling hyper v1.5.0
[INFO] [stderr]    Compiling http-body-util v0.1.2
[INFO] [stderr]    Compiling futures-executor v0.3.31
[INFO] [stderr]    Compiling futures v0.3.31
[INFO] [stderr]    Compiling hyper-util v0.1.10
[INFO] [stderr]    Compiling serde_json v1.0.132
[INFO] [stderr]    Compiling serde_urlencoded v0.7.1
[INFO] [stderr]    Compiling hyper-tls v0.6.0
[INFO] [stderr]    Compiling reqwest v0.12.9
[INFO] [stderr]    Compiling reqwest-enum v0.3.3 (/opt/rustwide/workdir)
[INFO] [stderr]     Finished `test` profile [unoptimized + debuginfo] target(s) in 10.23s
[INFO] running `Command { std: "docker" "inspect" "d67c616ddf3994a158a1f92247633fc70540c28ec275bed31618cc9f22e451c3", kill_on_drop: false }`
[INFO] running `Command { std: "docker" "rm" "-f" "d67c616ddf3994a158a1f92247633fc70540c28ec275bed31618cc9f22e451c3", kill_on_drop: false }`
[INFO] [stdout] d67c616ddf3994a158a1f92247633fc70540c28ec275bed31618cc9f22e451c3
[INFO] running `Command { std: "docker" "create" "-v" "/var/lib/crater-agent-workspace/builds/worker-0-tc2/target:/opt/rustwide/target:rw,Z" "-v" "/var/lib/crater-agent-workspace/builds/worker-0-tc2/source:/opt/rustwide/workdir:ro,Z" "-v" "/var/lib/crater-agent-workspace/cargo-home:/opt/rustwide/cargo-home:ro,Z" "-v" "/var/lib/crater-agent-workspace/rustup-home:/opt/rustwide/rustup-home:ro,Z" "-e" "SOURCE_DIR=/opt/rustwide/workdir" "-e" "CARGO_TARGET_DIR=/opt/rustwide/target" "-e" "CARGO_INCREMENTAL=0" "-e" "RUST_BACKTRACE=full" "-e" "RUSTFLAGS=--cap-lints=forbid -Zrandomize-layout" "-e" "RUSTDOCFLAGS=--cap-lints=forbid" "-e" "CARGO_HOME=/opt/rustwide/cargo-home" "-e" "RUSTUP_HOME=/opt/rustwide/rustup-home" "-w" "/opt/rustwide/workdir" "-m" "1610612736" "--user" "0:0" "--network" "none" "ghcr.io/rust-lang/crates-build-env/linux@sha256:4a844ea9eb2546a2d2c7022eacef16ef2e8229c7fbb2c7d4d55a9ceca922f72d" "/opt/rustwide/cargo-home/bin/cargo" "+nightly-2024-10-28" "test" "--frozen", kill_on_drop: false }`
[INFO] [stdout] b5070b8bc56b1c5f5427451c37cc243b5c35ba32d575fab39c19fab81f9e289b
[INFO] running `Command { std: "docker" "start" "-a" "b5070b8bc56b1c5f5427451c37cc243b5c35ba32d575fab39c19fab81f9e289b", kill_on_drop: false }`
[INFO] [stderr]     Finished `test` profile [unoptimized + debuginfo] target(s) in 0.13s
[INFO] [stderr]      Running unittests src/lib.rs (/opt/rustwide/target/debug/deps/reqwest_enum-7ec94ee54d7c2863)
[INFO] [stdout] 
[INFO] [stdout] running 3 tests
[INFO] [stdout] test provider::tests::test_request_fn ... ok
[INFO] [stdout] test provider::tests::test_authentication ... FAILED
[INFO] [stdout] test provider::tests::test_test_endpoint_closure ... ok
[INFO] [stdout] 
[INFO] [stdout] failures:
[INFO] [stdout] 
[INFO] [stdout] ---- provider::tests::test_authentication stdout ----
[INFO] [stdout] thread 'provider::tests::test_authentication' panicked at src/provider.rs:360:18:
[INFO] [stdout] request error: reqwest::Error { kind: Request, url: "https://httpbin.org/bearer?foo=bar", source: hyper_util::client::legacy::Error(Connect, ConnectError("dns error", Custom { kind: Uncategorized, error: "failed to lookup address information: Temporary failure in name resolution" })) }
[INFO] [stdout] stack backtrace:
[INFO] [stdout]    0:     0x636cc6f8d60a - std::backtrace_rs::backtrace::libunwind::trace::h207520d6e9873551
[INFO] [stdout]                                at /rustc/df4ca44d3fbc9301ee17f30f4d474e6ae4b05252/library/std/src/../../backtrace/src/backtrace/libunwind.rs:116:5
[INFO] [stdout]    1:     0x636cc6f8d60a - std::backtrace_rs::backtrace::trace_unsynchronized::h2ed7433f370e3eca
[INFO] [stdout]                                at /rustc/df4ca44d3fbc9301ee17f30f4d474e6ae4b05252/library/std/src/../../backtrace/src/backtrace/mod.rs:66:5
[INFO] [stdout]    2:     0x636cc6f8d60a - std::sys::backtrace::_print_fmt::h916fac51166b18d7
[INFO] [stdout]                                at /rustc/df4ca44d3fbc9301ee17f30f4d474e6ae4b05252/library/std/src/sys/backtrace.rs:66:9
[INFO] [stdout]    3:     0x636cc6f8d60a - <std::sys::backtrace::BacktraceLock::print::DisplayBacktrace as core::fmt::Display>::fmt::ha0a4c9b8ce3802e6
[INFO] [stdout]                                at /rustc/df4ca44d3fbc9301ee17f30f4d474e6ae4b05252/library/std/src/sys/backtrace.rs:39:26
[INFO] [stdout]    4:     0x636cc6fb7053 - core::fmt::rt::Argument::fmt::h4cfc8587d52b3eb5
[INFO] [stdout]                                at /rustc/df4ca44d3fbc9301ee17f30f4d474e6ae4b05252/library/core/src/fmt/rt.rs:177:76
[INFO] [stdout]    5:     0x636cc6fb7053 - core::fmt::write::h522cc39e5b36ae9f
[INFO] [stdout]                                at /rustc/df4ca44d3fbc9301ee17f30f4d474e6ae4b05252/library/core/src/fmt/mod.rs:1190:21
[INFO] [stdout]    6:     0x636cc6f89573 - std::io::Write::write_fmt::h7d3c26752da97734
[INFO] [stdout]                                at /rustc/df4ca44d3fbc9301ee17f30f4d474e6ae4b05252/library/std/src/io/mod.rs:1839:15
[INFO] [stdout]    7:     0x636cc6f8d452 - std::sys::backtrace::BacktraceLock::print::h4b9e00b29e9c0942
[INFO] [stdout]                                at /rustc/df4ca44d3fbc9301ee17f30f4d474e6ae4b05252/library/std/src/sys/backtrace.rs:42:9
[INFO] [stdout]    8:     0x636cc6f8ea9a - std::panicking::default_hook::{{closure}}::hb59b88280d0324d9
[INFO] [stdout]                                at /rustc/df4ca44d3fbc9301ee17f30f4d474e6ae4b05252/library/std/src/panicking.rs:268:22
[INFO] [stdout]    9:     0x636cc6f8e8a4 - std::panicking::default_hook::he1dd496665be4a29
[INFO] [stdout]                                at /rustc/df4ca44d3fbc9301ee17f30f4d474e6ae4b05252/library/std/src/panicking.rs:292:9
[INFO] [stdout]   10:     0x636cc6c17a69 - <alloc::boxed::Box<F,A> as core::ops::function::Fn<Args>>::call::h4ff71de18744e1dc
[INFO] [stdout]                                at /rustc/df4ca44d3fbc9301ee17f30f4d474e6ae4b05252/library/alloc/src/boxed.rs:2468:9
[INFO] [stdout]   11:     0x636cc6c17a69 - test::test_main::{{closure}}::hcf7c055ce117aa81
[INFO] [stdout]                                at /rustc/df4ca44d3fbc9301ee17f30f4d474e6ae4b05252/library/test/src/lib.rs:133:21
[INFO] [stdout]   12:     0x636cc6f8f198 - <alloc::boxed::Box<F,A> as core::ops::function::Fn<Args>>::call::h1d66c6bbd60c9692
[INFO] [stdout]                                at /rustc/df4ca44d3fbc9301ee17f30f4d474e6ae4b05252/library/alloc/src/boxed.rs:2468:9
[INFO] [stdout]   13:     0x636cc6f8f198 - std::panicking::rust_panic_with_hook::h2ff17fe8f26dfcf8
[INFO] [stdout]                                at /rustc/df4ca44d3fbc9301ee17f30f4d474e6ae4b05252/library/std/src/panicking.rs:809:13
[INFO] [stdout]   14:     0x636cc6f8ef5a - std::panicking::begin_panic_handler::{{closure}}::h4fad77951c07e101
[INFO] [stdout]                                at /rustc/df4ca44d3fbc9301ee17f30f4d474e6ae4b05252/library/std/src/panicking.rs:674:13
[INFO] [stdout]   15:     0x636cc6f8dae9 - std::sys::backtrace::__rust_end_short_backtrace::hb1a25b3da5d0ea08
[INFO] [stdout]                                at /rustc/df4ca44d3fbc9301ee17f30f4d474e6ae4b05252/library/std/src/sys/backtrace.rs:170:18
[INFO] [stdout]   16:     0x636cc6f8ebec - rust_begin_unwind
[INFO] [stdout]                                at /rustc/df4ca44d3fbc9301ee17f30f4d474e6ae4b05252/library/std/src/panicking.rs:665:5
[INFO] [stdout]   17:     0x636cc6fb55b0 - core::panicking::panic_fmt::ha9db07b529f9b256
[INFO] [stdout]                                at /rustc/df4ca44d3fbc9301ee17f30f4d474e6ae4b05252/library/core/src/panicking.rs:75:14
[INFO] [stdout]   18:     0x636cc6fb5a36 - core::result::unwrap_failed::h5e8218e4d4338b8a
[INFO] [stdout]                                at /rustc/df4ca44d3fbc9301ee17f30f4d474e6ae4b05252/library/core/src/result.rs:1698:5
[INFO] [stdout]   19:     0x636cc6bbc1e2 - core::result::Result<T,E>::expect::h9e3b97f69cd1c525
[INFO] [stdout]                                at /rustc/df4ca44d3fbc9301ee17f30f4d474e6ae4b05252/library/core/src/result.rs:1060:23
[INFO] [stdout]   20:     0x636cc6bc125f - reqwest_enum::provider::tests::test_authentication::{{closure}}::hb43a49e2f6902d49
[INFO] [stdout]                                at /opt/rustwide/workdir/src/provider.rs:357:47
[INFO] [stdout]   21:     0x636cc6bcc77d - <core::pin::Pin<P> as core::future::future::Future>::poll::h69b92c7742d46d49
[INFO] [stdout]                                at /rustc/df4ca44d3fbc9301ee17f30f4d474e6ae4b05252/library/core/src/future/future.rs:123:9
[INFO] [stdout]   22:     0x636cc6bda0ef - tokio::runtime::scheduler::current_thread::CoreGuard::block_on::{{closure}}::{{closure}}::{{closure}}::h8fb7f416d20b8543
[INFO] [stdout]                                at /opt/rustwide/cargo-home/registry/src/index.crates.io-6f17d22bba15001f/tokio-1.41.0/src/runtime/scheduler/current_thread/mod.rs:729:57
[INFO] [stdout]   23:     0x636cc6bda025 - tokio::runtime::coop::with_budget::h51e942a5e74f16c6
[INFO] [stdout]                                at /opt/rustwide/cargo-home/registry/src/index.crates.io-6f17d22bba15001f/tokio-1.41.0/src/runtime/coop.rs:107:5
[INFO] [stdout]   24:     0x636cc6bda025 - tokio::runtime::coop::budget::h44881526462fe8f6
[INFO] [stdout]                                at /opt/rustwide/cargo-home/registry/src/index.crates.io-6f17d22bba15001f/tokio-1.41.0/src/runtime/coop.rs:73:5
[INFO] [stdout]   25:     0x636cc6bda025 - tokio::runtime::scheduler::current_thread::CoreGuard::block_on::{{closure}}::{{closure}}::hccf8b3a2089467f5
[INFO] [stdout]                                at /opt/rustwide/cargo-home/registry/src/index.crates.io-6f17d22bba15001f/tokio-1.41.0/src/runtime/scheduler/current_thread/mod.rs:729:25
[INFO] [stdout]   26:     0x636cc6bd79e0 - tokio::runtime::scheduler::current_thread::Context::enter::h764883eff5efe1e6
[INFO] [stdout]                                at /opt/rustwide/cargo-home/registry/src/index.crates.io-6f17d22bba15001f/tokio-1.41.0/src/runtime/scheduler/current_thread/mod.rs:428:19
[INFO] [stdout]   27:     0x636cc6bd8e7b - tokio::runtime::scheduler::current_thread::CoreGuard::block_on::{{closure}}::h2ce2f99dfc5266f8
[INFO] [stdout]                                at /opt/rustwide/cargo-home/registry/src/index.crates.io-6f17d22bba15001f/tokio-1.41.0/src/runtime/scheduler/current_thread/mod.rs:728:36
[INFO] [stdout]   28:     0x636cc6bd8b74 - tokio::runtime::scheduler::current_thread::CoreGuard::enter::{{closure}}::h82554114cd326c9d
[INFO] [stdout]                                at /opt/rustwide/cargo-home/registry/src/index.crates.io-6f17d22bba15001f/tokio-1.41.0/src/runtime/scheduler/current_thread/mod.rs:807:68
[INFO] [stdout]   29:     0x636cc6bc609b - tokio::runtime::context::scoped::Scoped<T>::set::h4bfcf302a96fcc81
[INFO] [stdout]                                at /opt/rustwide/cargo-home/registry/src/index.crates.io-6f17d22bba15001f/tokio-1.41.0/src/runtime/context/scoped.rs:40:9
[INFO] [stdout]   30:     0x636cc6bc5e19 - tokio::runtime::context::set_scheduler::{{closure}}::h149540df054f5c6c
[INFO] [stdout]                                at /opt/rustwide/cargo-home/registry/src/index.crates.io-6f17d22bba15001f/tokio-1.41.0/src/runtime/context.rs:180:26
[INFO] [stdout]   31:     0x636cc6bc310d - std::thread::local::LocalKey<T>::try_with::h79169329c74f81a3
[INFO] [stdout]                                at /rustc/df4ca44d3fbc9301ee17f30f4d474e6ae4b05252/library/std/src/thread/local.rs:283:12
[INFO] [stdout]   32:     0x636cc6bc2c9a - std::thread::local::LocalKey<T>::with::hbb4fe33cbc0dde33
[INFO] [stdout]                                at /rustc/df4ca44d3fbc9301ee17f30f4d474e6ae4b05252/library/std/src/thread/local.rs:260:9
[INFO] [stdout]   33:     0x636cc6bc5d8d - tokio::runtime::context::set_scheduler::h004ac0065db65b40
[INFO] [stdout]                                at /opt/rustwide/cargo-home/registry/src/index.crates.io-6f17d22bba15001f/tokio-1.41.0/src/runtime/context.rs:180:9
[INFO] [stdout]   34:     0x636cc6bd8928 - tokio::runtime::scheduler::current_thread::CoreGuard::enter::h89a9f345dd16fefc
[INFO] [stdout]                                at /opt/rustwide/cargo-home/registry/src/index.crates.io-6f17d22bba15001f/tokio-1.41.0/src/runtime/scheduler/current_thread/mod.rs:807:27
[INFO] [stdout]   35:     0x636cc6bd8bb3 - tokio::runtime::scheduler::current_thread::CoreGuard::block_on::h1c7be0fe8c254c95
[INFO] [stdout]                                at /opt/rustwide/cargo-home/registry/src/index.crates.io-6f17d22bba15001f/tokio-1.41.0/src/runtime/scheduler/current_thread/mod.rs:716:19
[INFO] [stdout]   36:     0x636cc6bd6e37 - tokio::runtime::scheduler::current_thread::CurrentThread::block_on::{{closure}}::he62b7f9c1118302f
[INFO] [stdout]                                at /opt/rustwide/cargo-home/registry/src/index.crates.io-6f17d22bba15001f/tokio-1.41.0/src/runtime/scheduler/current_thread/mod.rs:196:28
[INFO] [stdout]   37:     0x636cc6bbdc87 - tokio::runtime::context::runtime::enter_runtime::h7f043f449c22a45d
[INFO] [stdout]                                at /opt/rustwide/cargo-home/registry/src/index.crates.io-6f17d22bba15001f/tokio-1.41.0/src/runtime/context/runtime.rs:65:16
[INFO] [stdout]   38:     0x636cc6bd6736 - tokio::runtime::scheduler::current_thread::CurrentThread::block_on::hbe5f79bc1623f5e4
[INFO] [stdout]                                at /opt/rustwide/cargo-home/registry/src/index.crates.io-6f17d22bba15001f/tokio-1.41.0/src/runtime/scheduler/current_thread/mod.rs:184:9
[INFO] [stdout]   39:     0x636cc6bc635e - tokio::runtime::runtime::Runtime::block_on_inner::h11355d387ccb8135
[INFO] [stdout]                                at /opt/rustwide/cargo-home/registry/src/index.crates.io-6f17d22bba15001f/tokio-1.41.0/src/runtime/runtime.rs:368:47
[INFO] [stdout]   40:     0x636cc6bc666f - tokio::runtime::runtime::Runtime::block_on::he6798100db96ad33
[INFO] [stdout]                                at /opt/rustwide/cargo-home/registry/src/index.crates.io-6f17d22bba15001f/tokio-1.41.0/src/runtime/runtime.rs:342:13
[INFO] [stdout]   41:     0x636cc6bcae60 - tokio_test::block_on::h7da4d6d47a7ccb60
[INFO] [stdout]                                at /opt/rustwide/cargo-home/registry/src/index.crates.io-6f17d22bba15001f/tokio-test-0.4.4/src/lib.rs:35:5
[INFO] [stdout]   42:     0x636cc6bc1010 - reqwest_enum::provider::tests::test_authentication::h7d0bf723550ca1e7
[INFO] [stdout]                                at /opt/rustwide/workdir/src/provider.rs:356:9
[INFO] [stdout]   43:     0x636cc6bc0fc7 - reqwest_enum::provider::tests::test_authentication::{{closure}}::h2482788237ed8710
[INFO] [stdout]                                at /opt/rustwide/workdir/src/provider.rs:354:29
[INFO] [stdout]   44:     0x636cc6bba7e6 - core::ops::function::FnOnce::call_once::h6cbf53c424ddaf35
[INFO] [stdout]                                at /rustc/df4ca44d3fbc9301ee17f30f4d474e6ae4b05252/library/core/src/ops/function.rs:250:5
[INFO] [stdout]   45:     0x636cc6c1c33b - core::ops::function::FnOnce::call_once::h22c3ba5715e93f05
[INFO] [stdout]                                at /rustc/df4ca44d3fbc9301ee17f30f4d474e6ae4b05252/library/core/src/ops/function.rs:250:5
[INFO] [stdout]   46:     0x636cc6c1c33b - test::__rust_begin_short_backtrace::h8e82d8113d0da17f
[INFO] [stdout]                                at /rustc/df4ca44d3fbc9301ee17f30f4d474e6ae4b05252/library/test/src/lib.rs:621:18
[INFO] [stdout]   47:     0x636cc6c1bcb7 - test::run_test_in_process::{{closure}}::h33235f4f20b7b7c7
[INFO] [stdout]                                at /rustc/df4ca44d3fbc9301ee17f30f4d474e6ae4b05252/library/test/src/lib.rs:644:60
[INFO] [stdout]   48:     0x636cc6c1bcb7 - <core::panic::unwind_safe::AssertUnwindSafe<F> as core::ops::function::FnOnce<()>>::call_once::hb5043206310c586f
[INFO] [stdout]                                at /rustc/df4ca44d3fbc9301ee17f30f4d474e6ae4b05252/library/core/src/panic/unwind_safe.rs:272:9
[INFO] [stdout]   49:     0x636cc6c1bcb7 - std::panicking::try::do_call::h9ad4731a60ab23e2
[INFO] [stdout]                                at /rustc/df4ca44d3fbc9301ee17f30f4d474e6ae4b05252/library/std/src/panicking.rs:557:40
[INFO] [stdout]   50:     0x636cc6c1bcb7 - std::panicking::try::h3824d23db772a716
[INFO] [stdout]                                at /rustc/df4ca44d3fbc9301ee17f30f4d474e6ae4b05252/library/std/src/panicking.rs:520:19
[INFO] [stdout]   51:     0x636cc6c1bcb7 - std::panic::catch_unwind::h5afd514605fde46b
[INFO] [stdout]                                at /rustc/df4ca44d3fbc9301ee17f30f4d474e6ae4b05252/library/std/src/panic.rs:358:14
[INFO] [stdout]   52:     0x636cc6c1bcb7 - test::run_test_in_process::h0d5cbfa7067d1720
[INFO] [stdout]                                at /rustc/df4ca44d3fbc9301ee17f30f4d474e6ae4b05252/library/test/src/lib.rs:644:27
[INFO] [stdout]   53:     0x636cc6c1bcb7 - test::run_test::{{closure}}::h708eb8872708115d
[INFO] [stdout]                                at /rustc/df4ca44d3fbc9301ee17f30f4d474e6ae4b05252/library/test/src/lib.rs:565:43
[INFO] [stdout]   54:     0x636cc6bdf3d4 - test::run_test::{{closure}}::h392c51cee94713ab
[INFO] [stdout]                                at /rustc/df4ca44d3fbc9301ee17f30f4d474e6ae4b05252/library/test/src/lib.rs:595:41
[INFO] [stdout]   55:     0x636cc6bdf3d4 - std::sys::backtrace::__rust_begin_short_backtrace::h2f40290710935a8b
[INFO] [stdout]                                at /rustc/df4ca44d3fbc9301ee17f30f4d474e6ae4b05252/library/std/src/sys/backtrace.rs:154:18
[INFO] [stdout]   56:     0x636cc6be2b7e - std::thread::Builder::spawn_unchecked_::{{closure}}::{{closure}}::h3fd968d89053a903
[INFO] [stdout]                                at /rustc/df4ca44d3fbc9301ee17f30f4d474e6ae4b05252/library/std/src/thread/mod.rs:541:17
[INFO] [stdout]   57:     0x636cc6be2b7e - <core::panic::unwind_safe::AssertUnwindSafe<F> as core::ops::function::FnOnce<()>>::call_once::h743f637ba4229880
[INFO] [stdout]                                at /rustc/df4ca44d3fbc9301ee17f30f4d474e6ae4b05252/library/core/src/panic/unwind_safe.rs:272:9
[INFO] [stdout]   58:     0x636cc6be2b7e - std::panicking::try::do_call::h07440897322525a6
[INFO] [stdout]                                at /rustc/df4ca44d3fbc9301ee17f30f4d474e6ae4b05252/library/std/src/panicking.rs:557:40
[INFO] [stdout]   59:     0x636cc6be2b7e - std::panicking::try::he5a2e00188156637
[INFO] [stdout]                                at /rustc/df4ca44d3fbc9301ee17f30f4d474e6ae4b05252/library/std/src/panicking.rs:520:19
[INFO] [stdout]   60:     0x636cc6be2b7e - std::panic::catch_unwind::hbaf3cae49b3c6433
[INFO] [stdout]                                at /rustc/df4ca44d3fbc9301ee17f30f4d474e6ae4b05252/library/std/src/panic.rs:358:14
[INFO] [stdout]   61:     0x636cc6be2b7e - std::thread::Builder::spawn_unchecked_::{{closure}}::h8e141ea224820bce
[INFO] [stdout]                                at /rustc/df4ca44d3fbc9301ee17f30f4d474e6ae4b05252/library/std/src/thread/mod.rs:540:30
[INFO] [stdout]   62:     0x636cc6be2b7e - core::ops::function::FnOnce::call_once{{vtable.shim}}::h90d312fedd7b8ea8
[INFO] [stdout]                                at /rustc/df4ca44d3fbc9301ee17f30f4d474e6ae4b05252/library/core/src/ops/function.rs:250:5
[INFO] [stdout]   63:     0x636cc6f933cb - <alloc::boxed::Box<F,A> as core::ops::function::FnOnce<Args>>::call_once::h69aa08ddb6adb8b6
[INFO] [stdout]                                at /rustc/df4ca44d3fbc9301ee17f30f4d474e6ae4b05252/library/alloc/src/boxed.rs:2454:9
[INFO] [stdout]   64:     0x636cc6f933cb - <alloc::boxed::Box<F,A> as core::ops::function::FnOnce<Args>>::call_once::h5aa36efdb79c806f
[INFO] [stdout]                                at /rustc/df4ca44d3fbc9301ee17f30f4d474e6ae4b05252/library/alloc/src/boxed.rs:2454:9
[INFO] [stdout]   65:     0x636cc6f933cb - std::sys::pal::unix::thread::Thread::new::thread_start::h6cd80a1b4be5158d
[INFO] [stdout]                                at /rustc/df4ca44d3fbc9301ee17f30f4d474e6ae4b05252/library/std/src/sys/pal/unix/thread.rs:105:17
[INFO] [stdout]   66:     0x7df357a21ac3 - <unknown>
[INFO] [stdout]   67:     0x7df357ab2a04 - clone
[INFO] [stdout]   68:                0x0 - <unknown>
[INFO] [stdout] 
[INFO] [stdout] 
[INFO] [stdout] failures:
[INFO] [stdout]     provider::tests::test_authentication
[INFO] [stdout] 
[INFO] [stdout] test result: FAILED. 2 passed; 1 failed; 0 ignored; 0 measured; 0 filtered out; finished in 0.11s
[INFO] [stdout] 
[INFO] [stderr] error: test failed, to rerun pass `--lib`
[INFO] running `Command { std: "docker" "inspect" "b5070b8bc56b1c5f5427451c37cc243b5c35ba32d575fab39c19fab81f9e289b", kill_on_drop: false }`
[INFO] running `Command { std: "docker" "rm" "-f" "b5070b8bc56b1c5f5427451c37cc243b5c35ba32d575fab39c19fab81f9e289b", kill_on_drop: false }`
[INFO] [stdout] b5070b8bc56b1c5f5427451c37cc243b5c35ba32d575fab39c19fab81f9e289b
