[INFO] fetching crate refimage 1.0.0-pre0...
[INFO] testing refimage-1.0.0-pre0 against nightly-2024-10-28+rustflags=-Zrandomize-layout for randomize-layout
[INFO] extracting crate refimage 1.0.0-pre0 into /workspace/builds/worker-7-tc2/source
[INFO] validating manifest of crates.io crate refimage 1.0.0-pre0 on toolchain nightly-2024-10-28
[INFO] running `Command { std: CARGO_HOME="/workspace/cargo-home" RUSTUP_HOME="/workspace/rustup-home" "/workspace/cargo-home/bin/cargo" "+nightly-2024-10-28" "metadata" "--manifest-path" "Cargo.toml" "--no-deps", kill_on_drop: false }`
[INFO] started tweaking crates.io crate refimage 1.0.0-pre0
[INFO] removed 0 missing examples
[INFO] finished tweaking crates.io crate refimage 1.0.0-pre0
[INFO] tweaked toml for crates.io crate refimage 1.0.0-pre0 written to /workspace/builds/worker-7-tc2/source/Cargo.toml
[INFO] crate crates.io crate refimage 1.0.0-pre0 already has a lockfile, it will not be regenerated
[INFO] running `Command { std: CARGO_HOME="/workspace/cargo-home" RUSTUP_HOME="/workspace/rustup-home" "/workspace/cargo-home/bin/cargo" "+nightly-2024-10-28" "fetch" "--manifest-path" "Cargo.toml", kill_on_drop: false }`
[INFO] running `Command { std: "docker" "create" "-v" "/var/lib/crater-agent-workspace/builds/worker-7-tc2/target:/opt/rustwide/target:rw,Z" "-v" "/var/lib/crater-agent-workspace/builds/worker-7-tc2/source:/opt/rustwide/workdir:ro,Z" "-v" "/var/lib/crater-agent-workspace/cargo-home:/opt/rustwide/cargo-home:ro,Z" "-v" "/var/lib/crater-agent-workspace/rustup-home:/opt/rustwide/rustup-home:ro,Z" "-e" "SOURCE_DIR=/opt/rustwide/workdir" "-e" "CARGO_TARGET_DIR=/opt/rustwide/target" "-e" "CARGO_HOME=/opt/rustwide/cargo-home" "-e" "RUSTUP_HOME=/opt/rustwide/rustup-home" "-w" "/opt/rustwide/workdir" "-m" "1610612736" "--user" "0:0" "--network" "none" "ghcr.io/rust-lang/crates-build-env/linux@sha256:4a844ea9eb2546a2d2c7022eacef16ef2e8229c7fbb2c7d4d55a9ceca922f72d" "/opt/rustwide/cargo-home/bin/cargo" "+nightly-2024-10-28" "metadata" "--no-deps" "--format-version=1", kill_on_drop: false }`
[INFO] [stdout] a90c9773ab3ed0d3d05c8220c21d6b7d73fe71a63e3ddae3f3530beeee17d0da
[INFO] running `Command { std: "docker" "start" "-a" "a90c9773ab3ed0d3d05c8220c21d6b7d73fe71a63e3ddae3f3530beeee17d0da", kill_on_drop: false }`
[INFO] running `Command { std: "docker" "inspect" "a90c9773ab3ed0d3d05c8220c21d6b7d73fe71a63e3ddae3f3530beeee17d0da", kill_on_drop: false }`
[INFO] running `Command { std: "docker" "rm" "-f" "a90c9773ab3ed0d3d05c8220c21d6b7d73fe71a63e3ddae3f3530beeee17d0da", kill_on_drop: false }`
[INFO] [stdout] a90c9773ab3ed0d3d05c8220c21d6b7d73fe71a63e3ddae3f3530beeee17d0da
[INFO] running `Command { std: "docker" "create" "-v" "/var/lib/crater-agent-workspace/builds/worker-7-tc2/target:/opt/rustwide/target:rw,Z" "-v" "/var/lib/crater-agent-workspace/builds/worker-7-tc2/source:/opt/rustwide/workdir:ro,Z" "-v" "/var/lib/crater-agent-workspace/cargo-home:/opt/rustwide/cargo-home:ro,Z" "-v" "/var/lib/crater-agent-workspace/rustup-home:/opt/rustwide/rustup-home:ro,Z" "-e" "SOURCE_DIR=/opt/rustwide/workdir" "-e" "CARGO_TARGET_DIR=/opt/rustwide/target" "-e" "CARGO_INCREMENTAL=0" "-e" "RUST_BACKTRACE=full" "-e" "RUSTFLAGS=--cap-lints=forbid -Zrandomize-layout" "-e" "RUSTDOCFLAGS=--cap-lints=forbid" "-e" "CARGO_HOME=/opt/rustwide/cargo-home" "-e" "RUSTUP_HOME=/opt/rustwide/rustup-home" "-w" "/opt/rustwide/workdir" "-m" "1610612736" "--user" "0:0" "--network" "none" "ghcr.io/rust-lang/crates-build-env/linux@sha256:4a844ea9eb2546a2d2c7022eacef16ef2e8229c7fbb2c7d4d55a9ceca922f72d" "/opt/rustwide/cargo-home/bin/cargo" "+nightly-2024-10-28" "build" "--frozen" "--message-format=json", kill_on_drop: false }`
[INFO] [stdout] 80af7d6e11a0d23256a5f33543a249ae7adccf20e76d2dd59971d63e72bfb892
[INFO] running `Command { std: "docker" "start" "-a" "80af7d6e11a0d23256a5f33543a249ae7adccf20e76d2dd59971d63e72bfb892", kill_on_drop: false }`
[INFO] [stderr]    Compiling proc-macro2 v1.0.87
[INFO] [stderr]    Compiling rayon-core v1.12.1
[INFO] [stderr]    Compiling either v1.13.0
[INFO] [stderr]    Compiling bytemuck v1.19.0
[INFO] [stderr]    Compiling num-traits v0.2.19
[INFO] [stderr]    Compiling crossbeam-epoch v0.9.18
[INFO] [stderr]    Compiling itertools v0.13.0
[INFO] [stderr]    Compiling crossbeam-deque v0.8.5
[INFO] [stderr]    Compiling quote v1.0.37
[INFO] [stderr]    Compiling rayon v1.10.0
[INFO] [stderr]    Compiling syn v2.0.79
[INFO] [stderr]    Compiling chrono v0.4.38
[INFO] [stderr]    Compiling serde_derive v1.0.210
[INFO] [stderr]    Compiling thiserror-impl v1.0.64
[INFO] [stderr]    Compiling thiserror v1.0.64
[INFO] [stderr]    Compiling serde v1.0.210
[INFO] [stderr]    Compiling refimage v1.0.0-pre0 (/opt/rustwide/workdir)
[INFO] [stderr]     Finished `dev` profile [unoptimized + debuginfo] target(s) in 8.67s
[INFO] running `Command { std: "docker" "inspect" "80af7d6e11a0d23256a5f33543a249ae7adccf20e76d2dd59971d63e72bfb892", kill_on_drop: false }`
[INFO] running `Command { std: "docker" "rm" "-f" "80af7d6e11a0d23256a5f33543a249ae7adccf20e76d2dd59971d63e72bfb892", kill_on_drop: false }`
[INFO] [stdout] 80af7d6e11a0d23256a5f33543a249ae7adccf20e76d2dd59971d63e72bfb892
[INFO] running `Command { std: "docker" "create" "-v" "/var/lib/crater-agent-workspace/builds/worker-7-tc2/target:/opt/rustwide/target:rw,Z" "-v" "/var/lib/crater-agent-workspace/builds/worker-7-tc2/source:/opt/rustwide/workdir:ro,Z" "-v" "/var/lib/crater-agent-workspace/cargo-home:/opt/rustwide/cargo-home:ro,Z" "-v" "/var/lib/crater-agent-workspace/rustup-home:/opt/rustwide/rustup-home:ro,Z" "-e" "SOURCE_DIR=/opt/rustwide/workdir" "-e" "CARGO_TARGET_DIR=/opt/rustwide/target" "-e" "CARGO_INCREMENTAL=0" "-e" "RUST_BACKTRACE=full" "-e" "RUSTFLAGS=--cap-lints=forbid -Zrandomize-layout" "-e" "RUSTDOCFLAGS=--cap-lints=forbid" "-e" "CARGO_HOME=/opt/rustwide/cargo-home" "-e" "RUSTUP_HOME=/opt/rustwide/rustup-home" "-w" "/opt/rustwide/workdir" "-m" "1610612736" "--user" "0:0" "--network" "none" "ghcr.io/rust-lang/crates-build-env/linux@sha256:4a844ea9eb2546a2d2c7022eacef16ef2e8229c7fbb2c7d4d55a9ceca922f72d" "/opt/rustwide/cargo-home/bin/cargo" "+nightly-2024-10-28" "test" "--frozen" "--no-run" "--message-format=json", kill_on_drop: false }`
[INFO] [stdout] d1074da00493020586f19d4f2a247475a995242f064d77fecb68a258c8469f8d
[INFO] running `Command { std: "docker" "start" "-a" "d1074da00493020586f19d4f2a247475a995242f064d77fecb68a258c8469f8d", kill_on_drop: false }`
[INFO] [stderr]    Compiling libc v0.2.159
[INFO] [stderr]    Compiling anyhow v1.0.89
[INFO] [stderr]    Compiling phf_shared v0.10.0
[INFO] [stderr]    Compiling object v0.36.5
[INFO] [stderr]    Compiling miniz_oxide v0.8.0
[INFO] [stderr]    Compiling syn v1.0.109
[INFO] [stderr]    Compiling serde_json v1.0.128
[INFO] [stderr]    Compiling glob v0.3.1
[INFO] [stderr]    Compiling zerocopy-derive v0.7.35
[INFO] [stderr]    Compiling paste v1.0.15
[INFO] [stderr]    Compiling textwrap v0.13.4
[INFO] [stderr]    Compiling serde-reflection v0.4.0
[INFO] [stderr]    Compiling heck v0.3.3
[INFO] [stderr]    Compiling bincode v1.3.3
[INFO] [stderr]    Compiling zerocopy v0.7.35
[INFO] [stderr]    Compiling getrandom v0.2.15
[INFO] [stderr]    Compiling rand_core v0.6.4
[INFO] [stderr]    Compiling ppv-lite86 v0.2.20
[INFO] [stderr]    Compiling rand_chacha v0.3.1
[INFO] [stderr]    Compiling rand v0.8.5
[INFO] [stderr]    Compiling phf_generator v0.10.0
[INFO] [stderr]    Compiling phf_macros v0.10.0
[INFO] [stderr]    Compiling include_dir_impl v0.6.2
[INFO] [stderr]    Compiling include_dir v0.6.2
[INFO] [stderr]    Compiling phf v0.10.1
[INFO] [stderr]    Compiling backtrace v0.3.74
[INFO] [stderr]    Compiling serde-generate v0.26.0
[INFO] [stderr]    Compiling color-backtrace v0.6.1
[INFO] [stderr]    Compiling refimage v1.0.0-pre0 (/opt/rustwide/workdir)
[INFO] [stderr]     Finished `test` profile [unoptimized + debuginfo] target(s) in 8.32s
[INFO] running `Command { std: "docker" "inspect" "d1074da00493020586f19d4f2a247475a995242f064d77fecb68a258c8469f8d", kill_on_drop: false }`
[INFO] running `Command { std: "docker" "rm" "-f" "d1074da00493020586f19d4f2a247475a995242f064d77fecb68a258c8469f8d", kill_on_drop: false }`
[INFO] [stdout] d1074da00493020586f19d4f2a247475a995242f064d77fecb68a258c8469f8d
[INFO] running `Command { std: "docker" "create" "-v" "/var/lib/crater-agent-workspace/builds/worker-7-tc2/target:/opt/rustwide/target:rw,Z" "-v" "/var/lib/crater-agent-workspace/builds/worker-7-tc2/source:/opt/rustwide/workdir:ro,Z" "-v" "/var/lib/crater-agent-workspace/cargo-home:/opt/rustwide/cargo-home:ro,Z" "-v" "/var/lib/crater-agent-workspace/rustup-home:/opt/rustwide/rustup-home:ro,Z" "-e" "SOURCE_DIR=/opt/rustwide/workdir" "-e" "CARGO_TARGET_DIR=/opt/rustwide/target" "-e" "CARGO_INCREMENTAL=0" "-e" "RUST_BACKTRACE=full" "-e" "RUSTFLAGS=--cap-lints=forbid -Zrandomize-layout" "-e" "RUSTDOCFLAGS=--cap-lints=forbid" "-e" "CARGO_HOME=/opt/rustwide/cargo-home" "-e" "RUSTUP_HOME=/opt/rustwide/rustup-home" "-w" "/opt/rustwide/workdir" "-m" "1610612736" "--user" "0:0" "--network" "none" "ghcr.io/rust-lang/crates-build-env/linux@sha256:4a844ea9eb2546a2d2c7022eacef16ef2e8229c7fbb2c7d4d55a9ceca922f72d" "/opt/rustwide/cargo-home/bin/cargo" "+nightly-2024-10-28" "test" "--frozen", kill_on_drop: false }`
[INFO] [stdout] 328d01a3da6560a1ded1134fcccbc6721ad0c1ac3e55cc7fd75262fcf6da846c
[INFO] running `Command { std: "docker" "start" "-a" "328d01a3da6560a1ded1134fcccbc6721ad0c1ac3e55cc7fd75262fcf6da846c", kill_on_drop: false }`
[INFO] [stderr]     Finished `test` profile [unoptimized + debuginfo] target(s) in 0.09s
[INFO] [stderr]      Running unittests src/lib.rs (/opt/rustwide/target/debug/deps/refimage-13a1902f20f0dfa6)
[INFO] [stdout] 
[INFO] [stdout] running 32 tests
[INFO] [stdout] test coretraits::test::test_pixelstor ... ok
[INFO] [stdout] test demosaic::border_mirror::tests::test_mirror_even ... ok
[INFO] [stdout] test demosaic::border_mirror::tests::test_mirror_odd ... ok
[INFO] [stdout] test demosaic::border_replicate::tests::test_replicate_even ... ok
[INFO] [stdout] test demosaic::border_replicate::tests::test_replicate_odd ... ok
[INFO] [stdout] test demosaic::nearestneighbour::tests::test_even ... ok
[INFO] [stdout] test demosaic::nearestneighbour::tests::test_odd ... ok
[INFO] [stdout] test demosaic::none::tests::test_even ... ok
[INFO] [stdout] test demosaic::raster::tests::test_borrow_row_u16_mut ... ok
[INFO] [stdout] test demosaic::none::tests::test_odd ... ok
[INFO] [stdout] test genericimage::test_optimum_exposure ... ok
[INFO] [stdout] test imageowned::test::test_u8_src ... ok
[INFO] [stdout] test dynamicimage_serde::test::generate_pycode_dynamicimageowned ... ok
[INFO] [stdout] test dynamicimageowned::test::test_optimum_exposure ... ok
[INFO] [stdout] test dynamicimageref::test::test_optimum_exposure ... ok
[INFO] [stdout] test imageowned::test::test_into_luma ... ok
[INFO] [stdout] test dynamicimage_serde::test::generate_pycode_dynamicimagedata ... ok
[INFO] [stdout] test genericimageowned::test::test_optimum_exposure ... ok
[INFO] [stdout] test genericimageref::test::test_optimum_exposure ... ok
[INFO] [stdout] test imageref::test::test_optimum_exposure ... ok
[INFO] [stdout] test imageref::test::test_into_luma ... ok
[INFO] [stdout] test imageref::test::test_u8_src ... ok
[INFO] [stdout] test imageowned::test::test_optimum_exposure ... ok
[INFO] [stdout] test test::test_debayer ... ok
[INFO] [stdout] test optimumexposure::test::test_optimum_exposure ... ok
[INFO] [stdout] test demosaic::cubic::tests::test_overflow ... ok
[INFO] [stdout] test demosaic::linear::tests::test_odd ... ok
[INFO] [stdout] test demosaic::linear::tests::test_even ... ok
[INFO] [stdout] test metadata::test::test_operate_owned ... ok
[INFO] [stdout] test demosaic::cubic::tests::test_even ... ok
[INFO] [stdout] test demosaic::cubic::tests::test_odd ... ok
[INFO] [stdout] test demosaic::raster::tests::test_raster_mut_overflow - should panic ... ok
[INFO] [stdout] 
[INFO] [stdout] test result: ok. 32 passed; 0 failed; 0 ignored; 0 measured; 0 filtered out; finished in 0.04s
[INFO] [stdout] 
[INFO] [stderr]    Doc-tests refimage
[INFO] [stdout] 
[INFO] [stdout] running 12 tests
[INFO] [stdout] test src/../README.MD - (line 42) - compile ... FAILED
[INFO] [stdout] test src/../README.MD - (line 53) - compile ... FAILED
[INFO] [stdout] test src/genericimageowned.rs - genericimageowned::GenericImageOwned::new (line 54) ... ok
[INFO] [stdout] test src/genericimageowned.rs - genericimageowned::GenericImageOwned (line 30) ... ok
[INFO] [stdout] test src/imageref.rs - imageref::ImageRef (line 23) ... ok
[INFO] [stdout] test src/lib.rs - DynamicImageOwned (line 152) ... ok
[INFO] [stdout] test src/lib.rs - DynamicImageRef (line 115) ... ok
[INFO] [stdout] test src/genericimageref.rs - genericimageref::GenericImageRef (line 28) ... ok
[INFO] [stdout] test src/imageowned.rs - imageowned::ImageOwned (line 24) ... ok
[INFO] [stdout] test src/genericimageref.rs - genericimageref::GenericImageRef<'a>::new (line 53) ... ok
[INFO] [stdout] test src/lib.rs - (line 30) ... ok
[INFO] [stdout] test src/../README.MD - (line 22) ... ok
[INFO] [stdout] 
[INFO] [stdout] failures:
[INFO] [stdout] 
[INFO] [stdout] ---- src/../README.MD - (line 42) stdout ----
[INFO] [stdout] error[E0432]: unresolved import `image`
[INFO] [stdout]  --> src/../README.MD:45:5
[INFO] [stdout]   |
[INFO] [stdout] 6 | use image::open;
[INFO] [stdout]   |     ^^^^^ use of undeclared crate or module `image`
[INFO] [stdout] 
[INFO] [stdout] error: aborting due to 1 previous error
[INFO] [stdout] 
[INFO] [stdout] For more information about this error, try `rustc --explain E0432`.
[INFO] [stdout] Couldn't compile the test.
[INFO] [stdout] ---- src/../README.MD - (line 53) stdout ----
[INFO] [stdout] error[E0432]: unresolved imports `refimage::FitsCompression`, `refimage::FitsWrite`
[INFO] [stdout]   --> src/../README.MD:55:16
[INFO] [stdout]    |
[INFO] [stdout] 5  | use refimage::{FitsCompression, FitsWrite, GenericImageRef}; // we need the FitsWrite trait to be able to use the `write_fits` method.
[INFO] [stdout]    |                ^^^^^^^^^^^^^^^  ^^^^^^^^^ no `FitsWrite` in the root
[INFO] [stdout]    |                |
[INFO] [stdout]    |                no `FitsCompression` in the root
[INFO] [stdout]    |
[INFO] [stdout] note: found an item that was configured out
[INFO] [stdout]   --> /opt/rustwide/workdir/src/lib.rs:71:26
[INFO] [stdout]    |
[INFO] [stdout] 71 | pub use fitsio_interop::{FitsCompression, FitsError, FitsWrite};
[INFO] [stdout]    |                          ^^^^^^^^^^^^^^^
[INFO] [stdout] note: the item is gated behind the `fitsio` feature
[INFO] [stdout]   --> /opt/rustwide/workdir/src/lib.rs:69:7
[INFO] [stdout]    |
[INFO] [stdout] 69 | #[cfg(feature = "fitsio")]
[INFO] [stdout]    |       ^^^^^^^^^^^^^^^^^^
[INFO] [stdout] note: found an item that was configured out
[INFO] [stdout]   --> /opt/rustwide/workdir/src/lib.rs:71:54
[INFO] [stdout]    |
[INFO] [stdout] 71 | pub use fitsio_interop::{FitsCompression, FitsError, FitsWrite};
[INFO] [stdout]    |                                                      ^^^^^^^^^
[INFO] [stdout] note: the item is gated behind the `fitsio` feature
[INFO] [stdout]   --> /opt/rustwide/workdir/src/lib.rs:69:7
[INFO] [stdout]    |
[INFO] [stdout] 69 | #[cfg(feature = "fitsio")]
[INFO] [stdout]    |       ^^^^^^^^^^^^^^^^^^
[INFO] [stdout] 
[INFO] [stdout] error[E0599]: no method named `write_fits` found for struct `GenericImageRef` in the current scope
[INFO] [stdout]  --> src/../README.MD:58:5
[INFO] [stdout]   |
[INFO] [stdout] 8 | img.write_fits(Path::new("/path/to/fitsimage.fit"), FitsCompression::None, true) // no compression, overwrite
[INFO] [stdout]   |     ^^^^^^^^^^ method not found in `GenericImageRef<'_>`
[INFO] [stdout] 
[INFO] [stdout] error: aborting due to 2 previous errors
[INFO] [stdout] 
[INFO] [stdout] Some errors have detailed explanations: E0432, E0599.
[INFO] [stdout] For more information about an error, try `rustc --explain E0432`.
[INFO] [stdout] Couldn't compile the test.
[INFO] [stdout] 
[INFO] [stdout] failures:
[INFO] [stdout]     src/../README.MD - (line 42)
[INFO] [stdout]     src/../README.MD - (line 53)
[INFO] [stdout] 
[INFO] [stdout] test result: FAILED. 10 passed; 2 failed; 0 ignored; 0 measured; 0 filtered out; finished in 0.75s
[INFO] [stdout] 
[INFO] [stderr] error: doctest failed, to rerun pass `--doc`
[INFO] running `Command { std: "docker" "inspect" "328d01a3da6560a1ded1134fcccbc6721ad0c1ac3e55cc7fd75262fcf6da846c", kill_on_drop: false }`
[INFO] running `Command { std: "docker" "rm" "-f" "328d01a3da6560a1ded1134fcccbc6721ad0c1ac3e55cc7fd75262fcf6da846c", kill_on_drop: false }`
[INFO] [stdout] 328d01a3da6560a1ded1134fcccbc6721ad0c1ac3e55cc7fd75262fcf6da846c
