[INFO] fetching crate reefdb 0.1.0...
[INFO] testing reefdb-0.1.0 against nightly-2024-10-28 for randomize-layout
[INFO] extracting crate reefdb 0.1.0 into /workspace/builds/worker-0-tc1/source
[INFO] validating manifest of crates.io crate reefdb 0.1.0 on toolchain nightly-2024-10-28
[INFO] running `Command { std: CARGO_HOME="/workspace/cargo-home" RUSTUP_HOME="/workspace/rustup-home" "/workspace/cargo-home/bin/cargo" "+nightly-2024-10-28" "metadata" "--manifest-path" "Cargo.toml" "--no-deps", kill_on_drop: false }`
[INFO] started tweaking crates.io crate reefdb 0.1.0
[INFO] finished tweaking crates.io crate reefdb 0.1.0
[INFO] tweaked toml for crates.io crate reefdb 0.1.0 written to /workspace/builds/worker-0-tc1/source/Cargo.toml
[INFO] running `Command { std: CARGO_HOME="/workspace/cargo-home" RUSTUP_HOME="/workspace/rustup-home" "/workspace/cargo-home/bin/cargo" "+nightly-2024-10-28" "generate-lockfile" "--manifest-path" "Cargo.toml", kill_on_drop: false }`
[INFO] [stderr]     Updating crates.io index
[INFO] [stderr]      Locking 30 packages to latest compatible versions
[INFO] running `Command { std: CARGO_HOME="/workspace/cargo-home" RUSTUP_HOME="/workspace/rustup-home" "/workspace/cargo-home/bin/cargo" "+nightly-2024-10-28" "fetch" "--manifest-path" "Cargo.toml", kill_on_drop: false }`
[INFO] running `Command { std: "docker" "create" "-v" "/var/lib/crater-agent-workspace/builds/worker-0-tc1/target:/opt/rustwide/target:rw,Z" "-v" "/var/lib/crater-agent-workspace/builds/worker-0-tc1/source:/opt/rustwide/workdir:ro,Z" "-v" "/var/lib/crater-agent-workspace/cargo-home:/opt/rustwide/cargo-home:ro,Z" "-v" "/var/lib/crater-agent-workspace/rustup-home:/opt/rustwide/rustup-home:ro,Z" "-e" "SOURCE_DIR=/opt/rustwide/workdir" "-e" "CARGO_TARGET_DIR=/opt/rustwide/target" "-e" "CARGO_HOME=/opt/rustwide/cargo-home" "-e" "RUSTUP_HOME=/opt/rustwide/rustup-home" "-w" "/opt/rustwide/workdir" "-m" "1610612736" "--user" "0:0" "--network" "none" "ghcr.io/rust-lang/crates-build-env/linux@sha256:4a844ea9eb2546a2d2c7022eacef16ef2e8229c7fbb2c7d4d55a9ceca922f72d" "/opt/rustwide/cargo-home/bin/cargo" "+nightly-2024-10-28" "metadata" "--no-deps" "--format-version=1", kill_on_drop: false }`
[INFO] [stdout] b7835768ccc8dce6c87a462c669ccd520525a739b23553df0cdb1b78feaf33ca
[INFO] running `Command { std: "docker" "start" "-a" "b7835768ccc8dce6c87a462c669ccd520525a739b23553df0cdb1b78feaf33ca", kill_on_drop: false }`
[INFO] running `Command { std: "docker" "inspect" "b7835768ccc8dce6c87a462c669ccd520525a739b23553df0cdb1b78feaf33ca", kill_on_drop: false }`
[INFO] running `Command { std: "docker" "rm" "-f" "b7835768ccc8dce6c87a462c669ccd520525a739b23553df0cdb1b78feaf33ca", kill_on_drop: false }`
[INFO] [stdout] b7835768ccc8dce6c87a462c669ccd520525a739b23553df0cdb1b78feaf33ca
[INFO] running `Command { std: "docker" "create" "-v" "/var/lib/crater-agent-workspace/builds/worker-0-tc1/target:/opt/rustwide/target:rw,Z" "-v" "/var/lib/crater-agent-workspace/builds/worker-0-tc1/source:/opt/rustwide/workdir:ro,Z" "-v" "/var/lib/crater-agent-workspace/cargo-home:/opt/rustwide/cargo-home:ro,Z" "-v" "/var/lib/crater-agent-workspace/rustup-home:/opt/rustwide/rustup-home:ro,Z" "-e" "SOURCE_DIR=/opt/rustwide/workdir" "-e" "CARGO_TARGET_DIR=/opt/rustwide/target" "-e" "CARGO_INCREMENTAL=0" "-e" "RUST_BACKTRACE=full" "-e" "RUSTFLAGS=--cap-lints=forbid" "-e" "RUSTDOCFLAGS=--cap-lints=forbid" "-e" "CARGO_HOME=/opt/rustwide/cargo-home" "-e" "RUSTUP_HOME=/opt/rustwide/rustup-home" "-w" "/opt/rustwide/workdir" "-m" "1610612736" "--user" "0:0" "--network" "none" "ghcr.io/rust-lang/crates-build-env/linux@sha256:4a844ea9eb2546a2d2c7022eacef16ef2e8229c7fbb2c7d4d55a9ceca922f72d" "/opt/rustwide/cargo-home/bin/cargo" "+nightly-2024-10-28" "build" "--frozen" "--message-format=json", kill_on_drop: false }`
[INFO] [stdout] 0357037b37d6f20949875d36cee9052bc9d7985504cad06b46a47195d655eddf
[INFO] running `Command { std: "docker" "start" "-a" "0357037b37d6f20949875d36cee9052bc9d7985504cad06b46a47195d655eddf", kill_on_drop: false }`
[INFO] [stderr]    Compiling proc-macro2 v1.0.89
[INFO] [stderr]    Compiling serde v1.0.214
[INFO] [stderr]    Compiling minimal-lexical v0.2.1
[INFO] [stderr]    Compiling memchr v2.7.4
[INFO] [stderr]    Compiling nom v7.1.3
[INFO] [stderr]    Compiling quote v1.0.37
[INFO] [stderr]    Compiling syn v2.0.86
[INFO] [stderr]    Compiling serde_derive v1.0.214
[INFO] [stderr]    Compiling bincode v1.3.3
[INFO] [stderr]    Compiling reefdb v0.1.0 (/opt/rustwide/workdir)
[INFO] [stdout] warning: unused imports: `IResult`, `character::complete::space1`, `sequence::delimited`, `tag_no_case`, `tag`, and `take_till`
[INFO] [stdout]  --> src/sql/clauses/wheres/fts.rs:2:23
[INFO] [stdout]   |
[INFO] [stdout] 2 |     bytes::complete::{tag, tag_no_case, take_till},
[INFO] [stdout]   |                       ^^^  ^^^^^^^^^^^  ^^^^^^^^^
[INFO] [stdout] 3 |     character::complete::space1,
[INFO] [stdout]   |     ^^^^^^^^^^^^^^^^^^^^^^^^^^^
[INFO] [stdout] 4 |     sequence::delimited,
[INFO] [stdout]   |     ^^^^^^^^^^^^^^^^^^^
[INFO] [stdout] 5 |     IResult,
[INFO] [stdout]   |     ^^^^^^^
[INFO] [stdout]   |
[INFO] [stdout]   = note: `#[warn(unused_imports)]` on by default
[INFO] [stdout] 
[INFO] [stdout] 
[INFO] [stdout] warning: unused imports: `data_value::DataValue` and `operators::op::Op`
[INFO] [stdout]  --> src/sql/clauses/wheres/fts.rs:8:34
[INFO] [stdout]   |
[INFO] [stdout] 8 | use crate::sql::{column::Column, data_value::DataValue, operators::op::Op};
[INFO] [stdout]   |                                  ^^^^^^^^^^^^^^^^^^^^^  ^^^^^^^^^^^^^^^^^
[INFO] [stdout] 
[INFO] [stdout] 
[INFO] [stdout] warning: unused imports: `IResult`, `alphanumeric1`, `multispace1`, `sequence::delimited`, `space1`, `tag_no_case`, `tag`, and `take_till`
[INFO] [stdout]  --> src/sql/clauses/wheres/where_clause.rs:2:23
[INFO] [stdout]   |
[INFO] [stdout] 2 |     bytes::complete::{tag, tag_no_case, take_till},
[INFO] [stdout]   |                       ^^^  ^^^^^^^^^^^  ^^^^^^^^^
[INFO] [stdout] 3 |     character::complete::{alphanumeric1, multispace1, space1},
[INFO] [stdout]   |                           ^^^^^^^^^^^^^  ^^^^^^^^^^^  ^^^^^^
[INFO] [stdout] 4 |     sequence::delimited,
[INFO] [stdout]   |     ^^^^^^^^^^^^^^^^^^^
[INFO] [stdout] 5 |     IResult,
[INFO] [stdout]   |     ^^^^^^^
[INFO] [stdout] 
[INFO] [stdout] 
[INFO] [stdout] warning: unused imports: `column::Column`, `column_def::column_name`, and `operators::op::Op`
[INFO] [stdout]  --> src/sql/clauses/wheres/where_clause.rs:9:5
[INFO] [stdout]   |
[INFO] [stdout] 9 |     column::Column, column_def::column_name, data_value::DataValue, operators::op::Op,
[INFO] [stdout]   |     ^^^^^^^^^^^^^^  ^^^^^^^^^^^^^^^^^^^^^^^                         ^^^^^^^^^^^^^^^^^
[INFO] [stdout] 
[INFO] [stdout] 
[INFO] [stdout] warning: unused import: `super::fts::FTSWhereClause`
[INFO] [stdout]   --> src/sql/clauses/wheres/where_clause.rs:12:5
[INFO] [stdout]    |
[INFO] [stdout] 12 | use super::fts::FTSWhereClause;
[INFO] [stdout]    |     ^^^^^^^^^^^^^^^^^^^^^^^^^^
[INFO] [stdout] 
[INFO] [stdout] 
[INFO] [stdout] warning: unused import: `fts::FTSWhereClause`
[INFO] [stdout]  --> src/sql/statements/select.rs:4:18
[INFO] [stdout]   |
[INFO] [stdout] 4 |         wheres::{fts::FTSWhereClause, where_type::WhereType},
[INFO] [stdout]   |                  ^^^^^^^^^^^^^^^^^^^
[INFO] [stdout] 
[INFO] [stdout] 
[INFO] [stdout] warning: unused import: `space1`
[INFO] [stdout]   --> src/sql/statements/select.rs:11:68
[INFO] [stdout]    |
[INFO] [stdout] 11 |     character::complete::{alphanumeric1, multispace0, multispace1, space1},
[INFO] [stdout]    |                                                                    ^^^^^^
[INFO] [stdout] 
[INFO] [stdout] 
[INFO] [stdout] warning: unused imports: `InMemoryReefDB` and `data_value::DataValue`
[INFO] [stdout]  --> src/transaction.rs:5:11
[INFO] [stdout]   |
[INFO] [stdout] 5 |     sql::{data_value::DataValue, statements::Statement},
[INFO] [stdout]   |           ^^^^^^^^^^^^^^^^^^^^^
[INFO] [stdout] 6 |     storage::Storage,
[INFO] [stdout] 7 |     InMemoryReefDB, ReefDB,
[INFO] [stdout]   |     ^^^^^^^^^^^^^^
[INFO] [stdout] 
[INFO] [stdout] 
[INFO] [stderr]     Finished `dev` profile [unoptimized + debuginfo] target(s) in 6.91s
[INFO] running `Command { std: "docker" "inspect" "0357037b37d6f20949875d36cee9052bc9d7985504cad06b46a47195d655eddf", kill_on_drop: false }`
[INFO] running `Command { std: "docker" "rm" "-f" "0357037b37d6f20949875d36cee9052bc9d7985504cad06b46a47195d655eddf", kill_on_drop: false }`
[INFO] [stdout] 0357037b37d6f20949875d36cee9052bc9d7985504cad06b46a47195d655eddf
[INFO] running `Command { std: "docker" "create" "-v" "/var/lib/crater-agent-workspace/builds/worker-0-tc1/target:/opt/rustwide/target:rw,Z" "-v" "/var/lib/crater-agent-workspace/builds/worker-0-tc1/source:/opt/rustwide/workdir:ro,Z" "-v" "/var/lib/crater-agent-workspace/cargo-home:/opt/rustwide/cargo-home:ro,Z" "-v" "/var/lib/crater-agent-workspace/rustup-home:/opt/rustwide/rustup-home:ro,Z" "-e" "SOURCE_DIR=/opt/rustwide/workdir" "-e" "CARGO_TARGET_DIR=/opt/rustwide/target" "-e" "CARGO_INCREMENTAL=0" "-e" "RUST_BACKTRACE=full" "-e" "RUSTFLAGS=--cap-lints=forbid" "-e" "RUSTDOCFLAGS=--cap-lints=forbid" "-e" "CARGO_HOME=/opt/rustwide/cargo-home" "-e" "RUSTUP_HOME=/opt/rustwide/rustup-home" "-w" "/opt/rustwide/workdir" "-m" "1610612736" "--user" "0:0" "--network" "none" "ghcr.io/rust-lang/crates-build-env/linux@sha256:4a844ea9eb2546a2d2c7022eacef16ef2e8229c7fbb2c7d4d55a9ceca922f72d" "/opt/rustwide/cargo-home/bin/cargo" "+nightly-2024-10-28" "test" "--frozen" "--no-run" "--message-format=json", kill_on_drop: false }`
[INFO] [stdout] 77933b7d9e18ab19760e57c4b9266add63ea138f2b6800c5b6d22649f40d702c
[INFO] running `Command { std: "docker" "start" "-a" "77933b7d9e18ab19760e57c4b9266add63ea138f2b6800c5b6d22649f40d702c", kill_on_drop: false }`
[INFO] [stderr]    Compiling rustix v0.38.38
[INFO] [stderr]    Compiling linux-raw-sys v0.4.14
[INFO] [stderr]    Compiling fastrand v2.1.1
[INFO] [stderr]    Compiling once_cell v1.20.2
[INFO] [stdout] warning: unused imports: `IResult`, `character::complete::space1`, `sequence::delimited`, `tag_no_case`, `tag`, and `take_till`
[INFO] [stdout]  --> src/sql/clauses/wheres/fts.rs:2:23
[INFO] [stdout]   |
[INFO] [stdout] 2 |     bytes::complete::{tag, tag_no_case, take_till},
[INFO] [stdout]   |                       ^^^  ^^^^^^^^^^^  ^^^^^^^^^
[INFO] [stdout] 3 |     character::complete::space1,
[INFO] [stdout]   |     ^^^^^^^^^^^^^^^^^^^^^^^^^^^
[INFO] [stdout] 4 |     sequence::delimited,
[INFO] [stdout]   |     ^^^^^^^^^^^^^^^^^^^
[INFO] [stdout] 5 |     IResult,
[INFO] [stdout]   |     ^^^^^^^
[INFO] [stdout]   |
[INFO] [stdout]   = note: `#[warn(unused_imports)]` on by default
[INFO] [stdout] 
[INFO] [stdout] 
[INFO] [stdout] warning: unused imports: `data_value::DataValue` and `operators::op::Op`
[INFO] [stdout]  --> src/sql/clauses/wheres/fts.rs:8:34
[INFO] [stdout]   |
[INFO] [stdout] 8 | use crate::sql::{column::Column, data_value::DataValue, operators::op::Op};
[INFO] [stdout]   |                                  ^^^^^^^^^^^^^^^^^^^^^  ^^^^^^^^^^^^^^^^^
[INFO] [stdout] 
[INFO] [stdout] 
[INFO] [stdout] warning: unused imports: `IResult`, `alphanumeric1`, `multispace1`, `sequence::delimited`, `space1`, `tag_no_case`, `tag`, and `take_till`
[INFO] [stdout]  --> src/sql/clauses/wheres/where_clause.rs:2:23
[INFO] [stdout]   |
[INFO] [stdout] 2 |     bytes::complete::{tag, tag_no_case, take_till},
[INFO] [stdout]   |                       ^^^  ^^^^^^^^^^^  ^^^^^^^^^
[INFO] [stdout] 3 |     character::complete::{alphanumeric1, multispace1, space1},
[INFO] [stdout]   |                           ^^^^^^^^^^^^^  ^^^^^^^^^^^  ^^^^^^
[INFO] [stdout] 4 |     sequence::delimited,
[INFO] [stdout]   |     ^^^^^^^^^^^^^^^^^^^
[INFO] [stdout] 5 |     IResult,
[INFO] [stdout]   |     ^^^^^^^
[INFO] [stdout] 
[INFO] [stdout] 
[INFO] [stdout] warning: unused imports: `column::Column`, `column_def::column_name`, and `operators::op::Op`
[INFO] [stdout]  --> src/sql/clauses/wheres/where_clause.rs:9:5
[INFO] [stdout]   |
[INFO] [stdout] 9 |     column::Column, column_def::column_name, data_value::DataValue, operators::op::Op,
[INFO] [stdout]   |     ^^^^^^^^^^^^^^  ^^^^^^^^^^^^^^^^^^^^^^^                         ^^^^^^^^^^^^^^^^^
[INFO] [stdout] 
[INFO] [stdout] 
[INFO] [stdout] warning: unused import: `super::fts::FTSWhereClause`
[INFO] [stdout]   --> src/sql/clauses/wheres/where_clause.rs:12:5
[INFO] [stdout]    |
[INFO] [stdout] 12 | use super::fts::FTSWhereClause;
[INFO] [stdout]    |     ^^^^^^^^^^^^^^^^^^^^^^^^^^
[INFO] [stdout] 
[INFO] [stdout] 
[INFO] [stdout] warning: unused import: `fts::FTSWhereClause`
[INFO] [stdout]  --> src/sql/statements/select.rs:4:18
[INFO] [stdout]   |
[INFO] [stdout] 4 |         wheres::{fts::FTSWhereClause, where_type::WhereType},
[INFO] [stdout]   |                  ^^^^^^^^^^^^^^^^^^^
[INFO] [stdout] 
[INFO] [stdout] 
[INFO] [stdout] warning: unused import: `space1`
[INFO] [stdout]   --> src/sql/statements/select.rs:11:68
[INFO] [stdout]    |
[INFO] [stdout] 11 |     character::complete::{alphanumeric1, multispace0, multispace1, space1},
[INFO] [stdout]    |                                                                    ^^^^^^
[INFO] [stdout] 
[INFO] [stdout] 
[INFO] [stdout] warning: unused imports: `InMemoryReefDB` and `data_value::DataValue`
[INFO] [stdout]  --> src/transaction.rs:5:11
[INFO] [stdout]   |
[INFO] [stdout] 5 |     sql::{data_value::DataValue, statements::Statement},
[INFO] [stdout]   |           ^^^^^^^^^^^^^^^^^^^^^
[INFO] [stdout] 6 |     storage::Storage,
[INFO] [stdout] 7 |     InMemoryReefDB, ReefDB,
[INFO] [stdout]   |     ^^^^^^^^^^^^^^
[INFO] [stdout] 
[INFO] [stdout] 
[INFO] [stderr]    Compiling tempfile v3.13.0
[INFO] [stderr]    Compiling reefdb v0.1.0 (/opt/rustwide/workdir)
[INFO] [stdout] warning: unused imports: `IResult`, `character::complete::space1`, `sequence::delimited`, `tag_no_case`, `tag`, and `take_till`
[INFO] [stdout]  --> src/sql/clauses/wheres/fts.rs:2:23
[INFO] [stdout]   |
[INFO] [stdout] 2 |     bytes::complete::{tag, tag_no_case, take_till},
[INFO] [stdout]   |                       ^^^  ^^^^^^^^^^^  ^^^^^^^^^
[INFO] [stdout] 3 |     character::complete::space1,
[INFO] [stdout]   |     ^^^^^^^^^^^^^^^^^^^^^^^^^^^
[INFO] [stdout] 4 |     sequence::delimited,
[INFO] [stdout]   |     ^^^^^^^^^^^^^^^^^^^
[INFO] [stdout] 5 |     IResult,
[INFO] [stdout]   |     ^^^^^^^
[INFO] [stdout]   |
[INFO] [stdout]   = note: `#[warn(unused_imports)]` on by default
[INFO] [stdout] 
[INFO] [stdout] 
[INFO] [stdout] warning: unused imports: `data_value::DataValue` and `operators::op::Op`
[INFO] [stdout]  --> src/sql/clauses/wheres/fts.rs:8:34
[INFO] [stdout]   |
[INFO] [stdout] 8 | use crate::sql::{column::Column, data_value::DataValue, operators::op::Op};
[INFO] [stdout]   |                                  ^^^^^^^^^^^^^^^^^^^^^  ^^^^^^^^^^^^^^^^^
[INFO] [stdout] 
[INFO] [stdout] 
[INFO] [stdout] warning: unused imports: `IResult`, `alphanumeric1`, `multispace1`, `sequence::delimited`, `space1`, `tag_no_case`, `tag`, and `take_till`
[INFO] [stdout]  --> src/sql/clauses/wheres/where_clause.rs:2:23
[INFO] [stdout]   |
[INFO] [stdout] 2 |     bytes::complete::{tag, tag_no_case, take_till},
[INFO] [stdout]   |                       ^^^  ^^^^^^^^^^^  ^^^^^^^^^
[INFO] [stdout] 3 |     character::complete::{alphanumeric1, multispace1, space1},
[INFO] [stdout]   |                           ^^^^^^^^^^^^^  ^^^^^^^^^^^  ^^^^^^
[INFO] [stdout] 4 |     sequence::delimited,
[INFO] [stdout]   |     ^^^^^^^^^^^^^^^^^^^
[INFO] [stdout] 5 |     IResult,
[INFO] [stdout]   |     ^^^^^^^
[INFO] [stdout] 
[INFO] [stdout] 
[INFO] [stdout] warning: unused imports: `column::Column`, `column_def::column_name`, and `operators::op::Op`
[INFO] [stdout]  --> src/sql/clauses/wheres/where_clause.rs:9:5
[INFO] [stdout]   |
[INFO] [stdout] 9 |     column::Column, column_def::column_name, data_value::DataValue, operators::op::Op,
[INFO] [stdout]   |     ^^^^^^^^^^^^^^  ^^^^^^^^^^^^^^^^^^^^^^^                         ^^^^^^^^^^^^^^^^^
[INFO] [stdout] 
[INFO] [stdout] 
[INFO] [stdout] warning: unused import: `super::fts::FTSWhereClause`
[INFO] [stdout]   --> src/sql/clauses/wheres/where_clause.rs:12:5
[INFO] [stdout]    |
[INFO] [stdout] 12 | use super::fts::FTSWhereClause;
[INFO] [stdout]    |     ^^^^^^^^^^^^^^^^^^^^^^^^^^
[INFO] [stdout] 
[INFO] [stdout] 
[INFO] [stdout] warning: unused import: `fts::FTSWhereClause`
[INFO] [stdout]  --> src/sql/statements/select.rs:4:18
[INFO] [stdout]   |
[INFO] [stdout] 4 |         wheres::{fts::FTSWhereClause, where_type::WhereType},
[INFO] [stdout]   |                  ^^^^^^^^^^^^^^^^^^^
[INFO] [stdout] 
[INFO] [stdout] 
[INFO] [stdout] warning: unused import: `space1`
[INFO] [stdout]   --> src/sql/statements/select.rs:11:68
[INFO] [stdout]    |
[INFO] [stdout] 11 |     character::complete::{alphanumeric1, multispace0, multispace1, space1},
[INFO] [stdout]    |                                                                    ^^^^^^
[INFO] [stdout] 
[INFO] [stdout] 
[INFO] [stdout] warning: unused variable: `input`
[INFO] [stdout]   --> src/sql/statements/select.rs:90:14
[INFO] [stdout]    |
[INFO] [stdout] 90 |         let (input, statement) = result.unwrap();
[INFO] [stdout]    |              ^^^^^ help: if this is intentional, prefix it with an underscore: `_input`
[INFO] [stdout]    |
[INFO] [stdout]    = note: `#[warn(unused_variables)]` on by default
[INFO] [stdout] 
[INFO] [stdout] 
[INFO] [stdout] warning: unused `Result` that must be used
[INFO] [stdout]   --> src/transaction.rs:46:5
[INFO] [stdout]    |
[INFO] [stdout] 46 |     db.execute_statement(create_stmt);
[INFO] [stdout]    |     ^^^^^^^^^^^^^^^^^^^^^^^^^^^^^^^^^
[INFO] [stdout]    |
[INFO] [stdout]    = note: this `Result` may be an `Err` variant, which should be handled
[INFO] [stdout]    = note: `#[warn(unused_must_use)]` on by default
[INFO] [stdout] help: use `let _ = ...` to ignore the resulting value
[INFO] [stdout]    |
[INFO] [stdout] 46 |     let _ = db.execute_statement(create_stmt);
[INFO] [stdout]    |     +++++++
[INFO] [stdout] 
[INFO] [stdout] 
[INFO] [stdout] warning: unused `Result` that must be used
[INFO] [stdout]   --> src/transaction.rs:48:5
[INFO] [stdout]    |
[INFO] [stdout] 48 |     db.execute_statement(insert_stmt);
[INFO] [stdout]    |     ^^^^^^^^^^^^^^^^^^^^^^^^^^^^^^^^^
[INFO] [stdout]    |
[INFO] [stdout]    = note: this `Result` may be an `Err` variant, which should be handled
[INFO] [stdout] help: use `let _ = ...` to ignore the resulting value
[INFO] [stdout]    |
[INFO] [stdout] 48 |     let _ = db.execute_statement(insert_stmt);
[INFO] [stdout]    |     +++++++
[INFO] [stdout] 
[INFO] [stdout] 
[INFO] [stderr]     Finished `test` profile [unoptimized + debuginfo] target(s) in 3.06s
[INFO] running `Command { std: "docker" "inspect" "77933b7d9e18ab19760e57c4b9266add63ea138f2b6800c5b6d22649f40d702c", kill_on_drop: false }`
[INFO] running `Command { std: "docker" "rm" "-f" "77933b7d9e18ab19760e57c4b9266add63ea138f2b6800c5b6d22649f40d702c", kill_on_drop: false }`
[INFO] [stdout] 77933b7d9e18ab19760e57c4b9266add63ea138f2b6800c5b6d22649f40d702c
[INFO] running `Command { std: "docker" "create" "-v" "/var/lib/crater-agent-workspace/builds/worker-0-tc1/target:/opt/rustwide/target:rw,Z" "-v" "/var/lib/crater-agent-workspace/builds/worker-0-tc1/source:/opt/rustwide/workdir:ro,Z" "-v" "/var/lib/crater-agent-workspace/cargo-home:/opt/rustwide/cargo-home:ro,Z" "-v" "/var/lib/crater-agent-workspace/rustup-home:/opt/rustwide/rustup-home:ro,Z" "-e" "SOURCE_DIR=/opt/rustwide/workdir" "-e" "CARGO_TARGET_DIR=/opt/rustwide/target" "-e" "CARGO_INCREMENTAL=0" "-e" "RUST_BACKTRACE=full" "-e" "RUSTFLAGS=--cap-lints=forbid" "-e" "RUSTDOCFLAGS=--cap-lints=forbid" "-e" "CARGO_HOME=/opt/rustwide/cargo-home" "-e" "RUSTUP_HOME=/opt/rustwide/rustup-home" "-w" "/opt/rustwide/workdir" "-m" "1610612736" "--user" "0:0" "--network" "none" "ghcr.io/rust-lang/crates-build-env/linux@sha256:4a844ea9eb2546a2d2c7022eacef16ef2e8229c7fbb2c7d4d55a9ceca922f72d" "/opt/rustwide/cargo-home/bin/cargo" "+nightly-2024-10-28" "test" "--frozen", kill_on_drop: false }`
[INFO] [stdout] b96afe50c303806aba54d33cf72a54ac43c207c6bcc4a784a4f6609ac9bb8c9c
[INFO] running `Command { std: "docker" "start" "-a" "b96afe50c303806aba54d33cf72a54ac43c207c6bcc4a784a4f6609ac9bb8c9c", kill_on_drop: false }`
[INFO] [stderr] warning: unused imports: `IResult`, `character::complete::space1`, `sequence::delimited`, `tag_no_case`, `tag`, and `take_till`
[INFO] [stderr]  --> src/sql/clauses/wheres/fts.rs:2:23
[INFO] [stderr]   |
[INFO] [stderr] 2 |     bytes::complete::{tag, tag_no_case, take_till},
[INFO] [stderr]   |                       ^^^  ^^^^^^^^^^^  ^^^^^^^^^
[INFO] [stderr] 3 |     character::complete::space1,
[INFO] [stderr]   |     ^^^^^^^^^^^^^^^^^^^^^^^^^^^
[INFO] [stderr] 4 |     sequence::delimited,
[INFO] [stderr]   |     ^^^^^^^^^^^^^^^^^^^
[INFO] [stderr] 5 |     IResult,
[INFO] [stderr]   |     ^^^^^^^
[INFO] [stderr]   |
[INFO] [stderr]   = note: `#[warn(unused_imports)]` on by default
[INFO] [stderr] 
[INFO] [stderr] warning: unused imports: `data_value::DataValue` and `operators::op::Op`
[INFO] [stderr]  --> src/sql/clauses/wheres/fts.rs:8:34
[INFO] [stderr]   |
[INFO] [stderr] 8 | use crate::sql::{column::Column, data_value::DataValue, operators::op::Op};
[INFO] [stderr]   |                                  ^^^^^^^^^^^^^^^^^^^^^  ^^^^^^^^^^^^^^^^^
[INFO] [stderr] 
[INFO] [stderr] warning: unused imports: `IResult`, `alphanumeric1`, `multispace1`, `sequence::delimited`, `space1`, `tag_no_case`, `tag`, and `take_till`
[INFO] [stderr]  --> src/sql/clauses/wheres/where_clause.rs:2:23
[INFO] [stderr]   |
[INFO] [stderr] 2 |     bytes::complete::{tag, tag_no_case, take_till},
[INFO] [stderr]   |                       ^^^  ^^^^^^^^^^^  ^^^^^^^^^
[INFO] [stderr] 3 |     character::complete::{alphanumeric1, multispace1, space1},
[INFO] [stderr]   |                           ^^^^^^^^^^^^^  ^^^^^^^^^^^  ^^^^^^
[INFO] [stderr] 4 |     sequence::delimited,
[INFO] [stderr]   |     ^^^^^^^^^^^^^^^^^^^
[INFO] [stderr] 5 |     IResult,
[INFO] [stderr]   |     ^^^^^^^
[INFO] [stderr] 
[INFO] [stderr] warning: unused imports: `column::Column`, `column_def::column_name`, and `operators::op::Op`
[INFO] [stderr]  --> src/sql/clauses/wheres/where_clause.rs:9:5
[INFO] [stderr]   |
[INFO] [stderr] 9 |     column::Column, column_def::column_name, data_value::DataValue, operators::op::Op,
[INFO] [stderr]   |     ^^^^^^^^^^^^^^  ^^^^^^^^^^^^^^^^^^^^^^^                         ^^^^^^^^^^^^^^^^^
[INFO] [stderr] 
[INFO] [stderr] warning: unused import: `super::fts::FTSWhereClause`
[INFO] [stderr]   --> src/sql/clauses/wheres/where_clause.rs:12:5
[INFO] [stderr]    |
[INFO] [stderr] 12 | use super::fts::FTSWhereClause;
[INFO] [stderr]    |     ^^^^^^^^^^^^^^^^^^^^^^^^^^
[INFO] [stderr] 
[INFO] [stderr] warning: unused import: `fts::FTSWhereClause`
[INFO] [stderr]  --> src/sql/statements/select.rs:4:18
[INFO] [stderr]   |
[INFO] [stderr] 4 |         wheres::{fts::FTSWhereClause, where_type::WhereType},
[INFO] [stderr]   |                  ^^^^^^^^^^^^^^^^^^^
[INFO] [stderr] 
[INFO] [stderr] warning: unused import: `space1`
[INFO] [stderr]   --> src/sql/statements/select.rs:11:68
[INFO] [stderr]    |
[INFO] [stderr] 11 |     character::complete::{alphanumeric1, multispace0, multispace1, space1},
[INFO] [stderr]    |                                                                    ^^^^^^
[INFO] [stderr] 
[INFO] [stderr] warning: unused imports: `InMemoryReefDB` and `data_value::DataValue`
[INFO] [stderr]  --> src/transaction.rs:5:11
[INFO] [stderr]   |
[INFO] [stderr] 5 |     sql::{data_value::DataValue, statements::Statement},
[INFO] [stderr]   |           ^^^^^^^^^^^^^^^^^^^^^
[INFO] [stderr] 6 |     storage::Storage,
[INFO] [stderr] 7 |     InMemoryReefDB, ReefDB,
[INFO] [stderr]   |     ^^^^^^^^^^^^^^
[INFO] [stderr] 
[INFO] [stderr] warning: unused variable: `input`
[INFO] [stderr]   --> src/sql/statements/select.rs:90:14
[INFO] [stderr]    |
[INFO] [stderr] 90 |         let (input, statement) = result.unwrap();
[INFO] [stderr]    |              ^^^^^ help: if this is intentional, prefix it with an underscore: `_input`
[INFO] [stderr]    |
[INFO] [stderr]    = note: `#[warn(unused_variables)]` on by default
[INFO] [stderr] 
[INFO] [stderr] warning: unused `Result` that must be used
[INFO] [stderr]   --> src/transaction.rs:46:5
[INFO] [stderr]    |
[INFO] [stderr] 46 |     db.execute_statement(create_stmt);
[INFO] [stderr]    |     ^^^^^^^^^^^^^^^^^^^^^^^^^^^^^^^^^
[INFO] [stderr]    |
[INFO] [stderr]    = note: this `Result` may be an `Err` variant, which should be handled
[INFO] [stderr]    = note: `#[warn(unused_must_use)]` on by default
[INFO] [stderr] help: use `let _ = ...` to ignore the resulting value
[INFO] [stderr]    |
[INFO] [stderr] 46 |     let _ = db.execute_statement(create_stmt);
[INFO] [stderr]    |     +++++++
[INFO] [stderr] 
[INFO] [stderr] warning: unused `Result` that must be used
[INFO] [stderr]   --> src/transaction.rs:48:5
[INFO] [stderr]    |
[INFO] [stderr] 48 |     db.execute_statement(insert_stmt);
[INFO] [stderr]    |     ^^^^^^^^^^^^^^^^^^^^^^^^^^^^^^^^^
[INFO] [stderr]    |
[INFO] [stderr]    = note: this `Result` may be an `Err` variant, which should be handled
[INFO] [stderr] help: use `let _ = ...` to ignore the resulting value
[INFO] [stderr]    |
[INFO] [stderr] 48 |     let _ = db.execute_statement(insert_stmt);
[INFO] [stderr]    |     +++++++
[INFO] [stderr] 
[INFO] [stderr] warning: `reefdb` (lib) generated 8 warnings (run `cargo fix --lib -p reefdb` to apply 8 suggestions)
[INFO] [stderr] warning: `reefdb` (lib test) generated 10 warnings (7 duplicates)
[INFO] [stderr]     Finished `test` profile [unoptimized + debuginfo] target(s) in 0.02s
[INFO] [stderr]      Running unittests src/lib.rs (/opt/rustwide/target/debug/deps/reefdb-ed36ce2844bb574a)
[INFO] [stdout] 
[INFO] [stdout] running 31 tests
[INFO] [stdout] test indexes::fts::tokenizers::default::tests::tokenizer_test ... ok
[INFO] [stdout] test indexes::fts::memory::tests::test_inverted_index ... ok
[INFO] [stdout] test sql::clauses::join_clause::tests::join_parse_2_test ... ok
[INFO] [stdout] test sql::clauses::join_clause::tests::join_parse_test ... ok
[INFO] [stdout] test sql::clauses::wheres::where_type::tests::where_type_fts_test ... ok
[INFO] [stdout] test sql::column::tests::parser_test ... ok
[INFO] [stdout] test sql::column_def::tests::test_parse_column_def ... ok
[INFO] [stdout] test sql::column_def::tests::test_parse_column_def_with_constraints ... ok
[INFO] [stdout] test sql::column_def::tests::test_parse_column_def_with_foreign_key ... ok
[INFO] [stdout] test sql::column_value_pair::tests::parser_test ... ok
[INFO] [stdout] test sql::constraints::constraint::tests::parser_test ... ok
[INFO] [stdout] test sql::constraints::foreignkey::tests::parser_test ... ok
[INFO] [stdout] test sql::data_type::tests::parse_test ... ok
[INFO] [stdout] test sql::data_value::tests::parse_test ... ok
[INFO] [stdout] test sql::operators::op::tests::parse_test ... ok
[INFO] [stdout] test sql::statements::create::tests::parse_data_type_fts_text ... ok
[INFO] [stdout] test sql::statements::create::tests::parse_test ... ok
[INFO] [stdout] test sql::statements::delete::tests::parse_test ... ok
[INFO] [stdout] test sql::statements::insert::tests::parse_2_test ... ok
[INFO] [stdout] test sql::statements::insert::tests::parse_3_test ... ok
[INFO] [stdout] test sql::statements::select::tests::parse_select_join_test ... ok
[INFO] [stdout] test sql::statements::update::tests::parse_test ... ok
[INFO] [stdout] test storage::memory::tests::test ... ok
[INFO] [stdout] test sql::statements::select::tests::parse_select_test ... ok
[INFO] [stdout] test tests::test_delete ... ok
[INFO] [stdout] test transaction::test_transactions ... ok
[INFO] [stdout] test tests::test_database ... ok
[INFO] [stdout] test tests::test_inner_join ... ok
[INFO] [stdout] test tests::test_fts_text_search ... ok
[INFO] [stdout] test indexes::fts::disk::tests::test_on_disk_inverted_index ... ok
[INFO] [stdout] test tests::test_database_on_disk ... FAILED
[INFO] [stdout] 
[INFO] [stdout] failures:
[INFO] [stdout] 
[INFO] [stdout] ---- tests::test_database_on_disk stdout ----
[INFO] [stdout] thread 'tests::test_database_on_disk' panicked at src/storage/disk.rs:38:14:
[INFO] [stdout] called `Result::unwrap()` on an `Err` value: Os { code: 30, kind: ReadOnlyFilesystem, message: "Read-only file system" }
[INFO] [stdout] stack backtrace:
[INFO] [stdout]    0:     0x5f132bd2e4fa - std::backtrace_rs::backtrace::libunwind::trace::h207520d6e9873551
[INFO] [stdout]                                at /rustc/df4ca44d3fbc9301ee17f30f4d474e6ae4b05252/library/std/src/../../backtrace/src/backtrace/libunwind.rs:116:5
[INFO] [stdout]    1:     0x5f132bd2e4fa - std::backtrace_rs::backtrace::trace_unsynchronized::h2ed7433f370e3eca
[INFO] [stdout]                                at /rustc/df4ca44d3fbc9301ee17f30f4d474e6ae4b05252/library/std/src/../../backtrace/src/backtrace/mod.rs:66:5
[INFO] [stdout]    2:     0x5f132bd2e4fa - std::sys::backtrace::_print_fmt::h916fac51166b18d7
[INFO] [stdout]                                at /rustc/df4ca44d3fbc9301ee17f30f4d474e6ae4b05252/library/std/src/sys/backtrace.rs:66:9
[INFO] [stdout]    3:     0x5f132bd2e4fa - <std::sys::backtrace::BacktraceLock::print::DisplayBacktrace as core::fmt::Display>::fmt::ha0a4c9b8ce3802e6
[INFO] [stdout]                                at /rustc/df4ca44d3fbc9301ee17f30f4d474e6ae4b05252/library/std/src/sys/backtrace.rs:39:26
[INFO] [stdout]    4:     0x5f132bd54fb3 - core::fmt::rt::Argument::fmt::h4cfc8587d52b3eb5
[INFO] [stdout]                                at /rustc/df4ca44d3fbc9301ee17f30f4d474e6ae4b05252/library/core/src/fmt/rt.rs:177:76
[INFO] [stdout]    5:     0x5f132bd54fb3 - core::fmt::write::h522cc39e5b36ae9f
[INFO] [stdout]                                at /rustc/df4ca44d3fbc9301ee17f30f4d474e6ae4b05252/library/core/src/fmt/mod.rs:1190:21
[INFO] [stdout]    6:     0x5f132bd2aef3 - std::io::Write::write_fmt::h7d3c26752da97734
[INFO] [stdout]                                at /rustc/df4ca44d3fbc9301ee17f30f4d474e6ae4b05252/library/std/src/io/mod.rs:1839:15
[INFO] [stdout]    7:     0x5f132bd2e342 - std::sys::backtrace::BacktraceLock::print::h4b9e00b29e9c0942
[INFO] [stdout]                                at /rustc/df4ca44d3fbc9301ee17f30f4d474e6ae4b05252/library/std/src/sys/backtrace.rs:42:9
[INFO] [stdout]    8:     0x5f132bd2f98a - std::panicking::default_hook::{{closure}}::hb59b88280d0324d9
[INFO] [stdout]                                at /rustc/df4ca44d3fbc9301ee17f30f4d474e6ae4b05252/library/std/src/panicking.rs:268:22
[INFO] [stdout]    9:     0x5f132bd2f794 - std::panicking::default_hook::he1dd496665be4a29
[INFO] [stdout]                                at /rustc/df4ca44d3fbc9301ee17f30f4d474e6ae4b05252/library/std/src/panicking.rs:292:9
[INFO] [stdout]   10:     0x5f132bce30d9 - <alloc::boxed::Box<F,A> as core::ops::function::Fn<Args>>::call::h4ff71de18744e1dc
[INFO] [stdout]                                at /rustc/df4ca44d3fbc9301ee17f30f4d474e6ae4b05252/library/alloc/src/boxed.rs:2468:9
[INFO] [stdout]   11:     0x5f132bce30d9 - test::test_main::{{closure}}::hcf7c055ce117aa81
[INFO] [stdout]                                at /rustc/df4ca44d3fbc9301ee17f30f4d474e6ae4b05252/library/test/src/lib.rs:133:21
[INFO] [stdout]   12:     0x5f132bd30088 - <alloc::boxed::Box<F,A> as core::ops::function::Fn<Args>>::call::h1d66c6bbd60c9692
[INFO] [stdout]                                at /rustc/df4ca44d3fbc9301ee17f30f4d474e6ae4b05252/library/alloc/src/boxed.rs:2468:9
[INFO] [stdout]   13:     0x5f132bd30088 - std::panicking::rust_panic_with_hook::h2ff17fe8f26dfcf8
[INFO] [stdout]                                at /rustc/df4ca44d3fbc9301ee17f30f4d474e6ae4b05252/library/std/src/panicking.rs:809:13
[INFO] [stdout]   14:     0x5f132bd2fe4a - std::panicking::begin_panic_handler::{{closure}}::h4fad77951c07e101
[INFO] [stdout]                                at /rustc/df4ca44d3fbc9301ee17f30f4d474e6ae4b05252/library/std/src/panicking.rs:674:13
[INFO] [stdout]   15:     0x5f132bd2e9d9 - std::sys::backtrace::__rust_end_short_backtrace::hb1a25b3da5d0ea08
[INFO] [stdout]                                at /rustc/df4ca44d3fbc9301ee17f30f4d474e6ae4b05252/library/std/src/sys/backtrace.rs:170:18
[INFO] [stdout]   16:     0x5f132bd2fadc - rust_begin_unwind
[INFO] [stdout]                                at /rustc/df4ca44d3fbc9301ee17f30f4d474e6ae4b05252/library/std/src/panicking.rs:665:5
[INFO] [stdout]   17:     0x5f132bd53620 - core::panicking::panic_fmt::ha9db07b529f9b256
[INFO] [stdout]                                at /rustc/df4ca44d3fbc9301ee17f30f4d474e6ae4b05252/library/core/src/panicking.rs:75:14
[INFO] [stdout]   18:     0x5f132bd53a66 - core::result::unwrap_failed::h5e8218e4d4338b8a
[INFO] [stdout]                                at /rustc/df4ca44d3fbc9301ee17f30f4d474e6ae4b05252/library/core/src/result.rs:1698:5
[INFO] [stdout]   19:     0x5f132bc8326e - core::result::Result<T,E>::unwrap::h8b6a8e990b2e38c2
[INFO] [stdout]                                at /rustc/df4ca44d3fbc9301ee17f30f4d474e6ae4b05252/library/core/src/result.rs:1103:23
[INFO] [stdout]   20:     0x5f132bc8326e - reefdb::storage::disk::OnDiskStorage::save::h3ebace73785da1dd
[INFO] [stdout]                                at /opt/rustwide/workdir/src/storage/disk.rs:34:20
[INFO] [stdout]   21:     0x5f132bc83602 - <reefdb::storage::disk::OnDiskStorage as reefdb::storage::Storage>::insert_table::h7169d74cff7097d6
[INFO] [stdout]                                at /opt/rustwide/workdir/src/storage/disk.rs:59:9
[INFO] [stdout]   22:     0x5f132bc7cc72 - reefdb::ReefDB<S,FTS>::execute_statement::h7c7c1b6ecca4a284
[INFO] [stdout]                                at /opt/rustwide/workdir/src/lib.rs:108:17
[INFO] [stdout]   23:     0x5f132bc78024 - reefdb::ReefDB<S,FTS>::query::he034b8569b6ce348
[INFO] [stdout]                                at /opt/rustwide/workdir/src/lib.rs:61:30
[INFO] [stdout]   24:     0x5f132bc8a703 - reefdb::tests::test_database_on_disk::he5999c2c5a413275
[INFO] [stdout]                                at /opt/rustwide/workdir/src/lib.rs:491:26
[INFO] [stdout]   25:     0x5f132bc8a347 - reefdb::tests::test_database_on_disk::{{closure}}::ha7a63c254a24eaaa
[INFO] [stdout]                                at /opt/rustwide/workdir/src/lib.rs:474:31
[INFO] [stdout]   26:     0x5f132bc35066 - core::ops::function::FnOnce::call_once::h2c5e84c28a279703
[INFO] [stdout]                                at /rustc/df4ca44d3fbc9301ee17f30f4d474e6ae4b05252/library/core/src/ops/function.rs:250:5
[INFO] [stdout]   27:     0x5f132bce79ab - core::ops::function::FnOnce::call_once::h22c3ba5715e93f05
[INFO] [stdout]                                at /rustc/df4ca44d3fbc9301ee17f30f4d474e6ae4b05252/library/core/src/ops/function.rs:250:5
[INFO] [stdout]   28:     0x5f132bce79ab - test::__rust_begin_short_backtrace::h8e82d8113d0da17f
[INFO] [stdout]                                at /rustc/df4ca44d3fbc9301ee17f30f4d474e6ae4b05252/library/test/src/lib.rs:621:18
[INFO] [stdout]   29:     0x5f132bce7327 - test::run_test_in_process::{{closure}}::h33235f4f20b7b7c7
[INFO] [stdout]                                at /rustc/df4ca44d3fbc9301ee17f30f4d474e6ae4b05252/library/test/src/lib.rs:644:60
[INFO] [stdout]   30:     0x5f132bce7327 - <core::panic::unwind_safe::AssertUnwindSafe<F> as core::ops::function::FnOnce<()>>::call_once::hb5043206310c586f
[INFO] [stdout]                                at /rustc/df4ca44d3fbc9301ee17f30f4d474e6ae4b05252/library/core/src/panic/unwind_safe.rs:272:9
[INFO] [stdout]   31:     0x5f132bce7327 - std::panicking::try::do_call::h9ad4731a60ab23e2
[INFO] [stdout]                                at /rustc/df4ca44d3fbc9301ee17f30f4d474e6ae4b05252/library/std/src/panicking.rs:557:40
[INFO] [stdout]   32:     0x5f132bce7327 - std::panicking::try::h3824d23db772a716
[INFO] [stdout]                                at /rustc/df4ca44d3fbc9301ee17f30f4d474e6ae4b05252/library/std/src/panicking.rs:520:19
[INFO] [stdout]   33:     0x5f132bce7327 - std::panic::catch_unwind::h5afd514605fde46b
[INFO] [stdout]                                at /rustc/df4ca44d3fbc9301ee17f30f4d474e6ae4b05252/library/std/src/panic.rs:358:14
[INFO] [stdout]   34:     0x5f132bce7327 - test::run_test_in_process::h0d5cbfa7067d1720
[INFO] [stdout]                                at /rustc/df4ca44d3fbc9301ee17f30f4d474e6ae4b05252/library/test/src/lib.rs:644:27
[INFO] [stdout]   35:     0x5f132bce7327 - test::run_test::{{closure}}::h708eb8872708115d
[INFO] [stdout]                                at /rustc/df4ca44d3fbc9301ee17f30f4d474e6ae4b05252/library/test/src/lib.rs:565:43
[INFO] [stdout]   36:     0x5f132bcaaa44 - test::run_test::{{closure}}::h392c51cee94713ab
[INFO] [stdout]                                at /rustc/df4ca44d3fbc9301ee17f30f4d474e6ae4b05252/library/test/src/lib.rs:595:41
[INFO] [stdout]   37:     0x5f132bcaaa44 - std::sys::backtrace::__rust_begin_short_backtrace::h2f40290710935a8b
[INFO] [stdout]                                at /rustc/df4ca44d3fbc9301ee17f30f4d474e6ae4b05252/library/std/src/sys/backtrace.rs:154:18
[INFO] [stdout]   38:     0x5f132bcae1ee - std::thread::Builder::spawn_unchecked_::{{closure}}::{{closure}}::h3fd968d89053a903
[INFO] [stdout]                                at /rustc/df4ca44d3fbc9301ee17f30f4d474e6ae4b05252/library/std/src/thread/mod.rs:541:17
[INFO] [stdout]   39:     0x5f132bcae1ee - <core::panic::unwind_safe::AssertUnwindSafe<F> as core::ops::function::FnOnce<()>>::call_once::h743f637ba4229880
[INFO] [stdout]                                at /rustc/df4ca44d3fbc9301ee17f30f4d474e6ae4b05252/library/core/src/panic/unwind_safe.rs:272:9
[INFO] [stdout]   40:     0x5f132bcae1ee - std::panicking::try::do_call::h07440897322525a6
[INFO] [stdout]                                at /rustc/df4ca44d3fbc9301ee17f30f4d474e6ae4b05252/library/std/src/panicking.rs:557:40
[INFO] [stdout]   41:     0x5f132bcae1ee - std::panicking::try::he5a2e00188156637
[INFO] [stdout]                                at /rustc/df4ca44d3fbc9301ee17f30f4d474e6ae4b05252/library/std/src/panicking.rs:520:19
[INFO] [stdout]   42:     0x5f132bcae1ee - std::panic::catch_unwind::hbaf3cae49b3c6433
[INFO] [stdout]                                at /rustc/df4ca44d3fbc9301ee17f30f4d474e6ae4b05252/library/std/src/panic.rs:358:14
[INFO] [stdout]   43:     0x5f132bcae1ee - std::thread::Builder::spawn_unchecked_::{{closure}}::h8e141ea224820bce
[INFO] [stdout]                                at /rustc/df4ca44d3fbc9301ee17f30f4d474e6ae4b05252/library/std/src/thread/mod.rs:540:30
[INFO] [stdout]   44:     0x5f132bcae1ee - core::ops::function::FnOnce::call_once{{vtable.shim}}::h90d312fedd7b8ea8
[INFO] [stdout]                                at /rustc/df4ca44d3fbc9301ee17f30f4d474e6ae4b05252/library/core/src/ops/function.rs:250:5
[INFO] [stdout]   45:     0x5f132bd33f6b - <alloc::boxed::Box<F,A> as core::ops::function::FnOnce<Args>>::call_once::h69aa08ddb6adb8b6
[INFO] [stdout]                                at /rustc/df4ca44d3fbc9301ee17f30f4d474e6ae4b05252/library/alloc/src/boxed.rs:2454:9
[INFO] [stdout]   46:     0x5f132bd33f6b - <alloc::boxed::Box<F,A> as core::ops::function::FnOnce<Args>>::call_once::h5aa36efdb79c806f
[INFO] [stdout]                                at /rustc/df4ca44d3fbc9301ee17f30f4d474e6ae4b05252/library/alloc/src/boxed.rs:2454:9
[INFO] [stdout]   47:     0x5f132bd33f6b - std::sys::pal::unix::thread::Thread::new::thread_start::h6cd80a1b4be5158d
[INFO] [stdout]                                at /rustc/df4ca44d3fbc9301ee17f30f4d474e6ae4b05252/library/std/src/sys/pal/unix/thread.rs:105:17
[INFO] [stdout]   48:     0x7964bf8a2ac3 - <unknown>
[INFO] [stdout]   49:     0x7964bf933a04 - clone
[INFO] [stdout]   50:                0x0 - <unknown>
[INFO] [stdout] 
[INFO] [stdout] 
[INFO] [stdout] failures:
[INFO] [stdout]     tests::test_database_on_disk
[INFO] [stdout] 
[INFO] [stdout] test result: FAILED. 30 passed; 1 failed; 0 ignored; 0 measured; 0 filtered out; finished in 0.02s
[INFO] [stdout] 
[INFO] [stderr] error: test failed, to rerun pass `--lib`
[INFO] running `Command { std: "docker" "inspect" "b96afe50c303806aba54d33cf72a54ac43c207c6bcc4a784a4f6609ac9bb8c9c", kill_on_drop: false }`
[INFO] running `Command { std: "docker" "rm" "-f" "b96afe50c303806aba54d33cf72a54ac43c207c6bcc4a784a4f6609ac9bb8c9c", kill_on_drop: false }`
[INFO] [stdout] b96afe50c303806aba54d33cf72a54ac43c207c6bcc4a784a4f6609ac9bb8c9c
