[INFO] fetching crate reedline 0.36.0...
[INFO] testing reedline-0.36.0 against nightly-2024-10-28+rustflags=-Zrandomize-layout for randomize-layout
[INFO] extracting crate reedline 0.36.0 into /workspace/builds/worker-5-tc2/source
[INFO] validating manifest of crates.io crate reedline 0.36.0 on toolchain nightly-2024-10-28
[INFO] running `Command { std: CARGO_HOME="/workspace/cargo-home" RUSTUP_HOME="/workspace/rustup-home" "/workspace/cargo-home/bin/cargo" "+nightly-2024-10-28" "metadata" "--manifest-path" "Cargo.toml" "--no-deps", kill_on_drop: false }`
[INFO] started tweaking crates.io crate reedline 0.36.0
[INFO] removed 0 missing examples
[INFO] finished tweaking crates.io crate reedline 0.36.0
[INFO] tweaked toml for crates.io crate reedline 0.36.0 written to /workspace/builds/worker-5-tc2/source/Cargo.toml
[INFO] crate crates.io crate reedline 0.36.0 already has a lockfile, it will not be regenerated
[INFO] running `Command { std: CARGO_HOME="/workspace/cargo-home" RUSTUP_HOME="/workspace/rustup-home" "/workspace/cargo-home/bin/cargo" "+nightly-2024-10-28" "fetch" "--manifest-path" "Cargo.toml", kill_on_drop: false }`
[INFO] running `Command { std: "docker" "create" "-v" "/var/lib/crater-agent-workspace/builds/worker-5-tc2/target:/opt/rustwide/target:rw,Z" "-v" "/var/lib/crater-agent-workspace/builds/worker-5-tc2/source:/opt/rustwide/workdir:ro,Z" "-v" "/var/lib/crater-agent-workspace/cargo-home:/opt/rustwide/cargo-home:ro,Z" "-v" "/var/lib/crater-agent-workspace/rustup-home:/opt/rustwide/rustup-home:ro,Z" "-e" "SOURCE_DIR=/opt/rustwide/workdir" "-e" "CARGO_TARGET_DIR=/opt/rustwide/target" "-e" "CARGO_HOME=/opt/rustwide/cargo-home" "-e" "RUSTUP_HOME=/opt/rustwide/rustup-home" "-w" "/opt/rustwide/workdir" "-m" "1610612736" "--user" "0:0" "--network" "none" "ghcr.io/rust-lang/crates-build-env/linux@sha256:4a844ea9eb2546a2d2c7022eacef16ef2e8229c7fbb2c7d4d55a9ceca922f72d" "/opt/rustwide/cargo-home/bin/cargo" "+nightly-2024-10-28" "metadata" "--no-deps" "--format-version=1", kill_on_drop: false }`
[INFO] [stdout] bd261584fc5f5bf52b32a4e76bd76e2ffe156e18f9093d269dee70d078696200
[INFO] running `Command { std: "docker" "start" "-a" "bd261584fc5f5bf52b32a4e76bd76e2ffe156e18f9093d269dee70d078696200", kill_on_drop: false }`
[INFO] running `Command { std: "docker" "inspect" "bd261584fc5f5bf52b32a4e76bd76e2ffe156e18f9093d269dee70d078696200", kill_on_drop: false }`
[INFO] running `Command { std: "docker" "rm" "-f" "bd261584fc5f5bf52b32a4e76bd76e2ffe156e18f9093d269dee70d078696200", kill_on_drop: false }`
[INFO] [stdout] bd261584fc5f5bf52b32a4e76bd76e2ffe156e18f9093d269dee70d078696200
[INFO] running `Command { std: "docker" "create" "-v" "/var/lib/crater-agent-workspace/builds/worker-5-tc2/target:/opt/rustwide/target:rw,Z" "-v" "/var/lib/crater-agent-workspace/builds/worker-5-tc2/source:/opt/rustwide/workdir:ro,Z" "-v" "/var/lib/crater-agent-workspace/cargo-home:/opt/rustwide/cargo-home:ro,Z" "-v" "/var/lib/crater-agent-workspace/rustup-home:/opt/rustwide/rustup-home:ro,Z" "-e" "SOURCE_DIR=/opt/rustwide/workdir" "-e" "CARGO_TARGET_DIR=/opt/rustwide/target" "-e" "CARGO_INCREMENTAL=0" "-e" "RUST_BACKTRACE=full" "-e" "RUSTFLAGS=--cap-lints=forbid -Zrandomize-layout" "-e" "RUSTDOCFLAGS=--cap-lints=forbid" "-e" "CARGO_HOME=/opt/rustwide/cargo-home" "-e" "RUSTUP_HOME=/opt/rustwide/rustup-home" "-w" "/opt/rustwide/workdir" "-m" "1610612736" "--user" "0:0" "--network" "none" "ghcr.io/rust-lang/crates-build-env/linux@sha256:4a844ea9eb2546a2d2c7022eacef16ef2e8229c7fbb2c7d4d55a9ceca922f72d" "/opt/rustwide/cargo-home/bin/cargo" "+nightly-2024-10-28" "build" "--frozen" "--message-format=json", kill_on_drop: false }`
[INFO] [stdout] a92eb0fcdbe1dbaa74cd4f5437d7a9447aaf7353640a367ec16cd7fd175015e2
[INFO] running `Command { std: "docker" "start" "-a" "a92eb0fcdbe1dbaa74cd4f5437d7a9447aaf7353640a367ec16cd7fd175015e2", kill_on_drop: false }`
[INFO] [stderr]    Compiling proc-macro2 v1.0.79
[INFO] [stderr]    Compiling libc v0.2.153
[INFO] [stderr]    Compiling serde v1.0.197
[INFO] [stderr]    Compiling rustix v0.38.34
[INFO] [stderr]    Compiling signal-hook v0.3.17
[INFO] [stderr]    Compiling log v0.4.21
[INFO] [stderr]    Compiling rustversion v1.0.14
[INFO] [stderr]    Compiling linux-raw-sys v0.4.13
[INFO] [stderr]    Compiling thiserror v1.0.58
[INFO] [stderr]    Compiling iana-time-zone v0.1.60
[INFO] [stderr]    Compiling num-traits v0.2.18
[INFO] [stderr]    Compiling either v1.10.0
[INFO] [stderr]    Compiling nu-ansi-term v0.50.0
[INFO] [stderr]    Compiling unicode-segmentation v1.11.0
[INFO] [stderr]    Compiling strum v0.26.2
[INFO] [stderr]    Compiling itertools v0.12.1
[INFO] [stderr]    Compiling quote v1.0.35
[INFO] [stderr]    Compiling signal-hook-registry v1.4.1
[INFO] [stderr]    Compiling parking_lot_core v0.9.9
[INFO] [stderr]    Compiling mio v1.0.2
[INFO] [stderr]    Compiling syn v2.0.55
[INFO] [stderr]    Compiling vte_generate_state_changes v0.1.1
[INFO] [stderr]    Compiling parking_lot v0.12.1
[INFO] [stderr]    Compiling vte v0.11.1
[INFO] [stderr]    Compiling signal-hook-mio v0.2.4
[INFO] [stderr]    Compiling strip-ansi-escapes v0.2.0
[INFO] [stderr]    Compiling serde_derive v1.0.197
[INFO] [stderr]    Compiling thiserror-impl v1.0.58
[INFO] [stderr]    Compiling strum_macros v0.26.2
[INFO] [stderr]    Compiling bitflags v2.5.0
[INFO] [stderr]    Compiling chrono v0.4.35
[INFO] [stderr]    Compiling crossterm v0.28.1
[INFO] [stderr]    Compiling fd-lock v4.0.2
[INFO] [stderr]    Compiling reedline v0.36.0 (/opt/rustwide/workdir)
[INFO] [stderr]     Finished `dev` profile [unoptimized + debuginfo] target(s) in 9.73s
[INFO] running `Command { std: "docker" "inspect" "a92eb0fcdbe1dbaa74cd4f5437d7a9447aaf7353640a367ec16cd7fd175015e2", kill_on_drop: false }`
[INFO] running `Command { std: "docker" "rm" "-f" "a92eb0fcdbe1dbaa74cd4f5437d7a9447aaf7353640a367ec16cd7fd175015e2", kill_on_drop: false }`
[INFO] [stdout] a92eb0fcdbe1dbaa74cd4f5437d7a9447aaf7353640a367ec16cd7fd175015e2
[INFO] running `Command { std: "docker" "create" "-v" "/var/lib/crater-agent-workspace/builds/worker-5-tc2/target:/opt/rustwide/target:rw,Z" "-v" "/var/lib/crater-agent-workspace/builds/worker-5-tc2/source:/opt/rustwide/workdir:ro,Z" "-v" "/var/lib/crater-agent-workspace/cargo-home:/opt/rustwide/cargo-home:ro,Z" "-v" "/var/lib/crater-agent-workspace/rustup-home:/opt/rustwide/rustup-home:ro,Z" "-e" "SOURCE_DIR=/opt/rustwide/workdir" "-e" "CARGO_TARGET_DIR=/opt/rustwide/target" "-e" "CARGO_INCREMENTAL=0" "-e" "RUST_BACKTRACE=full" "-e" "RUSTFLAGS=--cap-lints=forbid -Zrandomize-layout" "-e" "RUSTDOCFLAGS=--cap-lints=forbid" "-e" "CARGO_HOME=/opt/rustwide/cargo-home" "-e" "RUSTUP_HOME=/opt/rustwide/rustup-home" "-w" "/opt/rustwide/workdir" "-m" "1610612736" "--user" "0:0" "--network" "none" "ghcr.io/rust-lang/crates-build-env/linux@sha256:4a844ea9eb2546a2d2c7022eacef16ef2e8229c7fbb2c7d4d55a9ceca922f72d" "/opt/rustwide/cargo-home/bin/cargo" "+nightly-2024-10-28" "test" "--frozen" "--no-run" "--message-format=json", kill_on_drop: false }`
[INFO] [stdout] bb64e1cc044c38687f0a62e86e55faf561efc3b70db3a3ad8e24acd31463eaf7
[INFO] running `Command { std: "docker" "start" "-a" "bb64e1cc044c38687f0a62e86e55faf561efc3b70db3a3ad8e24acd31463eaf7", kill_on_drop: false }`
[INFO] [stderr]    Compiling semver v1.0.22
[INFO] [stderr]    Compiling memchr v2.7.1
[INFO] [stderr]    Compiling regex-syntax v0.8.2
[INFO] [stderr]    Compiling glob v0.3.1
[INFO] [stderr]    Compiling relative-path v1.9.2
[INFO] [stderr]    Compiling diff v0.1.13
[INFO] [stderr]    Compiling syn v2.0.55
[INFO] [stderr]    Compiling fastrand v2.0.2
[INFO] [stderr]    Compiling yansi v0.5.1
[INFO] [stderr]    Compiling gethostname v0.4.3
[INFO] [stderr]    Compiling pretty_assertions v1.4.0
[INFO] [stderr]    Compiling rustc_version v0.4.0
[INFO] [stderr]    Compiling aho-corasick v1.1.3
[INFO] [stderr]    Compiling rstest_macros v0.18.2
[INFO] [stderr]    Compiling regex-automata v0.4.6
[INFO] [stderr]    Compiling regex v1.10.4
[INFO] [stderr]    Compiling serde_derive v1.0.197
[INFO] [stderr]    Compiling thiserror-impl v1.0.58
[INFO] [stderr]    Compiling strum_macros v0.26.2
[INFO] [stderr]    Compiling thiserror v1.0.58
[INFO] [stderr]    Compiling rstest v0.18.2
[INFO] [stderr]    Compiling serde v1.0.197
[INFO] [stderr]    Compiling bitflags v2.5.0
[INFO] [stderr]    Compiling chrono v0.4.35
[INFO] [stderr]    Compiling rustix v0.38.34
[INFO] [stderr]    Compiling fd-lock v4.0.2
[INFO] [stderr]    Compiling crossterm v0.28.1
[INFO] [stderr]    Compiling tempfile v3.10.1
[INFO] [stderr]    Compiling reedline v0.36.0 (/opt/rustwide/workdir)
[INFO] [stderr]     Finished `test` profile [unoptimized + debuginfo] target(s) in 11.77s
[INFO] running `Command { std: "docker" "inspect" "bb64e1cc044c38687f0a62e86e55faf561efc3b70db3a3ad8e24acd31463eaf7", kill_on_drop: false }`
[INFO] running `Command { std: "docker" "rm" "-f" "bb64e1cc044c38687f0a62e86e55faf561efc3b70db3a3ad8e24acd31463eaf7", kill_on_drop: false }`
[INFO] [stdout] bb64e1cc044c38687f0a62e86e55faf561efc3b70db3a3ad8e24acd31463eaf7
[INFO] running `Command { std: "docker" "create" "-v" "/var/lib/crater-agent-workspace/builds/worker-5-tc2/target:/opt/rustwide/target:rw,Z" "-v" "/var/lib/crater-agent-workspace/builds/worker-5-tc2/source:/opt/rustwide/workdir:ro,Z" "-v" "/var/lib/crater-agent-workspace/cargo-home:/opt/rustwide/cargo-home:ro,Z" "-v" "/var/lib/crater-agent-workspace/rustup-home:/opt/rustwide/rustup-home:ro,Z" "-e" "SOURCE_DIR=/opt/rustwide/workdir" "-e" "CARGO_TARGET_DIR=/opt/rustwide/target" "-e" "CARGO_INCREMENTAL=0" "-e" "RUST_BACKTRACE=full" "-e" "RUSTFLAGS=--cap-lints=forbid -Zrandomize-layout" "-e" "RUSTDOCFLAGS=--cap-lints=forbid" "-e" "CARGO_HOME=/opt/rustwide/cargo-home" "-e" "RUSTUP_HOME=/opt/rustwide/rustup-home" "-w" "/opt/rustwide/workdir" "-m" "1610612736" "--user" "0:0" "--network" "none" "ghcr.io/rust-lang/crates-build-env/linux@sha256:4a844ea9eb2546a2d2c7022eacef16ef2e8229c7fbb2c7d4d55a9ceca922f72d" "/opt/rustwide/cargo-home/bin/cargo" "+nightly-2024-10-28" "test" "--frozen", kill_on_drop: false }`
[INFO] [stdout] acc240a006990c25afa1c3f4a81b22fb874befc68374a9702a1ba7040b9cd000
[INFO] running `Command { std: "docker" "start" "-a" "acc240a006990c25afa1c3f4a81b22fb874befc68374a9702a1ba7040b9cd000", kill_on_drop: false }`
[INFO] [stderr]     Finished `test` profile [unoptimized + debuginfo] target(s) in 0.10s
[INFO] [stderr]      Running unittests src/lib.rs (/opt/rustwide/target/debug/deps/reedline-6af9ec5421a41cf0)
[INFO] [stdout] 
[INFO] [stdout] running 470 tests
[INFO] [stdout] test completion::default::tests::default_completer_with_non_ansi ... ok
[INFO] [stdout] test completion::default::tests::default_completer_with_start_strings ... ok
[INFO] [stdout] test completion::history::tests::complete_doesnt_return_duplicates::case_1 ... ok
[INFO] [stdout] test completion::history::tests::complete_doesnt_return_duplicates::case_3 ... ok
[INFO] [stdout] test completion::history::tests::complete_doesnt_return_duplicates::case_2 ... ok
[INFO] [stdout] test completion::history::tests::duplicates_in_history ... ok
[INFO] [stdout] test core_editor::clip_buffer::tests::reads_back_local ... ok
[INFO] [stdout] test core_editor::edit_stack::test::insert_works::case_1 ... ok
[INFO] [stdout] test core_editor::edit_stack::test::insert_works::case_2 ... ok
[INFO] [stdout] test core_editor::edit_stack::test::redo_works::case_1 ... ok
[INFO] [stdout] test core_editor::edit_stack::test::redo_works::case_2 ... ok
[INFO] [stdout] test core_editor::edit_stack::test::undo_works::case_1 ... ok
[INFO] [stdout] test core_editor::edit_stack::test::undo_works::case_2 ... ok
[INFO] [stdout] test core_editor::editor::test::test_cut_big_word_left::case_1 ... ok
[INFO] [stdout] test core_editor::editor::test::test_cut_big_word_left::case_2 ... ok
[INFO] [stdout] test core_editor::editor::test::test_cut_big_word_left::case_3 ... ok
[INFO] [stdout] test core_editor::editor::test::test_cut_big_word_left::case_4 ... ok
[INFO] [stdout] test core_editor::editor::test::test_cut_right_until_char::case_3 ... ignored, Deleting two consecutive chars is not implemented correctly and needs the multiplier explicitly.
[INFO] [stdout] test core_editor::editor::test::test_cut_right_until_char::case_1 ... ok
[INFO] [stdout] test core_editor::editor::test::test_cut_right_until_char::case_2 ... ok
[INFO] [stdout] test core_editor::editor::test::test_cut_right_until_char::case_4 ... ok
[INFO] [stdout] test core_editor::editor::test::test_cut_right_until_char::case_5 ... ok
[INFO] [stdout] test core_editor::editor::test::test_cut_right_until_char::case_6 ... ok
[INFO] [stdout] test core_editor::editor::test::test_cut_right_until_char::case_7 ... ok
[INFO] [stdout] test core_editor::editor::test::test_cut_right_until_char::case_8 ... ok
[INFO] [stdout] test core_editor::editor::test::test_cut_word_left::case_1 ... ok
[INFO] [stdout] test core_editor::editor::test::test_cut_word_left::case_2 ... ok
[INFO] [stdout] test core_editor::editor::test::test_cut_word_left::case_3 ... ok
[INFO] [stdout] test core_editor::editor::test::test_replace_char::case_1 ... ok
[INFO] [stdout] test core_editor::editor::test::test_replace_char::case_2 ... ok
[INFO] [stdout] test core_editor::editor::test::test_replace_char::case_3 ... ok
[INFO] [stdout] test core_editor::editor::test::test_replace_char::case_4 ... ok
[INFO] [stdout] test core_editor::editor::test::test_undo_backspace_with_crlf ... ok
[INFO] [stdout] test core_editor::editor::test::test_undo_delete_with_crlf ... ok
[INFO] [stdout] test core_editor::editor::test::test_undo_backspace_works_on_word_boundaries ... ok
[INFO] [stdout] test core_editor::editor::test::test_undo_backspace_with_newline ... ok
[INFO] [stdout] test core_editor::editor::test::test_undo_delete_with_newline ... ok
[INFO] [stdout] test core_editor::editor::test::test_undo_delete_works_on_word_boundaries ... ok
[INFO] [stdout] test core_editor::editor::test::test_undo_insert_with_newline ... ok
[INFO] [stdout] test core_editor::editor::test::test_undo_insert_works_on_work_boundaries ... ok
[INFO] [stdout] test core_editor::line_buffer::test::capitalize_char_works::case_3 ... ok
[INFO] [stdout] test core_editor::line_buffer::test::delete_left_grapheme_works::case_1 ... ok
[INFO] [stdout] test core_editor::line_buffer::test::delete_left_grapheme_works::case_2 ... ok
[INFO] [stdout] test core_editor::line_buffer::test::delete_left_grapheme_works::case_3 ... ok
[INFO] [stdout] test core_editor::line_buffer::test::delete_right_grapheme_works::case_1 ... ok
[INFO] [stdout] test core_editor::line_buffer::test::delete_right_grapheme_works::case_2 ... ok
[INFO] [stdout] test core_editor::line_buffer::test::delete_right_grapheme_works::case_3 ... ok
[INFO] [stdout] test core_editor::line_buffer::test::capitalize_char_works::case_1 ... ok
[INFO] [stdout] test core_editor::line_buffer::test::delete_word_left_works ... ok
[INFO] [stdout] test core_editor::line_buffer::test::insert_str_updates_insertion_point_point_correctly ... ok
[INFO] [stdout] test core_editor::line_buffer::test::capitalize_char_works::case_2 ... ok
[INFO] [stdout] test core_editor::line_buffer::test::delete_word_right_works ... ok
[INFO] [stdout] test core_editor::line_buffer::test::lowercase_word_works::case_2 ... ok
[INFO] [stdout] test core_editor::line_buffer::test::insert_char_updates_insertion_point_point_correctly ... ok
[INFO] [stdout] test core_editor::line_buffer::test::lowercase_word_works::case_4 ... ok
[INFO] [stdout] test core_editor::line_buffer::test::lowercase_word_works::case_5 ... ok
[INFO] [stdout] test core_editor::line_buffer::test::moving_down_works::case_02 ... ok
[INFO] [stdout] test core_editor::line_buffer::test::lowercase_word_works::case_3 ... ok
[INFO] [stdout] test core_editor::line_buffer::test::moving_down_works::case_03 ... ok
[INFO] [stdout] test core_editor::line_buffer::test::moving_down_works::case_05 ... ok
[INFO] [stdout] test core_editor::line_buffer::test::lowercase_word_works::case_1 ... ok
[INFO] [stdout] test core_editor::line_buffer::test::moving_down_works::case_06 ... ok
[INFO] [stdout] test core_editor::line_buffer::test::moving_down_works::case_04 ... ok
[INFO] [stdout] test core_editor::line_buffer::test::moving_down_works::case_01 ... ok
[INFO] [stdout] test core_editor::line_buffer::test::moving_down_works::case_07 ... ok
[INFO] [stdout] test core_editor::line_buffer::test::moving_down_works::case_08 ... ok
[INFO] [stdout] test core_editor::line_buffer::test::moving_down_works::case_10 ... ok
[INFO] [stdout] test core_editor::line_buffer::test::moving_down_works::case_09 ... ok
[INFO] [stdout] test core_editor::line_buffer::test::moving_up_works::case_1 ... ok
[INFO] [stdout] test core_editor::line_buffer::test::moving_up_works::case_2 ... ok
[INFO] [stdout] test core_editor::line_buffer::test::moving_up_works::case_3 ... ok
[INFO] [stdout] test core_editor::line_buffer::test::moving_up_works::case_5 ... ok
[INFO] [stdout] test core_editor::line_buffer::test::moving_up_works::case_4 ... ok
[INFO] [stdout] test core_editor::line_buffer::test::moving_up_works::case_6 ... ok
[INFO] [stdout] test core_editor::line_buffer::test::moving_up_works::case_7 ... ok
[INFO] [stdout] test core_editor::line_buffer::test::set_buffer_updates_insertion_point_to_new_buffer_length::case_1 ... ok
[INFO] [stdout] test core_editor::line_buffer::test::swap_graphemes_work::case_1 ... ok
[INFO] [stdout] test core_editor::line_buffer::test::swap_graphemes_work::case_2 ... ok
[INFO] [stdout] test core_editor::line_buffer::test::swap_graphemes_work::case_3 ... ok
[INFO] [stdout] test core_editor::line_buffer::test::set_buffer_updates_insertion_point_to_new_buffer_length::case_2 ... ok
[INFO] [stdout] test core_editor::line_buffer::test::swap_words_works::case_2 ... ok
[INFO] [stdout] test core_editor::line_buffer::test::swap_graphemes_work::case_4 ... ok
[INFO] [stdout] test core_editor::line_buffer::test::swap_words_works::case_3 ... ok
[INFO] [stdout] test core_editor::line_buffer::test::switchcase_char::case_1 ... ok
[INFO] [stdout] test core_editor::line_buffer::test::switchcase_char::case_2 ... ok
[INFO] [stdout] test core_editor::line_buffer::test::switchcase_char::case_3 ... ok
[INFO] [stdout] test core_editor::line_buffer::test::switchcase_char::case_4 ... ok
[INFO] [stdout] test core_editor::line_buffer::test::switchcase_char::case_7 ... ok
[INFO] [stdout] test core_editor::line_buffer::test::switchcase_char::case_5 ... ok
[INFO] [stdout] test core_editor::line_buffer::test::switchcase_char::case_8 ... ok
[INFO] [stdout] test core_editor::line_buffer::test::swap_words_works::case_1 ... ok
[INFO] [stdout] test core_editor::line_buffer::test::test_big_word_left_index::case_2 ... ok
[INFO] [stdout] test core_editor::line_buffer::test::switchcase_char::case_6 ... ok
[INFO] [stdout] test core_editor::line_buffer::test::test_big_word_left_index::case_3 ... ok
[INFO] [stdout] test core_editor::line_buffer::test::test_big_word_left_index::case_1 ... ok
[INFO] [stdout] test core_editor::line_buffer::test::test_big_word_left_index::case_4 ... ok
[INFO] [stdout] test core_editor::line_buffer::test::test_big_word_right_end_index::case_1 ... ok
[INFO] [stdout] test core_editor::line_buffer::test::test_big_word_right_end_index::case_2 ... ok
[INFO] [stdout] test core_editor::line_buffer::test::test_big_word_right_end_index::case_3 ... ok
[INFO] [stdout] test core_editor::line_buffer::test::test_big_word_right_end_index::case_4 ... ok
[INFO] [stdout] test core_editor::line_buffer::test::test_big_word_right_end_index::case_5 ... ok
[INFO] [stdout] test core_editor::line_buffer::test::test_big_word_right_end_index::case_7 ... ok
[INFO] [stdout] test core_editor::line_buffer::test::test_big_word_right_end_index::case_6 ... ok
[INFO] [stdout] test core_editor::line_buffer::test::test_big_word_right_end_index::case_8 ... ok
[INFO] [stdout] test core_editor::line_buffer::test::test_big_word_right_end_index::case_9 ... ok
[INFO] [stdout] test core_editor::line_buffer::test::test_big_word_right_start_index::case_1 ... ok
[INFO] [stdout] test core_editor::line_buffer::test::test_big_word_right_start_index::case_2 ... ok
[INFO] [stdout] test core_editor::line_buffer::test::test_big_word_right_start_index::case_3 ... ok
[INFO] [stdout] test core_editor::line_buffer::test::test_clear_to_line_end::case_1 ... ok
[INFO] [stdout] test core_editor::line_buffer::test::test_clear_to_line_end::case_2 ... ok
[INFO] [stdout] test core_editor::line_buffer::test::test_clear_to_line_end::case_3 ... ok
[INFO] [stdout] test core_editor::line_buffer::test::test_clearing_line_buffer_resets_buffer_and_insertion_point ... ok
[INFO] [stdout] test core_editor::line_buffer::test::test_current_line_num::case_1 ... ok
[INFO] [stdout] test core_editor::line_buffer::test::test_current_line_num::case_2 ... ok
[INFO] [stdout] test core_editor::line_buffer::test::test_current_line_num::case_3 ... ok
[INFO] [stdout] test core_editor::line_buffer::test::test_current_line_num::case_4 ... ok
[INFO] [stdout] test core_editor::line_buffer::test::test_current_line_num::case_5 ... ok
[INFO] [stdout] test core_editor::line_buffer::test::test_current_line_num::case_6 ... ok
[INFO] [stdout] test core_editor::line_buffer::test::test_current_line_num::case_8 ... ok
[INFO] [stdout] test core_editor::line_buffer::test::test_current_line_num::case_9 ... ok
[INFO] [stdout] test core_editor::line_buffer::test::test_current_line_num::case_7 ... ok
[INFO] [stdout] test core_editor::line_buffer::test::test_current_line_range::case_1 ... ok
[INFO] [stdout] test core_editor::line_buffer::test::test_current_line_range::case_2 ... ok
[INFO] [stdout] test core_editor::line_buffer::test::test_current_line_range::case_4 ... ok
[INFO] [stdout] test core_editor::line_buffer::test::test_current_line_range::case_5 ... ok
[INFO] [stdout] test core_editor::line_buffer::test::test_current_line_range::case_3 ... ok
[INFO] [stdout] test core_editor::line_buffer::test::test_current_line_range::case_7 ... ok
[INFO] [stdout] test core_editor::line_buffer::test::test_current_line_range::case_6 ... ok
[INFO] [stdout] test core_editor::line_buffer::test::test_current_line_range::case_8 ... ok
[INFO] [stdout] test core_editor::line_buffer::test::test_delete_before::case_1 ... ok
[INFO] [stdout] test core_editor::line_buffer::test::test_delete_before::case_2 ... ok
[INFO] [stdout] test core_editor::line_buffer::test::test_delete_before::case_3 ... ok
[INFO] [stdout] test core_editor::line_buffer::test::test_delete_before_left::case_1 ... ok
[INFO] [stdout] test core_editor::line_buffer::test::test_delete_before_left::case_2 ... ok
[INFO] [stdout] test core_editor::line_buffer::test::test_delete_before_left::case_3 ... ok
[INFO] [stdout] test core_editor::line_buffer::test::test_delete_until::case_1 ... ok
[INFO] [stdout] test core_editor::line_buffer::test::test_delete_until::case_2 ... ok
[INFO] [stdout] test core_editor::line_buffer::test::test_delete_until::case_3 ... ok
[INFO] [stdout] test core_editor::line_buffer::test::test_delete_until::case_4 ... ok
[INFO] [stdout] test core_editor::line_buffer::test::test_delete_until_left::case_1 ... ok
[INFO] [stdout] test core_editor::line_buffer::test::test_delete_until_left::case_2 ... ok
[INFO] [stdout] test core_editor::line_buffer::test::test_delete_until_left::case_3 ... ok
[INFO] [stdout] test core_editor::line_buffer::test::test_delete_until_left::case_4 ... ok
[INFO] [stdout] test core_editor::line_buffer::test::test_delete_until_left::case_5 ... ok
[INFO] [stdout] test core_editor::line_buffer::test::test_find_current_line_end::case_1 ... ok
[INFO] [stdout] test core_editor::line_buffer::test::test_find_current_line_end::case_2 ... ok
[INFO] [stdout] test core_editor::line_buffer::test::test_find_current_line_end::case_5 ... ok
[INFO] [stdout] test core_editor::line_buffer::test::test_find_current_line_end::case_3 ... ok
[INFO] [stdout] test core_editor::line_buffer::test::test_find_current_line_end::case_6 ... ok
[INFO] [stdout] test core_editor::line_buffer::test::test_find_current_line_end::case_4 ... ok
[INFO] [stdout] test core_editor::line_buffer::test::test_find_current_line_end::case_7 ... ok
[INFO] [stdout] test core_editor::line_buffer::test::test_find_current_line_end::case_8 ... ok
[INFO] [stdout] test core_editor::line_buffer::test::test_first_line_detection::case_1 ... ok
[INFO] [stdout] test core_editor::line_buffer::test::test_first_line_detection::case_4 ... ok
[INFO] [stdout] test core_editor::line_buffer::test::test_first_line_detection::case_2 ... ok
[INFO] [stdout] test core_editor::line_buffer::test::test_last_line_detection::case_1 ... ok
[INFO] [stdout] test core_editor::line_buffer::test::test_last_line_detection::case_2 ... ok
[INFO] [stdout] test core_editor::line_buffer::test::test_last_line_detection::case_3 ... ok
[INFO] [stdout] test core_editor::line_buffer::test::test_find_current_line_end::case_9 ... ok
[INFO] [stdout] test core_editor::line_buffer::test::test_last_line_detection::case_6 ... ok
[INFO] [stdout] test core_editor::line_buffer::test::test_first_line_detection::case_3 ... ok
[INFO] [stdout] test core_editor::line_buffer::test::test_last_line_detection::case_7 ... ok
[INFO] [stdout] test core_editor::line_buffer::test::test_last_line_detection::case_8 ... ok
[INFO] [stdout] test core_editor::line_buffer::test::test_last_line_detection::case_4 ... ok
[INFO] [stdout] test core_editor::line_buffer::test::test_move_left_before::case_1 ... ok
[INFO] [stdout] test core_editor::line_buffer::test::test_last_line_detection::case_5 ... ok
[INFO] [stdout] test core_editor::line_buffer::test::test_move_left_before::case_2 ... ok
[INFO] [stdout] test core_editor::line_buffer::test::test_move_left_until::case_1 ... ok
[INFO] [stdout] test core_editor::line_buffer::test::test_move_left_until::case_3 ... ok
[INFO] [stdout] test core_editor::line_buffer::test::test_move_right_before::case_1 ... ok
[INFO] [stdout] test core_editor::line_buffer::test::test_move_right_before::case_2 ... ok
[INFO] [stdout] test core_editor::line_buffer::test::test_move_left_until::case_2 ... ok
[INFO] [stdout] test core_editor::line_buffer::test::test_move_right_before::case_3 ... ok
[INFO] [stdout] test core_editor::line_buffer::test::test_move_left_before::case_3 ... ok
[INFO] [stdout] test core_editor::line_buffer::test::test_move_right_until::case_3 ... ok
[INFO] [stdout] test core_editor::line_buffer::test::test_move_right_before::case_4 ... ok
[INFO] [stdout] test core_editor::line_buffer::test::test_move_right_until::case_4 ... ok
[INFO] [stdout] test core_editor::line_buffer::test::test_move_right_until::case_5 ... ok
[INFO] [stdout] test core_editor::line_buffer::test::test_move_right_until::case_1 ... ok
[INFO] [stdout] test core_editor::line_buffer::test::test_move_right_until::case_6 ... ok
[INFO] [stdout] test core_editor::line_buffer::test::test_move_right_until::case_8 ... ok
[INFO] [stdout] test core_editor::line_buffer::test::test_move_right_until::case_7 ... ok
[INFO] [stdout] test core_editor::line_buffer::test::test_move_right_until::case_9 ... ok
[INFO] [stdout] test core_editor::line_buffer::test::test_move_right_until::case_2 ... ok
[INFO] [stdout] test core_editor::line_buffer::test::test_move_to_line_end::case_1 ... ok
[INFO] [stdout] test core_editor::line_buffer::test::test_move_to_line_end::case_3 ... ok
[INFO] [stdout] test core_editor::line_buffer::test::test_move_to_line_end::case_4 ... ok
[INFO] [stdout] test core_editor::line_buffer::test::test_move_to_line_end::case_2 ... ok
[INFO] [stdout] test core_editor::line_buffer::test::test_move_to_line_end::case_7 ... ok
[INFO] [stdout] test core_editor::line_buffer::test::test_move_to_line_end::case_5 ... ok
[INFO] [stdout] test core_editor::line_buffer::test::test_move_to_line_start::case_1 ... ok
[INFO] [stdout] test core_editor::line_buffer::test::test_move_to_line_start::case_2 ... ok
[INFO] [stdout] test core_editor::line_buffer::test::test_move_to_line_end::case_6 ... ok
[INFO] [stdout] test core_editor::line_buffer::test::test_move_to_line_start::case_3 ... ok
[INFO] [stdout] test core_editor::line_buffer::test::test_move_to_line_start::case_5 ... ok
[INFO] [stdout] test core_editor::line_buffer::test::test_move_to_line_start::case_6 ... ok
[INFO] [stdout] test core_editor::line_buffer::test::test_move_to_line_start::case_7 ... ok
[INFO] [stdout] test core_editor::line_buffer::test::test_move_to_line_start::case_8 ... ok
[INFO] [stdout] test core_editor::line_buffer::test::test_move_word_right_end::case_01 ... ok
[INFO] [stdout] test core_editor::line_buffer::test::test_move_to_line_start::case_4 ... ok
[INFO] [stdout] test core_editor::line_buffer::test::test_move_word_right_end::case_03 ... ok
[INFO] [stdout] test core_editor::line_buffer::test::test_move_word_right_end::case_02 ... ok
[INFO] [stdout] test core_editor::line_buffer::test::test_move_word_right_end::case_04 ... ok
[INFO] [stdout] test core_editor::line_buffer::test::test_move_word_right_end::case_05 ... ok
[INFO] [stdout] test core_editor::line_buffer::test::test_move_word_right_end::case_06 ... ok
[INFO] [stdout] test core_editor::line_buffer::test::test_move_word_right_end::case_09 ... ok
[INFO] [stdout] test core_editor::line_buffer::test::test_move_word_right_end::case_07 ... ok
[INFO] [stdout] test core_editor::line_buffer::test::test_move_word_right_end::case_10 ... ok
[INFO] [stdout] test core_editor::line_buffer::test::test_move_word_right_end::case_08 ... ok
[INFO] [stdout] test core_editor::line_buffer::test::test_move_word_right_end::case_11 ... ok
[INFO] [stdout] test core_editor::line_buffer::test::test_move_word_right_end::case_12 ... ok
[INFO] [stdout] test core_editor::line_buffer::test::test_new_buffer_is_empty ... ok
[INFO] [stdout] test core_editor::line_buffer::test::test_move_word_right_end::case_13 ... ok
[INFO] [stdout] test core_editor::line_buffer::test::test_next_whitespace::case_2 ... ok
[INFO] [stdout] test core_editor::line_buffer::test::test_move_word_right_end::case_14 ... ok
[INFO] [stdout] test core_editor::line_buffer::test::test_num_lines::case_1 ... ok
[INFO] [stdout] test core_editor::line_buffer::test::test_next_whitespace::case_3 ... ok
[INFO] [stdout] test core_editor::line_buffer::test::test_next_whitespace::case_1 ... ok
[INFO] [stdout] test core_editor::line_buffer::test::test_num_lines::case_2 ... ok
[INFO] [stdout] test core_editor::line_buffer::test::test_num_lines::case_3 ... ok
[INFO] [stdout] test core_editor::line_buffer::test::test_num_lines::case_4 ... ok
[INFO] [stdout] test core_editor::line_buffer::test::test_num_lines::case_5 ... ok
[INFO] [stdout] test core_editor::line_buffer::test::test_word_left_index::case_1 ... ok
[INFO] [stdout] test core_editor::line_buffer::test::test_word_right_end_index::case_1 ... ok
[INFO] [stdout] test core_editor::line_buffer::test::test_word_left_index::case_2 ... ok
[INFO] [stdout] test core_editor::line_buffer::test::test_word_right_end_index::case_2 ... ok
[INFO] [stdout] test core_editor::line_buffer::test::test_word_right_end_index::case_3 ... ok
[INFO] [stdout] test core_editor::line_buffer::test::test_word_right_end_index::case_4 ... ok
[INFO] [stdout] test core_editor::line_buffer::test::test_word_left_index::case_3 ... ok
[INFO] [stdout] test core_editor::line_buffer::test::test_word_right_end_index::case_5 ... ok
[INFO] [stdout] test core_editor::line_buffer::test::test_word_right_end_index::case_6 ... ok
[INFO] [stdout] test core_editor::line_buffer::test::test_word_right_start_index::case_1 ... ok
[INFO] [stdout] test core_editor::line_buffer::test::test_word_right_start_index::case_2 ... ok
[INFO] [stdout] test core_editor::line_buffer::test::test_word_right_start_index::case_3 ... ok
[INFO] [stdout] test core_editor::line_buffer::test::uppercase_word_works::case_1 ... ok
[INFO] [stdout] test core_editor::line_buffer::test::uppercase_word_works::case_2 ... ok
[INFO] [stdout] test core_editor::line_buffer::test::uppercase_word_works::case_3 ... ok
[INFO] [stdout] test core_editor::line_buffer::test::uppercase_word_works::case_5 ... ok
[INFO] [stdout] test core_editor::line_buffer::test::uppercase_word_works::case_4 ... ok
[INFO] [stdout] test edit_mode::emacs::test::inserting_capital_character_for_non_ascii_remains_as_is ... ok
[INFO] [stdout] test edit_mode::emacs::test::ctrl_l_leads_to_clear_screen_event ... ok
[INFO] [stdout] test edit_mode::emacs::test::inserting_capital_character_works ... ok
[INFO] [stdout] test edit_mode::emacs::test::inserting_character_works ... ok
[INFO] [stdout] test edit_mode::emacs::test::return_none_reedline_event_when_keybinding_is_not_found ... ok
[INFO] [stdout] test edit_mode::emacs::test::overriding_default_keybindings_works ... ok
[INFO] [stdout] test edit_mode::vi::parser::tests::test_find_action ... ok
[INFO] [stdout] test edit_mode::vi::parser::tests::test_delete_without_motion ... ok
[INFO] [stdout] test edit_mode::vi::parser::tests::test_find_motion ... ok
[INFO] [stdout] test edit_mode::vi::parser::tests::test_partial_action ... ok
[INFO] [stdout] test edit_mode::vi::parser::tests::test_delete_word ... ok
[INFO] [stdout] test edit_mode::vi::parser::tests::test_partial_motion ... ok
[INFO] [stdout] test edit_mode::vi::parser::tests::test_reedline_memory_move::case_01 ... ok
[INFO] [stdout] test edit_mode::vi::parser::tests::test_reedline_memory_move::case_02 ... ok
[INFO] [stdout] test edit_mode::vi::parser::tests::test_reedline_memory_move::case_03 ... ok
[INFO] [stdout] test edit_mode::vi::parser::tests::test_reedline_memory_move::case_04 ... ok
[INFO] [stdout] test edit_mode::vi::parser::tests::test_reedline_memory_move::case_05 ... ok
[INFO] [stdout] test edit_mode::vi::parser::tests::test_reedline_memory_move::case_07 ... ok
[INFO] [stdout] test edit_mode::vi::parser::tests::test_reedline_memory_move::case_06 ... ok
[INFO] [stdout] test edit_mode::vi::parser::tests::test_reedline_memory_move::case_08 ... ok
[INFO] [stdout] test edit_mode::vi::parser::tests::test_has_garbage ... ok
[INFO] [stdout] test edit_mode::vi::parser::tests::test_reedline_memory_move::case_09 ... ok
[INFO] [stdout] test edit_mode::vi::parser::tests::test_reedline_memory_move::case_10 ... ok
[INFO] [stdout] test edit_mode::vi::parser::tests::test_reedline_move::case_02 ... ok
[INFO] [stdout] test edit_mode::vi::parser::tests::test_reedline_move::case_03 ... ok
[INFO] [stdout] test edit_mode::vi::parser::tests::test_reedline_memory_move::case_12 ... ok
[INFO] [stdout] test edit_mode::vi::parser::tests::test_reedline_move::case_04 ... ok
[INFO] [stdout] test edit_mode::vi::parser::tests::test_reedline_move::case_05 ... ok
[INFO] [stdout] test edit_mode::vi::parser::tests::test_reedline_memory_move::case_11 ... ok
[INFO] [stdout] test edit_mode::vi::parser::tests::test_reedline_move::case_06 ... ok
[INFO] [stdout] test edit_mode::vi::parser::tests::test_reedline_move::case_01 ... ok
[INFO] [stdout] test edit_mode::vi::parser::tests::test_reedline_move::case_09 ... ok
[INFO] [stdout] test edit_mode::vi::parser::tests::test_reedline_move::case_10 ... ok
[INFO] [stdout] test edit_mode::vi::parser::tests::test_reedline_move::case_07 ... ok
[INFO] [stdout] test edit_mode::vi::parser::tests::test_reedline_move::case_13 ... ok
[INFO] [stdout] test edit_mode::vi::parser::tests::test_reedline_move::case_12 ... ok
[INFO] [stdout] test edit_mode::vi::parser::tests::test_reedline_move::case_14 ... ok
[INFO] [stdout] test edit_mode::vi::parser::tests::test_reedline_move::case_16 ... ok
[INFO] [stdout] test edit_mode::vi::parser::tests::test_reedline_move::case_15 ... ok
[INFO] [stdout] test edit_mode::vi::parser::tests::test_reedline_move::case_11 ... ok
[INFO] [stdout] test edit_mode::vi::parser::tests::test_reedline_move::case_17 ... ok
[INFO] [stdout] test edit_mode::vi::parser::tests::test_reedline_move::case_21 ... ok
[INFO] [stdout] test edit_mode::vi::parser::tests::test_reedline_move::case_22 ... ok
[INFO] [stdout] test edit_mode::vi::parser::tests::test_reedline_move::case_08 ... ok
[INFO] [stdout] test edit_mode::vi::parser::tests::test_reedline_move::case_20 ... ok
[INFO] [stdout] test edit_mode::vi::parser::tests::test_reedline_move::case_18 ... ok
[INFO] [stdout] test edit_mode::vi::parser::tests::test_reedline_move::case_23 ... ok
[INFO] [stdout] test edit_mode::vi::parser::tests::test_reedline_move::case_19 ... ok
[INFO] [stdout] test edit_mode::vi::parser::tests::test_reedline_move::case_24 ... ok
[INFO] [stdout] test edit_mode::vi::parser::tests::test_reedline_move::case_25 ... ok
[INFO] [stdout] test edit_mode::vi::parser::tests::test_reedline_move::case_26 ... ok
[INFO] [stdout] test edit_mode::vi::parser::tests::test_reedline_move::case_28 ... ok
[INFO] [stdout] test edit_mode::vi::parser::tests::test_reedline_move::case_27 ... ok
[INFO] [stdout] test edit_mode::vi::parser::tests::test_reedline_move::case_29 ... ok
[INFO] [stdout] test edit_mode::vi::parser::tests::test_reedline_move::case_30 ... ok
[INFO] [stdout] test edit_mode::vi::parser::tests::test_reedline_move::case_31 ... ok
[INFO] [stdout] test edit_mode::vi::parser::tests::test_reedline_move::case_35 ... ok
[INFO] [stdout] test edit_mode::vi::parser::tests::test_reedline_move::case_36 ... ok
[INFO] [stdout] test edit_mode::vi::parser::tests::test_reedline_move::case_37 ... ok
[INFO] [stdout] test edit_mode::vi::parser::tests::test_reedline_move::case_32 ... ok
[INFO] [stdout] test edit_mode::vi::parser::tests::test_reedline_move::case_38 ... ok
[INFO] [stdout] test edit_mode::vi::parser::tests::test_reedline_move::case_40 ... ok
[INFO] [stdout] test edit_mode::vi::parser::tests::test_reedline_move::case_39 ... ok
[INFO] [stdout] test edit_mode::vi::parser::tests::test_reedline_move::case_41 ... ok
[INFO] [stdout] test edit_mode::vi::parser::tests::test_reedline_move::case_42 ... ok
[INFO] [stdout] test edit_mode::vi::parser::tests::test_reedline_move::case_43 ... ok
[INFO] [stdout] test edit_mode::vi::parser::tests::test_reedline_move::case_33 ... ok
[INFO] [stdout] test edit_mode::vi::parser::tests::test_reedline_move_in_visual_mode::case_03 ... ok
[INFO] [stdout] test edit_mode::vi::parser::tests::test_reedline_move_in_visual_mode::case_02 ... ok
[INFO] [stdout] test edit_mode::vi::parser::tests::test_reedline_move_in_visual_mode::case_04 ... ok
[INFO] [stdout] test edit_mode::vi::parser::tests::test_reedline_move::case_44 ... ok
[INFO] [stdout] test edit_mode::vi::parser::tests::test_reedline_move_in_visual_mode::case_05 ... ok
[INFO] [stdout] test edit_mode::vi::parser::tests::test_reedline_move::case_34 ... ok
[INFO] [stdout] test edit_mode::vi::parser::tests::test_reedline_move_in_visual_mode::case_01 ... ok
[INFO] [stdout] test edit_mode::vi::parser::tests::test_reedline_move_in_visual_mode::case_07 ... ok
[INFO] [stdout] test edit_mode::vi::parser::tests::test_reedline_move_in_visual_mode::case_09 ... ok
[INFO] [stdout] test edit_mode::vi::parser::tests::test_reedline_move_in_visual_mode::case_08 ... ok
[INFO] [stdout] test edit_mode::vi::parser::tests::test_reedline_move_in_visual_mode::case_06 ... ok
[INFO] [stdout] test edit_mode::vi::parser::tests::test_reedline_move_in_visual_mode::case_10 ... ok
[INFO] [stdout] test edit_mode::vi::parser::tests::test_reedline_move_in_visual_mode::case_11 ... ok
[INFO] [stdout] test edit_mode::vi::parser::tests::test_reedline_move_in_visual_mode::case_13 ... ok
[INFO] [stdout] test edit_mode::vi::parser::tests::test_two_char_action_replace ... ok
[INFO] [stdout] test edit_mode::vi::parser::tests::test_reedline_move_in_visual_mode::case_12 ... ok
[INFO] [stdout] test edit_mode::vi::parser::tests::test_reedline_move_synonm::case_1 ... ok
[INFO] [stdout] test edit_mode::vi::parser::tests::test_two_delete_twenty_word ... ok
[INFO] [stdout] test edit_mode::vi::parser::tests::test_two_delete_two_lines ... ok
[INFO] [stdout] test edit_mode::vi::parser::tests::test_reedline_move_in_visual_mode::case_14 ... ok
[INFO] [stdout] test edit_mode::vi::parser::tests::test_reedline_move_synonm::case_2 ... ok
[INFO] [stdout] test edit_mode::vi::parser::tests::test_two_delete_two_word ... ok
[INFO] [stdout] test edit_mode::vi::parser::tests::test_two_delete_without_motion ... ok
[INFO] [stdout] test edit_mode::vi::parser::tests::test_two_delete_word ... ok
[INFO] [stdout] test edit_mode::vi::parser::tests::test_two_up ... ok
[INFO] [stdout] test edit_mode::vi::test::esc_leads_to_normal_mode_test ... ok
[INFO] [stdout] test engine::thread_safe ... ok
[INFO] [stdout] test history::base::test::create_file_backed_history ... ok
[INFO] [stdout] test edit_mode::vi::test::non_register_modifier_test ... ok
[INFO] [stdout] test edit_mode::vi::test::keybinding_with_super_modifier_test ... ok
[INFO] [stdout] test history::base::test::count_all ... ok
[INFO] [stdout] test history::base::test::get_earliest ... ok
[INFO] [stdout] test edit_mode::vi::test::keybinding_with_shift_modifier_test ... ok
[INFO] [stdout] test history::base::test::get_latest ... ok
[INFO] [stdout] test history::base::test::history_size_zero ... ok
[INFO] [stdout] test edit_mode::vi::test::keybinding_without_modifier_test ... ok
[INFO] [stdout] test history::base::test::search_includes ... ok
[INFO] [stdout] test history::base::test::clear_history ... ok
[INFO] [stdout] test history::base::test::search_prefix_is_case_sensitive ... ok
[INFO] [stdout] test history::cursor::tests::accessing_empty_history_returns_nothing ... ok
[INFO] [stdout] test history::cursor::tests::appends_only_unique ... ok
[INFO] [stdout] test history::base::test::search_includes_limit ... ok
[INFO] [stdout] test history::cursor::tests::going_backwards_bottoms_out ... ok
[INFO] [stdout] test history::cursor::tests::going_backwards_in_empty_history_does_not_error_out ... ok
[INFO] [stdout] test history::base::test::search_prefix ... ok
[INFO] [stdout] test history::cursor::tests::prefix_search_bottoms_out ... ok
[INFO] [stdout] test history::cursor::tests::prefix_search_ignores_consecutive_equivalent_entries_going_backwards ... ok
[INFO] [stdout] test history::cursor::tests::prefix_search_returns_to_none ... ok
[INFO] [stdout] test history::cursor::tests::going_forward_in_empty_history_does_not_error_out ... ok
[INFO] [stdout] test history::cursor::tests::prefix_search_ignores_consecutive_equivalent_entries_going_forwards ... ok
[INFO] [stdout] test history::cursor::tests::prefix_search_works ... ok
[INFO] [stdout] test history::cursor::tests::substring_search_with_empty_value_returns_none ... ok
[INFO] [stdout] test history::cursor::tests::going_forwards_bottoms_out ... ok
[INFO] [stdout] test history::cursor::tests::substring_search_works ... ok
[INFO] [stdout] test menu::columnar_menu::tests::partial_completion_fuzzy_matches::shared_prefix_completes_nothing ... ok
[INFO] [stdout] test menu::columnar_menu::tests::partial_completion_fuzzy_matches::no_shared_prefix_completes_nothing ... ok
[INFO] [stdout] test history::cursor::tests::concurrent_histories_do_not_erase_each_other ... ok
[INFO] [stdout] test history::cursor::tests::writes_to_new_file ... ok
[INFO] [stdout] test menu::columnar_menu::tests::partial_completion_prefix_matches::empty_completes_prefix ... ok
[INFO] [stdout] test menu::columnar_menu::tests::partial_completion_prefix_matches::full_prefix_completes_nothing ... ok
[INFO] [stdout] test menu::columnar_menu::tests::partial_completion_fuzzy_same_prefix_matches::completes_no_shared_prefix ... ok
[INFO] [stdout] test history::cursor::tests::persists_newlines_in_entries ... ok
[INFO] [stdout] test menu::columnar_menu::tests::test_menu_replace_backtick ... ok
[INFO] [stdout] test history::cursor::tests::truncates_too_large_file ... ok
[INFO] [stdout] test menu::ide_menu::tests::partial_completion_fuzzy_matches::no_shared_prefix_completes_nothing ... ok
[INFO] [stdout] test menu::ide_menu::tests::partial_completion_fuzzy_same_prefix_matches::completes_no_shared_prefix ... ok
[INFO] [stdout] test menu::ide_menu::tests::partial_completion_prefix_matches::empty_completes_prefix ... ok
[INFO] [stdout] test history::cursor::tests::truncates_file_to_capacity ... ok
[INFO] [stdout] test menu::columnar_menu::tests::partial_completion_prefix_matches::partial_completes_shared_prefix ... ok
[INFO] [stdout] test menu::ide_menu::tests::partial_completion_fuzzy_matches::shared_prefix_completes_nothing ... ok
[INFO] [stdout] test menu::ide_menu::tests::partial_completion_prefix_matches::full_prefix_completes_nothing ... ok
[INFO] [stdout] test menu::ide_menu::tests::test_menu_replace_backtick ... ok
[INFO] [stdout] test menu::ide_menu::tests::test_split_string::case_02 ... ok
[INFO] [stdout] test menu::ide_menu::tests::test_split_string::case_01 ... ok
[INFO] [stdout] test menu::ide_menu::tests::test_split_string::case_04 ... ok
[INFO] [stdout] test menu::ide_menu::tests::test_split_string::case_05 ... ok
[INFO] [stdout] test menu::ide_menu::tests::test_split_string::case_06 ... ok
[INFO] [stdout] test menu::ide_menu::tests::partial_completion_prefix_matches::partial_completes_shared_prefix ... ok
[INFO] [stdout] test menu::ide_menu::tests::test_regression_panic_on_long_item ... ok
[INFO] [stdout] test menu::ide_menu::tests::test_split_string::case_07 ... ok
[INFO] [stdout] test menu::ide_menu::tests::test_split_string::case_09 ... ok
[INFO] [stdout] test menu::ide_menu::tests::test_split_string::case_03 ... ok
[INFO] [stdout] test menu::ide_menu::tests::test_split_string::case_08 ... ok
[INFO] [stdout] test menu::ide_menu::tests::test_split_string::case_10 ... ok
[INFO] [stdout] test menu::ide_menu::tests::test_split_string::case_11 ... ok
[INFO] [stdout] test menu::ide_menu::tests::test_truncate_list_string::case_1 ... ok
[INFO] [stdout] test menu::ide_menu::tests::test_truncate_list_string::case_7 ... ok
[INFO] [stdout] test menu::list_menu::tests::lines_with_wrap_test ... ok
[INFO] [stdout] test menu::list_menu::tests::number_of_lines_test ... ok
[INFO] [stdout] test menu::ide_menu::tests::test_truncate_list_string::case_2 ... ok
[INFO] [stdout] test menu::list_menu::tests::number_of_max_lines_test ... ok
[INFO] [stdout] test menu::list_menu::tests::number_one_line_test ... ok
[INFO] [stdout] test menu::ide_menu::tests::test_truncate_list_string::case_3 ... ok
[INFO] [stdout] test menu::menu_functions::tests::find_common_string_with_ansi ... ok
[INFO] [stdout] test menu::menu_functions::tests::find_common_string_with_non_ansi ... ok
[INFO] [stdout] test menu::ide_menu::tests::test_truncate_list_string::case_4 ... ok
[INFO] [stdout] test menu::ide_menu::tests::test_truncate_list_string::case_5 ... ok
[INFO] [stdout] test menu::ide_menu::tests::test_truncate_list_string::case_6 ... ok
[INFO] [stdout] test menu::menu_functions::tests::parse_empty_buffer_test ... ok
[INFO] [stdout] test menu::menu_functions::tests::parse_row_fake_indicator_test ... ok
[INFO] [stdout] test menu::menu_functions::tests::parse_negative_direction ... ok
[INFO] [stdout] test menu::menu_functions::tests::parse_row_no_number_test ... ok
[INFO] [stdout] test menu::menu_functions::tests::parse_row_other_marker_test ... ok
[INFO] [stdout] test menu::menu_functions::tests::parse_row_test ... ok
[INFO] [stdout] test menu::menu_functions::tests::string_difference_both_equal ... ok
[INFO] [stdout] test menu::menu_functions::tests::string_difference_empty_old ... ok
[INFO] [stdout] test menu::menu_functions::tests::string_difference_longer_string ... ok
[INFO] [stdout] test menu::menu_functions::tests::parse_row_double_test ... ok
[INFO] [stdout] test menu::menu_functions::tests::string_difference_new_larger ... ok
[INFO] [stdout] test menu::menu_functions::tests::parse_row_empty_test ... ok
[INFO] [stdout] test menu::menu_functions::tests::string_difference_new_shorter ... ok
[INFO] [stdout] test menu::menu_functions::tests::string_difference_inserting ... ok
[INFO] [stdout] test menu::menu_functions::tests::string_difference_test ... ok
[INFO] [stdout] test menu::menu_functions::tests::string_difference_very_difference ... ok
[INFO] [stdout] test menu::menu_functions::tests::string_difference_with_non_ansi ... ok
[INFO] [stdout] test menu::menu_functions::tests::string_difference_start_same ... ok
[INFO] [stdout] test menu::menu_functions::tests::string_difference_with_repeat ... ok
[INFO] [stdout] test menu::menu_functions::tests::test_completer_input::case_3 ... ok
[INFO] [stdout] test menu::menu_functions::tests::test_completer_input::case_1 ... ok
[INFO] [stdout] test menu::menu_functions::tests::test_completer_input::case_4 ... ok
[INFO] [stdout] test menu::menu_functions::tests::test_replace_in_buffer::case_2 ... ok
[INFO] [stdout] test menu::menu_functions::tests::test_replace_in_buffer::case_1 ... ok
[INFO] [stdout] test menu::menu_functions::tests::test_replace_in_buffer::case_3 ... ok
[INFO] [stdout] test painting::painter::tests::test_select_existing_prompt ... ok
[INFO] [stdout] test painting::painter::tests::test_select_new_prompt_with_no_state_but_output ... ok
[INFO] [stdout] test painting::painter::tests::test_select_new_prompt_with_no_state_no_output ... ok
[INFO] [stdout] test menu::menu_functions::tests::test_completer_input::case_5 ... ok
[INFO] [stdout] test menu::menu_functions::tests::test_completer_input::case_6 ... ok
[INFO] [stdout] test painting::painter::tests::test_skip_lines ... ok
[INFO] [stdout] test menu::menu_functions::tests::test_completer_input::case_7 ... ok
[INFO] [stdout] test painting::painter::tests::test_skip_lines_no_newline ... ok
[INFO] [stdout] test menu::menu_functions::tests::test_completer_input::case_2 ... ok
[INFO] [stdout] test painting::prompt_lines::tests::test_cursor_pos::case_3 ... ok
[INFO] [stdout] test painting::prompt_lines::tests::test_cursor_pos::case_4 ... ok
[INFO] [stdout] test painting::painter::tests::test_skip_lines_with_limit ... ok
[INFO] [stdout] test painting::prompt_lines::tests::test_cursor_pos::case_5 ... ok
[INFO] [stdout] test painting::prompt_lines::tests::test_cursor_pos::case_1 ... ok
[INFO] [stdout] test painting::prompt_lines::tests::test_cursor_pos::case_6 ... ok
[INFO] [stdout] test painting::prompt_lines::tests::test_cursor_pos::case_7 ... ok
[INFO] [stdout] test painting::styled_text::test::regression_style_range_cargo_run ... ok
[INFO] [stdout] test painting::prompt_lines::tests::test_cursor_pos::case_8 ... ok
[INFO] [stdout] test painting::prompt_lines::tests::test_cursor_pos::case_2 ... ok
[INFO] [stdout] test painting::styled_text::test::style_range_complete_update_one_part ... ok
[INFO] [stdout] test painting::styled_text::test::style_range_from_second_to_last ... ok
[INFO] [stdout] test painting::styled_text::test::style_range_last_letter ... ok
[INFO] [stdout] test painting::styled_text::test::style_range_update_over_part ... ok
[INFO] [stdout] test painting::utils::test::test_coerce_crlf::case_1 ... ok
[INFO] [stdout] test painting::styled_text::test::style_range_partial_update_one_part ... ok
[INFO] [stdout] test painting::utils::test::test_coerce_crlf::case_3 ... ok
[INFO] [stdout] test painting::utils::test::test_coerce_crlf::case_2 ... ok
[INFO] [stdout] test painting::utils::test::test_coerce_crlf::case_4 ... ok
[INFO] [stdout] test painting::utils::test::test_coerce_crlf::case_6 ... ok
[INFO] [stdout] test painting::styled_text::test::style_range_update_over_boundary ... ok
[INFO] [stdout] test painting::utils::test::test_coerce_crlf::case_7 ... ok
[INFO] [stdout] test painting::utils::test::test_coerce_crlf::case_5 ... ok
[INFO] [stdout] test utils::text_manipulation::test::remove_last_char_works_with_empty_string ... ok
[INFO] [stdout] test validator::default::test::test_incomplete_brackets::case_3 ... ok
[INFO] [stdout] test validator::default::test::test_incomplete_brackets::case_4 ... ok
[INFO] [stdout] test utils::text_manipulation::test::remove_last_char_works_with_normal_string ... ok
[INFO] [stdout] test utils::text_manipulation::test::remove_last_char_works_with_string_containing_emojis ... ok
[INFO] [stdout] test validator::default::test::test_incomplete_brackets::case_1 ... ok
[INFO] [stdout] test validator::default::test::test_incomplete_brackets::case_2 ... ok
[INFO] [stdout] test history::cursor::tests::concurrent_histories_are_threadsafe ... ok
[INFO] [stdout] test history::base::test::clear_history_with_backing_file ... FAILED
[INFO] [stdout] 
[INFO] [stdout] failures:
[INFO] [stdout] 
[INFO] [stdout] ---- history::base::test::clear_history_with_backing_file stdout ----
[INFO] [stdout] thread 'history::base::test::clear_history_with_backing_file' panicked at src/history/base.rs:414:92:
[INFO] [stdout] called `Result::unwrap()` on an `Err` value: ReedlineError(IOError(Os { code: 30, kind: ReadOnlyFilesystem, message: "Read-only file system" }))
[INFO] [stdout] stack backtrace:
[INFO] [stdout]    0:     0x5ec3a06111da - std::backtrace_rs::backtrace::libunwind::trace::h207520d6e9873551
[INFO] [stdout]                                at /rustc/df4ca44d3fbc9301ee17f30f4d474e6ae4b05252/library/std/src/../../backtrace/src/backtrace/libunwind.rs:116:5
[INFO] [stdout]    1:     0x5ec3a06111da - std::backtrace_rs::backtrace::trace_unsynchronized::h2ed7433f370e3eca
[INFO] [stdout]                                at /rustc/df4ca44d3fbc9301ee17f30f4d474e6ae4b05252/library/std/src/../../backtrace/src/backtrace/mod.rs:66:5
[INFO] [stdout]    2:     0x5ec3a06111da - std::sys::backtrace::_print_fmt::h916fac51166b18d7
[INFO] [stdout]                                at /rustc/df4ca44d3fbc9301ee17f30f4d474e6ae4b05252/library/std/src/sys/backtrace.rs:66:9
[INFO] [stdout]    3:     0x5ec3a06111da - <std::sys::backtrace::BacktraceLock::print::DisplayBacktrace as core::fmt::Display>::fmt::ha0a4c9b8ce3802e6
[INFO] [stdout]                                at /rustc/df4ca44d3fbc9301ee17f30f4d474e6ae4b05252/library/std/src/sys/backtrace.rs:39:26
[INFO] [stdout]    4:     0x5ec3a0639ee3 - core::fmt::rt::Argument::fmt::h4cfc8587d52b3eb5
[INFO] [stdout]                                at /rustc/df4ca44d3fbc9301ee17f30f4d474e6ae4b05252/library/core/src/fmt/rt.rs:177:76
[INFO] [stdout]    5:     0x5ec3a0639ee3 - core::fmt::write::h522cc39e5b36ae9f
[INFO] [stdout]                                at /rustc/df4ca44d3fbc9301ee17f30f4d474e6ae4b05252/library/core/src/fmt/mod.rs:1190:21
[INFO] [stdout]    6:     0x5ec3a060db53 - std::io::Write::write_fmt::h7d3c26752da97734
[INFO] [stdout]                                at /rustc/df4ca44d3fbc9301ee17f30f4d474e6ae4b05252/library/std/src/io/mod.rs:1839:15
[INFO] [stdout]    7:     0x5ec3a0611022 - std::sys::backtrace::BacktraceLock::print::h4b9e00b29e9c0942
[INFO] [stdout]                                at /rustc/df4ca44d3fbc9301ee17f30f4d474e6ae4b05252/library/std/src/sys/backtrace.rs:42:9
[INFO] [stdout]    8:     0x5ec3a061266a - std::panicking::default_hook::{{closure}}::hb59b88280d0324d9
[INFO] [stdout]                                at /rustc/df4ca44d3fbc9301ee17f30f4d474e6ae4b05252/library/std/src/panicking.rs:268:22
[INFO] [stdout]    9:     0x5ec3a0612474 - std::panicking::default_hook::he1dd496665be4a29
[INFO] [stdout]                                at /rustc/df4ca44d3fbc9301ee17f30f4d474e6ae4b05252/library/std/src/panicking.rs:292:9
[INFO] [stdout]   10:     0x5ec3a0594849 - <alloc::boxed::Box<F,A> as core::ops::function::Fn<Args>>::call::h4ff71de18744e1dc
[INFO] [stdout]                                at /rustc/df4ca44d3fbc9301ee17f30f4d474e6ae4b05252/library/alloc/src/boxed.rs:2468:9
[INFO] [stdout]   11:     0x5ec3a0594849 - test::test_main::{{closure}}::hcf7c055ce117aa81
[INFO] [stdout]                                at /rustc/df4ca44d3fbc9301ee17f30f4d474e6ae4b05252/library/test/src/lib.rs:133:21
[INFO] [stdout]   12:     0x5ec3a0612d68 - <alloc::boxed::Box<F,A> as core::ops::function::Fn<Args>>::call::h1d66c6bbd60c9692
[INFO] [stdout]                                at /rustc/df4ca44d3fbc9301ee17f30f4d474e6ae4b05252/library/alloc/src/boxed.rs:2468:9
[INFO] [stdout]   13:     0x5ec3a0612d68 - std::panicking::rust_panic_with_hook::h2ff17fe8f26dfcf8
[INFO] [stdout]                                at /rustc/df4ca44d3fbc9301ee17f30f4d474e6ae4b05252/library/std/src/panicking.rs:809:13
[INFO] [stdout]   14:     0x5ec3a0612b2a - std::panicking::begin_panic_handler::{{closure}}::h4fad77951c07e101
[INFO] [stdout]                                at /rustc/df4ca44d3fbc9301ee17f30f4d474e6ae4b05252/library/std/src/panicking.rs:674:13
[INFO] [stdout]   15:     0x5ec3a06116b9 - std::sys::backtrace::__rust_end_short_backtrace::hb1a25b3da5d0ea08
[INFO] [stdout]                                at /rustc/df4ca44d3fbc9301ee17f30f4d474e6ae4b05252/library/std/src/sys/backtrace.rs:170:18
[INFO] [stdout]   16:     0x5ec3a06127bc - rust_begin_unwind
[INFO] [stdout]                                at /rustc/df4ca44d3fbc9301ee17f30f4d474e6ae4b05252/library/std/src/panicking.rs:665:5
[INFO] [stdout]   17:     0x5ec3a06388a0 - core::panicking::panic_fmt::ha9db07b529f9b256
[INFO] [stdout]                                at /rustc/df4ca44d3fbc9301ee17f30f4d474e6ae4b05252/library/core/src/panicking.rs:75:14
[INFO] [stdout]   18:     0x5ec3a0638d26 - core::result::unwrap_failed::h5e8218e4d4338b8a
[INFO] [stdout]                                at /rustc/df4ca44d3fbc9301ee17f30f4d474e6ae4b05252/library/core/src/result.rs:1698:5
[INFO] [stdout]   19:     0x5ec3a04b3844 - core::result::Result<T,E>::unwrap::hebbfb91898d01ed9
[INFO] [stdout]                                at /rustc/df4ca44d3fbc9301ee17f30f4d474e6ae4b05252/library/core/src/result.rs:1103:23
[INFO] [stdout]   20:     0x5ec3a04b3844 - reedline::history::base::test::clear_history_with_backing_file::open_history::he0c0d78155ffc6db
[INFO] [stdout]                                at /opt/rustwide/workdir/src/history/base.rs:414:17
[INFO] [stdout]   21:     0x5ec3a04b2d14 - reedline::history::base::test::clear_history_with_backing_file::h12308f1239ef4f15
[INFO] [stdout]                                at /opt/rustwide/workdir/src/history/base.rs:419:27
[INFO] [stdout]   22:     0x5ec3a04b2cbd - reedline::history::base::test::clear_history_with_backing_file::{{closure}}::h27dc6d44be2f1b55
[INFO] [stdout]                                at /opt/rustwide/workdir/src/history/base.rs:402:45
[INFO] [stdout]   23:     0x5ec3a0487156 - core::ops::function::FnOnce::call_once::hfa589ecb6180fbca
[INFO] [stdout]                                at /rustc/df4ca44d3fbc9301ee17f30f4d474e6ae4b05252/library/core/src/ops/function.rs:250:5
[INFO] [stdout]   24:     0x5ec3a059911b - core::ops::function::FnOnce::call_once::h22c3ba5715e93f05
[INFO] [stdout]                                at /rustc/df4ca44d3fbc9301ee17f30f4d474e6ae4b05252/library/core/src/ops/function.rs:250:5
[INFO] [stdout]   25:     0x5ec3a059911b - test::__rust_begin_short_backtrace::h8e82d8113d0da17f
[INFO] [stdout]                                at /rustc/df4ca44d3fbc9301ee17f30f4d474e6ae4b05252/library/test/src/lib.rs:621:18
[INFO] [stdout]   26:     0x5ec3a0598a97 - test::run_test_in_process::{{closure}}::h33235f4f20b7b7c7
[INFO] [stdout]                                at /rustc/df4ca44d3fbc9301ee17f30f4d474e6ae4b05252/library/test/src/lib.rs:644:60
[INFO] [stdout]   27:     0x5ec3a0598a97 - <core::panic::unwind_safe::AssertUnwindSafe<F> as core::ops::function::FnOnce<()>>::call_once::hb5043206310c586f
[INFO] [stdout]                                at /rustc/df4ca44d3fbc9301ee17f30f4d474e6ae4b05252/library/core/src/panic/unwind_safe.rs:272:9
[INFO] [stdout]   28:     0x5ec3a0598a97 - std::panicking::try::do_call::h9ad4731a60ab23e2
[INFO] [stdout]                                at /rustc/df4ca44d3fbc9301ee17f30f4d474e6ae4b05252/library/std/src/panicking.rs:557:40
[INFO] [stdout]   29:     0x5ec3a0598a97 - std::panicking::try::h3824d23db772a716
[INFO] [stdout]                                at /rustc/df4ca44d3fbc9301ee17f30f4d474e6ae4b05252/library/std/src/panicking.rs:520:19
[INFO] [stdout]   30:     0x5ec3a0598a97 - std::panic::catch_unwind::h5afd514605fde46b
[INFO] [stdout]                                at /rustc/df4ca44d3fbc9301ee17f30f4d474e6ae4b05252/library/std/src/panic.rs:358:14
[INFO] [stdout]   31:     0x5ec3a0598a97 - test::run_test_in_process::h0d5cbfa7067d1720
[INFO] [stdout]                                at /rustc/df4ca44d3fbc9301ee17f30f4d474e6ae4b05252/library/test/src/lib.rs:644:27
[INFO] [stdout]   32:     0x5ec3a0598a97 - test::run_test::{{closure}}::h708eb8872708115d
[INFO] [stdout]                                at /rustc/df4ca44d3fbc9301ee17f30f4d474e6ae4b05252/library/test/src/lib.rs:565:43
[INFO] [stdout]   33:     0x5ec3a055c1b4 - test::run_test::{{closure}}::h392c51cee94713ab
[INFO] [stdout]                                at /rustc/df4ca44d3fbc9301ee17f30f4d474e6ae4b05252/library/test/src/lib.rs:595:41
[INFO] [stdout]   34:     0x5ec3a055c1b4 - std::sys::backtrace::__rust_begin_short_backtrace::h2f40290710935a8b
[INFO] [stdout]                                at /rustc/df4ca44d3fbc9301ee17f30f4d474e6ae4b05252/library/std/src/sys/backtrace.rs:154:18
[INFO] [stdout]   35:     0x5ec3a055f95e - std::thread::Builder::spawn_unchecked_::{{closure}}::{{closure}}::h3fd968d89053a903
[INFO] [stdout]                                at /rustc/df4ca44d3fbc9301ee17f30f4d474e6ae4b05252/library/std/src/thread/mod.rs:541:17
[INFO] [stdout]   36:     0x5ec3a055f95e - <core::panic::unwind_safe::AssertUnwindSafe<F> as core::ops::function::FnOnce<()>>::call_once::h743f637ba4229880
[INFO] [stdout]                                at /rustc/df4ca44d3fbc9301ee17f30f4d474e6ae4b05252/library/core/src/panic/unwind_safe.rs:272:9
[INFO] [stdout]   37:     0x5ec3a055f95e - std::panicking::try::do_call::h07440897322525a6
[INFO] [stdout]                                at /rustc/df4ca44d3fbc9301ee17f30f4d474e6ae4b05252/library/std/src/panicking.rs:557:40
[INFO] [stdout]   38:     0x5ec3a055f95e - std::panicking::try::he5a2e00188156637
[INFO] [stdout]                                at /rustc/df4ca44d3fbc9301ee17f30f4d474e6ae4b05252/library/std/src/panicking.rs:520:19
[INFO] [stdout]   39:     0x5ec3a055f95e - std::panic::catch_unwind::hbaf3cae49b3c6433
[INFO] [stdout]                                at /rustc/df4ca44d3fbc9301ee17f30f4d474e6ae4b05252/library/std/src/panic.rs:358:14
[INFO] [stdout]   40:     0x5ec3a055f95e - std::thread::Builder::spawn_unchecked_::{{closure}}::h8e141ea224820bce
[INFO] [stdout]                                at /rustc/df4ca44d3fbc9301ee17f30f4d474e6ae4b05252/library/std/src/thread/mod.rs:540:30
[INFO] [stdout]   41:     0x5ec3a055f95e - core::ops::function::FnOnce::call_once{{vtable.shim}}::h90d312fedd7b8ea8
[INFO] [stdout]                                at /rustc/df4ca44d3fbc9301ee17f30f4d474e6ae4b05252/library/core/src/ops/function.rs:250:5
[INFO] [stdout]   42:     0x5ec3a061774b - <alloc::boxed::Box<F,A> as core::ops::function::FnOnce<Args>>::call_once::h69aa08ddb6adb8b6
[INFO] [stdout]                                at /rustc/df4ca44d3fbc9301ee17f30f4d474e6ae4b05252/library/alloc/src/boxed.rs:2454:9
[INFO] [stdout]   43:     0x5ec3a061774b - <alloc::boxed::Box<F,A> as core::ops::function::FnOnce<Args>>::call_once::h5aa36efdb79c806f
[INFO] [stdout]                                at /rustc/df4ca44d3fbc9301ee17f30f4d474e6ae4b05252/library/alloc/src/boxed.rs:2454:9
[INFO] [stdout]   44:     0x5ec3a061774b - std::sys::pal::unix::thread::Thread::new::thread_start::h6cd80a1b4be5158d
[INFO] [stdout]                                at /rustc/df4ca44d3fbc9301ee17f30f4d474e6ae4b05252/library/std/src/sys/pal/unix/thread.rs:105:17
[INFO] [stdout]   45:     0x7e0a3bd97ac3 - <unknown>
[INFO] [stdout]   46:     0x7e0a3be28a04 - clone
[INFO] [stdout]   47:                0x0 - <unknown>
[INFO] [stdout] 
[INFO] [stdout] 
[INFO] [stdout] failures:
[INFO] [stdout]     history::base::test::clear_history_with_backing_file
[INFO] [stdout] 
[INFO] [stdout] test result: FAILED. 468 passed; 1 failed; 1 ignored; 0 measured; 0 filtered out; finished in 0.04s
[INFO] [stdout] 
[INFO] [stderr] error: test failed, to rerun pass `--lib`
[INFO] running `Command { std: "docker" "inspect" "acc240a006990c25afa1c3f4a81b22fb874befc68374a9702a1ba7040b9cd000", kill_on_drop: false }`
[INFO] running `Command { std: "docker" "rm" "-f" "acc240a006990c25afa1c3f4a81b22fb874befc68374a9702a1ba7040b9cd000", kill_on_drop: false }`
[INFO] [stdout] acc240a006990c25afa1c3f4a81b22fb874befc68374a9702a1ba7040b9cd000
