[INFO] fetching crate redmine-api 0.2.5...
[INFO] testing redmine-api-0.2.5 against nightly-2024-10-28 for randomize-layout
[INFO] extracting crate redmine-api 0.2.5 into /workspace/builds/worker-7-tc1/source
[INFO] validating manifest of crates.io crate redmine-api 0.2.5 on toolchain nightly-2024-10-28
[INFO] running `Command { std: CARGO_HOME="/workspace/cargo-home" RUSTUP_HOME="/workspace/rustup-home" "/workspace/cargo-home/bin/cargo" "+nightly-2024-10-28" "metadata" "--manifest-path" "Cargo.toml" "--no-deps", kill_on_drop: false }`
[INFO] removed /workspace/builds/worker-7-tc1/source/rust-toolchain.toml
[INFO] started tweaking crates.io crate redmine-api 0.2.5
[INFO] finished tweaking crates.io crate redmine-api 0.2.5
[INFO] tweaked toml for crates.io crate redmine-api 0.2.5 written to /workspace/builds/worker-7-tc1/source/Cargo.toml
[INFO] running `Command { std: CARGO_HOME="/workspace/cargo-home" RUSTUP_HOME="/workspace/rustup-home" "/workspace/cargo-home/bin/cargo" "+nightly-2024-10-28" "generate-lockfile" "--manifest-path" "Cargo.toml", kill_on_drop: false }`
[INFO] [stderr]     Updating crates.io index
[INFO] [stderr]      Locking 212 packages to latest compatible versions
[INFO] running `Command { std: CARGO_HOME="/workspace/cargo-home" RUSTUP_HOME="/workspace/rustup-home" "/workspace/cargo-home/bin/cargo" "+nightly-2024-10-28" "fetch" "--manifest-path" "Cargo.toml", kill_on_drop: false }`
[INFO] [stderr]  Downloading crates ...
[INFO] [stderr]   Downloaded finally-block v0.2.0
[INFO] running `Command { std: "docker" "create" "-v" "/var/lib/crater-agent-workspace/builds/worker-7-tc1/target:/opt/rustwide/target:rw,Z" "-v" "/var/lib/crater-agent-workspace/builds/worker-7-tc1/source:/opt/rustwide/workdir:ro,Z" "-v" "/var/lib/crater-agent-workspace/cargo-home:/opt/rustwide/cargo-home:ro,Z" "-v" "/var/lib/crater-agent-workspace/rustup-home:/opt/rustwide/rustup-home:ro,Z" "-e" "SOURCE_DIR=/opt/rustwide/workdir" "-e" "CARGO_TARGET_DIR=/opt/rustwide/target" "-e" "CARGO_HOME=/opt/rustwide/cargo-home" "-e" "RUSTUP_HOME=/opt/rustwide/rustup-home" "-w" "/opt/rustwide/workdir" "-m" "1610612736" "--user" "0:0" "--network" "none" "ghcr.io/rust-lang/crates-build-env/linux@sha256:4a844ea9eb2546a2d2c7022eacef16ef2e8229c7fbb2c7d4d55a9ceca922f72d" "/opt/rustwide/cargo-home/bin/cargo" "+nightly-2024-10-28" "metadata" "--no-deps" "--format-version=1", kill_on_drop: false }`
[INFO] [stdout] 7cb1bc22007c7132915beb2fc803809beb78ea109d128ce867f82b1ddf0c6621
[INFO] running `Command { std: "docker" "start" "-a" "7cb1bc22007c7132915beb2fc803809beb78ea109d128ce867f82b1ddf0c6621", kill_on_drop: false }`
[INFO] running `Command { std: "docker" "inspect" "7cb1bc22007c7132915beb2fc803809beb78ea109d128ce867f82b1ddf0c6621", kill_on_drop: false }`
[INFO] running `Command { std: "docker" "rm" "-f" "7cb1bc22007c7132915beb2fc803809beb78ea109d128ce867f82b1ddf0c6621", kill_on_drop: false }`
[INFO] [stdout] 7cb1bc22007c7132915beb2fc803809beb78ea109d128ce867f82b1ddf0c6621
[INFO] running `Command { std: "docker" "create" "-v" "/var/lib/crater-agent-workspace/builds/worker-7-tc1/target:/opt/rustwide/target:rw,Z" "-v" "/var/lib/crater-agent-workspace/builds/worker-7-tc1/source:/opt/rustwide/workdir:ro,Z" "-v" "/var/lib/crater-agent-workspace/cargo-home:/opt/rustwide/cargo-home:ro,Z" "-v" "/var/lib/crater-agent-workspace/rustup-home:/opt/rustwide/rustup-home:ro,Z" "-e" "SOURCE_DIR=/opt/rustwide/workdir" "-e" "CARGO_TARGET_DIR=/opt/rustwide/target" "-e" "CARGO_INCREMENTAL=0" "-e" "RUST_BACKTRACE=full" "-e" "RUSTFLAGS=--cap-lints=forbid" "-e" "RUSTDOCFLAGS=--cap-lints=forbid" "-e" "CARGO_HOME=/opt/rustwide/cargo-home" "-e" "RUSTUP_HOME=/opt/rustwide/rustup-home" "-w" "/opt/rustwide/workdir" "-m" "1610612736" "--user" "0:0" "--network" "none" "ghcr.io/rust-lang/crates-build-env/linux@sha256:4a844ea9eb2546a2d2c7022eacef16ef2e8229c7fbb2c7d4d55a9ceca922f72d" "/opt/rustwide/cargo-home/bin/cargo" "+nightly-2024-10-28" "build" "--frozen" "--message-format=json", kill_on_drop: false }`
[INFO] [stdout] cf9f0c56f5a33242672c9778f976f87379468e506806ef558979e6e58ada40b6
[INFO] running `Command { std: "docker" "start" "-a" "cf9f0c56f5a33242672c9778f976f87379468e506806ef558979e6e58ada40b6", kill_on_drop: false }`
[INFO] [stderr]    Compiling fnv v1.0.7
[INFO] [stderr]    Compiling libc v0.2.161
[INFO] [stderr]    Compiling pin-project-lite v0.2.15
[INFO] [stderr]    Compiling futures-core v0.3.31
[INFO] [stderr]    Compiling itoa v1.0.11
[INFO] [stderr]    Compiling bytes v1.8.0
[INFO] [stderr]    Compiling futures-sink v0.3.31
[INFO] [stderr]    Compiling vcpkg v0.2.15
[INFO] [stderr]    Compiling serde v1.0.214
[INFO] [stderr]    Compiling memchr v2.7.4
[INFO] [stderr]    Compiling slab v0.4.9
[INFO] [stderr]    Compiling futures-io v0.3.31
[INFO] [stderr]    Compiling log v0.4.22
[INFO] [stderr]    Compiling pin-utils v0.1.0
[INFO] [stderr]    Compiling futures-task v0.3.31
[INFO] [stderr]    Compiling syn v2.0.86
[INFO] [stderr]    Compiling ident_case v1.0.1
[INFO] [stderr]    Compiling strsim v0.11.1
[INFO] [stderr]    Compiling tracing-core v0.1.32
[INFO] [stderr]    Compiling futures-channel v0.3.31
[INFO] [stderr]    Compiling httparse v1.9.5
[INFO] [stderr]    Compiling equivalent v1.0.1
[INFO] [stderr]    Compiling openssl v0.10.68
[INFO] [stderr]    Compiling foreign-types-shared v0.1.1
[INFO] [stderr]    Compiling hashbrown v0.15.0
[INFO] [stderr]    Compiling foreign-types v0.3.2
[INFO] [stderr]    Compiling bitflags v2.6.0
[INFO] [stderr]    Compiling native-tls v0.2.12
[INFO] [stderr]    Compiling atomic-waker v1.1.2
[INFO] [stderr]    Compiling tinyvec_macros v0.1.1
[INFO] [stderr]    Compiling try-lock v0.2.5
[INFO] [stderr]    Compiling tinyvec v1.8.0
[INFO] [stderr]    Compiling openssl-probe v0.1.5
[INFO] [stderr]    Compiling smallvec v1.13.2
[INFO] [stderr]    Compiling want v0.3.1
[INFO] [stderr]    Compiling percent-encoding v2.3.1
[INFO] [stderr]    Compiling ryu v1.0.18
[INFO] [stderr]    Compiling serde_json v1.0.132
[INFO] [stderr]    Compiling syn v1.0.109
[INFO] [stderr]    Compiling http v1.1.0
[INFO] [stderr]    Compiling form_urlencoded v1.2.1
[INFO] [stderr]    Compiling unicode-bidi v0.3.17
[INFO] [stderr]    Compiling tower-service v0.3.3
[INFO] [stderr]    Compiling rustls-pki-types v1.10.0
[INFO] [stderr]    Compiling powerfmt v0.2.0
[INFO] [stderr]    Compiling encoding_rs v0.8.35
[INFO] [stderr]    Compiling sync_wrapper v1.0.1
[INFO] [stderr]    Compiling base64 v0.22.1
[INFO] [stderr]    Compiling ipnet v2.10.1
[INFO] [stderr]    Compiling mime v0.3.17
[INFO] [stderr]    Compiling indexmap v2.6.0
[INFO] [stderr]    Compiling time-core v0.1.2
[INFO] [stderr]    Compiling num-conv v0.1.0
[INFO] [stderr]    Compiling rustls-pemfile v2.2.0
[INFO] [stderr]    Compiling mio v1.0.2
[INFO] [stderr]    Compiling openssl-sys v0.9.104
[INFO] [stderr]    Compiling socket2 v0.5.7
[INFO] [stderr]    Compiling http-body v1.0.1
[INFO] [stderr]    Compiling unicode-normalization v0.1.24
[INFO] [stderr]    Compiling tokio v1.41.0
[INFO] [stderr]    Compiling idna v0.5.0
[INFO] [stderr]    Compiling url v2.5.2
[INFO] [stderr]    Compiling derivative v2.2.0
[INFO] [stderr]    Compiling darling_core v0.20.10
[INFO] [stderr]    Compiling serde_derive v1.0.214
[INFO] [stderr]    Compiling futures-macro v0.3.31
[INFO] [stderr]    Compiling tracing-attributes v0.1.27
[INFO] [stderr]    Compiling openssl-macros v0.1.1
[INFO] [stderr]    Compiling thiserror-impl v1.0.66
[INFO] [stderr]    Compiling futures-util v0.3.31
[INFO] [stderr]    Compiling tokio-util v0.7.12
[INFO] [stderr]    Compiling tracing v0.1.40
[INFO] [stderr]    Compiling thiserror v1.0.66
[INFO] [stderr]    Compiling darling_macro v0.20.10
[INFO] [stderr]    Compiling h2 v0.4.6
[INFO] [stderr]    Compiling darling v0.20.10
[INFO] [stderr]    Compiling derive_builder_core v0.20.2
[INFO] [stderr]    Compiling serde_with_macros v3.11.0
[INFO] [stderr]    Compiling derive_builder_macro v0.20.2
[INFO] [stderr]    Compiling derive_builder v0.20.2
[INFO] [stderr]    Compiling http-body-util v0.1.2
[INFO] [stderr]    Compiling futures-executor v0.3.31
[INFO] [stderr]    Compiling tokio-native-tls v0.3.1
[INFO] [stderr]    Compiling futures v0.3.31
[INFO] [stderr]    Compiling hyper v1.5.0
[INFO] [stderr]    Compiling serde_urlencoded v0.7.1
[INFO] [stderr]    Compiling deranged v0.3.11
[INFO] [stderr]    Compiling envy v0.4.2
[INFO] [stderr]    Compiling serde_with v3.11.0
[INFO] [stderr]    Compiling hyper-util v0.1.10
[INFO] [stderr]    Compiling time v0.3.36
[INFO] [stderr]    Compiling hyper-tls v0.6.0
[INFO] [stderr]    Compiling reqwest v0.12.9
[INFO] [stderr]    Compiling redmine-api v0.2.5 (/opt/rustwide/workdir)
[INFO] [stderr]     Finished `dev` profile [unoptimized + debuginfo] target(s) in 15.39s
[INFO] running `Command { std: "docker" "inspect" "cf9f0c56f5a33242672c9778f976f87379468e506806ef558979e6e58ada40b6", kill_on_drop: false }`
[INFO] running `Command { std: "docker" "rm" "-f" "cf9f0c56f5a33242672c9778f976f87379468e506806ef558979e6e58ada40b6", kill_on_drop: false }`
[INFO] [stdout] cf9f0c56f5a33242672c9778f976f87379468e506806ef558979e6e58ada40b6
[INFO] running `Command { std: "docker" "create" "-v" "/var/lib/crater-agent-workspace/builds/worker-7-tc1/target:/opt/rustwide/target:rw,Z" "-v" "/var/lib/crater-agent-workspace/builds/worker-7-tc1/source:/opt/rustwide/workdir:ro,Z" "-v" "/var/lib/crater-agent-workspace/cargo-home:/opt/rustwide/cargo-home:ro,Z" "-v" "/var/lib/crater-agent-workspace/rustup-home:/opt/rustwide/rustup-home:ro,Z" "-e" "SOURCE_DIR=/opt/rustwide/workdir" "-e" "CARGO_TARGET_DIR=/opt/rustwide/target" "-e" "CARGO_INCREMENTAL=0" "-e" "RUST_BACKTRACE=full" "-e" "RUSTFLAGS=--cap-lints=forbid" "-e" "RUSTDOCFLAGS=--cap-lints=forbid" "-e" "CARGO_HOME=/opt/rustwide/cargo-home" "-e" "RUSTUP_HOME=/opt/rustwide/rustup-home" "-w" "/opt/rustwide/workdir" "-m" "1610612736" "--user" "0:0" "--network" "none" "ghcr.io/rust-lang/crates-build-env/linux@sha256:4a844ea9eb2546a2d2c7022eacef16ef2e8229c7fbb2c7d4d55a9ceca922f72d" "/opt/rustwide/cargo-home/bin/cargo" "+nightly-2024-10-28" "test" "--frozen" "--no-run" "--message-format=json", kill_on_drop: false }`
[INFO] [stdout] 7110a9b377063cea0a5e2497bd6c9a8fe06de99ba1a3e36a94c09c400b2ca25b
[INFO] running `Command { std: "docker" "start" "-a" "7110a9b377063cea0a5e2497bd6c9a8fe06de99ba1a3e36a94c09c400b2ca25b", kill_on_drop: false }`
[INFO] [stderr]    Compiling log v0.4.22
[INFO] [stderr]    Compiling tracing-core v0.1.32
[INFO] [stderr]    Compiling regex-syntax v0.6.29
[INFO] [stderr]    Compiling regex-syntax v0.8.5
[INFO] [stderr]    Compiling lock_api v0.4.12
[INFO] [stderr]    Compiling parking_lot_core v0.9.10
[INFO] [stderr]    Compiling overload v0.1.1
[INFO] [stderr]    Compiling sharded-slab v0.1.7
[INFO] [stderr]    Compiling thread_local v1.1.8
[INFO] [stderr]    Compiling scopeguard v1.2.0
[INFO] [stderr]    Compiling tracing-test-macro v0.2.5
[INFO] [stderr]    Compiling diff v0.1.13
[INFO] [stderr]    Compiling yansi v1.0.1
[INFO] [stderr]    Compiling function_name-proc-macro v0.3.0
[INFO] [stderr]    Compiling finally-block v0.2.0
[INFO] [stderr]    Compiling dotenvy v0.15.7
[INFO] [stderr]    Compiling nu-ansi-term v0.46.0
[INFO] [stderr]    Compiling native-tls v0.2.12
[INFO] [stderr]    Compiling function_name v0.3.0
[INFO] [stderr]    Compiling pretty_assertions v1.4.1
[INFO] [stderr]    Compiling tokio-native-tls v0.3.1
[INFO] [stderr]    Compiling tracing v0.1.40
[INFO] [stderr]    Compiling tracing-log v0.2.0
[INFO] [stderr]    Compiling parking_lot v0.12.3
[INFO] [stderr]    Compiling h2 v0.4.6
[INFO] [stderr]    Compiling regex-automata v0.4.8
[INFO] [stderr]    Compiling regex-automata v0.1.10
[INFO] [stderr]    Compiling matchers v0.1.0
[INFO] [stderr]    Compiling regex v1.11.1
[INFO] [stderr]    Compiling tracing-subscriber v0.3.18
[INFO] [stderr]    Compiling hyper v1.5.0
[INFO] [stderr]    Compiling tracing-test v0.2.5
[INFO] [stderr]    Compiling hyper-util v0.1.10
[INFO] [stderr]    Compiling hyper-tls v0.6.0
[INFO] [stderr]    Compiling reqwest v0.12.9
[INFO] [stderr]    Compiling redmine-api v0.2.5 (/opt/rustwide/workdir)
[INFO] [stdout] warning: missing documentation for a module
[INFO] [stdout]   --> src/api.rs:40:1
[INFO] [stdout]    |
[INFO] [stdout] 40 | pub mod test_helpers;
[INFO] [stdout]    | ^^^^^^^^^^^^^^^^^^^^
[INFO] [stdout]    |
[INFO] [stdout] note: the lint level is defined here
[INFO] [stdout]   --> src/lib.rs:17:9
[INFO] [stdout]    |
[INFO] [stdout] 17 | #![warn(missing_docs)]
[INFO] [stdout]    |         ^^^^^^^^^^^^
[INFO] [stdout] 
[INFO] [stdout] 
[INFO] [stderr]     Finished `test` profile [unoptimized + debuginfo] target(s) in 13.10s
[INFO] running `Command { std: "docker" "inspect" "7110a9b377063cea0a5e2497bd6c9a8fe06de99ba1a3e36a94c09c400b2ca25b", kill_on_drop: false }`
[INFO] running `Command { std: "docker" "rm" "-f" "7110a9b377063cea0a5e2497bd6c9a8fe06de99ba1a3e36a94c09c400b2ca25b", kill_on_drop: false }`
[INFO] [stdout] 7110a9b377063cea0a5e2497bd6c9a8fe06de99ba1a3e36a94c09c400b2ca25b
[INFO] running `Command { std: "docker" "create" "-v" "/var/lib/crater-agent-workspace/builds/worker-7-tc1/target:/opt/rustwide/target:rw,Z" "-v" "/var/lib/crater-agent-workspace/builds/worker-7-tc1/source:/opt/rustwide/workdir:ro,Z" "-v" "/var/lib/crater-agent-workspace/cargo-home:/opt/rustwide/cargo-home:ro,Z" "-v" "/var/lib/crater-agent-workspace/rustup-home:/opt/rustwide/rustup-home:ro,Z" "-e" "SOURCE_DIR=/opt/rustwide/workdir" "-e" "CARGO_TARGET_DIR=/opt/rustwide/target" "-e" "CARGO_INCREMENTAL=0" "-e" "RUST_BACKTRACE=full" "-e" "RUSTFLAGS=--cap-lints=forbid" "-e" "RUSTDOCFLAGS=--cap-lints=forbid" "-e" "CARGO_HOME=/opt/rustwide/cargo-home" "-e" "RUSTUP_HOME=/opt/rustwide/rustup-home" "-w" "/opt/rustwide/workdir" "-m" "1610612736" "--user" "0:0" "--network" "none" "ghcr.io/rust-lang/crates-build-env/linux@sha256:4a844ea9eb2546a2d2c7022eacef16ef2e8229c7fbb2c7d4d55a9ceca922f72d" "/opt/rustwide/cargo-home/bin/cargo" "+nightly-2024-10-28" "test" "--frozen", kill_on_drop: false }`
[INFO] [stdout] 6be67808e7266312ed94540fa00830e1f60b90c4c41cf21ee8742b6147d69ee2
[INFO] running `Command { std: "docker" "start" "-a" "6be67808e7266312ed94540fa00830e1f60b90c4c41cf21ee8742b6147d69ee2", kill_on_drop: false }`
[INFO] [stderr] warning: missing documentation for a module
[INFO] [stderr]   --> src/api.rs:40:1
[INFO] [stderr]    |
[INFO] [stderr] 40 | pub mod test_helpers;
[INFO] [stderr]    | ^^^^^^^^^^^^^^^^^^^^
[INFO] [stderr]    |
[INFO] [stderr] note: the lint level is defined here
[INFO] [stderr]   --> src/lib.rs:17:9
[INFO] [stderr]    |
[INFO] [stderr] 17 | #![warn(missing_docs)]
[INFO] [stderr]    |         ^^^^^^^^^^^^
[INFO] [stderr] 
[INFO] [stderr] warning: `redmine-api` (lib test) generated 1 warning
[INFO] [stderr]     Finished `test` profile [unoptimized + debuginfo] target(s) in 0.12s
[INFO] [stderr]      Running unittests src/lib.rs (/opt/rustwide/target/debug/deps/redmine_api-c5fae460883a4122)
[INFO] [stdout] 
[INFO] [stdout] running 87 tests
[INFO] [stdout] test api::enumerations::test::test_list_document_categories_no_pagination ... FAILED
[INFO] [stdout] test api::groups::test::test_list_groups_no_pagination ... FAILED
[INFO] [stdout] test api::issue_categories::test::test_completeness_issue_category_type ... FAILED
[INFO] [stdout] test api::enumerations::test::test_list_time_entry_activities_no_pagination ... FAILED
[INFO] [stdout] test api::attachments::test::test_get_attachment ... FAILED
[INFO] [stdout] test api::issue_categories::test::test_delete_issue_category ... FAILED
[INFO] [stdout] test api::groups::test::test_completeness_group_type ... FAILED
[INFO] [stdout] test api::groups::test::test_completeness_group_type_all_group_details ... FAILED
[INFO] [stdout] test api::attachments::test::test_completeness_attachment_type ... FAILED
[INFO] [stdout] test api::issue_categories::test::test_create_issue_category ... FAILED
[INFO] [stdout] test api::groups::test::test_create_group ... FAILED
[INFO] [stdout] test api::custom_fields::test::test_list_custom_fields_no_pagination ... FAILED
[INFO] [stdout] test api::groups::test::test_get_group ... FAILED
[INFO] [stdout] test api::groups::test::test_update_project ... FAILED
[INFO] [stdout] test api::issue_categories::test::test_get_issue_category ... FAILED
[INFO] [stdout] test api::enumerations::test::test_list_issue_priorities_no_pagination ... FAILED
[INFO] [stdout] test api::custom_fields::test::test_completeness_custom_fields_type ... FAILED
[INFO] [stdout] test api::issue_relations::test::test_delete_issue_relation ... FAILED
[INFO] [stdout] test api::issue_relations::test::test_list_issue_relations_no_pagination ... FAILED
[INFO] [stdout] test api::issues::test::test_completeness_issue_type_all_pages ... ignored
[INFO] [stdout] test api::issues::test::test_completeness_issue_type_all_pages_all_issue_details ... ignored
[INFO] [stdout] test api::issue_statuses::test::test_completeness_issue_status_type ... FAILED
[INFO] [stdout] test api::issue_statuses::test::test_list_issue_statuses_no_pagination ... FAILED
[INFO] [stdout] test api::issue_categories::test::test_list_issue_categories_no_pagination ... FAILED
[INFO] [stdout] test api::issue_categories::test::test_update_issue_category ... FAILED
[INFO] [stdout] test api::issues::test::test_create_issue ... FAILED
[INFO] [stdout] test api::issue_relations::test::test_get_issue_relation ... FAILED
[INFO] [stdout] test api::issues::test::test_completeness_issue_type ... FAILED
[INFO] [stdout] test api::issue_relations::test::test_completeness_issue_relation_type ... FAILED
[INFO] [stdout] test api::issues::test::test_list_issues_all_pages ... ignored
[INFO] [stdout] test api::issues::test::test_get_issue ... FAILED
[INFO] [stdout] test api::issues::test::test_list_issues_no_pagination ... FAILED
[INFO] [stdout] test api::my_account::test::test_completeness_my_account_type ... FAILED
[INFO] [stdout] test api::my_account::test::test_get_my_account ... FAILED
[INFO] [stdout] test api::issues::test::test_list_issues_first_page ... FAILED
[INFO] [stdout] test api::news::test::test_list_news_all_pages ... FAILED
[INFO] [stdout] test api::issues::test::test_update_issue ... FAILED
[INFO] [stdout] test api::issues::test::test_delete_issue ... FAILED
[INFO] [stdout] test api::news::test::test_list_news_no_pagination ... FAILED
[INFO] [stdout] test api::news::test::test_list_news_first_page ... FAILED
[INFO] [stdout] test api::project_memberships::test::test_completeness_project_membership_type ... FAILED
[INFO] [stdout] test api::project_memberships::test::test_create_project_membership ... FAILED
[INFO] [stdout] test api::project_memberships::test::test_get_project_membership ... FAILED
[INFO] [stdout] test api::project_memberships::test::test_list_project_memberships_first_page ... FAILED
[INFO] [stdout] test api::news::test::test_completeness_news_type ... FAILED
[INFO] [stdout] test api::issue_relations::test::test_create_issue_relation ... FAILED
[INFO] [stdout] test api::project_memberships::test::test_list_project_memberships_no_pagination ... FAILED
[INFO] [stdout] test api::project_memberships::test::test_list_project_memberships_all_pages ... FAILED
[INFO] [stdout] test api::project_memberships::test::test_update_project_membership ... FAILED
[INFO] [stdout] test api::projects::test::test_completeness_project_type_all_pages_all_project_details ... FAILED
[INFO] [stdout] test api::projects::test::test_create_project ... FAILED
[INFO] [stdout] test api::projects::test::test_completeness_project_type ... FAILED
[INFO] [stdout] test api::projects::test::test_get_project ... FAILED
[INFO] [stdout] test api::projects::test::test_list_projects_first_page ... FAILED
[INFO] [stdout] test api::queries::test::test_completeness_query_type ... FAILED
[INFO] [stdout] test api::projects::test::test_update_project ... FAILED
[INFO] [stdout] test api::projects::test::test_list_projects_no_pagination ... FAILED
[INFO] [stdout] test api::time_entries::test::test_completeness_time_entry_type ... FAILED
[INFO] [stdout] test api::time_entries::test::test_create_time_entry ... FAILED
[INFO] [stdout] test api::projects::test::test_list_projects_all_pages ... FAILED
[INFO] [stdout] test api::time_entries::test::test_get_time_entry ... FAILED
[INFO] [stdout] test api::queries::test::test_list_queries_all_pages ... FAILED
[INFO] [stdout] test api::time_entries::test::test_list_time_entries_no_pagination ... FAILED
[INFO] [stdout] test api::time_entries::test::test_update_time_entry ... FAILED
[INFO] [stdout] test api::queries::test::test_list_queries_first_page ... FAILED
[INFO] [stdout] test api::roles::test::test_get_role ... FAILED
[INFO] [stdout] test api::queries::test::test_list_queries_no_pagination ... FAILED
[INFO] [stdout] test api::roles::test::test_completeness_role_type ... FAILED
[INFO] [stdout] test api::trackers::test::test_completeness_tracker_type ... FAILED
[INFO] [stdout] test api::time_entries::test::test_list_time_entries_first_page ... FAILED
[INFO] [stdout] test api::trackers::test::test_list_trackers_no_pagination ... FAILED
[INFO] [stdout] test api::uploads::test::test_update_issue_with_attachment ... FAILED
[INFO] [stdout] test api::users::test::test_completeness_user_type ... FAILED
[INFO] [stdout] test api::roles::test::test_list_roles_no_pagination ... FAILED
[INFO] [stdout] test api::users::test::test_list_users_no_pagination ... FAILED
[INFO] [stdout] test api::uploads::test::test_create_issue_with_attachment ... FAILED
[INFO] [stdout] test api::users::test::test_create_user ... FAILED
[INFO] [stdout] test api::users::test::test_get_user ... FAILED
[INFO] [stdout] test api::versions::test::test_completeness_version_type ... FAILED
[INFO] [stdout] test api::versions::test::test_create_version ... FAILED
[INFO] [stdout] test api::users::test::test_list_users_all_pages ... FAILED
[INFO] [stdout] test api::users::test::test_update_user ... FAILED
[INFO] [stdout] test api::versions::test::test_list_versions_no_pagination ... FAILED
[INFO] [stdout] test api::users::test::test_completeness_user_type_all_pages_all_user_details ... FAILED
[INFO] [stdout] test api::versions::test::test_update_version ... FAILED
[INFO] [stdout] test api::versions::test::test_get_version ... FAILED
[INFO] [stdout] test api::users::test::test_list_users_first_page ... FAILED
[INFO] [stdout] 
[INFO] [stdout] failures:
[INFO] [stdout] 
[INFO] [stdout] ---- api::enumerations::test::test_list_document_categories_no_pagination stdout ----
[INFO] [stdout] Error: Io(Custom { kind: NotFound, error: "path not found" })
[INFO] [stdout] 
[INFO] [stdout] ---- api::groups::test::test_list_groups_no_pagination stdout ----
[INFO] [stdout] Error: Io(Custom { kind: NotFound, error: "path not found" })
[INFO] [stdout] 
[INFO] [stdout] ---- api::issue_categories::test::test_completeness_issue_category_type stdout ----
[INFO] [stdout] Error: Io(Custom { kind: NotFound, error: "path not found" })
[INFO] [stdout] 
[INFO] [stdout] ---- api::enumerations::test::test_list_time_entry_activities_no_pagination stdout ----
[INFO] [stdout] Error: Io(Custom { kind: NotFound, error: "path not found" })
[INFO] [stdout] 
[INFO] [stdout] ---- api::attachments::test::test_get_attachment stdout ----
[INFO] [stdout] Error: Io(Custom { kind: NotFound, error: "path not found" })
[INFO] [stdout] 
[INFO] [stdout] ---- api::issue_categories::test::test_delete_issue_category stdout ----
[INFO] [stdout] Error: Io(Custom { kind: NotFound, error: "path not found" })
[INFO] [stdout] 
[INFO] [stdout] ---- api::groups::test::test_completeness_group_type stdout ----
[INFO] [stdout] Error: Io(Custom { kind: NotFound, error: "path not found" })
[INFO] [stdout] 
[INFO] [stdout] ---- api::groups::test::test_completeness_group_type_all_group_details stdout ----
[INFO] [stdout] Error: Io(Custom { kind: NotFound, error: "path not found" })
[INFO] [stdout] 
[INFO] [stdout] ---- api::attachments::test::test_completeness_attachment_type stdout ----
[INFO] [stdout] Error: Io(Custom { kind: NotFound, error: "path not found" })
[INFO] [stdout] 
[INFO] [stdout] ---- api::issue_categories::test::test_create_issue_category stdout ----
[INFO] [stdout] Error: Io(Custom { kind: NotFound, error: "path not found" })
[INFO] [stdout] 
[INFO] [stdout] ---- api::groups::test::test_create_group stdout ----
[INFO] [stdout] Error: Io(Custom { kind: NotFound, error: "path not found" })
[INFO] [stdout] 
[INFO] [stdout] ---- api::custom_fields::test::test_list_custom_fields_no_pagination stdout ----
[INFO] [stdout] Error: Io(Custom { kind: NotFound, error: "path not found" })
[INFO] [stdout] 
[INFO] [stdout] ---- api::groups::test::test_get_group stdout ----
[INFO] [stdout] Error: Io(Custom { kind: NotFound, error: "path not found" })
[INFO] [stdout] 
[INFO] [stdout] ---- api::groups::test::test_update_project stdout ----
[INFO] [stdout] Error: Io(Custom { kind: NotFound, error: "path not found" })
[INFO] [stdout] 
[INFO] [stdout] ---- api::issue_categories::test::test_get_issue_category stdout ----
[INFO] [stdout] Error: Io(Custom { kind: NotFound, error: "path not found" })
[INFO] [stdout] 
[INFO] [stdout] ---- api::enumerations::test::test_list_issue_priorities_no_pagination stdout ----
[INFO] [stdout] Error: Io(Custom { kind: NotFound, error: "path not found" })
[INFO] [stdout] 
[INFO] [stdout] ---- api::custom_fields::test::test_completeness_custom_fields_type stdout ----
[INFO] [stdout] Error: Io(Custom { kind: NotFound, error: "path not found" })
[INFO] [stdout] 
[INFO] [stdout] ---- api::issue_relations::test::test_delete_issue_relation stdout ----
[INFO] [stdout] Error: Io(Custom { kind: NotFound, error: "path not found" })
[INFO] [stdout] 
[INFO] [stdout] ---- api::issue_relations::test::test_list_issue_relations_no_pagination stdout ----
[INFO] [stdout] Error: Io(Custom { kind: NotFound, error: "path not found" })
[INFO] [stdout] 
[INFO] [stdout] ---- api::issue_statuses::test::test_completeness_issue_status_type stdout ----
[INFO] [stdout] Error: Io(Custom { kind: NotFound, error: "path not found" })
[INFO] [stdout] 
[INFO] [stdout] ---- api::issue_statuses::test::test_list_issue_statuses_no_pagination stdout ----
[INFO] [stdout] Error: Io(Custom { kind: NotFound, error: "path not found" })
[INFO] [stdout] 
[INFO] [stdout] ---- api::issue_categories::test::test_list_issue_categories_no_pagination stdout ----
[INFO] [stdout] Error: Io(Custom { kind: NotFound, error: "path not found" })
[INFO] [stdout] 
[INFO] [stdout] ---- api::issue_categories::test::test_update_issue_category stdout ----
[INFO] [stdout] Error: Io(Custom { kind: NotFound, error: "path not found" })
[INFO] [stdout] 
[INFO] [stdout] ---- api::issues::test::test_create_issue stdout ----
[INFO] [stdout] Error: Io(Custom { kind: NotFound, error: "path not found" })
[INFO] [stdout] 
[INFO] [stdout] ---- api::issue_relations::test::test_get_issue_relation stdout ----
[INFO] [stdout] Error: Io(Custom { kind: NotFound, error: "path not found" })
[INFO] [stdout] 
[INFO] [stdout] ---- api::issues::test::test_completeness_issue_type stdout ----
[INFO] [stdout] Error: Io(Custom { kind: NotFound, error: "path not found" })
[INFO] [stdout] 
[INFO] [stdout] ---- api::issue_relations::test::test_completeness_issue_relation_type stdout ----
[INFO] [stdout] Error: Io(Custom { kind: NotFound, error: "path not found" })
[INFO] [stdout] 
[INFO] [stdout] ---- api::issues::test::test_get_issue stdout ----
[INFO] [stdout] Error: Io(Custom { kind: NotFound, error: "path not found" })
[INFO] [stdout] 
[INFO] [stdout] ---- api::issues::test::test_list_issues_no_pagination stdout ----
[INFO] [stdout] Error: Io(Custom { kind: NotFound, error: "path not found" })
[INFO] [stdout] 
[INFO] [stdout] ---- api::my_account::test::test_completeness_my_account_type stdout ----
[INFO] [stdout] Error: Io(Custom { kind: NotFound, error: "path not found" })
[INFO] [stdout] 
[INFO] [stdout] ---- api::my_account::test::test_get_my_account stdout ----
[INFO] [stdout] Error: Io(Custom { kind: NotFound, error: "path not found" })
[INFO] [stdout] 
[INFO] [stdout] ---- api::issues::test::test_list_issues_first_page stdout ----
[INFO] [stdout] Error: Io(Custom { kind: NotFound, error: "path not found" })
[INFO] [stdout] 
[INFO] [stdout] ---- api::news::test::test_list_news_all_pages stdout ----
[INFO] [stdout] Error: Io(Custom { kind: NotFound, error: "path not found" })
[INFO] [stdout] 
[INFO] [stdout] ---- api::issues::test::test_update_issue stdout ----
[INFO] [stdout] Error: Io(Custom { kind: NotFound, error: "path not found" })
[INFO] [stdout] 
[INFO] [stdout] ---- api::issues::test::test_delete_issue stdout ----
[INFO] [stdout] Error: Io(Custom { kind: NotFound, error: "path not found" })
[INFO] [stdout] 
[INFO] [stdout] ---- api::news::test::test_list_news_no_pagination stdout ----
[INFO] [stdout] Error: Io(Custom { kind: NotFound, error: "path not found" })
[INFO] [stdout] 
[INFO] [stdout] ---- api::news::test::test_list_news_first_page stdout ----
[INFO] [stdout] Error: Io(Custom { kind: NotFound, error: "path not found" })
[INFO] [stdout] 
[INFO] [stdout] ---- api::project_memberships::test::test_completeness_project_membership_type stdout ----
[INFO] [stdout] Error: Io(Custom { kind: NotFound, error: "path not found" })
[INFO] [stdout] 
[INFO] [stdout] ---- api::project_memberships::test::test_create_project_membership stdout ----
[INFO] [stdout] Error: Io(Custom { kind: NotFound, error: "path not found" })
[INFO] [stdout] 
[INFO] [stdout] ---- api::project_memberships::test::test_get_project_membership stdout ----
[INFO] [stdout] Error: Io(Custom { kind: NotFound, error: "path not found" })
[INFO] [stdout] 
[INFO] [stdout] ---- api::project_memberships::test::test_list_project_memberships_first_page stdout ----
[INFO] [stdout] Error: Io(Custom { kind: NotFound, error: "path not found" })
[INFO] [stdout] 
[INFO] [stdout] ---- api::news::test::test_completeness_news_type stdout ----
[INFO] [stdout] Error: Io(Custom { kind: NotFound, error: "path not found" })
[INFO] [stdout] 
[INFO] [stdout] ---- api::issue_relations::test::test_create_issue_relation stdout ----
[INFO] [stdout] Error: Io(Custom { kind: NotFound, error: "path not found" })
[INFO] [stdout] 
[INFO] [stdout] ---- api::project_memberships::test::test_list_project_memberships_no_pagination stdout ----
[INFO] [stdout] Error: Io(Custom { kind: NotFound, error: "path not found" })
[INFO] [stdout] 
[INFO] [stdout] ---- api::project_memberships::test::test_list_project_memberships_all_pages stdout ----
[INFO] [stdout] Error: Io(Custom { kind: NotFound, error: "path not found" })
[INFO] [stdout] 
[INFO] [stdout] ---- api::project_memberships::test::test_update_project_membership stdout ----
[INFO] [stdout] Error: Io(Custom { kind: NotFound, error: "path not found" })
[INFO] [stdout] 
[INFO] [stdout] ---- api::projects::test::test_completeness_project_type_all_pages_all_project_details stdout ----
[INFO] [stdout] Error: Io(Custom { kind: NotFound, error: "path not found" })
[INFO] [stdout] 
[INFO] [stdout] ---- api::projects::test::test_create_project stdout ----
[INFO] [stdout] Error: Io(Custom { kind: NotFound, error: "path not found" })
[INFO] [stdout] 
[INFO] [stdout] ---- api::projects::test::test_completeness_project_type stdout ----
[INFO] [stdout] Error: Io(Custom { kind: NotFound, error: "path not found" })
[INFO] [stdout] 
[INFO] [stdout] ---- api::projects::test::test_get_project stdout ----
[INFO] [stdout] Error: Io(Custom { kind: NotFound, error: "path not found" })
[INFO] [stdout] 
[INFO] [stdout] ---- api::projects::test::test_list_projects_first_page stdout ----
[INFO] [stdout] Error: Io(Custom { kind: NotFound, error: "path not found" })
[INFO] [stdout] 
[INFO] [stdout] ---- api::queries::test::test_completeness_query_type stdout ----
[INFO] [stdout] Error: Io(Custom { kind: NotFound, error: "path not found" })
[INFO] [stdout] 
[INFO] [stdout] ---- api::projects::test::test_update_project stdout ----
[INFO] [stdout] Error: Io(Custom { kind: NotFound, error: "path not found" })
[INFO] [stdout] 
[INFO] [stdout] ---- api::projects::test::test_list_projects_no_pagination stdout ----
[INFO] [stdout] Error: Io(Custom { kind: NotFound, error: "path not found" })
[INFO] [stdout] 
[INFO] [stdout] ---- api::time_entries::test::test_completeness_time_entry_type stdout ----
[INFO] [stdout] Error: Io(Custom { kind: NotFound, error: "path not found" })
[INFO] [stdout] 
[INFO] [stdout] ---- api::time_entries::test::test_create_time_entry stdout ----
[INFO] [stdout] Error: Io(Custom { kind: NotFound, error: "path not found" })
[INFO] [stdout] 
[INFO] [stdout] ---- api::projects::test::test_list_projects_all_pages stdout ----
[INFO] [stdout] Error: Io(Custom { kind: NotFound, error: "path not found" })
[INFO] [stdout] 
[INFO] [stdout] ---- api::time_entries::test::test_get_time_entry stdout ----
[INFO] [stdout] Error: Io(Custom { kind: NotFound, error: "path not found" })
[INFO] [stdout] 
[INFO] [stdout] ---- api::queries::test::test_list_queries_all_pages stdout ----
[INFO] [stdout] Error: Io(Custom { kind: NotFound, error: "path not found" })
[INFO] [stdout] 
[INFO] [stdout] ---- api::time_entries::test::test_list_time_entries_no_pagination stdout ----
[INFO] [stdout] Error: Io(Custom { kind: NotFound, error: "path not found" })
[INFO] [stdout] 
[INFO] [stdout] ---- api::time_entries::test::test_update_time_entry stdout ----
[INFO] [stdout] Error: Io(Custom { kind: NotFound, error: "path not found" })
[INFO] [stdout] 
[INFO] [stdout] ---- api::queries::test::test_list_queries_first_page stdout ----
[INFO] [stdout] Error: Io(Custom { kind: NotFound, error: "path not found" })
[INFO] [stdout] 
[INFO] [stdout] ---- api::roles::test::test_get_role stdout ----
[INFO] [stdout] Error: Io(Custom { kind: NotFound, error: "path not found" })
[INFO] [stdout] 
[INFO] [stdout] ---- api::queries::test::test_list_queries_no_pagination stdout ----
[INFO] [stdout] Error: Io(Custom { kind: NotFound, error: "path not found" })
[INFO] [stdout] 
[INFO] [stdout] ---- api::roles::test::test_completeness_role_type stdout ----
[INFO] [stdout] Error: Io(Custom { kind: NotFound, error: "path not found" })
[INFO] [stdout] 
[INFO] [stdout] ---- api::trackers::test::test_completeness_tracker_type stdout ----
[INFO] [stdout] Error: Io(Custom { kind: NotFound, error: "path not found" })
[INFO] [stdout] 
[INFO] [stdout] ---- api::time_entries::test::test_list_time_entries_first_page stdout ----
[INFO] [stdout] Error: Io(Custom { kind: NotFound, error: "path not found" })
[INFO] [stdout] 
[INFO] [stdout] ---- api::trackers::test::test_list_trackers_no_pagination stdout ----
[INFO] [stdout] Error: Io(Custom { kind: NotFound, error: "path not found" })
[INFO] [stdout] 
[INFO] [stdout] ---- api::uploads::test::test_update_issue_with_attachment stdout ----
[INFO] [stdout] Error: Io(Custom { kind: NotFound, error: "path not found" })
[INFO] [stdout] 
[INFO] [stdout] ---- api::users::test::test_completeness_user_type stdout ----
[INFO] [stdout] Error: Io(Custom { kind: NotFound, error: "path not found" })
[INFO] [stdout] 
[INFO] [stdout] ---- api::roles::test::test_list_roles_no_pagination stdout ----
[INFO] [stdout] Error: Io(Custom { kind: NotFound, error: "path not found" })
[INFO] [stdout] 
[INFO] [stdout] ---- api::users::test::test_list_users_no_pagination stdout ----
[INFO] [stdout] Error: Io(Custom { kind: NotFound, error: "path not found" })
[INFO] [stdout] 
[INFO] [stdout] ---- api::uploads::test::test_create_issue_with_attachment stdout ----
[INFO] [stdout] Error: Io(Custom { kind: NotFound, error: "path not found" })
[INFO] [stdout] 
[INFO] [stdout] ---- api::users::test::test_create_user stdout ----
[INFO] [stdout] Error: Io(Custom { kind: NotFound, error: "path not found" })
[INFO] [stdout] 
[INFO] [stdout] ---- api::users::test::test_get_user stdout ----
[INFO] [stdout] Error: Io(Custom { kind: NotFound, error: "path not found" })
[INFO] [stdout] 
[INFO] [stdout] ---- api::versions::test::test_completeness_version_type stdout ----
[INFO] [stdout] Error: Io(Custom { kind: NotFound, error: "path not found" })
[INFO] [stdout] 
[INFO] [stdout] ---- api::versions::test::test_create_version stdout ----
[INFO] [stdout] Error: Io(Custom { kind: NotFound, error: "path not found" })
[INFO] [stdout] 
[INFO] [stdout] ---- api::users::test::test_list_users_all_pages stdout ----
[INFO] [stdout] Error: Io(Custom { kind: NotFound, error: "path not found" })
[INFO] [stdout] 
[INFO] [stdout] ---- api::users::test::test_update_user stdout ----
[INFO] [stdout] Error: Io(Custom { kind: NotFound, error: "path not found" })
[INFO] [stdout] 
[INFO] [stdout] ---- api::versions::test::test_list_versions_no_pagination stdout ----
[INFO] [stdout] Error: Io(Custom { kind: NotFound, error: "path not found" })
[INFO] [stdout] 
[INFO] [stdout] ---- api::users::test::test_completeness_user_type_all_pages_all_user_details stdout ----
[INFO] [stdout] Error: Io(Custom { kind: NotFound, error: "path not found" })
[INFO] [stdout] 
[INFO] [stdout] ---- api::versions::test::test_update_version stdout ----
[INFO] [stdout] Error: Io(Custom { kind: NotFound, error: "path not found" })
[INFO] [stdout] 
[INFO] [stdout] ---- api::versions::test::test_get_version stdout ----
[INFO] [stdout] Error: Io(Custom { kind: NotFound, error: "path not found" })
[INFO] [stdout] 
[INFO] [stdout] ---- api::users::test::test_list_users_first_page stdout ----
[INFO] [stdout] Error: Io(Custom { kind: NotFound, error: "path not found" })
[INFO] [stdout] 
[INFO] [stdout] 
[INFO] [stdout] failures:
[INFO] [stdout]     api::attachments::test::test_completeness_attachment_type
[INFO] [stdout]     api::attachments::test::test_get_attachment
[INFO] [stdout]     api::custom_fields::test::test_completeness_custom_fields_type
[INFO] [stdout]     api::custom_fields::test::test_list_custom_fields_no_pagination
[INFO] [stdout]     api::enumerations::test::test_list_document_categories_no_pagination
[INFO] [stdout]     api::enumerations::test::test_list_issue_priorities_no_pagination
[INFO] [stdout]     api::enumerations::test::test_list_time_entry_activities_no_pagination
[INFO] [stdout]     api::groups::test::test_completeness_group_type
[INFO] [stdout]     api::groups::test::test_completeness_group_type_all_group_details
[INFO] [stdout]     api::groups::test::test_create_group
[INFO] [stdout]     api::groups::test::test_get_group
[INFO] [stdout]     api::groups::test::test_list_groups_no_pagination
[INFO] [stdout]     api::groups::test::test_update_project
[INFO] [stdout]     api::issue_categories::test::test_completeness_issue_category_type
[INFO] [stdout]     api::issue_categories::test::test_create_issue_category
[INFO] [stdout]     api::issue_categories::test::test_delete_issue_category
[INFO] [stdout]     api::issue_categories::test::test_get_issue_category
[INFO] [stdout]     api::issue_categories::test::test_list_issue_categories_no_pagination
[INFO] [stdout]     api::issue_categories::test::test_update_issue_category
[INFO] [stdout]     api::issue_relations::test::test_completeness_issue_relation_type
[INFO] [stdout]     api::issue_relations::test::test_create_issue_relation
[INFO] [stdout]     api::issue_relations::test::test_delete_issue_relation
[INFO] [stdout]     api::issue_relations::test::test_get_issue_relation
[INFO] [stdout]     api::issue_relations::test::test_list_issue_relations_no_pagination
[INFO] [stdout]     api::issue_statuses::test::test_completeness_issue_status_type
[INFO] [stdout]     api::issue_statuses::test::test_list_issue_statuses_no_pagination
[INFO] [stdout]     api::issues::test::test_completeness_issue_type
[INFO] [stdout]     api::issues::test::test_create_issue
[INFO] [stdout]     api::issues::test::test_delete_issue
[INFO] [stdout]     api::issues::test::test_get_issue
[INFO] [stdout]     api::issues::test::test_list_issues_first_page
[INFO] [stdout]     api::issues::test::test_list_issues_no_pagination
[INFO] [stdout]     api::issues::test::test_update_issue
[INFO] [stdout]     api::my_account::test::test_completeness_my_account_type
[INFO] [stdout]     api::my_account::test::test_get_my_account
[INFO] [stdout]     api::news::test::test_completeness_news_type
[INFO] [stdout]     api::news::test::test_list_news_all_pages
[INFO] [stdout]     api::news::test::test_list_news_first_page
[INFO] [stdout]     api::news::test::test_list_news_no_pagination
[INFO] [stdout]     api::project_memberships::test::test_completeness_project_membership_type
[INFO] [stdout]     api::project_memberships::test::test_create_project_membership
[INFO] [stdout]     api::project_memberships::test::test_get_project_membership
[INFO] [stdout]     api::project_memberships::test::test_list_project_memberships_all_pages
[INFO] [stdout]     api::project_memberships::test::test_list_project_memberships_first_page
[INFO] [stdout]     api::project_memberships::test::test_list_project_memberships_no_pagination
[INFO] [stdout]     api::project_memberships::test::test_update_project_membership
[INFO] [stdout]     api::projects::test::test_completeness_project_type
[INFO] [stdout]     api::projects::test::test_completeness_project_type_all_pages_all_project_details
[INFO] [stdout]     api::projects::test::test_create_project
[INFO] [stdout]     api::projects::test::test_get_project
[INFO] [stdout]     api::projects::test::test_list_projects_all_pages
[INFO] [stdout]     api::projects::test::test_list_projects_first_page
[INFO] [stdout]     api::projects::test::test_list_projects_no_pagination
[INFO] [stdout]     api::projects::test::test_update_project
[INFO] [stdout]     api::queries::test::test_completeness_query_type
[INFO] [stdout]     api::queries::test::test_list_queries_all_pages
[INFO] [stdout]     api::queries::test::test_list_queries_first_page
[INFO] [stdout]     api::queries::test::test_list_queries_no_pagination
[INFO] [stdout]     api::roles::test::test_completeness_role_type
[INFO] [stdout]     api::roles::test::test_get_role
[INFO] [stdout]     api::roles::test::test_list_roles_no_pagination
[INFO] [stdout]     api::time_entries::test::test_completeness_time_entry_type
[INFO] [stdout]     api::time_entries::test::test_create_time_entry
[INFO] [stdout]     api::time_entries::test::test_get_time_entry
[INFO] [stdout]     api::time_entries::test::test_list_time_entries_first_page
[INFO] [stdout]     api::time_entries::test::test_list_time_entries_no_pagination
[INFO] [stdout]     api::time_entries::test::test_update_time_entry
[INFO] [stdout]     api::trackers::test::test_completeness_tracker_type
[INFO] [stdout]     api::trackers::test::test_list_trackers_no_pagination
[INFO] [stdout]     api::uploads::test::test_create_issue_with_attachment
[INFO] [stdout]     api::uploads::test::test_update_issue_with_attachment
[INFO] [stdout]     api::users::test::test_completeness_user_type
[INFO] [stdout]     api::users::test::test_completeness_user_type_all_pages_all_user_details
[INFO] [stdout]     api::users::test::test_create_user
[INFO] [stdout]     api::users::test::test_get_user
[INFO] [stdout]     api::users::test::test_list_users_all_pages
[INFO] [stdout]     api::users::test::test_list_users_first_page
[INFO] [stdout]     api::users::test::test_list_users_no_pagination
[INFO] [stdout]     api::users::test::test_update_user
[INFO] [stdout]     api::versions::test::test_completeness_version_type
[INFO] [stdout]     api::versions::test::test_create_version
[INFO] [stdout]     api::versions::test::test_get_version
[INFO] [stdout]     api::versions::test::test_list_versions_no_pagination
[INFO] [stdout]     api::versions::test::test_update_version
[INFO] [stdout] 
[INFO] [stdout] test result: FAILED. 0 passed; 84 failed; 3 ignored; 0 measured; 0 filtered out; finished in 0.03s
[INFO] [stdout] 
[INFO] [stderr] error: test failed, to rerun pass `--lib`
[INFO] running `Command { std: "docker" "inspect" "6be67808e7266312ed94540fa00830e1f60b90c4c41cf21ee8742b6147d69ee2", kill_on_drop: false }`
[INFO] running `Command { std: "docker" "rm" "-f" "6be67808e7266312ed94540fa00830e1f60b90c4c41cf21ee8742b6147d69ee2", kill_on_drop: false }`
[INFO] [stdout] 6be67808e7266312ed94540fa00830e1f60b90c4c41cf21ee8742b6147d69ee2
