[INFO] fetching crate redis_rawl 0.1.20241024...
[INFO] testing redis_rawl-0.1.20241024 against nightly-2024-10-28+rustflags=-Zrandomize-layout for randomize-layout
[INFO] extracting crate redis_rawl 0.1.20241024 into /workspace/builds/worker-1-tc2/source
[INFO] validating manifest of crates.io crate redis_rawl 0.1.20241024 on toolchain nightly-2024-10-28
[INFO] running `Command { std: CARGO_HOME="/workspace/cargo-home" RUSTUP_HOME="/workspace/rustup-home" "/workspace/cargo-home/bin/cargo" "+nightly-2024-10-28" "metadata" "--manifest-path" "Cargo.toml" "--no-deps", kill_on_drop: false }`
[INFO] started tweaking crates.io crate redis_rawl 0.1.20241024
[INFO] finished tweaking crates.io crate redis_rawl 0.1.20241024
[INFO] tweaked toml for crates.io crate redis_rawl 0.1.20241024 written to /workspace/builds/worker-1-tc2/source/Cargo.toml
[INFO] running `Command { std: CARGO_HOME="/workspace/cargo-home" RUSTUP_HOME="/workspace/rustup-home" "/workspace/cargo-home/bin/cargo" "+nightly-2024-10-28" "generate-lockfile" "--manifest-path" "Cargo.toml", kill_on_drop: false }`
[INFO] [stderr]     Updating crates.io index
[INFO] [stderr]     Blocking waiting for file lock on package cache
[INFO] [stderr]      Locking 33 packages to latest compatible versions
[INFO] running `Command { std: CARGO_HOME="/workspace/cargo-home" RUSTUP_HOME="/workspace/rustup-home" "/workspace/cargo-home/bin/cargo" "+nightly-2024-10-28" "fetch" "--manifest-path" "Cargo.toml", kill_on_drop: false }`
[INFO] [stderr]     Blocking waiting for file lock on package cache
[INFO] running `Command { std: "docker" "create" "-v" "/var/lib/crater-agent-workspace/builds/worker-1-tc2/target:/opt/rustwide/target:rw,Z" "-v" "/var/lib/crater-agent-workspace/builds/worker-1-tc2/source:/opt/rustwide/workdir:ro,Z" "-v" "/var/lib/crater-agent-workspace/cargo-home:/opt/rustwide/cargo-home:ro,Z" "-v" "/var/lib/crater-agent-workspace/rustup-home:/opt/rustwide/rustup-home:ro,Z" "-e" "SOURCE_DIR=/opt/rustwide/workdir" "-e" "CARGO_TARGET_DIR=/opt/rustwide/target" "-e" "CARGO_HOME=/opt/rustwide/cargo-home" "-e" "RUSTUP_HOME=/opt/rustwide/rustup-home" "-w" "/opt/rustwide/workdir" "-m" "1610612736" "--user" "0:0" "--network" "none" "ghcr.io/rust-lang/crates-build-env/linux@sha256:4a844ea9eb2546a2d2c7022eacef16ef2e8229c7fbb2c7d4d55a9ceca922f72d" "/opt/rustwide/cargo-home/bin/cargo" "+nightly-2024-10-28" "metadata" "--no-deps" "--format-version=1", kill_on_drop: false }`
[INFO] [stdout] 9f8660c9eb9f43df86bbb0c3de8c748217d46b95821e07719fe63395e84fca24
[INFO] running `Command { std: "docker" "start" "-a" "9f8660c9eb9f43df86bbb0c3de8c748217d46b95821e07719fe63395e84fca24", kill_on_drop: false }`
[INFO] running `Command { std: "docker" "inspect" "9f8660c9eb9f43df86bbb0c3de8c748217d46b95821e07719fe63395e84fca24", kill_on_drop: false }`
[INFO] running `Command { std: "docker" "rm" "-f" "9f8660c9eb9f43df86bbb0c3de8c748217d46b95821e07719fe63395e84fca24", kill_on_drop: false }`
[INFO] [stdout] 9f8660c9eb9f43df86bbb0c3de8c748217d46b95821e07719fe63395e84fca24
[INFO] running `Command { std: "docker" "create" "-v" "/var/lib/crater-agent-workspace/builds/worker-1-tc2/target:/opt/rustwide/target:rw,Z" "-v" "/var/lib/crater-agent-workspace/builds/worker-1-tc2/source:/opt/rustwide/workdir:ro,Z" "-v" "/var/lib/crater-agent-workspace/cargo-home:/opt/rustwide/cargo-home:ro,Z" "-v" "/var/lib/crater-agent-workspace/rustup-home:/opt/rustwide/rustup-home:ro,Z" "-e" "SOURCE_DIR=/opt/rustwide/workdir" "-e" "CARGO_TARGET_DIR=/opt/rustwide/target" "-e" "CARGO_INCREMENTAL=0" "-e" "RUST_BACKTRACE=full" "-e" "RUSTFLAGS=--cap-lints=forbid -Zrandomize-layout" "-e" "RUSTDOCFLAGS=--cap-lints=forbid" "-e" "CARGO_HOME=/opt/rustwide/cargo-home" "-e" "RUSTUP_HOME=/opt/rustwide/rustup-home" "-w" "/opt/rustwide/workdir" "-m" "1610612736" "--user" "0:0" "--network" "none" "ghcr.io/rust-lang/crates-build-env/linux@sha256:4a844ea9eb2546a2d2c7022eacef16ef2e8229c7fbb2c7d4d55a9ceca922f72d" "/opt/rustwide/cargo-home/bin/cargo" "+nightly-2024-10-28" "build" "--frozen" "--message-format=json", kill_on_drop: false }`
[INFO] [stdout] 7ad69c3ae048fb7a02c6ef18ad718d691467fd28c6122510003a6f7c07fe10e4
[INFO] running `Command { std: "docker" "start" "-a" "7ad69c3ae048fb7a02c6ef18ad718d691467fd28c6122510003a6f7c07fe10e4", kill_on_drop: false }`
[INFO] [stderr]    Compiling proc-macro2 v1.0.89
[INFO] [stderr]    Compiling tokio v1.41.0
[INFO] [stderr]    Compiling quote v1.0.37
[INFO] [stderr]    Compiling syn v2.0.86
[INFO] [stderr]    Compiling thiserror-impl v1.0.66
[INFO] [stderr]    Compiling thiserror v1.0.66
[INFO] [stderr]    Compiling redis_rawl v0.1.20241024 (/opt/rustwide/workdir)
[INFO] [stderr]     Finished `dev` profile [unoptimized + debuginfo] target(s) in 3.30s
[INFO] running `Command { std: "docker" "inspect" "7ad69c3ae048fb7a02c6ef18ad718d691467fd28c6122510003a6f7c07fe10e4", kill_on_drop: false }`
[INFO] running `Command { std: "docker" "rm" "-f" "7ad69c3ae048fb7a02c6ef18ad718d691467fd28c6122510003a6f7c07fe10e4", kill_on_drop: false }`
[INFO] [stdout] 7ad69c3ae048fb7a02c6ef18ad718d691467fd28c6122510003a6f7c07fe10e4
[INFO] running `Command { std: "docker" "create" "-v" "/var/lib/crater-agent-workspace/builds/worker-1-tc2/target:/opt/rustwide/target:rw,Z" "-v" "/var/lib/crater-agent-workspace/builds/worker-1-tc2/source:/opt/rustwide/workdir:ro,Z" "-v" "/var/lib/crater-agent-workspace/cargo-home:/opt/rustwide/cargo-home:ro,Z" "-v" "/var/lib/crater-agent-workspace/rustup-home:/opt/rustwide/rustup-home:ro,Z" "-e" "SOURCE_DIR=/opt/rustwide/workdir" "-e" "CARGO_TARGET_DIR=/opt/rustwide/target" "-e" "CARGO_INCREMENTAL=0" "-e" "RUST_BACKTRACE=full" "-e" "RUSTFLAGS=--cap-lints=forbid -Zrandomize-layout" "-e" "RUSTDOCFLAGS=--cap-lints=forbid" "-e" "CARGO_HOME=/opt/rustwide/cargo-home" "-e" "RUSTUP_HOME=/opt/rustwide/rustup-home" "-w" "/opt/rustwide/workdir" "-m" "1610612736" "--user" "0:0" "--network" "none" "ghcr.io/rust-lang/crates-build-env/linux@sha256:4a844ea9eb2546a2d2c7022eacef16ef2e8229c7fbb2c7d4d55a9ceca922f72d" "/opt/rustwide/cargo-home/bin/cargo" "+nightly-2024-10-28" "test" "--frozen" "--no-run" "--message-format=json", kill_on_drop: false }`
[INFO] [stdout] 43f8792927ebef97d56e71a91438aee836cc673586ab9c3fbb26788e0b5bd4db
[INFO] running `Command { std: "docker" "start" "-a" "43f8792927ebef97d56e71a91438aee836cc673586ab9c3fbb26788e0b5bd4db", kill_on_drop: false }`
[INFO] [stderr]    Compiling redis_rawl v0.1.20241024 (/opt/rustwide/workdir)
[INFO] [stderr]     Finished `test` profile [unoptimized + debuginfo] target(s) in 0.33s
[INFO] running `Command { std: "docker" "inspect" "43f8792927ebef97d56e71a91438aee836cc673586ab9c3fbb26788e0b5bd4db", kill_on_drop: false }`
[INFO] running `Command { std: "docker" "rm" "-f" "43f8792927ebef97d56e71a91438aee836cc673586ab9c3fbb26788e0b5bd4db", kill_on_drop: false }`
[INFO] [stdout] 43f8792927ebef97d56e71a91438aee836cc673586ab9c3fbb26788e0b5bd4db
[INFO] running `Command { std: "docker" "create" "-v" "/var/lib/crater-agent-workspace/builds/worker-1-tc2/target:/opt/rustwide/target:rw,Z" "-v" "/var/lib/crater-agent-workspace/builds/worker-1-tc2/source:/opt/rustwide/workdir:ro,Z" "-v" "/var/lib/crater-agent-workspace/cargo-home:/opt/rustwide/cargo-home:ro,Z" "-v" "/var/lib/crater-agent-workspace/rustup-home:/opt/rustwide/rustup-home:ro,Z" "-e" "SOURCE_DIR=/opt/rustwide/workdir" "-e" "CARGO_TARGET_DIR=/opt/rustwide/target" "-e" "CARGO_INCREMENTAL=0" "-e" "RUST_BACKTRACE=full" "-e" "RUSTFLAGS=--cap-lints=forbid -Zrandomize-layout" "-e" "RUSTDOCFLAGS=--cap-lints=forbid" "-e" "CARGO_HOME=/opt/rustwide/cargo-home" "-e" "RUSTUP_HOME=/opt/rustwide/rustup-home" "-w" "/opt/rustwide/workdir" "-m" "1610612736" "--user" "0:0" "--network" "none" "ghcr.io/rust-lang/crates-build-env/linux@sha256:4a844ea9eb2546a2d2c7022eacef16ef2e8229c7fbb2c7d4d55a9ceca922f72d" "/opt/rustwide/cargo-home/bin/cargo" "+nightly-2024-10-28" "test" "--frozen", kill_on_drop: false }`
[INFO] [stdout] d6f9c72233d423e907b01da16f7b99af787af50b65aec931e96fe3d4d0b4c0ed
[INFO] running `Command { std: "docker" "start" "-a" "d6f9c72233d423e907b01da16f7b99af787af50b65aec931e96fe3d4d0b4c0ed", kill_on_drop: false }`
[INFO] [stderr]     Finished `test` profile [unoptimized + debuginfo] target(s) in 0.03s
[INFO] [stderr]      Running unittests src/lib.rs (/opt/rustwide/target/debug/deps/redis_rawl-18ad3cde233e1b7e)
[INFO] [stdout] 
[INFO] [stdout] running 0 tests
[INFO] [stdout] 
[INFO] [stdout] test result: ok. 0 passed; 0 failed; 0 ignored; 0 measured; 0 filtered out; finished in 0.00s
[INFO] [stdout] 
[INFO] [stderr]    Doc-tests redis_rawl
[INFO] [stdout] 
[INFO] [stdout] running 1 test
[INFO] [stdout] test src/serialize.rs - serialize::decode (line 13) ... FAILED
[INFO] [stdout] 
[INFO] [stdout] failures:
[INFO] [stdout] 
[INFO] [stdout] ---- src/serialize.rs - serialize::decode (line 13) stdout ----
[INFO] [stdout] error: expected `;`, found `stream`
[INFO] [stdout]  --> src/serialize.rs:18:61
[INFO] [stdout]   |
[INFO] [stdout] 7 | let mut stream = TcpStream::connect("127.0.0.1:6379").await?
[INFO] [stdout]   |                                                             ^ help: add `;` here
[INFO] [stdout] 8 | stream.write_all("ping").await?;
[INFO] [stdout]   | ------ unexpected token
[INFO] [stdout] 
[INFO] [stdout] error[E0432]: unresolved import `self::resp`
[INFO] [stdout]  --> src/serialize.rs:16:11
[INFO] [stdout]   |
[INFO] [stdout] 5 | use self::resp::{Decoder, Value};
[INFO] [stdout]   |           ^^^^ could not find `resp` in the crate root
[INFO] [stdout] 
[INFO] [stdout] error[E0425]: cannot find function `decode` in this scope
[INFO] [stdout]   --> src/serialize.rs:21:13
[INFO] [stdout]    |
[INFO] [stdout] 10 | let value = decode(&mut reader).await?;
[INFO] [stdout]    |             ^^^^^^ not found in this scope
[INFO] [stdout]    |
[INFO] [stdout] help: consider importing this function
[INFO] [stdout]    |
[INFO] [stdout] 2  + use redis_rawl::decode;
[INFO] [stdout]    |
[INFO] [stdout] 
[INFO] [stdout] error[E0728]: `await` is only allowed inside `async` functions and blocks
[INFO] [stdout]  --> src/serialize.rs:18:55
[INFO] [stdout]   |
[INFO] [stdout] 2 | fn main() { #[allow(non_snake_case)] fn _doctest_main_src_serialize_rs_13_0() {
[INFO] [stdout]   |                                      ---------------------------------------- this is not `async`
[INFO] [stdout] ...
[INFO] [stdout] 7 | let mut stream = TcpStream::connect("127.0.0.1:6379").await?
[INFO] [stdout]   |                                                       ^^^^^ only allowed inside `async` functions and blocks
[INFO] [stdout] 
[INFO] [stdout] error[E0728]: `await` is only allowed inside `async` functions and blocks
[INFO] [stdout]  --> src/serialize.rs:19:26
[INFO] [stdout]   |
[INFO] [stdout] 2 | fn main() { #[allow(non_snake_case)] fn _doctest_main_src_serialize_rs_13_0() {
[INFO] [stdout]   |                                      ---------------------------------------- this is not `async`
[INFO] [stdout] ...
[INFO] [stdout] 8 | stream.write_all("ping").await?;
[INFO] [stdout]   |                          ^^^^^ only allowed inside `async` functions and blocks
[INFO] [stdout] 
[INFO] [stdout] error[E0728]: `await` is only allowed inside `async` functions and blocks
[INFO] [stdout]   --> src/serialize.rs:21:33
[INFO] [stdout]    |
[INFO] [stdout] 2  | fn main() { #[allow(non_snake_case)] fn _doctest_main_src_serialize_rs_13_0() {
[INFO] [stdout]    |                                      ---------------------------------------- this is not `async`
[INFO] [stdout] ...
[INFO] [stdout] 10 | let value = decode(&mut reader).await?;
[INFO] [stdout]    |                                 ^^^^^ only allowed inside `async` functions and blocks
[INFO] [stdout] 
[INFO] [stdout] error: aborting due to 6 previous errors
[INFO] [stdout] 
[INFO] [stdout] Some errors have detailed explanations: E0425, E0432, E0728.
[INFO] [stdout] For more information about an error, try `rustc --explain E0425`.
[INFO] [stdout] Couldn't compile the test.
[INFO] [stdout] 
[INFO] [stdout] failures:
[INFO] [stdout]     src/serialize.rs - serialize::decode (line 13)
[INFO] [stdout] 
[INFO] [stdout] test result: FAILED. 0 passed; 1 failed; 0 ignored; 0 measured; 0 filtered out; finished in 0.08s
[INFO] [stdout] 
[INFO] [stderr] error: doctest failed, to rerun pass `--doc`
[INFO] running `Command { std: "docker" "inspect" "d6f9c72233d423e907b01da16f7b99af787af50b65aec931e96fe3d4d0b4c0ed", kill_on_drop: false }`
[INFO] running `Command { std: "docker" "rm" "-f" "d6f9c72233d423e907b01da16f7b99af787af50b65aec931e96fe3d4d0b4c0ed", kill_on_drop: false }`
[INFO] [stdout] d6f9c72233d423e907b01da16f7b99af787af50b65aec931e96fe3d4d0b4c0ed
