[INFO] fetching crate redis_cluster_rs2 0.23.3...
[INFO] testing redis_cluster_rs2-0.23.3 against nightly-2024-10-28+rustflags=-Zrandomize-layout for randomize-layout
[INFO] extracting crate redis_cluster_rs2 0.23.3 into /workspace/builds/worker-4-tc2/source
[INFO] validating manifest of crates.io crate redis_cluster_rs2 0.23.3 on toolchain nightly-2024-10-28
[INFO] running `Command { std: CARGO_HOME="/workspace/cargo-home" RUSTUP_HOME="/workspace/rustup-home" "/workspace/cargo-home/bin/cargo" "+nightly-2024-10-28" "metadata" "--manifest-path" "Cargo.toml" "--no-deps", kill_on_drop: false }`
[INFO] started tweaking crates.io crate redis_cluster_rs2 0.23.3
[INFO] finished tweaking crates.io crate redis_cluster_rs2 0.23.3
[INFO] tweaked toml for crates.io crate redis_cluster_rs2 0.23.3 written to /workspace/builds/worker-4-tc2/source/Cargo.toml
[INFO] running `Command { std: CARGO_HOME="/workspace/cargo-home" RUSTUP_HOME="/workspace/rustup-home" "/workspace/cargo-home/bin/cargo" "+nightly-2024-10-28" "generate-lockfile" "--manifest-path" "Cargo.toml", kill_on_drop: false }`
[INFO] [stderr]     Updating crates.io index
[INFO] [stderr]      Locking 37 packages to latest compatible versions
[INFO] [stderr]       Adding rand v0.7.3 (available: v0.8.5)
[INFO] [stderr]       Adding redis v0.23.3 (available: v0.27.5)
[INFO] running `Command { std: CARGO_HOME="/workspace/cargo-home" RUSTUP_HOME="/workspace/rustup-home" "/workspace/cargo-home/bin/cargo" "+nightly-2024-10-28" "fetch" "--manifest-path" "Cargo.toml", kill_on_drop: false }`
[INFO] [stderr] warning: no edition set: defaulting to the 2015 edition while the latest is 2021
[INFO] running `Command { std: "docker" "create" "-v" "/var/lib/crater-agent-workspace/builds/worker-4-tc2/target:/opt/rustwide/target:rw,Z" "-v" "/var/lib/crater-agent-workspace/builds/worker-4-tc2/source:/opt/rustwide/workdir:ro,Z" "-v" "/var/lib/crater-agent-workspace/cargo-home:/opt/rustwide/cargo-home:ro,Z" "-v" "/var/lib/crater-agent-workspace/rustup-home:/opt/rustwide/rustup-home:ro,Z" "-e" "SOURCE_DIR=/opt/rustwide/workdir" "-e" "CARGO_TARGET_DIR=/opt/rustwide/target" "-e" "CARGO_HOME=/opt/rustwide/cargo-home" "-e" "RUSTUP_HOME=/opt/rustwide/rustup-home" "-w" "/opt/rustwide/workdir" "-m" "1610612736" "--user" "0:0" "--network" "none" "ghcr.io/rust-lang/crates-build-env/linux@sha256:4a844ea9eb2546a2d2c7022eacef16ef2e8229c7fbb2c7d4d55a9ceca922f72d" "/opt/rustwide/cargo-home/bin/cargo" "+nightly-2024-10-28" "metadata" "--no-deps" "--format-version=1", kill_on_drop: false }`
[INFO] [stdout] c2edcaff2cb706e9eb04b2c1a6500492d2256c64a741ac1f4ebfde26e2e73beb
[INFO] running `Command { std: "docker" "start" "-a" "c2edcaff2cb706e9eb04b2c1a6500492d2256c64a741ac1f4ebfde26e2e73beb", kill_on_drop: false }`
[INFO] running `Command { std: "docker" "inspect" "c2edcaff2cb706e9eb04b2c1a6500492d2256c64a741ac1f4ebfde26e2e73beb", kill_on_drop: false }`
[INFO] running `Command { std: "docker" "rm" "-f" "c2edcaff2cb706e9eb04b2c1a6500492d2256c64a741ac1f4ebfde26e2e73beb", kill_on_drop: false }`
[INFO] [stdout] c2edcaff2cb706e9eb04b2c1a6500492d2256c64a741ac1f4ebfde26e2e73beb
[INFO] running `Command { std: "docker" "create" "-v" "/var/lib/crater-agent-workspace/builds/worker-4-tc2/target:/opt/rustwide/target:rw,Z" "-v" "/var/lib/crater-agent-workspace/builds/worker-4-tc2/source:/opt/rustwide/workdir:ro,Z" "-v" "/var/lib/crater-agent-workspace/cargo-home:/opt/rustwide/cargo-home:ro,Z" "-v" "/var/lib/crater-agent-workspace/rustup-home:/opt/rustwide/rustup-home:ro,Z" "-e" "SOURCE_DIR=/opt/rustwide/workdir" "-e" "CARGO_TARGET_DIR=/opt/rustwide/target" "-e" "CARGO_INCREMENTAL=0" "-e" "RUST_BACKTRACE=full" "-e" "RUSTFLAGS=--cap-lints=forbid -Zrandomize-layout" "-e" "RUSTDOCFLAGS=--cap-lints=forbid" "-e" "CARGO_HOME=/opt/rustwide/cargo-home" "-e" "RUSTUP_HOME=/opt/rustwide/rustup-home" "-w" "/opt/rustwide/workdir" "-m" "1610612736" "--user" "0:0" "--network" "none" "ghcr.io/rust-lang/crates-build-env/linux@sha256:4a844ea9eb2546a2d2c7022eacef16ef2e8229c7fbb2c7d4d55a9ceca922f72d" "/opt/rustwide/cargo-home/bin/cargo" "+nightly-2024-10-28" "build" "--frozen" "--message-format=json", kill_on_drop: false }`
[INFO] [stdout] ba955367777e292a0ebdd409dcca15025f85c3b9396914c0dfa25d86a8ede788
[INFO] running `Command { std: "docker" "start" "-a" "ba955367777e292a0ebdd409dcca15025f85c3b9396914c0dfa25d86a8ede788", kill_on_drop: false }`
[INFO] [stderr] warning: no edition set: defaulting to the 2015 edition while the latest is 2021
[INFO] [stderr]    Compiling getrandom v0.1.16
[INFO] [stderr]    Compiling tinyvec_macros v0.1.1
[INFO] [stderr]    Compiling byteorder v1.5.0
[INFO] [stderr]    Compiling percent-encoding v2.3.1
[INFO] [stderr]    Compiling unicode-bidi v0.3.17
[INFO] [stderr]    Compiling bytes v1.8.0
[INFO] [stderr]    Compiling crc16 v0.4.0
[INFO] [stderr]    Compiling ryu v1.0.18
[INFO] [stderr]    Compiling itoa v1.0.11
[INFO] [stderr]    Compiling sha1_smol v1.0.1
[INFO] [stderr]    Compiling log v0.4.22
[INFO] [stderr]    Compiling syn v2.0.86
[INFO] [stderr]    Compiling socket2 v0.4.10
[INFO] [stderr]    Compiling tinyvec v1.8.0
[INFO] [stderr]    Compiling form_urlencoded v1.2.1
[INFO] [stderr]    Compiling rand_core v0.5.1
[INFO] [stderr]    Compiling combine v4.6.7
[INFO] [stderr]    Compiling unicode-normalization v0.1.24
[INFO] [stderr]    Compiling idna v0.5.0
[INFO] [stderr]    Compiling url v2.5.2
[INFO] [stderr]    Compiling zerocopy-derive v0.7.35
[INFO] [stderr]    Compiling zerocopy v0.7.35
[INFO] [stderr]    Compiling ppv-lite86 v0.2.20
[INFO] [stderr]    Compiling rand_chacha v0.2.2
[INFO] [stderr]    Compiling rand v0.7.3
[INFO] [stderr]    Compiling redis v0.23.3
[INFO] [stderr]    Compiling redis_cluster_rs2 v0.23.3 (/opt/rustwide/workdir)
[INFO] [stdout] warning: this function depends on never type fallback being `()`
[INFO] [stdout]    --> src/lib.rs:585:1
[INFO] [stdout]     |
[INFO] [stdout] 585 | / fn connect<T: IntoConnectionInfo>(
[INFO] [stdout] 586 | |     info: T,
[INFO] [stdout] 587 | |     readonly: bool,
[INFO] [stdout] 588 | |     password: Option<String>,
[INFO] [stdout] ...   |
[INFO] [stdout] 592 | | where
[INFO] [stdout] 593 | |     T: std::fmt::Debug,
[INFO] [stdout]     | |_______________________^
[INFO] [stdout]     |
[INFO] [stdout]     = warning: this was previously accepted by the compiler but is being phased out; it will become a hard error in a future release!
[INFO] [stdout]     = note: for more information, see issue #123748 <https://github.com/rust-lang/rust/issues/123748>
[INFO] [stdout]     = help: specify the types explicitly
[INFO] [stdout] note: in edition 2024, the requirement `!: FromRedisValue` will fail
[INFO] [stdout]    --> src/lib.rs:602:25
[INFO] [stdout]     |
[INFO] [stdout] 602 |         cmd("READONLY").query(&mut con)?;
[INFO] [stdout]     |                         ^^^^^
[INFO] [stdout]     = note: `#[warn(dependency_on_unit_never_type_fallback)]` on by default
[INFO] [stdout] 
[INFO] [stdout] 
[INFO] [stderr]     Finished `dev` profile [unoptimized + debuginfo] target(s) in 7.88s
[INFO] running `Command { std: "docker" "inspect" "ba955367777e292a0ebdd409dcca15025f85c3b9396914c0dfa25d86a8ede788", kill_on_drop: false }`
[INFO] running `Command { std: "docker" "rm" "-f" "ba955367777e292a0ebdd409dcca15025f85c3b9396914c0dfa25d86a8ede788", kill_on_drop: false }`
[INFO] [stdout] ba955367777e292a0ebdd409dcca15025f85c3b9396914c0dfa25d86a8ede788
[INFO] running `Command { std: "docker" "create" "-v" "/var/lib/crater-agent-workspace/builds/worker-4-tc2/target:/opt/rustwide/target:rw,Z" "-v" "/var/lib/crater-agent-workspace/builds/worker-4-tc2/source:/opt/rustwide/workdir:ro,Z" "-v" "/var/lib/crater-agent-workspace/cargo-home:/opt/rustwide/cargo-home:ro,Z" "-v" "/var/lib/crater-agent-workspace/rustup-home:/opt/rustwide/rustup-home:ro,Z" "-e" "SOURCE_DIR=/opt/rustwide/workdir" "-e" "CARGO_TARGET_DIR=/opt/rustwide/target" "-e" "CARGO_INCREMENTAL=0" "-e" "RUST_BACKTRACE=full" "-e" "RUSTFLAGS=--cap-lints=forbid -Zrandomize-layout" "-e" "RUSTDOCFLAGS=--cap-lints=forbid" "-e" "CARGO_HOME=/opt/rustwide/cargo-home" "-e" "RUSTUP_HOME=/opt/rustwide/rustup-home" "-w" "/opt/rustwide/workdir" "-m" "1610612736" "--user" "0:0" "--network" "none" "ghcr.io/rust-lang/crates-build-env/linux@sha256:4a844ea9eb2546a2d2c7022eacef16ef2e8229c7fbb2c7d4d55a9ceca922f72d" "/opt/rustwide/cargo-home/bin/cargo" "+nightly-2024-10-28" "test" "--frozen" "--no-run" "--message-format=json", kill_on_drop: false }`
[INFO] [stdout] 4d92b45babe7a80796885a719f3b85eb1a651e1160f9dd2bf24f3afc660ca3a9
[INFO] running `Command { std: "docker" "start" "-a" "4d92b45babe7a80796885a719f3b85eb1a651e1160f9dd2bf24f3afc660ca3a9", kill_on_drop: false }`
[INFO] [stderr] warning: no edition set: defaulting to the 2015 edition while the latest is 2021
[INFO] [stderr]    Compiling redis_cluster_rs2 v0.23.3 (/opt/rustwide/workdir)
[INFO] [stdout] warning: this function depends on never type fallback being `()`
[INFO] [stdout]    --> src/lib.rs:585:1
[INFO] [stdout]     |
[INFO] [stdout] 585 | / fn connect<T: IntoConnectionInfo>(
[INFO] [stdout] 586 | |     info: T,
[INFO] [stdout] 587 | |     readonly: bool,
[INFO] [stdout] 588 | |     password: Option<String>,
[INFO] [stdout] ...   |
[INFO] [stdout] 592 | | where
[INFO] [stdout] 593 | |     T: std::fmt::Debug,
[INFO] [stdout]     | |_______________________^
[INFO] [stdout]     |
[INFO] [stdout]     = warning: this was previously accepted by the compiler but is being phased out; it will become a hard error in a future release!
[INFO] [stdout]     = note: for more information, see issue #123748 <https://github.com/rust-lang/rust/issues/123748>
[INFO] [stdout]     = help: specify the types explicitly
[INFO] [stdout] note: in edition 2024, the requirement `!: FromRedisValue` will fail
[INFO] [stdout]    --> src/lib.rs:602:25
[INFO] [stdout]     |
[INFO] [stdout] 602 |         cmd("READONLY").query(&mut con)?;
[INFO] [stdout]     |                         ^^^^^
[INFO] [stdout]     = note: `#[warn(dependency_on_unit_never_type_fallback)]` on by default
[INFO] [stdout] 
[INFO] [stdout] 
[INFO] [stdout] warning: this function depends on never type fallback being `()`
[INFO] [stdout]    --> src/lib.rs:585:1
[INFO] [stdout]     |
[INFO] [stdout] 585 | / fn connect<T: IntoConnectionInfo>(
[INFO] [stdout] 586 | |     info: T,
[INFO] [stdout] 587 | |     readonly: bool,
[INFO] [stdout] 588 | |     password: Option<String>,
[INFO] [stdout] ...   |
[INFO] [stdout] 592 | | where
[INFO] [stdout] 593 | |     T: std::fmt::Debug,
[INFO] [stdout]     | |_______________________^
[INFO] [stdout]     |
[INFO] [stdout]     = warning: this was previously accepted by the compiler but is being phased out; it will become a hard error in a future release!
[INFO] [stdout]     = note: for more information, see issue #123748 <https://github.com/rust-lang/rust/issues/123748>
[INFO] [stdout]     = help: specify the types explicitly
[INFO] [stdout] note: in edition 2024, the requirement `!: FromRedisValue` will fail
[INFO] [stdout]    --> src/lib.rs:602:25
[INFO] [stdout]     |
[INFO] [stdout] 602 |         cmd("READONLY").query(&mut con)?;
[INFO] [stdout]     |                         ^^^^^
[INFO] [stdout]     = note: `#[warn(dependency_on_unit_never_type_fallback)]` on by default
[INFO] [stdout] 
[INFO] [stdout] 
[INFO] [stderr]     Finished `test` profile [unoptimized + debuginfo] target(s) in 0.42s
[INFO] running `Command { std: "docker" "inspect" "4d92b45babe7a80796885a719f3b85eb1a651e1160f9dd2bf24f3afc660ca3a9", kill_on_drop: false }`
[INFO] running `Command { std: "docker" "rm" "-f" "4d92b45babe7a80796885a719f3b85eb1a651e1160f9dd2bf24f3afc660ca3a9", kill_on_drop: false }`
[INFO] [stdout] 4d92b45babe7a80796885a719f3b85eb1a651e1160f9dd2bf24f3afc660ca3a9
[INFO] running `Command { std: "docker" "create" "-v" "/var/lib/crater-agent-workspace/builds/worker-4-tc2/target:/opt/rustwide/target:rw,Z" "-v" "/var/lib/crater-agent-workspace/builds/worker-4-tc2/source:/opt/rustwide/workdir:ro,Z" "-v" "/var/lib/crater-agent-workspace/cargo-home:/opt/rustwide/cargo-home:ro,Z" "-v" "/var/lib/crater-agent-workspace/rustup-home:/opt/rustwide/rustup-home:ro,Z" "-e" "SOURCE_DIR=/opt/rustwide/workdir" "-e" "CARGO_TARGET_DIR=/opt/rustwide/target" "-e" "CARGO_INCREMENTAL=0" "-e" "RUST_BACKTRACE=full" "-e" "RUSTFLAGS=--cap-lints=forbid -Zrandomize-layout" "-e" "RUSTDOCFLAGS=--cap-lints=forbid" "-e" "CARGO_HOME=/opt/rustwide/cargo-home" "-e" "RUSTUP_HOME=/opt/rustwide/rustup-home" "-w" "/opt/rustwide/workdir" "-m" "1610612736" "--user" "0:0" "--network" "none" "ghcr.io/rust-lang/crates-build-env/linux@sha256:4a844ea9eb2546a2d2c7022eacef16ef2e8229c7fbb2c7d4d55a9ceca922f72d" "/opt/rustwide/cargo-home/bin/cargo" "+nightly-2024-10-28" "test" "--frozen", kill_on_drop: false }`
[INFO] [stdout] 3126190005b9954ec26996bcdb20d8c80b1a711cb24e116d447638e9c08b778d
[INFO] running `Command { std: "docker" "start" "-a" "3126190005b9954ec26996bcdb20d8c80b1a711cb24e116d447638e9c08b778d", kill_on_drop: false }`
[INFO] [stderr] warning: no edition set: defaulting to the 2015 edition while the latest is 2021
[INFO] [stderr] warning: this function depends on never type fallback being `()`
[INFO] [stderr]    --> src/lib.rs:585:1
[INFO] [stderr]     |
[INFO] [stderr] 585 | / fn connect<T: IntoConnectionInfo>(
[INFO] [stderr] 586 | |     info: T,
[INFO] [stderr] 587 | |     readonly: bool,
[INFO] [stderr] 588 | |     password: Option<String>,
[INFO] [stderr] ...   |
[INFO] [stderr] 592 | | where
[INFO] [stderr] 593 | |     T: std::fmt::Debug,
[INFO] [stderr]     | |_______________________^
[INFO] [stderr]     |
[INFO] [stderr]     = warning: this was previously accepted by the compiler but is being phased out; it will become a hard error in a future release!
[INFO] [stderr]     = note: for more information, see issue #123748 <https://github.com/rust-lang/rust/issues/123748>
[INFO] [stderr]     = help: specify the types explicitly
[INFO] [stderr] note: in edition 2024, the requirement `!: FromRedisValue` will fail
[INFO] [stderr]    --> src/lib.rs:602:25
[INFO] [stderr]     |
[INFO] [stderr] 602 |         cmd("READONLY").query(&mut con)?;
[INFO] [stderr]     |                         ^^^^^
[INFO] [stderr]     = note: `#[warn(dependency_on_unit_never_type_fallback)]` on by default
[INFO] [stderr] 
[INFO] [stderr] warning: `redis_cluster_rs2` (lib) generated 1 warning
[INFO] [stderr] warning: `redis_cluster_rs2` (lib test) generated 1 warning (1 duplicate)
[INFO] [stderr]     Finished `test` profile [unoptimized + debuginfo] target(s) in 0.03s
[INFO] [stderr]      Running unittests src/lib.rs (/opt/rustwide/target/debug/deps/redis_cluster_rs2-7ff4d0c28d8be774)
[INFO] [stdout] 
[INFO] [stdout] running 4 tests
[INFO] [stdout] test tests::give_different_password_by_initial_nodes ... ok
[INFO] [stdout] test tests::give_no_password ... ok
[INFO] [stdout] test tests::give_password_by_initial_nodes ... ok
[INFO] [stdout] test tests::give_password_by_method ... ok
[INFO] [stdout] 
[INFO] [stdout] test result: ok. 4 passed; 0 failed; 0 ignored; 0 measured; 0 filtered out; finished in 0.00s
[INFO] [stdout] 
[INFO] [stderr]    Doc-tests redis_cluster_rs2
[INFO] [stdout] 
[INFO] [stdout] running 2 tests
[INFO] [stdout] test src/lib.rs - (line 29) - compile ... FAILED
[INFO] [stdout] test src/lib.rs - (line 11) - compile ... FAILED
[INFO] [stdout] 
[INFO] [stdout] failures:
[INFO] [stdout] 
[INFO] [stdout] ---- src/lib.rs - (line 29) stdout ----
[INFO] [stdout] error[E0463]: can't find crate for `redis_cluster_rs`
[INFO] [stdout]  --> src/lib.rs:30:1
[INFO] [stdout]   |
[INFO] [stdout] 2 | extern crate redis_cluster_rs;
[INFO] [stdout]   | ^^^^^^^^^^^^^^^^^^^^^^^^^^^^^^ can't find crate
[INFO] [stdout] 
[INFO] [stdout] error: aborting due to 1 previous error
[INFO] [stdout] 
[INFO] [stdout] For more information about this error, try `rustc --explain E0463`.
[INFO] [stdout] Couldn't compile the test.
[INFO] [stdout] ---- src/lib.rs - (line 11) stdout ----
[INFO] [stdout] error[E0463]: can't find crate for `redis_cluster_rs`
[INFO] [stdout]  --> src/lib.rs:12:1
[INFO] [stdout]   |
[INFO] [stdout] 2 | extern crate redis_cluster_rs;
[INFO] [stdout]   | ^^^^^^^^^^^^^^^^^^^^^^^^^^^^^^ can't find crate
[INFO] [stdout] 
[INFO] [stdout] error: aborting due to 1 previous error
[INFO] [stdout] 
[INFO] [stdout] For more information about this error, try `rustc --explain E0463`.
[INFO] [stdout] Couldn't compile the test.
[INFO] [stdout] 
[INFO] [stdout] failures:
[INFO] [stdout]     src/lib.rs - (line 11)
[INFO] [stdout]     src/lib.rs - (line 29)
[INFO] [stdout] 
[INFO] [stdout] test result: FAILED. 0 passed; 2 failed; 0 ignored; 0 measured; 0 filtered out; finished in 0.05s
[INFO] [stdout] 
[INFO] [stderr] error: doctest failed, to rerun pass `--doc`
[INFO] running `Command { std: "docker" "inspect" "3126190005b9954ec26996bcdb20d8c80b1a711cb24e116d447638e9c08b778d", kill_on_drop: false }`
[INFO] running `Command { std: "docker" "rm" "-f" "3126190005b9954ec26996bcdb20d8c80b1a711cb24e116d447638e9c08b778d", kill_on_drop: false }`
[INFO] [stdout] 3126190005b9954ec26996bcdb20d8c80b1a711cb24e116d447638e9c08b778d
