[INFO] fetching crate redis-macros-derive-bincode 0.1.0...
[INFO] testing redis-macros-derive-bincode-0.1.0 against nightly-2024-10-28+rustflags=-Zrandomize-layout for randomize-layout
[INFO] extracting crate redis-macros-derive-bincode 0.1.0 into /workspace/builds/worker-6-tc2/source
[INFO] validating manifest of crates.io crate redis-macros-derive-bincode 0.1.0 on toolchain nightly-2024-10-28
[INFO] running `Command { std: CARGO_HOME="/workspace/cargo-home" RUSTUP_HOME="/workspace/rustup-home" "/workspace/cargo-home/bin/cargo" "+nightly-2024-10-28" "metadata" "--manifest-path" "Cargo.toml" "--no-deps", kill_on_drop: false }`
[INFO] started tweaking crates.io crate redis-macros-derive-bincode 0.1.0
[INFO] finished tweaking crates.io crate redis-macros-derive-bincode 0.1.0
[INFO] tweaked toml for crates.io crate redis-macros-derive-bincode 0.1.0 written to /workspace/builds/worker-6-tc2/source/Cargo.toml
[INFO] running `Command { std: CARGO_HOME="/workspace/cargo-home" RUSTUP_HOME="/workspace/rustup-home" "/workspace/cargo-home/bin/cargo" "+nightly-2024-10-28" "generate-lockfile" "--manifest-path" "Cargo.toml", kill_on_drop: false }`
[INFO] [stderr]     Updating crates.io index
[INFO] [stderr]      Locking 61 packages to latest compatible versions
[INFO] [stderr]       Adding redis v0.22.3 (available: v0.27.5)
[INFO] [stderr]       Adding redis v0.23.3 (available: v0.27.5)
[INFO] [stderr]       Adding syn v1.0.109 (available: v2.0.86)
[INFO] running `Command { std: CARGO_HOME="/workspace/cargo-home" RUSTUP_HOME="/workspace/rustup-home" "/workspace/cargo-home/bin/cargo" "+nightly-2024-10-28" "fetch" "--manifest-path" "Cargo.toml", kill_on_drop: false }`
[INFO] running `Command { std: "docker" "create" "-v" "/var/lib/crater-agent-workspace/builds/worker-6-tc2/target:/opt/rustwide/target:rw,Z" "-v" "/var/lib/crater-agent-workspace/builds/worker-6-tc2/source:/opt/rustwide/workdir:ro,Z" "-v" "/var/lib/crater-agent-workspace/cargo-home:/opt/rustwide/cargo-home:ro,Z" "-v" "/var/lib/crater-agent-workspace/rustup-home:/opt/rustwide/rustup-home:ro,Z" "-e" "SOURCE_DIR=/opt/rustwide/workdir" "-e" "CARGO_TARGET_DIR=/opt/rustwide/target" "-e" "CARGO_HOME=/opt/rustwide/cargo-home" "-e" "RUSTUP_HOME=/opt/rustwide/rustup-home" "-w" "/opt/rustwide/workdir" "-m" "1610612736" "--user" "0:0" "--network" "none" "ghcr.io/rust-lang/crates-build-env/linux@sha256:4a844ea9eb2546a2d2c7022eacef16ef2e8229c7fbb2c7d4d55a9ceca922f72d" "/opt/rustwide/cargo-home/bin/cargo" "+nightly-2024-10-28" "metadata" "--no-deps" "--format-version=1", kill_on_drop: false }`
[INFO] [stdout] 8a111381900bdd56320953ce985b74fbdefb9d6db9659cb9490d1b0cd8a04f0d
[INFO] running `Command { std: "docker" "start" "-a" "8a111381900bdd56320953ce985b74fbdefb9d6db9659cb9490d1b0cd8a04f0d", kill_on_drop: false }`
[INFO] running `Command { std: "docker" "inspect" "8a111381900bdd56320953ce985b74fbdefb9d6db9659cb9490d1b0cd8a04f0d", kill_on_drop: false }`
[INFO] running `Command { std: "docker" "rm" "-f" "8a111381900bdd56320953ce985b74fbdefb9d6db9659cb9490d1b0cd8a04f0d", kill_on_drop: false }`
[INFO] [stdout] 8a111381900bdd56320953ce985b74fbdefb9d6db9659cb9490d1b0cd8a04f0d
[INFO] running `Command { std: "docker" "create" "-v" "/var/lib/crater-agent-workspace/builds/worker-6-tc2/target:/opt/rustwide/target:rw,Z" "-v" "/var/lib/crater-agent-workspace/builds/worker-6-tc2/source:/opt/rustwide/workdir:ro,Z" "-v" "/var/lib/crater-agent-workspace/cargo-home:/opt/rustwide/cargo-home:ro,Z" "-v" "/var/lib/crater-agent-workspace/rustup-home:/opt/rustwide/rustup-home:ro,Z" "-e" "SOURCE_DIR=/opt/rustwide/workdir" "-e" "CARGO_TARGET_DIR=/opt/rustwide/target" "-e" "CARGO_INCREMENTAL=0" "-e" "RUST_BACKTRACE=full" "-e" "RUSTFLAGS=--cap-lints=forbid -Zrandomize-layout" "-e" "RUSTDOCFLAGS=--cap-lints=forbid" "-e" "CARGO_HOME=/opt/rustwide/cargo-home" "-e" "RUSTUP_HOME=/opt/rustwide/rustup-home" "-w" "/opt/rustwide/workdir" "-m" "1610612736" "--user" "0:0" "--network" "none" "ghcr.io/rust-lang/crates-build-env/linux@sha256:4a844ea9eb2546a2d2c7022eacef16ef2e8229c7fbb2c7d4d55a9ceca922f72d" "/opt/rustwide/cargo-home/bin/cargo" "+nightly-2024-10-28" "build" "--frozen" "--message-format=json", kill_on_drop: false }`
[INFO] [stdout] 430aef2ddd760ec861c5eb0ab991787c9bb26f8aedda6b52e43352de359759d8
[INFO] running `Command { std: "docker" "start" "-a" "430aef2ddd760ec861c5eb0ab991787c9bb26f8aedda6b52e43352de359759d8", kill_on_drop: false }`
[INFO] [stderr]    Compiling tinyvec_macros v0.1.1
[INFO] [stderr]    Compiling proc-macro2 v1.0.89
[INFO] [stderr]    Compiling unicode-bidi v0.3.17
[INFO] [stderr]    Compiling percent-encoding v2.3.1
[INFO] [stderr]    Compiling syn v1.0.109
[INFO] [stderr]    Compiling libc v0.2.161
[INFO] [stderr]    Compiling serde v1.0.214
[INFO] [stderr]    Compiling memchr v2.7.4
[INFO] [stderr]    Compiling bytes v1.8.0
[INFO] [stderr]    Compiling tinyvec v1.8.0
[INFO] [stderr]    Compiling form_urlencoded v1.2.1
[INFO] [stderr]    Compiling ryu v1.0.18
[INFO] [stderr]    Compiling itoa v1.0.11
[INFO] [stderr]    Compiling sha1_smol v1.0.1
[INFO] [stderr]    Compiling combine v4.6.7
[INFO] [stderr]    Compiling socket2 v0.4.10
[INFO] [stderr]    Compiling unicode-normalization v0.1.24
[INFO] [stderr]    Compiling quote v1.0.37
[INFO] [stderr]    Compiling idna v0.5.0
[INFO] [stderr]    Compiling url v2.5.2
[INFO] [stderr]    Compiling bincode v1.3.3
[INFO] [stderr]    Compiling redis v0.23.3
[INFO] [stderr]    Compiling redis-macros-derive-bincode v0.1.0 (/opt/rustwide/workdir)
[INFO] [stderr]     Finished `dev` profile [unoptimized + debuginfo] target(s) in 8.73s
[INFO] running `Command { std: "docker" "inspect" "430aef2ddd760ec861c5eb0ab991787c9bb26f8aedda6b52e43352de359759d8", kill_on_drop: false }`
[INFO] running `Command { std: "docker" "rm" "-f" "430aef2ddd760ec861c5eb0ab991787c9bb26f8aedda6b52e43352de359759d8", kill_on_drop: false }`
[INFO] [stdout] 430aef2ddd760ec861c5eb0ab991787c9bb26f8aedda6b52e43352de359759d8
[INFO] running `Command { std: "docker" "create" "-v" "/var/lib/crater-agent-workspace/builds/worker-6-tc2/target:/opt/rustwide/target:rw,Z" "-v" "/var/lib/crater-agent-workspace/builds/worker-6-tc2/source:/opt/rustwide/workdir:ro,Z" "-v" "/var/lib/crater-agent-workspace/cargo-home:/opt/rustwide/cargo-home:ro,Z" "-v" "/var/lib/crater-agent-workspace/rustup-home:/opt/rustwide/rustup-home:ro,Z" "-e" "SOURCE_DIR=/opt/rustwide/workdir" "-e" "CARGO_TARGET_DIR=/opt/rustwide/target" "-e" "CARGO_INCREMENTAL=0" "-e" "RUST_BACKTRACE=full" "-e" "RUSTFLAGS=--cap-lints=forbid -Zrandomize-layout" "-e" "RUSTDOCFLAGS=--cap-lints=forbid" "-e" "CARGO_HOME=/opt/rustwide/cargo-home" "-e" "RUSTUP_HOME=/opt/rustwide/rustup-home" "-w" "/opt/rustwide/workdir" "-m" "1610612736" "--user" "0:0" "--network" "none" "ghcr.io/rust-lang/crates-build-env/linux@sha256:4a844ea9eb2546a2d2c7022eacef16ef2e8229c7fbb2c7d4d55a9ceca922f72d" "/opt/rustwide/cargo-home/bin/cargo" "+nightly-2024-10-28" "test" "--frozen" "--no-run" "--message-format=json", kill_on_drop: false }`
[INFO] [stdout] 6ce3b6704f982ac70d40250401853748c91b283a34c2645a60ec66ab1ba5963a
[INFO] running `Command { std: "docker" "start" "-a" "6ce3b6704f982ac70d40250401853748c91b283a34c2645a60ec66ab1ba5963a", kill_on_drop: false }`
[INFO] [stderr]    Compiling pin-project-lite v0.2.15
[INFO] [stderr]    Compiling futures-core v0.3.31
[INFO] [stderr]    Compiling futures-sink v0.3.31
[INFO] [stderr]    Compiling serde v1.0.214
[INFO] [stderr]    Compiling syn v2.0.86
[INFO] [stderr]    Compiling mio v1.0.2
[INFO] [stderr]    Compiling socket2 v0.5.7
[INFO] [stderr]    Compiling serde_json v1.0.132
[INFO] [stderr]    Compiling pin-utils v0.1.0
[INFO] [stderr]    Compiling futures-task v0.3.31
[INFO] [stderr]    Compiling futures-util v0.3.31
[INFO] [stderr]    Compiling tokio v1.41.0
[INFO] [stderr]    Compiling serde_derive v1.0.214
[INFO] [stderr]    Compiling async-trait v0.1.83
[INFO] [stderr]    Compiling tokio-util v0.7.12
[INFO] [stderr]    Compiling combine v4.6.7
[INFO] [stderr]    Compiling redis v0.23.3
[INFO] [stderr]    Compiling bincode v1.3.3
[INFO] [stderr]    Compiling redis v0.22.3
[INFO] [stderr]    Compiling redis-macros-derive-bincode v0.1.0 (/opt/rustwide/workdir)
[INFO] [stderr]     Finished `test` profile [unoptimized + debuginfo] target(s) in 17.48s
[INFO] running `Command { std: "docker" "inspect" "6ce3b6704f982ac70d40250401853748c91b283a34c2645a60ec66ab1ba5963a", kill_on_drop: false }`
[INFO] running `Command { std: "docker" "rm" "-f" "6ce3b6704f982ac70d40250401853748c91b283a34c2645a60ec66ab1ba5963a", kill_on_drop: false }`
[INFO] [stdout] 6ce3b6704f982ac70d40250401853748c91b283a34c2645a60ec66ab1ba5963a
[INFO] running `Command { std: "docker" "create" "-v" "/var/lib/crater-agent-workspace/builds/worker-6-tc2/target:/opt/rustwide/target:rw,Z" "-v" "/var/lib/crater-agent-workspace/builds/worker-6-tc2/source:/opt/rustwide/workdir:ro,Z" "-v" "/var/lib/crater-agent-workspace/cargo-home:/opt/rustwide/cargo-home:ro,Z" "-v" "/var/lib/crater-agent-workspace/rustup-home:/opt/rustwide/rustup-home:ro,Z" "-e" "SOURCE_DIR=/opt/rustwide/workdir" "-e" "CARGO_TARGET_DIR=/opt/rustwide/target" "-e" "CARGO_INCREMENTAL=0" "-e" "RUST_BACKTRACE=full" "-e" "RUSTFLAGS=--cap-lints=forbid -Zrandomize-layout" "-e" "RUSTDOCFLAGS=--cap-lints=forbid" "-e" "CARGO_HOME=/opt/rustwide/cargo-home" "-e" "RUSTUP_HOME=/opt/rustwide/rustup-home" "-w" "/opt/rustwide/workdir" "-m" "1610612736" "--user" "0:0" "--network" "none" "ghcr.io/rust-lang/crates-build-env/linux@sha256:4a844ea9eb2546a2d2c7022eacef16ef2e8229c7fbb2c7d4d55a9ceca922f72d" "/opt/rustwide/cargo-home/bin/cargo" "+nightly-2024-10-28" "test" "--frozen", kill_on_drop: false }`
[INFO] [stdout] 7933d75510b9a8c7b092a50a1e0b16a8e0ed2d7dce1623e46a224bec7977c263
[INFO] running `Command { std: "docker" "start" "-a" "7933d75510b9a8c7b092a50a1e0b16a8e0ed2d7dce1623e46a224bec7977c263", kill_on_drop: false }`
[INFO] [stderr]     Finished `test` profile [unoptimized + debuginfo] target(s) in 0.03s
[INFO] [stderr]      Running unittests src/lib.rs (/opt/rustwide/target/debug/deps/redis_macros_derive_bincode-b840f8e8e0cb6c52)
[INFO] [stdout] 
[INFO] [stdout] running 0 tests
[INFO] [stdout] 
[INFO] [stdout] test result: ok. 0 passed; 0 failed; 0 ignored; 0 measured; 0 filtered out; finished in 0.00s
[INFO] [stdout] 
[INFO] [stderr]    Doc-tests redis_macros_derive_bincode
[INFO] [stdout] 
[INFO] [stdout] running 4 tests
[INFO] [stdout] test src/lib.rs - to_redis_args_macro (line 184) - compile ... FAILED
[INFO] [stdout] test src/lib.rs - from_redis_value_macro (line 78) - compile ... FAILED
[INFO] [stdout] test src/lib.rs - to_redis_args_macro (line 155) - compile ... FAILED
[INFO] [stdout] test src/lib.rs - from_redis_value_macro (line 46) - compile ... FAILED
[INFO] [stdout] 
[INFO] [stdout] failures:
[INFO] [stdout] 
[INFO] [stdout] ---- src/lib.rs - to_redis_args_macro (line 184) stdout ----
[INFO] [stdout] error: this file contains an unclosed delimiter
[INFO] [stdout]  --> src/lib.rs:191:13
[INFO] [stdout]   |
[INFO] [stdout] 7 | struct Test{
[INFO] [stdout]   |            -^
[INFO] [stdout]   |            |
[INFO] [stdout]   |            unclosed delimiter
[INFO] [stdout] 
[INFO] [stdout] error: aborting due to 1 previous error
[INFO] [stdout] 
[INFO] [stdout] Couldn't compile the test.
[INFO] [stdout] ---- src/lib.rs - from_redis_value_macro (line 78) stdout ----
[INFO] [stdout] error: this file contains an unclosed delimiter
[INFO] [stdout]  --> src/lib.rs:84:14
[INFO] [stdout]   |
[INFO] [stdout] 6 | struct Test {
[INFO] [stdout]   |             -^
[INFO] [stdout]   |             |
[INFO] [stdout]   |             unclosed delimiter
[INFO] [stdout] 
[INFO] [stdout] error: aborting due to 1 previous error
[INFO] [stdout] 
[INFO] [stdout] Couldn't compile the test.
[INFO] [stdout] ---- src/lib.rs - to_redis_args_macro (line 155) stdout ----
[INFO] [stdout] error: expected one of `!` or `[`, found `#`
[INFO] [stdout]   --> src/lib.rs:176:28
[INFO] [stdout]    |
[INFO] [stdout] 23 | con.set("test", &test)?;  ## TODO
[INFO] [stdout]    |                            ^ expected one of `!` or `[`
[INFO] [stdout] 
[INFO] [stdout] error[E0464]: multiple candidates for `rlib` dependency `redis` found
[INFO] [stdout]  --> src/lib.rs:157:5
[INFO] [stdout]   |
[INFO] [stdout] 4 | use redis::{Client, Commands, RedisResult};
[INFO] [stdout]   |     ^^^^^
[INFO] [stdout]   |
[INFO] [stdout]   = note: candidate #1: /opt/rustwide/target/debug/deps/libredis-52f88bbff3117252.rlib
[INFO] [stdout]   = note: candidate #2: /opt/rustwide/target/debug/deps/libredis-b52b41bc85c84e34.rlib
[INFO] [stdout] 
[INFO] [stdout] error[E0464]: multiple candidates for `rlib` dependency `redis` found
[INFO] [stdout]  --> src/lib.rs:161:34
[INFO] [stdout]   |
[INFO] [stdout] 8 | #[derive(Serialize, Deserialize, FromRedisValue, ToRedisArgs, Debug)]
[INFO] [stdout]   |                                  ^^^^^^^^^^^^^^
[INFO] [stdout]   |
[INFO] [stdout]   = note: candidate #1: /opt/rustwide/target/debug/deps/libredis-52f88bbff3117252.rlib
[INFO] [stdout]   = note: candidate #2: /opt/rustwide/target/debug/deps/libredis-b52b41bc85c84e34.rlib
[INFO] [stdout] 
[INFO] [stdout] error[E0464]: multiple candidates for `rlib` dependency `redis` found
[INFO] [stdout]  --> src/lib.rs:161:50
[INFO] [stdout]   |
[INFO] [stdout] 8 | #[derive(Serialize, Deserialize, FromRedisValue, ToRedisArgs, Debug)]
[INFO] [stdout]   |                                                  ^^^^^^^^^^^
[INFO] [stdout]   |
[INFO] [stdout]   = note: candidate #1: /opt/rustwide/target/debug/deps/libredis-52f88bbff3117252.rlib
[INFO] [stdout]   = note: candidate #2: /opt/rustwide/target/debug/deps/libredis-b52b41bc85c84e34.rlib
[INFO] [stdout] 
[INFO] [stdout] error[E0464]: multiple candidates for `rlib` dependency `redis` found
[INFO] [stdout]   --> src/lib.rs:168:15
[INFO] [stdout]    |
[INFO] [stdout] 15 | fn main () -> redis::RedisResult<()> {
[INFO] [stdout]    |               ^^^^^
[INFO] [stdout]    |
[INFO] [stdout]    = note: candidate #1: /opt/rustwide/target/debug/deps/libredis-52f88bbff3117252.rlib
[INFO] [stdout]    = note: candidate #2: /opt/rustwide/target/debug/deps/libredis-b52b41bc85c84e34.rlib
[INFO] [stdout] 
[INFO] [stdout] error[E0464]: multiple candidates for `rlib` dependency `redis` found
[INFO] [stdout]   --> src/lib.rs:169:14
[INFO] [stdout]    |
[INFO] [stdout] 16 | let client = redis::Client::open("redis://localhost:6379/")?;
[INFO] [stdout]    |              ^^^^^
[INFO] [stdout]    |
[INFO] [stdout]    = note: candidate #1: /opt/rustwide/target/debug/deps/libredis-52f88bbff3117252.rlib
[INFO] [stdout]    = note: candidate #2: /opt/rustwide/target/debug/deps/libredis-b52b41bc85c84e34.rlib
[INFO] [stdout] 
[INFO] [stdout] error: aborting due to 6 previous errors
[INFO] [stdout] 
[INFO] [stdout] For more information about this error, try `rustc --explain E0464`.
[INFO] [stdout] Couldn't compile the test.
[INFO] [stdout] ---- src/lib.rs - from_redis_value_macro (line 46) stdout ----
[INFO] [stdout] error: expected one of `!` or `[`, found `#`
[INFO] [stdout]   --> src/lib.rs:67:28
[INFO] [stdout]    |
[INFO] [stdout] 23 | con.set("test", &test)?;  ## TODO
[INFO] [stdout]    |                            ^ expected one of `!` or `[`
[INFO] [stdout] 
[INFO] [stdout] error[E0464]: multiple candidates for `rlib` dependency `redis` found
[INFO] [stdout]  --> src/lib.rs:48:5
[INFO] [stdout]   |
[INFO] [stdout] 4 | use redis::{Client, Commands, RedisResult};
[INFO] [stdout]   |     ^^^^^
[INFO] [stdout]   |
[INFO] [stdout]   = note: candidate #1: /opt/rustwide/target/debug/deps/libredis-52f88bbff3117252.rlib
[INFO] [stdout]   = note: candidate #2: /opt/rustwide/target/debug/deps/libredis-b52b41bc85c84e34.rlib
[INFO] [stdout] 
[INFO] [stdout] error[E0464]: multiple candidates for `rlib` dependency `redis` found
[INFO] [stdout]  --> src/lib.rs:52:34
[INFO] [stdout]   |
[INFO] [stdout] 8 | #[derive(Serialize, Deserialize, FromRedisValue, ToRedisArgs, Debug)]
[INFO] [stdout]   |                                  ^^^^^^^^^^^^^^
[INFO] [stdout]   |
[INFO] [stdout]   = note: candidate #1: /opt/rustwide/target/debug/deps/libredis-52f88bbff3117252.rlib
[INFO] [stdout]   = note: candidate #2: /opt/rustwide/target/debug/deps/libredis-b52b41bc85c84e34.rlib
[INFO] [stdout] 
[INFO] [stdout] error[E0464]: multiple candidates for `rlib` dependency `redis` found
[INFO] [stdout]  --> src/lib.rs:52:50
[INFO] [stdout]   |
[INFO] [stdout] 8 | #[derive(Serialize, Deserialize, FromRedisValue, ToRedisArgs, Debug)]
[INFO] [stdout]   |                                                  ^^^^^^^^^^^
[INFO] [stdout]   |
[INFO] [stdout]   = note: candidate #1: /opt/rustwide/target/debug/deps/libredis-52f88bbff3117252.rlib
[INFO] [stdout]   = note: candidate #2: /opt/rustwide/target/debug/deps/libredis-b52b41bc85c84e34.rlib
[INFO] [stdout] 
[INFO] [stdout] error[E0464]: multiple candidates for `rlib` dependency `redis` found
[INFO] [stdout]   --> src/lib.rs:59:15
[INFO] [stdout]    |
[INFO] [stdout] 15 | fn main () -> redis::RedisResult<()> {
[INFO] [stdout]    |               ^^^^^
[INFO] [stdout]    |
[INFO] [stdout]    = note: candidate #1: /opt/rustwide/target/debug/deps/libredis-52f88bbff3117252.rlib
[INFO] [stdout]    = note: candidate #2: /opt/rustwide/target/debug/deps/libredis-b52b41bc85c84e34.rlib
[INFO] [stdout] 
[INFO] [stdout] error[E0464]: multiple candidates for `rlib` dependency `redis` found
[INFO] [stdout]   --> src/lib.rs:60:14
[INFO] [stdout]    |
[INFO] [stdout] 16 | let client = redis::Client::open("redis://localhost:6379/")?;
[INFO] [stdout]    |              ^^^^^
[INFO] [stdout]    |
[INFO] [stdout]    = note: candidate #1: /opt/rustwide/target/debug/deps/libredis-52f88bbff3117252.rlib
[INFO] [stdout]    = note: candidate #2: /opt/rustwide/target/debug/deps/libredis-b52b41bc85c84e34.rlib
[INFO] [stdout] 
[INFO] [stdout] error: aborting due to 6 previous errors
[INFO] [stdout] 
[INFO] [stdout] For more information about this error, try `rustc --explain E0464`.
[INFO] [stdout] Couldn't compile the test.
[INFO] [stdout] 
[INFO] [stdout] failures:
[INFO] [stdout]     src/lib.rs - from_redis_value_macro (line 46)
[INFO] [stdout]     src/lib.rs - from_redis_value_macro (line 78)
[INFO] [stdout]     src/lib.rs - to_redis_args_macro (line 155)
[INFO] [stdout]     src/lib.rs - to_redis_args_macro (line 184)
[INFO] [stdout] 
[INFO] [stdout] test result: FAILED. 0 passed; 4 failed; 0 ignored; 0 measured; 0 filtered out; finished in 0.05s
[INFO] [stdout] 
[INFO] [stderr] error: doctest failed, to rerun pass `--doc`
[INFO] running `Command { std: "docker" "inspect" "7933d75510b9a8c7b092a50a1e0b16a8e0ed2d7dce1623e46a224bec7977c263", kill_on_drop: false }`
[INFO] running `Command { std: "docker" "rm" "-f" "7933d75510b9a8c7b092a50a1e0b16a8e0ed2d7dce1623e46a224bec7977c263", kill_on_drop: false }`
[INFO] [stdout] 7933d75510b9a8c7b092a50a1e0b16a8e0ed2d7dce1623e46a224bec7977c263
