[INFO] fetching crate redact 0.1.10...
[INFO] testing redact-0.1.10 against nightly-2024-10-28 for randomize-layout
[INFO] extracting crate redact 0.1.10 into /workspace/builds/worker-6-tc1/source
[INFO] validating manifest of crates.io crate redact 0.1.10 on toolchain nightly-2024-10-28
[INFO] running `Command { std: CARGO_HOME="/workspace/cargo-home" RUSTUP_HOME="/workspace/rustup-home" "/workspace/cargo-home/bin/cargo" "+nightly-2024-10-28" "metadata" "--manifest-path" "Cargo.toml" "--no-deps", kill_on_drop: false }`
[INFO] started tweaking crates.io crate redact 0.1.10
[INFO] finished tweaking crates.io crate redact 0.1.10
[INFO] tweaked toml for crates.io crate redact 0.1.10 written to /workspace/builds/worker-6-tc1/source/Cargo.toml
[INFO] running `Command { std: CARGO_HOME="/workspace/cargo-home" RUSTUP_HOME="/workspace/rustup-home" "/workspace/cargo-home/bin/cargo" "+nightly-2024-10-28" "generate-lockfile" "--manifest-path" "Cargo.toml", kill_on_drop: false }`
[INFO] [stderr]     Updating crates.io index
[INFO] [stderr]      Locking 30 packages to latest compatible versions
[INFO] [stderr]       Adding fake v2.10.0 (available: v3.0.0)
[INFO] running `Command { std: CARGO_HOME="/workspace/cargo-home" RUSTUP_HOME="/workspace/rustup-home" "/workspace/cargo-home/bin/cargo" "+nightly-2024-10-28" "fetch" "--manifest-path" "Cargo.toml", kill_on_drop: false }`
[INFO] running `Command { std: "docker" "create" "-v" "/var/lib/crater-agent-workspace/builds/worker-6-tc1/target:/opt/rustwide/target:rw,Z" "-v" "/var/lib/crater-agent-workspace/builds/worker-6-tc1/source:/opt/rustwide/workdir:ro,Z" "-v" "/var/lib/crater-agent-workspace/cargo-home:/opt/rustwide/cargo-home:ro,Z" "-v" "/var/lib/crater-agent-workspace/rustup-home:/opt/rustwide/rustup-home:ro,Z" "-e" "SOURCE_DIR=/opt/rustwide/workdir" "-e" "CARGO_TARGET_DIR=/opt/rustwide/target" "-e" "CARGO_HOME=/opt/rustwide/cargo-home" "-e" "RUSTUP_HOME=/opt/rustwide/rustup-home" "-w" "/opt/rustwide/workdir" "-m" "1610612736" "--user" "0:0" "--network" "none" "ghcr.io/rust-lang/crates-build-env/linux@sha256:4a844ea9eb2546a2d2c7022eacef16ef2e8229c7fbb2c7d4d55a9ceca922f72d" "/opt/rustwide/cargo-home/bin/cargo" "+nightly-2024-10-28" "metadata" "--no-deps" "--format-version=1", kill_on_drop: false }`
[INFO] [stdout] d2cf63dee260b4900da914159622941f5cf1bc8b929f904f7eb5372b834c637f
[INFO] running `Command { std: "docker" "start" "-a" "d2cf63dee260b4900da914159622941f5cf1bc8b929f904f7eb5372b834c637f", kill_on_drop: false }`
[INFO] running `Command { std: "docker" "inspect" "d2cf63dee260b4900da914159622941f5cf1bc8b929f904f7eb5372b834c637f", kill_on_drop: false }`
[INFO] running `Command { std: "docker" "rm" "-f" "d2cf63dee260b4900da914159622941f5cf1bc8b929f904f7eb5372b834c637f", kill_on_drop: false }`
[INFO] [stdout] d2cf63dee260b4900da914159622941f5cf1bc8b929f904f7eb5372b834c637f
[INFO] running `Command { std: "docker" "create" "-v" "/var/lib/crater-agent-workspace/builds/worker-6-tc1/target:/opt/rustwide/target:rw,Z" "-v" "/var/lib/crater-agent-workspace/builds/worker-6-tc1/source:/opt/rustwide/workdir:ro,Z" "-v" "/var/lib/crater-agent-workspace/cargo-home:/opt/rustwide/cargo-home:ro,Z" "-v" "/var/lib/crater-agent-workspace/rustup-home:/opt/rustwide/rustup-home:ro,Z" "-e" "SOURCE_DIR=/opt/rustwide/workdir" "-e" "CARGO_TARGET_DIR=/opt/rustwide/target" "-e" "CARGO_INCREMENTAL=0" "-e" "RUST_BACKTRACE=full" "-e" "RUSTFLAGS=--cap-lints=forbid" "-e" "RUSTDOCFLAGS=--cap-lints=forbid" "-e" "CARGO_HOME=/opt/rustwide/cargo-home" "-e" "RUSTUP_HOME=/opt/rustwide/rustup-home" "-w" "/opt/rustwide/workdir" "-m" "1610612736" "--user" "0:0" "--network" "none" "ghcr.io/rust-lang/crates-build-env/linux@sha256:4a844ea9eb2546a2d2c7022eacef16ef2e8229c7fbb2c7d4d55a9ceca922f72d" "/opt/rustwide/cargo-home/bin/cargo" "+nightly-2024-10-28" "build" "--frozen" "--message-format=json", kill_on_drop: false }`
[INFO] [stdout] 73daed1f249eafd3b709bfecdc595f55a26fd34b23adcc08dfa67e277d03fe23
[INFO] running `Command { std: "docker" "start" "-a" "73daed1f249eafd3b709bfecdc595f55a26fd34b23adcc08dfa67e277d03fe23", kill_on_drop: false }`
[INFO] [stderr]    Compiling redact v0.1.10 (/opt/rustwide/workdir)
[INFO] [stderr]     Finished `dev` profile [unoptimized + debuginfo] target(s) in 0.06s
[INFO] running `Command { std: "docker" "inspect" "73daed1f249eafd3b709bfecdc595f55a26fd34b23adcc08dfa67e277d03fe23", kill_on_drop: false }`
[INFO] running `Command { std: "docker" "rm" "-f" "73daed1f249eafd3b709bfecdc595f55a26fd34b23adcc08dfa67e277d03fe23", kill_on_drop: false }`
[INFO] [stdout] 73daed1f249eafd3b709bfecdc595f55a26fd34b23adcc08dfa67e277d03fe23
[INFO] running `Command { std: "docker" "create" "-v" "/var/lib/crater-agent-workspace/builds/worker-6-tc1/target:/opt/rustwide/target:rw,Z" "-v" "/var/lib/crater-agent-workspace/builds/worker-6-tc1/source:/opt/rustwide/workdir:ro,Z" "-v" "/var/lib/crater-agent-workspace/cargo-home:/opt/rustwide/cargo-home:ro,Z" "-v" "/var/lib/crater-agent-workspace/rustup-home:/opt/rustwide/rustup-home:ro,Z" "-e" "SOURCE_DIR=/opt/rustwide/workdir" "-e" "CARGO_TARGET_DIR=/opt/rustwide/target" "-e" "CARGO_INCREMENTAL=0" "-e" "RUST_BACKTRACE=full" "-e" "RUSTFLAGS=--cap-lints=forbid" "-e" "RUSTDOCFLAGS=--cap-lints=forbid" "-e" "CARGO_HOME=/opt/rustwide/cargo-home" "-e" "RUSTUP_HOME=/opt/rustwide/rustup-home" "-w" "/opt/rustwide/workdir" "-m" "1610612736" "--user" "0:0" "--network" "none" "ghcr.io/rust-lang/crates-build-env/linux@sha256:4a844ea9eb2546a2d2c7022eacef16ef2e8229c7fbb2c7d4d55a9ceca922f72d" "/opt/rustwide/cargo-home/bin/cargo" "+nightly-2024-10-28" "test" "--frozen" "--no-run" "--message-format=json", kill_on_drop: false }`
[INFO] [stdout] c4c22ed68aea78ff8cfc99406a1cc992eb9b6db21d8540db7e383fafae932573
[INFO] running `Command { std: "docker" "start" "-a" "c4c22ed68aea78ff8cfc99406a1cc992eb9b6db21d8540db7e383fafae932573", kill_on_drop: false }`
[INFO] [stderr]    Compiling proc-macro2 v1.0.89
[INFO] [stderr]    Compiling libc v0.2.161
[INFO] [stderr]    Compiling fnv v1.0.7
[INFO] [stderr]    Compiling byteorder v1.5.0
[INFO] [stderr]    Compiling serde v1.0.214
[INFO] [stderr]    Compiling serde_json v1.0.132
[INFO] [stderr]    Compiling deunicode v1.6.0
[INFO] [stderr]    Compiling ryu v1.0.18
[INFO] [stderr]    Compiling itoa v1.0.11
[INFO] [stderr]    Compiling zeroize v1.8.1
[INFO] [stderr]    Compiling quote v1.0.37
[INFO] [stderr]    Compiling syn v2.0.86
[INFO] [stderr]    Compiling getrandom v0.2.15
[INFO] [stderr]    Compiling rand_core v0.6.4
[INFO] [stderr]    Compiling darling_core v0.20.10
[INFO] [stderr]    Compiling zerocopy-derive v0.7.35
[INFO] [stderr]    Compiling serde_derive v1.0.214
[INFO] [stderr]    Compiling zerocopy v0.7.35
[INFO] [stderr]    Compiling darling_macro v0.20.10
[INFO] [stderr]    Compiling ppv-lite86 v0.2.20
[INFO] [stderr]    Compiling darling v0.20.10
[INFO] [stderr]    Compiling dummy v0.8.0
[INFO] [stderr]    Compiling rand_chacha v0.3.1
[INFO] [stderr]    Compiling rand v0.8.5
[INFO] [stderr]    Compiling fake v2.10.0
[INFO] [stderr]    Compiling redact v0.1.10 (/opt/rustwide/workdir)
[INFO] [stderr]     Finished `test` profile [unoptimized + debuginfo] target(s) in 9.90s
[INFO] running `Command { std: "docker" "inspect" "c4c22ed68aea78ff8cfc99406a1cc992eb9b6db21d8540db7e383fafae932573", kill_on_drop: false }`
[INFO] running `Command { std: "docker" "rm" "-f" "c4c22ed68aea78ff8cfc99406a1cc992eb9b6db21d8540db7e383fafae932573", kill_on_drop: false }`
[INFO] [stdout] c4c22ed68aea78ff8cfc99406a1cc992eb9b6db21d8540db7e383fafae932573
[INFO] running `Command { std: "docker" "create" "-v" "/var/lib/crater-agent-workspace/builds/worker-6-tc1/target:/opt/rustwide/target:rw,Z" "-v" "/var/lib/crater-agent-workspace/builds/worker-6-tc1/source:/opt/rustwide/workdir:ro,Z" "-v" "/var/lib/crater-agent-workspace/cargo-home:/opt/rustwide/cargo-home:ro,Z" "-v" "/var/lib/crater-agent-workspace/rustup-home:/opt/rustwide/rustup-home:ro,Z" "-e" "SOURCE_DIR=/opt/rustwide/workdir" "-e" "CARGO_TARGET_DIR=/opt/rustwide/target" "-e" "CARGO_INCREMENTAL=0" "-e" "RUST_BACKTRACE=full" "-e" "RUSTFLAGS=--cap-lints=forbid" "-e" "RUSTDOCFLAGS=--cap-lints=forbid" "-e" "CARGO_HOME=/opt/rustwide/cargo-home" "-e" "RUSTUP_HOME=/opt/rustwide/rustup-home" "-w" "/opt/rustwide/workdir" "-m" "1610612736" "--user" "0:0" "--network" "none" "ghcr.io/rust-lang/crates-build-env/linux@sha256:4a844ea9eb2546a2d2c7022eacef16ef2e8229c7fbb2c7d4d55a9ceca922f72d" "/opt/rustwide/cargo-home/bin/cargo" "+nightly-2024-10-28" "test" "--frozen", kill_on_drop: false }`
[INFO] [stdout] 1f3169371a06f8e2254c9e9892f8633944129290b1acfff5b5583e548f2f1a81
[INFO] running `Command { std: "docker" "start" "-a" "1f3169371a06f8e2254c9e9892f8633944129290b1acfff5b5583e548f2f1a81", kill_on_drop: false }`
[INFO] [stderr]     Finished `test` profile [unoptimized + debuginfo] target(s) in 0.02s
[INFO] [stderr]      Running unittests src/lib.rs (/opt/rustwide/target/debug/deps/redact-876ee54c8764a796)
[INFO] [stdout] 
[INFO] [stdout] running 0 tests
[INFO] [stdout] 
[INFO] [stdout] test result: ok. 0 passed; 0 failed; 0 ignored; 0 measured; 0 filtered out; finished in 0.00s
[INFO] [stdout] 
[INFO] [stderr]    Doc-tests redact
[INFO] [stdout] 
[INFO] [stdout] running 6 tests
[INFO] [stdout] test src/../README.md - (line 83) ... FAILED
[INFO] [stdout] test src/../README.md - (line 102) ... FAILED
[INFO] [stdout] test src/../README.md - (line 23) ... ok
[INFO] [stdout] test src/../README.md - (line 33) ... ok
[INFO] [stdout] test src/../README.md - (line 14) ... ok
[INFO] [stdout] test src/../README.md - (line 57) ... FAILED
[INFO] [stdout] 
[INFO] [stdout] failures:
[INFO] [stdout] 
[INFO] [stdout] ---- src/../README.md - (line 83) stdout ----
[INFO] [stdout] error[E0599]: the method `zeroize` exists for struct `Secret<String>`, but its trait bounds were not satisfied
[INFO] [stdout]   --> src/../README.md:95:12
[INFO] [stdout]    |
[INFO] [stdout] 14 |     secret.zeroize();
[INFO] [stdout]    |            ^^^^^^^ method cannot be called on `Secret<String>` due to unsatisfied trait bounds
[INFO] [stdout]    |
[INFO] [stdout]   ::: /opt/rustwide/workdir/src/lib.rs:24:1
[INFO] [stdout]    |
[INFO] [stdout] 24 | pub struct Secret<T: ?Sized>(T);
[INFO] [stdout]    | ---------------------------- doesn't satisfy `Secret<String>: DefaultIsZeroes` or `Secret<String>: Zeroize`
[INFO] [stdout]    |
[INFO] [stdout]    = note: the following trait bounds were not satisfied:
[INFO] [stdout]            `Secret<String>: DefaultIsZeroes`
[INFO] [stdout]            which is required by `Secret<String>: Zeroize`
[INFO] [stdout] 
[INFO] [stdout] error: aborting due to 1 previous error
[INFO] [stdout] 
[INFO] [stdout] For more information about this error, try `rustc --explain E0599`.
[INFO] [stdout] Couldn't compile the test.
[INFO] [stdout] ---- src/../README.md - (line 102) stdout ----
[INFO] [stdout] error[E0277]: the trait bound `Secret<String>: Zeroize` is not satisfied
[INFO] [stdout]    --> src/../README.md:109:37
[INFO] [stdout]     |
[INFO] [stdout] 9   |     let mut secret = Zeroizing::new(Secret::new("hunter2".to_owned()));
[INFO] [stdout]     |                      -------------- ^^^^^^^^^^^^^^^^^^^^^^^^^^^^^^^^^ the trait `DefaultIsZeroes` is not implemented for `Secret<String>`, which is required by `Secret<String>: Zeroize`
[INFO] [stdout]     |                      |
[INFO] [stdout]     |                      required by a bound introduced by this call
[INFO] [stdout]     |
[INFO] [stdout]     = help: the following other types implement trait `DefaultIsZeroes`:
[INFO] [stdout]               ()
[INFO] [stdout]               PhantomPinned
[INFO] [stdout]               bool
[INFO] [stdout]               char
[INFO] [stdout]               f32
[INFO] [stdout]               f64
[INFO] [stdout]               i128
[INFO] [stdout]               i16
[INFO] [stdout]             and 10 others
[INFO] [stdout]     = note: required for `Secret<String>` to implement `Zeroize`
[INFO] [stdout] note: required by a bound in `Zeroizing::<Z>::new`
[INFO] [stdout]    --> /opt/rustwide/cargo-home/registry/src/index.crates.io-6f17d22bba15001f/zeroize-1.8.1/src/lib.rs:625:8
[INFO] [stdout]     |
[INFO] [stdout] 625 |     Z: Zeroize,
[INFO] [stdout]     |        ^^^^^^^ required by this bound in `Zeroizing::<Z>::new`
[INFO] [stdout] ...
[INFO] [stdout] 630 |     pub fn new(value: Z) -> Self {
[INFO] [stdout]     |            --- required by a bound in this associated function
[INFO] [stdout] 
[INFO] [stdout] error[E0277]: the trait bound `Secret<String>: DefaultIsZeroes` is not satisfied
[INFO] [stdout]    --> src/../README.md:109:22
[INFO] [stdout]     |
[INFO] [stdout] 9   |     let mut secret = Zeroizing::new(Secret::new("hunter2".to_owned()));
[INFO] [stdout]     |                      ^^^^^^^^^^^^^^^^^^^^^^^^^^^^^^^^^^^^^^^^^^^^^^^^^ the trait `DefaultIsZeroes` is not implemented for `Secret<String>`, which is required by `Secret<String>: Zeroize`
[INFO] [stdout]     |
[INFO] [stdout]     = help: the following other types implement trait `DefaultIsZeroes`:
[INFO] [stdout]               ()
[INFO] [stdout]               PhantomPinned
[INFO] [stdout]               bool
[INFO] [stdout]               char
[INFO] [stdout]               f32
[INFO] [stdout]               f64
[INFO] [stdout]               i128
[INFO] [stdout]               i16
[INFO] [stdout]             and 10 others
[INFO] [stdout]     = note: required for `Secret<String>` to implement `Zeroize`
[INFO] [stdout] note: required by a bound in `Zeroizing`
[INFO] [stdout]    --> /opt/rustwide/cargo-home/registry/src/index.crates.io-6f17d22bba15001f/zeroize-1.8.1/src/lib.rs:621:25
[INFO] [stdout]     |
[INFO] [stdout] 621 | pub struct Zeroizing<Z: Zeroize>(Z);
[INFO] [stdout]     |                         ^^^^^^^ required by this bound in `Zeroizing`
[INFO] [stdout] 
[INFO] [stdout] error: aborting due to 2 previous errors
[INFO] [stdout] 
[INFO] [stdout] For more information about this error, try `rustc --explain E0277`.
[INFO] [stdout] Couldn't compile the test.
[INFO] [stdout] ---- src/../README.md - (line 57) stdout ----
[INFO] [stdout] error[E0432]: unresolved import `redact::expose_secret`
[INFO] [stdout]   --> src/../README.md:59:22
[INFO] [stdout]    |
[INFO] [stdout] 5  | use redact::{Secret, expose_secret};
[INFO] [stdout]    |                      ^^^^^^^^^^^^^ no `expose_secret` in the root
[INFO] [stdout]    |
[INFO] [stdout] note: found an item that was configured out
[INFO] [stdout]   --> /opt/rustwide/workdir/src/lib.rs:17:23
[INFO] [stdout]    |
[INFO] [stdout] 17 | pub use crate::serde::expose_secret;
[INFO] [stdout]    |                       ^^^^^^^^^^^^^
[INFO] [stdout] note: the item is gated behind the `serde` feature
[INFO] [stdout]   --> /opt/rustwide/workdir/src/lib.rs:16:7
[INFO] [stdout]    |
[INFO] [stdout] 16 | #[cfg(feature = "serde")]
[INFO] [stdout]    |       ^^^^^^^^^^^^^^^^^
[INFO] [stdout] 
[INFO] [stdout] error[E0277]: the trait bound `Secret<std::string::String>: Deserialize<'_>` is not satisfied
[INFO] [stdout]     --> src/../README.md:65:16
[INFO] [stdout]      |
[INFO] [stdout] 11   |     recipient: Secret<String>,
[INFO] [stdout]      |                ^^^^^^^^^^^^^^ the trait `Deserialize<'_>` is not implemented for `Secret<std::string::String>`
[INFO] [stdout]      |
[INFO] [stdout]      = note: for local types consider adding `#[derive(serde::Deserialize)]` to your `Secret<std::string::String>` type
[INFO] [stdout]      = note: for types from other crates check whether the crate offers a `serde` feature flag
[INFO] [stdout]      = help: the following other types implement trait `Deserialize<'de>`:
[INFO] [stdout]                &'a Path
[INFO] [stdout]                &'a [u8]
[INFO] [stdout]                &'a str
[INFO] [stdout]                ()
[INFO] [stdout]                (T,)
[INFO] [stdout]                (T0, T1)
[INFO] [stdout]                (T0, T1, T2)
[INFO] [stdout]                (T0, T1, T2, T3)
[INFO] [stdout]              and 144 others
[INFO] [stdout] note: required by a bound in `next_element`
[INFO] [stdout]     --> /opt/rustwide/cargo-home/registry/src/index.crates.io-6f17d22bba15001f/serde-1.0.214/src/de/mod.rs:1732:12
[INFO] [stdout]      |
[INFO] [stdout] 1730 |     fn next_element<T>(&mut self) -> Result<Option<T>, Self::Error>
[INFO] [stdout]      |        ------------ required by a bound in this associated function
[INFO] [stdout] 1731 |     where
[INFO] [stdout] 1732 |         T: Deserialize<'de>,
[INFO] [stdout]      |            ^^^^^^^^^^^^^^^^ required by this bound in `SeqAccess::next_element`
[INFO] [stdout] 
[INFO] [stdout] error[E0277]: the trait bound `Secret<std::string::String>: Deserialize<'_>` is not satisfied
[INFO] [stdout]     --> src/../README.md:65:16
[INFO] [stdout]      |
[INFO] [stdout] 11   |     recipient: Secret<String>,
[INFO] [stdout]      |                ^^^^^^^^^^^^^^ the trait `Deserialize<'_>` is not implemented for `Secret<std::string::String>`
[INFO] [stdout]      |
[INFO] [stdout]      = note: for local types consider adding `#[derive(serde::Deserialize)]` to your `Secret<std::string::String>` type
[INFO] [stdout]      = note: for types from other crates check whether the crate offers a `serde` feature flag
[INFO] [stdout]      = help: the following other types implement trait `Deserialize<'de>`:
[INFO] [stdout]                &'a Path
[INFO] [stdout]                &'a [u8]
[INFO] [stdout]                &'a str
[INFO] [stdout]                ()
[INFO] [stdout]                (T,)
[INFO] [stdout]                (T0, T1)
[INFO] [stdout]                (T0, T1, T2)
[INFO] [stdout]                (T0, T1, T2, T3)
[INFO] [stdout]              and 144 others
[INFO] [stdout] note: required by a bound in `next_value`
[INFO] [stdout]     --> /opt/rustwide/cargo-home/registry/src/index.crates.io-6f17d22bba15001f/serde-1.0.214/src/de/mod.rs:1871:12
[INFO] [stdout]      |
[INFO] [stdout] 1869 |     fn next_value<V>(&mut self) -> Result<V, Self::Error>
[INFO] [stdout]      |        ---------- required by a bound in this associated function
[INFO] [stdout] 1870 |     where
[INFO] [stdout] 1871 |         V: Deserialize<'de>,
[INFO] [stdout]      |            ^^^^^^^^^^^^^^^^ required by this bound in `MapAccess::next_value`
[INFO] [stdout] 
[INFO] [stdout] error[E0277]: the trait bound `Secret<std::string::String>: Deserialize<'_>` is not satisfied
[INFO] [stdout]   --> src/../README.md:62:21
[INFO] [stdout]    |
[INFO] [stdout] 8  | #[derive(Serialize, Deserialize)]
[INFO] [stdout]    |                     ^^^^^^^^^^^ the trait `Deserialize<'_>` is not implemented for `Secret<std::string::String>`
[INFO] [stdout]    |
[INFO] [stdout]    = note: for local types consider adding `#[derive(serde::Deserialize)]` to your `Secret<std::string::String>` type
[INFO] [stdout]    = note: for types from other crates check whether the crate offers a `serde` feature flag
[INFO] [stdout]    = help: the following other types implement trait `Deserialize<'de>`:
[INFO] [stdout]              &'a Path
[INFO] [stdout]              &'a [u8]
[INFO] [stdout]              &'a str
[INFO] [stdout]              ()
[INFO] [stdout]              (T,)
[INFO] [stdout]              (T0, T1)
[INFO] [stdout]              (T0, T1, T2)
[INFO] [stdout]              (T0, T1, T2, T3)
[INFO] [stdout]            and 144 others
[INFO] [stdout] note: required by a bound in `_doctest_main_src____README_md_57_0::_::_serde::__private::de::missing_field`
[INFO] [stdout]   --> /opt/rustwide/cargo-home/registry/src/index.crates.io-6f17d22bba15001f/serde-1.0.214/src/private/de.rs:25:8
[INFO] [stdout]    |
[INFO] [stdout] 23 | pub fn missing_field<'de, V, E>(field: &'static str) -> Result<V, E>
[INFO] [stdout]    |        ------------- required by a bound in this function
[INFO] [stdout] 24 | where
[INFO] [stdout] 25 |     V: Deserialize<'de>,
[INFO] [stdout]    |        ^^^^^^^^^^^^^^^^ required by this bound in `missing_field`
[INFO] [stdout]    = note: this error originates in the derive macro `Deserialize` (in Nightly builds, run with -Z macro-backtrace for more info)
[INFO] [stdout] 
[INFO] [stdout] error: aborting due to 4 previous errors
[INFO] [stdout] 
[INFO] [stdout] Some errors have detailed explanations: E0277, E0432.
[INFO] [stdout] For more information about an error, try `rustc --explain E0277`.
[INFO] [stdout] Couldn't compile the test.
[INFO] [stdout] 
[INFO] [stdout] failures:
[INFO] [stdout]     src/../README.md - (line 102)
[INFO] [stdout]     src/../README.md - (line 57)
[INFO] [stdout]     src/../README.md - (line 83)
[INFO] [stdout] 
[INFO] [stdout] test result: FAILED. 3 passed; 3 failed; 0 ignored; 0 measured; 0 filtered out; finished in 0.09s
[INFO] [stdout] 
[INFO] [stderr] error: doctest failed, to rerun pass `--doc`
[INFO] running `Command { std: "docker" "inspect" "1f3169371a06f8e2254c9e9892f8633944129290b1acfff5b5583e548f2f1a81", kill_on_drop: false }`
[INFO] running `Command { std: "docker" "rm" "-f" "1f3169371a06f8e2254c9e9892f8633944129290b1acfff5b5583e548f2f1a81", kill_on_drop: false }`
[INFO] [stdout] 1f3169371a06f8e2254c9e9892f8633944129290b1acfff5b5583e548f2f1a81
