[INFO] fetching crate recycle_vec 1.1.1...
[INFO] testing recycle_vec-1.1.1 against nightly-2024-10-28+rustflags=-Zrandomize-layout for randomize-layout
[INFO] extracting crate recycle_vec 1.1.1 into /workspace/builds/worker-6-tc2/source
[INFO] validating manifest of crates.io crate recycle_vec 1.1.1 on toolchain nightly-2024-10-28
[INFO] running `Command { std: CARGO_HOME="/workspace/cargo-home" RUSTUP_HOME="/workspace/rustup-home" "/workspace/cargo-home/bin/cargo" "+nightly-2024-10-28" "metadata" "--manifest-path" "Cargo.toml" "--no-deps", kill_on_drop: false }`
[INFO] started tweaking crates.io crate recycle_vec 1.1.1
[INFO] finished tweaking crates.io crate recycle_vec 1.1.1
[INFO] tweaked toml for crates.io crate recycle_vec 1.1.1 written to /workspace/builds/worker-6-tc2/source/Cargo.toml
[INFO] running `Command { std: CARGO_HOME="/workspace/cargo-home" RUSTUP_HOME="/workspace/rustup-home" "/workspace/cargo-home/bin/cargo" "+nightly-2024-10-28" "generate-lockfile" "--manifest-path" "Cargo.toml", kill_on_drop: false }`
[INFO] [stderr]     Updating crates.io index
[INFO] [stderr]      Locking 33 packages to latest compatible versions
[INFO] running `Command { std: CARGO_HOME="/workspace/cargo-home" RUSTUP_HOME="/workspace/rustup-home" "/workspace/cargo-home/bin/cargo" "+nightly-2024-10-28" "fetch" "--manifest-path" "Cargo.toml", kill_on_drop: false }`
[INFO] running `Command { std: "docker" "create" "-v" "/var/lib/crater-agent-workspace/builds/worker-6-tc2/target:/opt/rustwide/target:rw,Z" "-v" "/var/lib/crater-agent-workspace/builds/worker-6-tc2/source:/opt/rustwide/workdir:ro,Z" "-v" "/var/lib/crater-agent-workspace/cargo-home:/opt/rustwide/cargo-home:ro,Z" "-v" "/var/lib/crater-agent-workspace/rustup-home:/opt/rustwide/rustup-home:ro,Z" "-e" "SOURCE_DIR=/opt/rustwide/workdir" "-e" "CARGO_TARGET_DIR=/opt/rustwide/target" "-e" "CARGO_HOME=/opt/rustwide/cargo-home" "-e" "RUSTUP_HOME=/opt/rustwide/rustup-home" "-w" "/opt/rustwide/workdir" "-m" "1610612736" "--user" "0:0" "--network" "none" "ghcr.io/rust-lang/crates-build-env/linux@sha256:4a844ea9eb2546a2d2c7022eacef16ef2e8229c7fbb2c7d4d55a9ceca922f72d" "/opt/rustwide/cargo-home/bin/cargo" "+nightly-2024-10-28" "metadata" "--no-deps" "--format-version=1", kill_on_drop: false }`
[INFO] [stdout] f24fc4e94e49fd7d9928586c3114a6709fd78d3d5ae55b3d2237fd783d52fcf2
[INFO] running `Command { std: "docker" "start" "-a" "f24fc4e94e49fd7d9928586c3114a6709fd78d3d5ae55b3d2237fd783d52fcf2", kill_on_drop: false }`
[INFO] running `Command { std: "docker" "inspect" "f24fc4e94e49fd7d9928586c3114a6709fd78d3d5ae55b3d2237fd783d52fcf2", kill_on_drop: false }`
[INFO] running `Command { std: "docker" "rm" "-f" "f24fc4e94e49fd7d9928586c3114a6709fd78d3d5ae55b3d2237fd783d52fcf2", kill_on_drop: false }`
[INFO] [stdout] f24fc4e94e49fd7d9928586c3114a6709fd78d3d5ae55b3d2237fd783d52fcf2
[INFO] running `Command { std: "docker" "create" "-v" "/var/lib/crater-agent-workspace/builds/worker-6-tc2/target:/opt/rustwide/target:rw,Z" "-v" "/var/lib/crater-agent-workspace/builds/worker-6-tc2/source:/opt/rustwide/workdir:ro,Z" "-v" "/var/lib/crater-agent-workspace/cargo-home:/opt/rustwide/cargo-home:ro,Z" "-v" "/var/lib/crater-agent-workspace/rustup-home:/opt/rustwide/rustup-home:ro,Z" "-e" "SOURCE_DIR=/opt/rustwide/workdir" "-e" "CARGO_TARGET_DIR=/opt/rustwide/target" "-e" "CARGO_INCREMENTAL=0" "-e" "RUST_BACKTRACE=full" "-e" "RUSTFLAGS=--cap-lints=forbid -Zrandomize-layout" "-e" "RUSTDOCFLAGS=--cap-lints=forbid" "-e" "CARGO_HOME=/opt/rustwide/cargo-home" "-e" "RUSTUP_HOME=/opt/rustwide/rustup-home" "-w" "/opt/rustwide/workdir" "-m" "1610612736" "--user" "0:0" "--network" "none" "ghcr.io/rust-lang/crates-build-env/linux@sha256:4a844ea9eb2546a2d2c7022eacef16ef2e8229c7fbb2c7d4d55a9ceca922f72d" "/opt/rustwide/cargo-home/bin/cargo" "+nightly-2024-10-28" "build" "--frozen" "--message-format=json", kill_on_drop: false }`
[INFO] [stdout] 0ac0a8872370f47c027136f34277deed0517f5d632ec6278aae5e526e742aab5
[INFO] running `Command { std: "docker" "start" "-a" "0ac0a8872370f47c027136f34277deed0517f5d632ec6278aae5e526e742aab5", kill_on_drop: false }`
[INFO] [stderr]    Compiling recycle_vec v1.1.1 (/opt/rustwide/workdir)
[INFO] [stderr]     Finished `dev` profile [unoptimized + debuginfo] target(s) in 0.06s
[INFO] running `Command { std: "docker" "inspect" "0ac0a8872370f47c027136f34277deed0517f5d632ec6278aae5e526e742aab5", kill_on_drop: false }`
[INFO] running `Command { std: "docker" "rm" "-f" "0ac0a8872370f47c027136f34277deed0517f5d632ec6278aae5e526e742aab5", kill_on_drop: false }`
[INFO] [stdout] 0ac0a8872370f47c027136f34277deed0517f5d632ec6278aae5e526e742aab5
[INFO] running `Command { std: "docker" "create" "-v" "/var/lib/crater-agent-workspace/builds/worker-6-tc2/target:/opt/rustwide/target:rw,Z" "-v" "/var/lib/crater-agent-workspace/builds/worker-6-tc2/source:/opt/rustwide/workdir:ro,Z" "-v" "/var/lib/crater-agent-workspace/cargo-home:/opt/rustwide/cargo-home:ro,Z" "-v" "/var/lib/crater-agent-workspace/rustup-home:/opt/rustwide/rustup-home:ro,Z" "-e" "SOURCE_DIR=/opt/rustwide/workdir" "-e" "CARGO_TARGET_DIR=/opt/rustwide/target" "-e" "CARGO_INCREMENTAL=0" "-e" "RUST_BACKTRACE=full" "-e" "RUSTFLAGS=--cap-lints=forbid -Zrandomize-layout" "-e" "RUSTDOCFLAGS=--cap-lints=forbid" "-e" "CARGO_HOME=/opt/rustwide/cargo-home" "-e" "RUSTUP_HOME=/opt/rustwide/rustup-home" "-w" "/opt/rustwide/workdir" "-m" "1610612736" "--user" "0:0" "--network" "none" "ghcr.io/rust-lang/crates-build-env/linux@sha256:4a844ea9eb2546a2d2c7022eacef16ef2e8229c7fbb2c7d4d55a9ceca922f72d" "/opt/rustwide/cargo-home/bin/cargo" "+nightly-2024-10-28" "test" "--frozen" "--no-run" "--message-format=json", kill_on_drop: false }`
[INFO] [stdout] 49a5565045c601112b1821afc6b31420ed8759471d0d0cc822bf89e3b5a73dd3
[INFO] running `Command { std: "docker" "start" "-a" "49a5565045c601112b1821afc6b31420ed8759471d0d0cc822bf89e3b5a73dd3", kill_on_drop: false }`
[INFO] [stderr]    Compiling proc-macro2 v1.0.89
[INFO] [stderr]    Compiling hashbrown v0.15.0
[INFO] [stderr]    Compiling equivalent v1.0.1
[INFO] [stderr]    Compiling winnow v0.6.20
[INFO] [stderr]    Compiling target-triple v0.1.3
[INFO] [stderr]    Compiling serde_json v1.0.132
[INFO] [stderr]    Compiling ryu v1.0.18
[INFO] [stderr]    Compiling glob v0.3.1
[INFO] [stderr]    Compiling toml_datetime v0.6.8
[INFO] [stderr]    Compiling serde_spanned v0.6.8
[INFO] [stderr]    Compiling indexmap v2.6.0
[INFO] [stderr]    Compiling quote v1.0.37
[INFO] [stderr]    Compiling syn v2.0.86
[INFO] [stderr]    Compiling toml_edit v0.22.22
[INFO] [stderr]    Compiling serde_derive v1.0.214
[INFO] [stderr]    Compiling toml v0.8.19
[INFO] [stderr]    Compiling trybuild v1.0.101
[INFO] [stderr]    Compiling recycle_vec v1.1.1 (/opt/rustwide/workdir)
[INFO] [stderr]     Finished `test` profile [unoptimized + debuginfo] target(s) in 6.83s
[INFO] running `Command { std: "docker" "inspect" "49a5565045c601112b1821afc6b31420ed8759471d0d0cc822bf89e3b5a73dd3", kill_on_drop: false }`
[INFO] running `Command { std: "docker" "rm" "-f" "49a5565045c601112b1821afc6b31420ed8759471d0d0cc822bf89e3b5a73dd3", kill_on_drop: false }`
[INFO] [stdout] 49a5565045c601112b1821afc6b31420ed8759471d0d0cc822bf89e3b5a73dd3
[INFO] running `Command { std: "docker" "create" "-v" "/var/lib/crater-agent-workspace/builds/worker-6-tc2/target:/opt/rustwide/target:rw,Z" "-v" "/var/lib/crater-agent-workspace/builds/worker-6-tc2/source:/opt/rustwide/workdir:ro,Z" "-v" "/var/lib/crater-agent-workspace/cargo-home:/opt/rustwide/cargo-home:ro,Z" "-v" "/var/lib/crater-agent-workspace/rustup-home:/opt/rustwide/rustup-home:ro,Z" "-e" "SOURCE_DIR=/opt/rustwide/workdir" "-e" "CARGO_TARGET_DIR=/opt/rustwide/target" "-e" "CARGO_INCREMENTAL=0" "-e" "RUST_BACKTRACE=full" "-e" "RUSTFLAGS=--cap-lints=forbid -Zrandomize-layout" "-e" "RUSTDOCFLAGS=--cap-lints=forbid" "-e" "CARGO_HOME=/opt/rustwide/cargo-home" "-e" "RUSTUP_HOME=/opt/rustwide/rustup-home" "-w" "/opt/rustwide/workdir" "-m" "1610612736" "--user" "0:0" "--network" "none" "ghcr.io/rust-lang/crates-build-env/linux@sha256:4a844ea9eb2546a2d2c7022eacef16ef2e8229c7fbb2c7d4d55a9ceca922f72d" "/opt/rustwide/cargo-home/bin/cargo" "+nightly-2024-10-28" "test" "--frozen", kill_on_drop: false }`
[INFO] [stdout] 35f36b6218fe6094bf152a87f02e2ea3f7e873581d4dd0e1932def8c9f538f21
[INFO] running `Command { std: "docker" "start" "-a" "35f36b6218fe6094bf152a87f02e2ea3f7e873581d4dd0e1932def8c9f538f21", kill_on_drop: false }`
[INFO] [stderr]     Finished `test` profile [unoptimized + debuginfo] target(s) in 0.03s
[INFO] [stderr]      Running unittests src/lib.rs (/opt/rustwide/target/debug/deps/recycle_vec-f9c2301612dcd9e0)
[INFO] [stdout] 
[INFO] [stdout] running 3 tests
[INFO] [stdout] test test_recycle_lifetime ... ok
[INFO] [stdout] test test_recycle_type ... ok
[INFO] [stderr]    Compiling recycle_vec v1.1.1 (/opt/rustwide/workdir)
[INFO] [stderr]    Compiling recycle_vec-tests v0.0.0 (/opt/rustwide/target/tests/trybuild/recycle_vec)
[INFO] [stderr]     Finished `dev` profile [unoptimized + debuginfo] target(s) in 0.16s
[INFO] [stderr] 
[INFO] [stderr] 
[INFO] [stderr] test tests/force_build.rs [should pass] ... ok
[INFO] [stderr] test tests/recycle_incompatible_size.rs [should fail to compile] ... mismatch
[INFO] [stderr] 
[INFO] [stderr] EXPECTED:
[INFO] [stderr] ┈┈┈┈┈┈┈┈┈┈┈┈┈┈┈┈┈┈┈┈┈┈┈┈┈┈┈┈┈┈┈┈┈┈┈┈┈┈┈┈┈┈┈┈┈┈┈┈┈┈┈┈┈┈┈┈┈┈┈┈
[INFO] [stderr] error[E0080]: evaluation of `recycle_vec::AssertSameLayout::<u16, u32>::OK` failed
[INFO] [stderr]  --> src/lib.rs
[INFO] [stderr]   |
[INFO] [stderr]   |       const OK: () = assert!(
[INFO] [stderr]   |  ____________________^
[INFO] [stderr]   | |         core::mem::size_of::<A>() == core::mem::size_of::<B>() && core::mem::align_of::<A>() == core::mem::align_of::<B>(),
[INFO] [stderr]   | |         "types must have identical size and alignment"
[INFO] [stderr]   | |     );
[INFO] [stderr]   | |_____^ the evaluated program panicked at 'types must have identical size and alignment', $DIR/src/lib.rs:79:20
[INFO] [stderr]   |
[INFO] [stderr]   = note: this error originates in the macro `$crate::panic::panic_2021` which comes from the expansion of the macro `assert` (in Nightly builds, run with -Z macro-backtrace for more info)
[INFO] [stderr] 
[INFO] [stderr] note: the above error was encountered while instantiating `fn <std::vec::Vec<u16> as recycle_vec::VecExt<u16>>::recycle::<u32>`
[INFO] [stderr]  --> tests/recycle_incompatible_size.rs:7:24
[INFO] [stderr]   |
[INFO] [stderr] 7 |         let mut buf2 = buf.recycle();
[INFO] [stderr]   |                        ^^^^^^^^^^^^^
[INFO] [stderr] 
[INFO] [stderr] error[E0080]: evaluation of `recycle_vec::AssertSameLayout::<u32, u16>::OK` failed
[INFO] [stderr]  --> src/lib.rs
[INFO] [stderr]   |
[INFO] [stderr]   |       const OK: () = assert!(
[INFO] [stderr]   |  ____________________^
[INFO] [stderr]   | |         core::mem::size_of::<A>() == core::mem::size_of::<B>() && core::mem::align_of::<A>() == core::mem::align_of::<B>(),
[INFO] [stderr]   | |         "types must have identical size and alignment"
[INFO] [stderr]   | |     );
[INFO] [stderr]   | |_____^ the evaluated program panicked at 'types must have identical size and alignment', $DIR/src/lib.rs:79:20
[INFO] [stderr]   |
[INFO] [stderr]   = note: this error originates in the macro `$crate::panic::panic_2021` which comes from the expansion of the macro `assert` (in Nightly builds, run with -Z macro-backtrace for more info)
[INFO] [stderr] 
[INFO] [stderr] note: the above error was encountered while instantiating `fn <std::vec::Vec<u32> as recycle_vec::VecExt<u32>>::recycle::<u16>`
[INFO] [stderr]  --> tests/recycle_incompatible_size.rs:9:15
[INFO] [stderr]   |
[INFO] [stderr] 9 |         buf = buf2.recycle();
[INFO] [stderr]   |               ^^^^^^^^^^^^^^
[INFO] [stderr] ┈┈┈┈┈┈┈┈┈┈┈┈┈┈┈┈┈┈┈┈┈┈┈┈┈┈┈┈┈┈┈┈┈┈┈┈┈┈┈┈┈┈┈┈┈┈┈┈┈┈┈┈┈┈┈┈┈┈┈┈
[INFO] [stderr] 
[INFO] [stderr] ACTUAL OUTPUT:
[INFO] [stderr] ┈┈┈┈┈┈┈┈┈┈┈┈┈┈┈┈┈┈┈┈┈┈┈┈┈┈┈┈┈┈┈┈┈┈┈┈┈┈┈┈┈┈┈┈┈┈┈┈┈┈┈┈┈┈┈┈┈┈┈┈
[INFO] [stderr] error[E0080]: evaluation of `recycle_vec::AssertSameLayout::<u16, u32>::OK` failed
[INFO] [stderr]  --> src/lib.rs
[INFO] [stderr]   |
[INFO] [stderr]   |       const OK: () = assert!(
[INFO] [stderr]   |  ____________________^
[INFO] [stderr]   | |         core::mem::size_of::<A>() == core::mem::size_of::<B>() && core::mem::align_of::<A>() == core::mem::align_of::<B>(),
[INFO] [stderr]   | |         "types must have identical size and alignment"
[INFO] [stderr]   | |     );
[INFO] [stderr]   | |_____^ the evaluated program panicked at 'types must have identical size and alignment', $DIR/src/lib.rs:80:20
[INFO] [stderr]   |
[INFO] [stderr]   = note: this error originates in the macro `$crate::panic::panic_2021` which comes from the expansion of the macro `assert` (in Nightly builds, run with -Z macro-backtrace for more info)
[INFO] [stderr] 
[INFO] [stderr] note: erroneous constant encountered
[INFO] [stderr]    --> src/lib.rs
[INFO] [stderr]     |
[INFO] [stderr]     |         () = AssertSameLayout::<T, U>::OK;
[INFO] [stderr]     |              ^^^^^^^^^^^^^^^^^^^^^^^^^^^^
[INFO] [stderr] 
[INFO] [stderr] note: the above error was encountered while instantiating `fn <std::vec::Vec<u16> as recycle_vec::VecExt<u16>>::recycle::<u32>`
[INFO] [stderr]  --> tests/recycle_incompatible_size.rs:7:24
[INFO] [stderr]   |
[INFO] [stderr] 7 |         let mut buf2 = buf.recycle();
[INFO] [stderr]   |                        ^^^^^^^^^^^^^
[INFO] [stderr] 
[INFO] [stderr] error[E0080]: evaluation of `recycle_vec::AssertSameLayout::<u32, u16>::OK` failed
[INFO] [stderr]  --> src/lib.rs
[INFO] [stderr]   |
[INFO] [stderr]   |       const OK: () = assert!(
[INFO] [stderr]   |  ____________________^
[INFO] [stderr]   | |         core::mem::size_of::<A>() == core::mem::size_of::<B>() && core::mem::align_of::<A>() == core::mem::align_of::<B>(),
[INFO] [stderr]   | |         "types must have identical size and alignment"
[INFO] [stderr]   | |     );
[INFO] [stderr]   | |_____^ the evaluated program panicked at 'types must have identical size and alignment', $DIR/src/lib.rs:80:20
[INFO] [stderr]   |
[INFO] [stderr]   = note: this error originates in the macro `$crate::panic::panic_2021` which comes from the expansion of the macro `assert` (in Nightly builds, run with -Z macro-backtrace for more info)
[INFO] [stderr] 
[INFO] [stderr] note: the above error was encountered while instantiating `fn <std::vec::Vec<u32> as recycle_vec::VecExt<u32>>::recycle::<u16>`
[INFO] [stderr]  --> tests/recycle_incompatible_size.rs:9:15
[INFO] [stderr]   |
[INFO] [stderr] 9 |         buf = buf2.recycle();
[INFO] [stderr]   |               ^^^^^^^^^^^^^^
[INFO] [stderr] ┈┈┈┈┈┈┈┈┈┈┈┈┈┈┈┈┈┈┈┈┈┈┈┈┈┈┈┈┈┈┈┈┈┈┈┈┈┈┈┈┈┈┈┈┈┈┈┈┈┈┈┈┈┈┈┈┈┈┈┈
[INFO] [stderr] note: If the actual output is the correct output you can bless it by rerunning
[INFO] [stderr]       your test with the environment variable TRYBUILD=overwrite
[INFO] [stderr] 
[INFO] [stderr] test tests/recycle_incompatible_alignment.rs [should fail to compile] ... mismatch
[INFO] [stderr] 
[INFO] [stderr] EXPECTED:
[INFO] [stderr] ┈┈┈┈┈┈┈┈┈┈┈┈┈┈┈┈┈┈┈┈┈┈┈┈┈┈┈┈┈┈┈┈┈┈┈┈┈┈┈┈┈┈┈┈┈┈┈┈┈┈┈┈┈┈┈┈┈┈┈┈
[INFO] [stderr] error[E0080]: evaluation of `recycle_vec::AssertSameLayout::<[u16; 2], u32>::OK` failed
[INFO] [stderr]  --> src/lib.rs
[INFO] [stderr]   |
[INFO] [stderr]   |       const OK: () = assert!(
[INFO] [stderr]   |  ____________________^
[INFO] [stderr]   | |         core::mem::size_of::<A>() == core::mem::size_of::<B>() && core::mem::align_of::<A>() == core::mem::align_of::<B>(),
[INFO] [stderr]   | |         "types must have identical size and alignment"
[INFO] [stderr]   | |     );
[INFO] [stderr]   | |_____^ the evaluated program panicked at 'types must have identical size and alignment', $DIR/src/lib.rs:79:20
[INFO] [stderr]   |
[INFO] [stderr]   = note: this error originates in the macro `$crate::panic::panic_2021` which comes from the expansion of the macro `assert` (in Nightly builds, run with -Z macro-backtrace for more info)
[INFO] [stderr] 
[INFO] [stderr] note: the above error was encountered while instantiating `fn <std::vec::Vec<[u16; 2]> as recycle_vec::VecExt<[u16; 2]>>::recycle::<u32>`
[INFO] [stderr]  --> tests/recycle_incompatible_alignment.rs:7:24
[INFO] [stderr]   |
[INFO] [stderr] 7 |         let mut buf2 = buf.recycle();
[INFO] [stderr]   |                        ^^^^^^^^^^^^^
[INFO] [stderr] 
[INFO] [stderr] error[E0080]: evaluation of `recycle_vec::AssertSameLayout::<u32, [u16; 2]>::OK` failed
[INFO] [stderr]  --> src/lib.rs
[INFO] [stderr]   |
[INFO] [stderr]   |       const OK: () = assert!(
[INFO] [stderr]   |  ____________________^
[INFO] [stderr]   | |         core::mem::size_of::<A>() == core::mem::size_of::<B>() && core::mem::align_of::<A>() == core::mem::align_of::<B>(),
[INFO] [stderr]   | |         "types must have identical size and alignment"
[INFO] [stderr]   | |     );
[INFO] [stderr]   | |_____^ the evaluated program panicked at 'types must have identical size and alignment', $DIR/src/lib.rs:79:20
[INFO] [stderr]   |
[INFO] [stderr]   = note: this error originates in the macro `$crate::panic::panic_2021` which comes from the expansion of the macro `assert` (in Nightly builds, run with -Z macro-backtrace for more info)
[INFO] [stderr] 
[INFO] [stderr] note: the above error was encountered while instantiating `fn <std::vec::Vec<u32> as recycle_vec::VecExt<u32>>::recycle::<[u16; 2]>`
[INFO] [stderr]  --> tests/recycle_incompatible_alignment.rs:9:15
[INFO] [stderr]   |
[INFO] [stderr] 9 |         buf = buf2.recycle();
[INFO] [stderr]   |               ^^^^^^^^^^^^^^
[INFO] [stderr] ┈┈┈┈┈┈┈┈┈┈┈┈┈┈┈┈┈┈┈┈┈┈┈┈┈┈┈┈┈┈┈┈┈┈┈┈┈┈┈┈┈┈┈┈┈┈┈┈┈┈┈┈┈┈┈┈┈┈┈┈
[INFO] [stderr] 
[INFO] [stderr] ACTUAL OUTPUT:
[INFO] [stderr] ┈┈┈┈┈┈┈┈┈┈┈┈┈┈┈┈┈┈┈┈┈┈┈┈┈┈┈┈┈┈┈┈┈┈┈┈┈┈┈┈┈┈┈┈┈┈┈┈┈┈┈┈┈┈┈┈┈┈┈┈
[INFO] [stderr] error[E0080]: evaluation of `recycle_vec::AssertSameLayout::<[u16; 2], u32>::OK` failed
[INFO] [stderr]  --> src/lib.rs
[INFO] [stderr]   |
[INFO] [stderr]   |       const OK: () = assert!(
[INFO] [stderr]   |  ____________________^
[INFO] [stderr]   | |         core::mem::size_of::<A>() == core::mem::size_of::<B>() && core::mem::align_of::<A>() == core::mem::align_of::<B>(),
[INFO] [stderr]   | |         "types must have identical size and alignment"
[INFO] [stderr]   | |     );
[INFO] [stderr]   | |_____^ the evaluated program panicked at 'types must have identical size and alignment', $DIR/src/lib.rs:80:20
[INFO] [stderr]   |
[INFO] [stderr]   = note: this error originates in the macro `$crate::panic::panic_2021` which comes from the expansion of the macro `assert` (in Nightly builds, run with -Z macro-backtrace for more info)
[INFO] [stderr] 
[INFO] [stderr] note: erroneous constant encountered
[INFO] [stderr]    --> src/lib.rs
[INFO] [stderr]     |
[INFO] [stderr]     |         () = AssertSameLayout::<T, U>::OK;
[INFO] [stderr]     |              ^^^^^^^^^^^^^^^^^^^^^^^^^^^^
[INFO] [stderr] 
[INFO] [stderr] note: the above error was encountered while instantiating `fn <std::vec::Vec<[u16; 2]> as recycle_vec::VecExt<[u16; 2]>>::recycle::<u32>`
[INFO] [stderr]  --> tests/recycle_incompatible_alignment.rs:7:24
[INFO] [stderr]   |
[INFO] [stderr] 7 |         let mut buf2 = buf.recycle();
[INFO] [stderr]   |                        ^^^^^^^^^^^^^
[INFO] [stderr] 
[INFO] [stderr] error[E0080]: evaluation of `recycle_vec::AssertSameLayout::<u32, [u16; 2]>::OK` failed
[INFO] [stderr]  --> src/lib.rs
[INFO] [stderr]   |
[INFO] [stderr]   |       const OK: () = assert!(
[INFO] [stderr]   |  ____________________^
[INFO] [stderr]   | |         core::mem::size_of::<A>() == core::mem::size_of::<B>() && core::mem::align_of::<A>() == core::mem::align_of::<B>(),
[INFO] [stderr]   | |         "types must have identical size and alignment"
[INFO] [stderr]   | |     );
[INFO] [stderr]   | |_____^ the evaluated program panicked at 'types must have identical size and alignment', $DIR/src/lib.rs:80:20
[INFO] [stderr]   |
[INFO] [stderr]   = note: this error originates in the macro `$crate::panic::panic_2021` which comes from the expansion of the macro `assert` (in Nightly builds, run with -Z macro-backtrace for more info)
[INFO] [stderr] 
[INFO] [stderr] note: the above error was encountered while instantiating `fn <std::vec::Vec<u32> as recycle_vec::VecExt<u32>>::recycle::<[u16; 2]>`
[INFO] [stderr]  --> tests/recycle_incompatible_alignment.rs:9:15
[INFO] [stderr]   |
[INFO] [stderr] 9 |         buf = buf2.recycle();
[INFO] [stderr]   |               ^^^^^^^^^^^^^^
[INFO] [stderr] ┈┈┈┈┈┈┈┈┈┈┈┈┈┈┈┈┈┈┈┈┈┈┈┈┈┈┈┈┈┈┈┈┈┈┈┈┈┈┈┈┈┈┈┈┈┈┈┈┈┈┈┈┈┈┈┈┈┈┈┈
[INFO] [stderr] note: If the actual output is the correct output you can bless it by rerunning
[INFO] [stderr]       your test with the environment variable TRYBUILD=overwrite
[INFO] [stderr] 
[INFO] [stderr] 
[INFO] [stderr] 
[INFO] [stdout] test test_layout_assert ... FAILED
[INFO] [stdout] 
[INFO] [stdout] failures:
[INFO] [stdout] 
[INFO] [stdout] ---- test_layout_assert stdout ----
[INFO] [stdout] thread 'test_layout_assert' panicked at /opt/rustwide/cargo-home/registry/src/index.crates.io-6f17d22bba15001f/trybuild-1.0.101/src/run.rs:101:13:
[INFO] [stdout] 2 of 3 tests failed
[INFO] [stdout] stack backtrace:
[INFO] [stdout]    0:     0x592218c9000a - std::backtrace_rs::backtrace::libunwind::trace::h207520d6e9873551
[INFO] [stdout]                                at /rustc/df4ca44d3fbc9301ee17f30f4d474e6ae4b05252/library/std/src/../../backtrace/src/backtrace/libunwind.rs:116:5
[INFO] [stdout]    1:     0x592218c9000a - std::backtrace_rs::backtrace::trace_unsynchronized::h2ed7433f370e3eca
[INFO] [stdout]                                at /rustc/df4ca44d3fbc9301ee17f30f4d474e6ae4b05252/library/std/src/../../backtrace/src/backtrace/mod.rs:66:5
[INFO] [stdout]    2:     0x592218c9000a - std::sys::backtrace::_print_fmt::h916fac51166b18d7
[INFO] [stdout]                                at /rustc/df4ca44d3fbc9301ee17f30f4d474e6ae4b05252/library/std/src/sys/backtrace.rs:66:9
[INFO] [stdout]    3:     0x592218c9000a - <std::sys::backtrace::BacktraceLock::print::DisplayBacktrace as core::fmt::Display>::fmt::ha0a4c9b8ce3802e6
[INFO] [stdout]                                at /rustc/df4ca44d3fbc9301ee17f30f4d474e6ae4b05252/library/std/src/sys/backtrace.rs:39:26
[INFO] [stdout]    4:     0x592218cba4b3 - core::fmt::rt::Argument::fmt::h4cfc8587d52b3eb5
[INFO] [stdout]                                at /rustc/df4ca44d3fbc9301ee17f30f4d474e6ae4b05252/library/core/src/fmt/rt.rs:177:76
[INFO] [stdout]    5:     0x592218cba4b3 - core::fmt::write::h522cc39e5b36ae9f
[INFO] [stdout]                                at /rustc/df4ca44d3fbc9301ee17f30f4d474e6ae4b05252/library/core/src/fmt/mod.rs:1190:21
[INFO] [stdout]    6:     0x592218c8c043 - std::io::Write::write_fmt::h7d3c26752da97734
[INFO] [stdout]                                at /rustc/df4ca44d3fbc9301ee17f30f4d474e6ae4b05252/library/std/src/io/mod.rs:1839:15
[INFO] [stdout]    7:     0x592218c8fe52 - std::sys::backtrace::BacktraceLock::print::h4b9e00b29e9c0942
[INFO] [stdout]                                at /rustc/df4ca44d3fbc9301ee17f30f4d474e6ae4b05252/library/std/src/sys/backtrace.rs:42:9
[INFO] [stdout]    8:     0x592218c91a9a - std::panicking::default_hook::{{closure}}::hb59b88280d0324d9
[INFO] [stdout]                                at /rustc/df4ca44d3fbc9301ee17f30f4d474e6ae4b05252/library/std/src/panicking.rs:268:22
[INFO] [stdout]    9:     0x592218c918a4 - std::panicking::default_hook::he1dd496665be4a29
[INFO] [stdout]                                at /rustc/df4ca44d3fbc9301ee17f30f4d474e6ae4b05252/library/std/src/panicking.rs:292:9
[INFO] [stdout]   10:     0x592218c58599 - <alloc::boxed::Box<F,A> as core::ops::function::Fn<Args>>::call::h4ff71de18744e1dc
[INFO] [stdout]                                at /rustc/df4ca44d3fbc9301ee17f30f4d474e6ae4b05252/library/alloc/src/boxed.rs:2468:9
[INFO] [stdout]   11:     0x592218c58599 - test::test_main::{{closure}}::hcf7c055ce117aa81
[INFO] [stdout]                                at /rustc/df4ca44d3fbc9301ee17f30f4d474e6ae4b05252/library/test/src/lib.rs:133:21
[INFO] [stdout]   12:     0x592218c92198 - <alloc::boxed::Box<F,A> as core::ops::function::Fn<Args>>::call::h1d66c6bbd60c9692
[INFO] [stdout]                                at /rustc/df4ca44d3fbc9301ee17f30f4d474e6ae4b05252/library/alloc/src/boxed.rs:2468:9
[INFO] [stdout]   13:     0x592218c92198 - std::panicking::rust_panic_with_hook::h2ff17fe8f26dfcf8
[INFO] [stdout]                                at /rustc/df4ca44d3fbc9301ee17f30f4d474e6ae4b05252/library/std/src/panicking.rs:809:13
[INFO] [stdout]   14:     0x592218c91f5a - std::panicking::begin_panic_handler::{{closure}}::h4fad77951c07e101
[INFO] [stdout]                                at /rustc/df4ca44d3fbc9301ee17f30f4d474e6ae4b05252/library/std/src/panicking.rs:674:13
[INFO] [stdout]   15:     0x592218c904e9 - std::sys::backtrace::__rust_end_short_backtrace::hb1a25b3da5d0ea08
[INFO] [stdout]                                at /rustc/df4ca44d3fbc9301ee17f30f4d474e6ae4b05252/library/std/src/sys/backtrace.rs:170:18
[INFO] [stdout]   16:     0x592218c91bec - rust_begin_unwind
[INFO] [stdout]                                at /rustc/df4ca44d3fbc9301ee17f30f4d474e6ae4b05252/library/std/src/panicking.rs:665:5
[INFO] [stdout]   17:     0x592218cb8860 - core::panicking::panic_fmt::ha9db07b529f9b256
[INFO] [stdout]                                at /rustc/df4ca44d3fbc9301ee17f30f4d474e6ae4b05252/library/core/src/panicking.rs:75:14
[INFO] [stdout]   18:     0x592218a36055 - trybuild::run::<impl trybuild::Runner>::run::h0a1341444c95105d
[INFO] [stdout]                                at /opt/rustwide/cargo-home/registry/src/index.crates.io-6f17d22bba15001f/trybuild-1.0.101/src/run.rs:101:13
[INFO] [stdout]   19:     0x592218a3b588 - <trybuild::TestCases as core::ops::drop::Drop>::drop::h3acbf3988266bbcc
[INFO] [stdout]                                at /opt/rustwide/cargo-home/registry/src/index.crates.io-6f17d22bba15001f/trybuild-1.0.101/src/lib.rs:340:13
[INFO] [stdout]   20:     0x5922189662b7 - core::ptr::drop_in_place<trybuild::TestCases>::h048336e3a99ce48f
[INFO] [stdout]                                at /rustc/df4ca44d3fbc9301ee17f30f4d474e6ae4b05252/library/core/src/ptr/mod.rs:521:1
[INFO] [stdout]   21:     0x5922189683a3 - recycle_vec::test_layout_assert::h95909e8cf6cbcbc8
[INFO] [stdout]                                at /opt/rustwide/workdir/src/lib.rs:158:1
[INFO] [stdout]   22:     0x592218968307 - recycle_vec::test_layout_assert::{{closure}}::hed0e3f1ac8f4c4d5
[INFO] [stdout]                                at /opt/rustwide/workdir/src/lib.rs:153:24
[INFO] [stdout]   23:     0x592218966216 - core::ops::function::FnOnce::call_once::hc1cbcb02f255490a
[INFO] [stdout]                                at /rustc/df4ca44d3fbc9301ee17f30f4d474e6ae4b05252/library/core/src/ops/function.rs:250:5
[INFO] [stdout]   24:     0x592218c5ce6b - core::ops::function::FnOnce::call_once::h22c3ba5715e93f05
[INFO] [stdout]                                at /rustc/df4ca44d3fbc9301ee17f30f4d474e6ae4b05252/library/core/src/ops/function.rs:250:5
[INFO] [stdout]   25:     0x592218c5ce6b - test::__rust_begin_short_backtrace::h8e82d8113d0da17f
[INFO] [stdout]                                at /rustc/df4ca44d3fbc9301ee17f30f4d474e6ae4b05252/library/test/src/lib.rs:621:18
[INFO] [stdout]   26:     0x592218c5c7e7 - test::run_test_in_process::{{closure}}::h33235f4f20b7b7c7
[INFO] [stdout]                                at /rustc/df4ca44d3fbc9301ee17f30f4d474e6ae4b05252/library/test/src/lib.rs:644:60
[INFO] [stdout]   27:     0x592218c5c7e7 - <core::panic::unwind_safe::AssertUnwindSafe<F> as core::ops::function::FnOnce<()>>::call_once::hb5043206310c586f
[INFO] [stdout]                                at /rustc/df4ca44d3fbc9301ee17f30f4d474e6ae4b05252/library/core/src/panic/unwind_safe.rs:272:9
[INFO] [stdout]   28:     0x592218c5c7e7 - std::panicking::try::do_call::h9ad4731a60ab23e2
[INFO] [stdout]                                at /rustc/df4ca44d3fbc9301ee17f30f4d474e6ae4b05252/library/std/src/panicking.rs:557:40
[INFO] [stdout]   29:     0x592218c5c7e7 - std::panicking::try::h3824d23db772a716
[INFO] [stdout]                                at /rustc/df4ca44d3fbc9301ee17f30f4d474e6ae4b05252/library/std/src/panicking.rs:520:19
[INFO] [stdout]   30:     0x592218c5c7e7 - std::panic::catch_unwind::h5afd514605fde46b
[INFO] [stdout]                                at /rustc/df4ca44d3fbc9301ee17f30f4d474e6ae4b05252/library/std/src/panic.rs:358:14
[INFO] [stdout]   31:     0x592218c5c7e7 - test::run_test_in_process::h0d5cbfa7067d1720
[INFO] [stdout]                                at /rustc/df4ca44d3fbc9301ee17f30f4d474e6ae4b05252/library/test/src/lib.rs:644:27
[INFO] [stdout]   32:     0x592218c5c7e7 - test::run_test::{{closure}}::h708eb8872708115d
[INFO] [stdout]                                at /rustc/df4ca44d3fbc9301ee17f30f4d474e6ae4b05252/library/test/src/lib.rs:565:43
[INFO] [stdout]   33:     0x592218c1ff04 - test::run_test::{{closure}}::h392c51cee94713ab
[INFO] [stdout]                                at /rustc/df4ca44d3fbc9301ee17f30f4d474e6ae4b05252/library/test/src/lib.rs:595:41
[INFO] [stdout]   34:     0x592218c1ff04 - std::sys::backtrace::__rust_begin_short_backtrace::h2f40290710935a8b
[INFO] [stdout]                                at /rustc/df4ca44d3fbc9301ee17f30f4d474e6ae4b05252/library/std/src/sys/backtrace.rs:154:18
[INFO] [stdout]   35:     0x592218c236ae - std::thread::Builder::spawn_unchecked_::{{closure}}::{{closure}}::h3fd968d89053a903
[INFO] [stdout]                                at /rustc/df4ca44d3fbc9301ee17f30f4d474e6ae4b05252/library/std/src/thread/mod.rs:541:17
[INFO] [stdout]   36:     0x592218c236ae - <core::panic::unwind_safe::AssertUnwindSafe<F> as core::ops::function::FnOnce<()>>::call_once::h743f637ba4229880
[INFO] [stdout]                                at /rustc/df4ca44d3fbc9301ee17f30f4d474e6ae4b05252/library/core/src/panic/unwind_safe.rs:272:9
[INFO] [stdout]   37:     0x592218c236ae - std::panicking::try::do_call::h07440897322525a6
[INFO] [stdout]                                at /rustc/df4ca44d3fbc9301ee17f30f4d474e6ae4b05252/library/std/src/panicking.rs:557:40
[INFO] [stdout]   38:     0x592218c236ae - std::panicking::try::he5a2e00188156637
[INFO] [stdout]                                at /rustc/df4ca44d3fbc9301ee17f30f4d474e6ae4b05252/library/std/src/panicking.rs:520:19
[INFO] [stdout]   39:     0x592218c236ae - std::panic::catch_unwind::hbaf3cae49b3c6433
[INFO] [stdout]                                at /rustc/df4ca44d3fbc9301ee17f30f4d474e6ae4b05252/library/std/src/panic.rs:358:14
[INFO] [stdout]   40:     0x592218c236ae - std::thread::Builder::spawn_unchecked_::{{closure}}::h8e141ea224820bce
[INFO] [stdout]                                at /rustc/df4ca44d3fbc9301ee17f30f4d474e6ae4b05252/library/std/src/thread/mod.rs:540:30
[INFO] [stdout]   41:     0x592218c236ae - core::ops::function::FnOnce::call_once{{vtable.shim}}::h90d312fedd7b8ea8
[INFO] [stdout]                                at /rustc/df4ca44d3fbc9301ee17f30f4d474e6ae4b05252/library/core/src/ops/function.rs:250:5
[INFO] [stdout]   42:     0x592218c96f5b - <alloc::boxed::Box<F,A> as core::ops::function::FnOnce<Args>>::call_once::h69aa08ddb6adb8b6
[INFO] [stdout]                                at /rustc/df4ca44d3fbc9301ee17f30f4d474e6ae4b05252/library/alloc/src/boxed.rs:2454:9
[INFO] [stdout]   43:     0x592218c96f5b - <alloc::boxed::Box<F,A> as core::ops::function::FnOnce<Args>>::call_once::h5aa36efdb79c806f
[INFO] [stdout]                                at /rustc/df4ca44d3fbc9301ee17f30f4d474e6ae4b05252/library/alloc/src/boxed.rs:2454:9
[INFO] [stdout]   44:     0x592218c96f5b - std::sys::pal::unix::thread::Thread::new::thread_start::h6cd80a1b4be5158d
[INFO] [stdout]                                at /rustc/df4ca44d3fbc9301ee17f30f4d474e6ae4b05252/library/std/src/sys/pal/unix/thread.rs:105:17
[INFO] [stdout]   45:     0x767d7d150ac3 - <unknown>
[INFO] [stdout]   46:     0x767d7d1e1a04 - clone
[INFO] [stdout]   47:                0x0 - <unknown>
[INFO] [stdout] 
[INFO] [stdout] 
[INFO] [stdout] failures:
[INFO] [stdout]     test_layout_assert
[INFO] [stdout] 
[INFO] [stdout] test result: FAILED. 2 passed; 1 failed; 0 ignored; 0 measured; 0 filtered out; finished in 0.52s
[INFO] [stdout] 
[INFO] [stderr] error: test failed, to rerun pass `--lib`
[INFO] running `Command { std: "docker" "inspect" "35f36b6218fe6094bf152a87f02e2ea3f7e873581d4dd0e1932def8c9f538f21", kill_on_drop: false }`
[INFO] running `Command { std: "docker" "rm" "-f" "35f36b6218fe6094bf152a87f02e2ea3f7e873581d4dd0e1932def8c9f538f21", kill_on_drop: false }`
[INFO] [stdout] 35f36b6218fe6094bf152a87f02e2ea3f7e873581d4dd0e1932def8c9f538f21
