[INFO] fetching crate recv-dir 0.3.1...
[INFO] testing recv-dir-0.3.1 against nightly-2024-10-28+rustflags=-Zrandomize-layout for randomize-layout
[INFO] extracting crate recv-dir 0.3.1 into /workspace/builds/worker-7-tc2/source
[INFO] validating manifest of crates.io crate recv-dir 0.3.1 on toolchain nightly-2024-10-28
[INFO] running `Command { std: CARGO_HOME="/workspace/cargo-home" RUSTUP_HOME="/workspace/rustup-home" "/workspace/cargo-home/bin/cargo" "+nightly-2024-10-28" "metadata" "--manifest-path" "Cargo.toml" "--no-deps", kill_on_drop: false }`
[INFO] started tweaking crates.io crate recv-dir 0.3.1
[INFO] finished tweaking crates.io crate recv-dir 0.3.1
[INFO] tweaked toml for crates.io crate recv-dir 0.3.1 written to /workspace/builds/worker-7-tc2/source/Cargo.toml
[INFO] running `Command { std: CARGO_HOME="/workspace/cargo-home" RUSTUP_HOME="/workspace/rustup-home" "/workspace/cargo-home/bin/cargo" "+nightly-2024-10-28" "generate-lockfile" "--manifest-path" "Cargo.toml", kill_on_drop: false }`
[INFO] [stderr]     Updating crates.io index
[INFO] [stderr]     Blocking waiting for file lock on package cache
[INFO] [stderr]      Locking 26 packages to latest compatible versions
[INFO] running `Command { std: CARGO_HOME="/workspace/cargo-home" RUSTUP_HOME="/workspace/rustup-home" "/workspace/cargo-home/bin/cargo" "+nightly-2024-10-28" "fetch" "--manifest-path" "Cargo.toml", kill_on_drop: false }`
[INFO] running `Command { std: "docker" "create" "-v" "/var/lib/crater-agent-workspace/builds/worker-7-tc2/target:/opt/rustwide/target:rw,Z" "-v" "/var/lib/crater-agent-workspace/builds/worker-7-tc2/source:/opt/rustwide/workdir:ro,Z" "-v" "/var/lib/crater-agent-workspace/cargo-home:/opt/rustwide/cargo-home:ro,Z" "-v" "/var/lib/crater-agent-workspace/rustup-home:/opt/rustwide/rustup-home:ro,Z" "-e" "SOURCE_DIR=/opt/rustwide/workdir" "-e" "CARGO_TARGET_DIR=/opt/rustwide/target" "-e" "CARGO_HOME=/opt/rustwide/cargo-home" "-e" "RUSTUP_HOME=/opt/rustwide/rustup-home" "-w" "/opt/rustwide/workdir" "-m" "1610612736" "--user" "0:0" "--network" "none" "ghcr.io/rust-lang/crates-build-env/linux@sha256:4a844ea9eb2546a2d2c7022eacef16ef2e8229c7fbb2c7d4d55a9ceca922f72d" "/opt/rustwide/cargo-home/bin/cargo" "+nightly-2024-10-28" "metadata" "--no-deps" "--format-version=1", kill_on_drop: false }`
[INFO] [stdout] 1a79405e2d7504d694bb4a239be9a9bad860fa51b87fbe774d0127096ad3226e
[INFO] running `Command { std: "docker" "start" "-a" "1a79405e2d7504d694bb4a239be9a9bad860fa51b87fbe774d0127096ad3226e", kill_on_drop: false }`
[INFO] running `Command { std: "docker" "inspect" "1a79405e2d7504d694bb4a239be9a9bad860fa51b87fbe774d0127096ad3226e", kill_on_drop: false }`
[INFO] running `Command { std: "docker" "rm" "-f" "1a79405e2d7504d694bb4a239be9a9bad860fa51b87fbe774d0127096ad3226e", kill_on_drop: false }`
[INFO] [stdout] 1a79405e2d7504d694bb4a239be9a9bad860fa51b87fbe774d0127096ad3226e
[INFO] running `Command { std: "docker" "create" "-v" "/var/lib/crater-agent-workspace/builds/worker-7-tc2/target:/opt/rustwide/target:rw,Z" "-v" "/var/lib/crater-agent-workspace/builds/worker-7-tc2/source:/opt/rustwide/workdir:ro,Z" "-v" "/var/lib/crater-agent-workspace/cargo-home:/opt/rustwide/cargo-home:ro,Z" "-v" "/var/lib/crater-agent-workspace/rustup-home:/opt/rustwide/rustup-home:ro,Z" "-e" "SOURCE_DIR=/opt/rustwide/workdir" "-e" "CARGO_TARGET_DIR=/opt/rustwide/target" "-e" "CARGO_INCREMENTAL=0" "-e" "RUST_BACKTRACE=full" "-e" "RUSTFLAGS=--cap-lints=forbid -Zrandomize-layout" "-e" "RUSTDOCFLAGS=--cap-lints=forbid" "-e" "CARGO_HOME=/opt/rustwide/cargo-home" "-e" "RUSTUP_HOME=/opt/rustwide/rustup-home" "-w" "/opt/rustwide/workdir" "-m" "1610612736" "--user" "0:0" "--network" "none" "ghcr.io/rust-lang/crates-build-env/linux@sha256:4a844ea9eb2546a2d2c7022eacef16ef2e8229c7fbb2c7d4d55a9ceca922f72d" "/opt/rustwide/cargo-home/bin/cargo" "+nightly-2024-10-28" "build" "--frozen" "--message-format=json", kill_on_drop: false }`
[INFO] [stdout] 862cfce26167991a2f5e5ab5fcfe612fbf90d29a59aca3ddf74ff7f16805a723
[INFO] running `Command { std: "docker" "start" "-a" "862cfce26167991a2f5e5ab5fcfe612fbf90d29a59aca3ddf74ff7f16805a723", kill_on_drop: false }`
[INFO] [stderr]    Compiling recv-dir v0.3.1 (/opt/rustwide/workdir)
[INFO] [stderr]     Finished `dev` profile [unoptimized + debuginfo] target(s) in 0.10s
[INFO] running `Command { std: "docker" "inspect" "862cfce26167991a2f5e5ab5fcfe612fbf90d29a59aca3ddf74ff7f16805a723", kill_on_drop: false }`
[INFO] running `Command { std: "docker" "rm" "-f" "862cfce26167991a2f5e5ab5fcfe612fbf90d29a59aca3ddf74ff7f16805a723", kill_on_drop: false }`
[INFO] [stdout] 862cfce26167991a2f5e5ab5fcfe612fbf90d29a59aca3ddf74ff7f16805a723
[INFO] running `Command { std: "docker" "create" "-v" "/var/lib/crater-agent-workspace/builds/worker-7-tc2/target:/opt/rustwide/target:rw,Z" "-v" "/var/lib/crater-agent-workspace/builds/worker-7-tc2/source:/opt/rustwide/workdir:ro,Z" "-v" "/var/lib/crater-agent-workspace/cargo-home:/opt/rustwide/cargo-home:ro,Z" "-v" "/var/lib/crater-agent-workspace/rustup-home:/opt/rustwide/rustup-home:ro,Z" "-e" "SOURCE_DIR=/opt/rustwide/workdir" "-e" "CARGO_TARGET_DIR=/opt/rustwide/target" "-e" "CARGO_INCREMENTAL=0" "-e" "RUST_BACKTRACE=full" "-e" "RUSTFLAGS=--cap-lints=forbid -Zrandomize-layout" "-e" "RUSTDOCFLAGS=--cap-lints=forbid" "-e" "CARGO_HOME=/opt/rustwide/cargo-home" "-e" "RUSTUP_HOME=/opt/rustwide/rustup-home" "-w" "/opt/rustwide/workdir" "-m" "1610612736" "--user" "0:0" "--network" "none" "ghcr.io/rust-lang/crates-build-env/linux@sha256:4a844ea9eb2546a2d2c7022eacef16ef2e8229c7fbb2c7d4d55a9ceca922f72d" "/opt/rustwide/cargo-home/bin/cargo" "+nightly-2024-10-28" "test" "--frozen" "--no-run" "--message-format=json", kill_on_drop: false }`
[INFO] [stdout] 6cecbde3301d0582948c7a331dc53a7ac0a45fc54129316bdd5eb62cd53e7620
[INFO] running `Command { std: "docker" "start" "-a" "6cecbde3301d0582948c7a331dc53a7ac0a45fc54129316bdd5eb62cd53e7620", kill_on_drop: false }`
[INFO] [stderr]    Compiling pin-project-lite v0.2.15
[INFO] [stderr]    Compiling syn v2.0.86
[INFO] [stderr]    Compiling tokio-macros v2.4.0
[INFO] [stderr]    Compiling tokio v1.41.0
[INFO] [stderr]    Compiling recv-dir v0.3.1 (/opt/rustwide/workdir)
[INFO] [stderr]     Finished `test` profile [unoptimized + debuginfo] target(s) in 4.45s
[INFO] running `Command { std: "docker" "inspect" "6cecbde3301d0582948c7a331dc53a7ac0a45fc54129316bdd5eb62cd53e7620", kill_on_drop: false }`
[INFO] running `Command { std: "docker" "rm" "-f" "6cecbde3301d0582948c7a331dc53a7ac0a45fc54129316bdd5eb62cd53e7620", kill_on_drop: false }`
[INFO] [stdout] 6cecbde3301d0582948c7a331dc53a7ac0a45fc54129316bdd5eb62cd53e7620
[INFO] running `Command { std: "docker" "create" "-v" "/var/lib/crater-agent-workspace/builds/worker-7-tc2/target:/opt/rustwide/target:rw,Z" "-v" "/var/lib/crater-agent-workspace/builds/worker-7-tc2/source:/opt/rustwide/workdir:ro,Z" "-v" "/var/lib/crater-agent-workspace/cargo-home:/opt/rustwide/cargo-home:ro,Z" "-v" "/var/lib/crater-agent-workspace/rustup-home:/opt/rustwide/rustup-home:ro,Z" "-e" "SOURCE_DIR=/opt/rustwide/workdir" "-e" "CARGO_TARGET_DIR=/opt/rustwide/target" "-e" "CARGO_INCREMENTAL=0" "-e" "RUST_BACKTRACE=full" "-e" "RUSTFLAGS=--cap-lints=forbid -Zrandomize-layout" "-e" "RUSTDOCFLAGS=--cap-lints=forbid" "-e" "CARGO_HOME=/opt/rustwide/cargo-home" "-e" "RUSTUP_HOME=/opt/rustwide/rustup-home" "-w" "/opt/rustwide/workdir" "-m" "1610612736" "--user" "0:0" "--network" "none" "ghcr.io/rust-lang/crates-build-env/linux@sha256:4a844ea9eb2546a2d2c7022eacef16ef2e8229c7fbb2c7d4d55a9ceca922f72d" "/opt/rustwide/cargo-home/bin/cargo" "+nightly-2024-10-28" "test" "--frozen", kill_on_drop: false }`
[INFO] [stdout] 25bc6f85d91cc2c3f303746d99f7fb616caff38ab279b74645019e279c016f99
[INFO] running `Command { std: "docker" "start" "-a" "25bc6f85d91cc2c3f303746d99f7fb616caff38ab279b74645019e279c016f99", kill_on_drop: false }`
[INFO] [stderr]     Finished `test` profile [unoptimized + debuginfo] target(s) in 0.01s
[INFO] [stderr]      Running unittests src/lib.rs (/opt/rustwide/target/debug/deps/recv_dir-e5b4dfdd32b3846a)
[INFO] [stdout] 
[INFO] [stdout] running 7 tests
[INFO] [stdout] test tests::depth_1 ... ok
[INFO] [stdout] test tests::depth_2 ... ok
[INFO] [stdout] test tests::all_files ... ok
[INFO] [stdout] test tests::no_symlink_depth_2 ... ok
[INFO] [stdout] test tests::no_symlinks ... ok
[INFO] [stdout] test tests::file_with_extension ... ok
[INFO] [stdout] test tests::path_with_extension ... ok
[INFO] [stdout] 
[INFO] [stdout] test result: ok. 7 passed; 0 failed; 0 ignored; 0 measured; 0 filtered out; finished in 0.00s
[INFO] [stdout] 
[INFO] [stderr]    Doc-tests recv_dir
[INFO] [stdout] 
[INFO] [stdout] running 5 tests
[INFO] [stdout] test src/lib.rs - (line 72) ... FAILED
[INFO] [stdout] test src/lib.rs - (line 30) ... FAILED
[INFO] [stdout] test src/lib.rs - (line 44) ... FAILED
[INFO] [stdout] test src/lib.rs - (line 58) ... FAILED
[INFO] [stdout] test src/lib.rs - (line 19) ... ok
[INFO] [stdout] 
[INFO] [stdout] failures:
[INFO] [stdout] 
[INFO] [stdout] ---- src/lib.rs - (line 72) stdout ----
[INFO] [stdout] error[E0061]: this function takes 1 argument but 2 arguments were supplied
[INFO] [stdout]   --> src/lib.rs:78:66
[INFO] [stdout]    |
[INFO] [stdout] 9  | let dir = RecursiveDirIterator::with_filter(&root, NoSymlink.and(MaxDepth::new(&root, NonZeroUsize::new(2).unwrap()))).unwrap();
[INFO] [stdout]    |                                                                  ^^^^^^^^^^^^^ ----- unexpected argument #1 of type `&PathBuf`
[INFO] [stdout]    |
[INFO] [stdout] note: associated function defined here
[INFO] [stdout]   --> /opt/rustwide/workdir/src/filter.rs:43:12
[INFO] [stdout]    |
[INFO] [stdout] 43 |     pub fn new(max_depth: NonZeroUsize) -> Self {
[INFO] [stdout]    |            ^^^
[INFO] [stdout] help: remove the extra argument
[INFO] [stdout]    |
[INFO] [stdout] 9  - let dir = RecursiveDirIterator::with_filter(&root, NoSymlink.and(MaxDepth::new(&root, NonZeroUsize::new(2).unwrap()))).unwrap();
[INFO] [stdout] 9  + let dir = RecursiveDirIterator::with_filter(&root, NoSymlink.and(MaxDepth::new(NonZeroUsize::new(2).unwrap()))).unwrap();
[INFO] [stdout]    |
[INFO] [stdout] 
[INFO] [stdout] error: aborting due to 1 previous error
[INFO] [stdout] 
[INFO] [stdout] For more information about this error, try `rustc --explain E0061`.
[INFO] [stdout] Couldn't compile the test.
[INFO] [stdout] ---- src/lib.rs - (line 30) stdout ----
[INFO] [stdout] error[E0593]: closure is expected to take 2 arguments, but it takes 1 argument
[INFO] [stdout]  --> src/lib.rs:36:14
[INFO] [stdout]   |
[INFO] [stdout] 7 | let dir = RecursiveDirIterator::with_closure_filter("test_dir", |dir: &Path| !dir.is_symlink()).unwrap();
[INFO] [stdout]   |                                                                 ------------ takes 1 argument
[INFO] [stdout] 8 |
[INFO] [stdout] 9 | for entry in dir {
[INFO] [stdout]   |              ^^^ expected closure that takes 2 arguments
[INFO] [stdout]   |
[INFO] [stdout]   = note: required for `Closure<{closure@src/lib.rs:7:65: 7:77}>` to implement `recv_dir::Filter`
[INFO] [stdout]   = note: required for `RecursiveDirIterator<Closure<{closure@src/lib.rs:7:65: 7:77}>>` to implement `Iterator`
[INFO] [stdout]   = note: required for `RecursiveDirIterator<Closure<{closure@src/lib.rs:7:65: 7:77}>>` to implement `IntoIterator`
[INFO] [stdout] 
[INFO] [stdout] error: aborting due to 1 previous error
[INFO] [stdout] 
[INFO] [stdout] For more information about this error, try `rustc --explain E0593`.
[INFO] [stdout] Couldn't compile the test.
[INFO] [stdout] ---- src/lib.rs - (line 44) stdout ----
[INFO] [stdout] error[E0593]: closure is expected to take 2 arguments, but it takes 1 argument
[INFO] [stdout]   --> src/lib.rs:52:14
[INFO] [stdout]    |
[INFO] [stdout] 9  | let dir = RecursiveDirIterator::with_closure_filter(root, |dir: &Path| dir.ancestors().count() - ancestors <= 1).unwrap();
[INFO] [stdout]    |                                                           ------------ takes 1 argument
[INFO] [stdout] 10 |
[INFO] [stdout] 11 | for entry in dir {
[INFO] [stdout]    |              ^^^ expected closure that takes 2 arguments
[INFO] [stdout]    |
[INFO] [stdout]    = note: required for `Closure<{closure@src/lib.rs:9:59: 9:71}>` to implement `recv_dir::Filter`
[INFO] [stdout]    = note: required for `RecursiveDirIterator<Closure<{closure@src/lib.rs:9:59: 9:71}>>` to implement `Iterator`
[INFO] [stdout]    = note: required for `RecursiveDirIterator<Closure<{closure@src/lib.rs:9:59: 9:71}>>` to implement `IntoIterator`
[INFO] [stdout] 
[INFO] [stdout] error: aborting due to 1 previous error
[INFO] [stdout] 
[INFO] [stdout] For more information about this error, try `rustc --explain E0593`.
[INFO] [stdout] Couldn't compile the test.
[INFO] [stdout] ---- src/lib.rs - (line 58) stdout ----
[INFO] [stdout] error[E0593]: closure is expected to take 2 arguments, but it takes 1 argument
[INFO] [stdout]   --> src/lib.rs:66:14
[INFO] [stdout]    |
[INFO] [stdout] 9  | let dir = RecursiveDirIterator::with_closure_filter(root, |dir: &Path| dir.ancestors().count() - ancestors <= 2).unwrap();
[INFO] [stdout]    |                                                           ------------ takes 1 argument
[INFO] [stdout] 10 |
[INFO] [stdout] 11 | for entry in dir {
[INFO] [stdout]    |              ^^^ expected closure that takes 2 arguments
[INFO] [stdout]    |
[INFO] [stdout]    = note: required for `Closure<{closure@src/lib.rs:9:59: 9:71}>` to implement `recv_dir::Filter`
[INFO] [stdout]    = note: required for `RecursiveDirIterator<Closure<{closure@src/lib.rs:9:59: 9:71}>>` to implement `Iterator`
[INFO] [stdout]    = note: required for `RecursiveDirIterator<Closure<{closure@src/lib.rs:9:59: 9:71}>>` to implement `IntoIterator`
[INFO] [stdout] 
[INFO] [stdout] error: aborting due to 1 previous error
[INFO] [stdout] 
[INFO] [stdout] For more information about this error, try `rustc --explain E0593`.
[INFO] [stdout] Couldn't compile the test.
[INFO] [stdout] 
[INFO] [stdout] failures:
[INFO] [stdout]     src/lib.rs - (line 30)
[INFO] [stdout]     src/lib.rs - (line 44)
[INFO] [stdout]     src/lib.rs - (line 58)
[INFO] [stdout]     src/lib.rs - (line 72)
[INFO] [stdout] 
[INFO] [stdout] test result: FAILED. 1 passed; 4 failed; 0 ignored; 0 measured; 0 filtered out; finished in 0.12s
[INFO] [stdout] 
[INFO] [stderr] error: doctest failed, to rerun pass `--doc`
[INFO] running `Command { std: "docker" "inspect" "25bc6f85d91cc2c3f303746d99f7fb616caff38ab279b74645019e279c016f99", kill_on_drop: false }`
[INFO] running `Command { std: "docker" "rm" "-f" "25bc6f85d91cc2c3f303746d99f7fb616caff38ab279b74645019e279c016f99", kill_on_drop: false }`
[INFO] [stdout] 25bc6f85d91cc2c3f303746d99f7fb616caff38ab279b74645019e279c016f99
