[INFO] fetching crate rectutils 0.3.0...
[INFO] testing rectutils-0.3.0 against nightly-2024-10-28 for randomize-layout
[INFO] extracting crate rectutils 0.3.0 into /workspace/builds/worker-6-tc1/source
[INFO] validating manifest of crates.io crate rectutils 0.3.0 on toolchain nightly-2024-10-28
[INFO] running `Command { std: CARGO_HOME="/workspace/cargo-home" RUSTUP_HOME="/workspace/rustup-home" "/workspace/cargo-home/bin/cargo" "+nightly-2024-10-28" "metadata" "--manifest-path" "Cargo.toml" "--no-deps", kill_on_drop: false }`
[INFO] started tweaking crates.io crate rectutils 0.3.0
[INFO] finished tweaking crates.io crate rectutils 0.3.0
[INFO] tweaked toml for crates.io crate rectutils 0.3.0 written to /workspace/builds/worker-6-tc1/source/Cargo.toml
[INFO] running `Command { std: CARGO_HOME="/workspace/cargo-home" RUSTUP_HOME="/workspace/rustup-home" "/workspace/cargo-home/bin/cargo" "+nightly-2024-10-28" "generate-lockfile" "--manifest-path" "Cargo.toml", kill_on_drop: false }`
[INFO] [stderr]     Updating crates.io index
[INFO] [stderr]      Locking 22 packages to latest compatible versions
[INFO] running `Command { std: CARGO_HOME="/workspace/cargo-home" RUSTUP_HOME="/workspace/rustup-home" "/workspace/cargo-home/bin/cargo" "+nightly-2024-10-28" "fetch" "--manifest-path" "Cargo.toml", kill_on_drop: false }`
[INFO] running `Command { std: "docker" "create" "-v" "/var/lib/crater-agent-workspace/builds/worker-6-tc1/target:/opt/rustwide/target:rw,Z" "-v" "/var/lib/crater-agent-workspace/builds/worker-6-tc1/source:/opt/rustwide/workdir:ro,Z" "-v" "/var/lib/crater-agent-workspace/cargo-home:/opt/rustwide/cargo-home:ro,Z" "-v" "/var/lib/crater-agent-workspace/rustup-home:/opt/rustwide/rustup-home:ro,Z" "-e" "SOURCE_DIR=/opt/rustwide/workdir" "-e" "CARGO_TARGET_DIR=/opt/rustwide/target" "-e" "CARGO_HOME=/opt/rustwide/cargo-home" "-e" "RUSTUP_HOME=/opt/rustwide/rustup-home" "-w" "/opt/rustwide/workdir" "-m" "1610612736" "--user" "0:0" "--network" "none" "ghcr.io/rust-lang/crates-build-env/linux@sha256:4a844ea9eb2546a2d2c7022eacef16ef2e8229c7fbb2c7d4d55a9ceca922f72d" "/opt/rustwide/cargo-home/bin/cargo" "+nightly-2024-10-28" "metadata" "--no-deps" "--format-version=1", kill_on_drop: false }`
[INFO] [stdout] 9cc58638ca3aa010f2494b13e96b5b4a037166b82b74c95aa33a6ae6c470267d
[INFO] running `Command { std: "docker" "start" "-a" "9cc58638ca3aa010f2494b13e96b5b4a037166b82b74c95aa33a6ae6c470267d", kill_on_drop: false }`
[INFO] running `Command { std: "docker" "inspect" "9cc58638ca3aa010f2494b13e96b5b4a037166b82b74c95aa33a6ae6c470267d", kill_on_drop: false }`
[INFO] running `Command { std: "docker" "rm" "-f" "9cc58638ca3aa010f2494b13e96b5b4a037166b82b74c95aa33a6ae6c470267d", kill_on_drop: false }`
[INFO] [stdout] 9cc58638ca3aa010f2494b13e96b5b4a037166b82b74c95aa33a6ae6c470267d
[INFO] running `Command { std: "docker" "create" "-v" "/var/lib/crater-agent-workspace/builds/worker-6-tc1/target:/opt/rustwide/target:rw,Z" "-v" "/var/lib/crater-agent-workspace/builds/worker-6-tc1/source:/opt/rustwide/workdir:ro,Z" "-v" "/var/lib/crater-agent-workspace/cargo-home:/opt/rustwide/cargo-home:ro,Z" "-v" "/var/lib/crater-agent-workspace/rustup-home:/opt/rustwide/rustup-home:ro,Z" "-e" "SOURCE_DIR=/opt/rustwide/workdir" "-e" "CARGO_TARGET_DIR=/opt/rustwide/target" "-e" "CARGO_INCREMENTAL=0" "-e" "RUST_BACKTRACE=full" "-e" "RUSTFLAGS=--cap-lints=forbid" "-e" "RUSTDOCFLAGS=--cap-lints=forbid" "-e" "CARGO_HOME=/opt/rustwide/cargo-home" "-e" "RUSTUP_HOME=/opt/rustwide/rustup-home" "-w" "/opt/rustwide/workdir" "-m" "1610612736" "--user" "0:0" "--network" "none" "ghcr.io/rust-lang/crates-build-env/linux@sha256:4a844ea9eb2546a2d2c7022eacef16ef2e8229c7fbb2c7d4d55a9ceca922f72d" "/opt/rustwide/cargo-home/bin/cargo" "+nightly-2024-10-28" "build" "--frozen" "--message-format=json", kill_on_drop: false }`
[INFO] [stdout] 4d6be1ce341374b4ac32f41aef0dfc7c43b277d9b1eb676a5f11585f81e8a7a5
[INFO] running `Command { std: "docker" "start" "-a" "4d6be1ce341374b4ac32f41aef0dfc7c43b277d9b1eb676a5f11585f81e8a7a5", kill_on_drop: false }`
[INFO] [stderr]    Compiling num-traits v0.2.19
[INFO] [stderr]    Compiling bytemuck v1.19.0
[INFO] [stderr]    Compiling matrixmultiply v0.3.9
[INFO] [stderr]    Compiling nalgebra-macros v0.2.2
[INFO] [stderr]    Compiling safe_arch v0.7.2
[INFO] [stderr]    Compiling wide v0.7.28
[INFO] [stderr]    Compiling num-complex v0.4.6
[INFO] [stderr]    Compiling num-integer v0.1.46
[INFO] [stderr]    Compiling approx v0.5.1
[INFO] [stderr]    Compiling num-rational v0.4.2
[INFO] [stderr]    Compiling simba v0.9.0
[INFO] [stderr]    Compiling nalgebra v0.33.2
[INFO] [stderr]    Compiling rectutils v0.3.0 (/opt/rustwide/workdir)
[INFO] [stderr]     Finished `dev` profile [unoptimized + debuginfo] target(s) in 10.80s
[INFO] running `Command { std: "docker" "inspect" "4d6be1ce341374b4ac32f41aef0dfc7c43b277d9b1eb676a5f11585f81e8a7a5", kill_on_drop: false }`
[INFO] running `Command { std: "docker" "rm" "-f" "4d6be1ce341374b4ac32f41aef0dfc7c43b277d9b1eb676a5f11585f81e8a7a5", kill_on_drop: false }`
[INFO] [stdout] 4d6be1ce341374b4ac32f41aef0dfc7c43b277d9b1eb676a5f11585f81e8a7a5
[INFO] running `Command { std: "docker" "create" "-v" "/var/lib/crater-agent-workspace/builds/worker-6-tc1/target:/opt/rustwide/target:rw,Z" "-v" "/var/lib/crater-agent-workspace/builds/worker-6-tc1/source:/opt/rustwide/workdir:ro,Z" "-v" "/var/lib/crater-agent-workspace/cargo-home:/opt/rustwide/cargo-home:ro,Z" "-v" "/var/lib/crater-agent-workspace/rustup-home:/opt/rustwide/rustup-home:ro,Z" "-e" "SOURCE_DIR=/opt/rustwide/workdir" "-e" "CARGO_TARGET_DIR=/opt/rustwide/target" "-e" "CARGO_INCREMENTAL=0" "-e" "RUST_BACKTRACE=full" "-e" "RUSTFLAGS=--cap-lints=forbid" "-e" "RUSTDOCFLAGS=--cap-lints=forbid" "-e" "CARGO_HOME=/opt/rustwide/cargo-home" "-e" "RUSTUP_HOME=/opt/rustwide/rustup-home" "-w" "/opt/rustwide/workdir" "-m" "1610612736" "--user" "0:0" "--network" "none" "ghcr.io/rust-lang/crates-build-env/linux@sha256:4a844ea9eb2546a2d2c7022eacef16ef2e8229c7fbb2c7d4d55a9ceca922f72d" "/opt/rustwide/cargo-home/bin/cargo" "+nightly-2024-10-28" "test" "--frozen" "--no-run" "--message-format=json", kill_on_drop: false }`
[INFO] [stdout] ef30955ccfa200e51e7a1035f916328f95842396c56c930e947570dbd85a3e46
[INFO] running `Command { std: "docker" "start" "-a" "ef30955ccfa200e51e7a1035f916328f95842396c56c930e947570dbd85a3e46", kill_on_drop: false }`
[INFO] [stderr]    Compiling rectutils v0.3.0 (/opt/rustwide/workdir)
[INFO] [stderr]     Finished `test` profile [unoptimized + debuginfo] target(s) in 0.43s
[INFO] running `Command { std: "docker" "inspect" "ef30955ccfa200e51e7a1035f916328f95842396c56c930e947570dbd85a3e46", kill_on_drop: false }`
[INFO] running `Command { std: "docker" "rm" "-f" "ef30955ccfa200e51e7a1035f916328f95842396c56c930e947570dbd85a3e46", kill_on_drop: false }`
[INFO] [stdout] ef30955ccfa200e51e7a1035f916328f95842396c56c930e947570dbd85a3e46
[INFO] running `Command { std: "docker" "create" "-v" "/var/lib/crater-agent-workspace/builds/worker-6-tc1/target:/opt/rustwide/target:rw,Z" "-v" "/var/lib/crater-agent-workspace/builds/worker-6-tc1/source:/opt/rustwide/workdir:ro,Z" "-v" "/var/lib/crater-agent-workspace/cargo-home:/opt/rustwide/cargo-home:ro,Z" "-v" "/var/lib/crater-agent-workspace/rustup-home:/opt/rustwide/rustup-home:ro,Z" "-e" "SOURCE_DIR=/opt/rustwide/workdir" "-e" "CARGO_TARGET_DIR=/opt/rustwide/target" "-e" "CARGO_INCREMENTAL=0" "-e" "RUST_BACKTRACE=full" "-e" "RUSTFLAGS=--cap-lints=forbid" "-e" "RUSTDOCFLAGS=--cap-lints=forbid" "-e" "CARGO_HOME=/opt/rustwide/cargo-home" "-e" "RUSTUP_HOME=/opt/rustwide/rustup-home" "-w" "/opt/rustwide/workdir" "-m" "1610612736" "--user" "0:0" "--network" "none" "ghcr.io/rust-lang/crates-build-env/linux@sha256:4a844ea9eb2546a2d2c7022eacef16ef2e8229c7fbb2c7d4d55a9ceca922f72d" "/opt/rustwide/cargo-home/bin/cargo" "+nightly-2024-10-28" "test" "--frozen", kill_on_drop: false }`
[INFO] [stdout] 840fe092b1c8c2dc76bef0a403868385f4e3694e78fe0ae4233d76df00368523
[INFO] running `Command { std: "docker" "start" "-a" "840fe092b1c8c2dc76bef0a403868385f4e3694e78fe0ae4233d76df00368523", kill_on_drop: false }`
[INFO] [stderr]     Finished `test` profile [unoptimized + debuginfo] target(s) in 0.02s
[INFO] [stderr]      Running unittests src/lib.rs (/opt/rustwide/target/debug/deps/rectutils-e7d863532264f334)
[INFO] [stdout] 
[INFO] [stdout] running 34 tests
[INFO] [stdout] test pack::test::rect_pack_node_new ... ok
[INFO] [stdout] test pack::test::rect_packer_clear ... ok
[INFO] [stdout] test pack::test::rect_packer_find_free ... ok
[INFO] [stdout] test pack::test::rect_packer_new ... ok
[INFO] [stdout] test quadtree::test::default_for_quad_tree ... ok
[INFO] [stdout] test quadtree::test::quad_tree_point_query ... ok
[INFO] [stdout] test quadtree::test::quad_tree_split_threshold ... ok
[INFO] [stdout] test quadtree::test::query_storage_for_array_vec ... ok
[INFO] [stdout] test quadtree::test::query_storage_for_vec ... ok
[INFO] [stdout] test tests::default_for_rect ... ok
[INFO] [stdout] test tests::from_points1 ... ok
[INFO] [stdout] test tests::from_points2 ... ok
[INFO] [stdout] test quadtree::test::test_quad_tree ... ok
[INFO] [stdout] test tests::intersects1 ... ok
[INFO] [stdout] test tests::intersects2 ... ok
[INFO] [stdout] test tests::not_intersects1 ... ok
[INFO] [stdout] test tests::not_intersects2 ... ok
[INFO] [stdout] test tests::option_rect_clip ... ok
[INFO] [stdout] test tests::option_rect_extend_to_contain ... ok
[INFO] [stdout] test tests::option_rect_push ... ok
[INFO] [stdout] test tests::rect_center ... ok
[INFO] [stdout] test tests::rect_clip_by ... ok
[INFO] [stdout] test tests::rect_deflate ... ok
[INFO] [stdout] test tests::rect_contains ... ok
[INFO] [stdout] test tests::rect_extend_to_contain ... ok
[INFO] [stdout] test tests::rect_getters ... ok
[INFO] [stdout] test tests::rect_intersects_circle ... ok
[INFO] [stdout] test tests::rect_inflate ... ok
[INFO] [stdout] test tests::rect_push ... ok
[INFO] [stdout] test tests::rect_push2 ... ok
[INFO] [stdout] test tests::rect_translate ... ok
[INFO] [stdout] test tests::rect_with_position ... ok
[INFO] [stdout] test tests::rect_with_size ... ok
[INFO] [stdout] test tests::rect_transform ... ok
[INFO] [stdout] 
[INFO] [stdout] test result: ok. 34 passed; 0 failed; 0 ignored; 0 measured; 0 filtered out; finished in 0.00s
[INFO] [stdout] 
[INFO] [stderr]    Doc-tests rectutils
[INFO] [stdout] 
[INFO] [stdout] running 1 test
[INFO] [stdout] test src/lib.rs - OptionRect<T>::extend_to_contain (line 77) ... FAILED
[INFO] [stdout] 
[INFO] [stdout] failures:
[INFO] [stdout] 
[INFO] [stdout] ---- src/lib.rs - OptionRect<T>::extend_to_contain (line 77) stdout ----
[INFO] [stdout] error[E0433]: failed to resolve: use of undeclared type `OptionRect`
[INFO] [stdout]   --> src/lib.rs:84:25
[INFO] [stdout]    |
[INFO] [stdout] 10 | let mut bounding_rect = OptionRect::default();
[INFO] [stdout]    |                         ^^^^^^^^^^ use of undeclared type `OptionRect`
[INFO] [stdout]    |
[INFO] [stdout] help: consider importing this struct
[INFO] [stdout]    |
[INFO] [stdout] 2  + use rectutils::OptionRect;
[INFO] [stdout]    |
[INFO] [stdout] 
[INFO] [stdout] error: aborting due to 1 previous error
[INFO] [stdout] 
[INFO] [stdout] For more information about this error, try `rustc --explain E0433`.
[INFO] [stdout] Couldn't compile the test.
[INFO] [stdout] 
[INFO] [stdout] failures:
[INFO] [stdout]     src/lib.rs - OptionRect<T>::extend_to_contain (line 77)
[INFO] [stdout] 
[INFO] [stdout] test result: FAILED. 0 passed; 1 failed; 0 ignored; 0 measured; 0 filtered out; finished in 0.05s
[INFO] [stdout] 
[INFO] [stderr] error: doctest failed, to rerun pass `--doc`
[INFO] running `Command { std: "docker" "inspect" "840fe092b1c8c2dc76bef0a403868385f4e3694e78fe0ae4233d76df00368523", kill_on_drop: false }`
[INFO] running `Command { std: "docker" "rm" "-f" "840fe092b1c8c2dc76bef0a403868385f4e3694e78fe0ae4233d76df00368523", kill_on_drop: false }`
[INFO] [stdout] 840fe092b1c8c2dc76bef0a403868385f4e3694e78fe0ae4233d76df00368523
