[INFO] fetching crate re_data_store 0.17.0...
[INFO] testing re_data_store-0.17.0 against nightly-2024-10-28 for randomize-layout
[INFO] extracting crate re_data_store 0.17.0 into /workspace/builds/worker-6-tc1/source
[INFO] validating manifest of crates.io crate re_data_store 0.17.0 on toolchain nightly-2024-10-28
[INFO] running `Command { std: CARGO_HOME="/workspace/cargo-home" RUSTUP_HOME="/workspace/rustup-home" "/workspace/cargo-home/bin/cargo" "+nightly-2024-10-28" "metadata" "--manifest-path" "Cargo.toml" "--no-deps", kill_on_drop: false }`
[INFO] started tweaking crates.io crate re_data_store 0.17.0
[INFO] finished tweaking crates.io crate re_data_store 0.17.0
[INFO] tweaked toml for crates.io crate re_data_store 0.17.0 written to /workspace/builds/worker-6-tc1/source/Cargo.toml
[INFO] running `Command { std: CARGO_HOME="/workspace/cargo-home" RUSTUP_HOME="/workspace/rustup-home" "/workspace/cargo-home/bin/cargo" "+nightly-2024-10-28" "generate-lockfile" "--manifest-path" "Cargo.toml", kill_on_drop: false }`
[INFO] [stderr]     Updating crates.io index
[INFO] [stderr]      Locking 336 packages to latest compatible versions
[INFO] [stderr]       Adding js-sys v0.3.69 (available: v0.3.72)
[INFO] [stderr]       Adding mimalloc v0.1.37 (available: v0.1.43)
[INFO] [stderr]       Adding re_format v0.17.0 (available: v0.19.0)
[INFO] [stderr]       Adding re_format_arrow v0.17.0 (available: v0.19.0)
[INFO] [stderr]       Adding re_log v0.17.0 (available: v0.19.0)
[INFO] [stderr]       Adding re_log_types v0.17.0 (available: v0.19.0)
[INFO] [stderr]       Adding re_tracing v0.17.0 (available: v0.19.0)
[INFO] [stderr]       Adding re_types v0.17.0 (available: v0.19.0)
[INFO] [stderr]       Adding re_types_core v0.17.0 (available: v0.19.0)
[INFO] [stderr]       Adding wasm-bindgen v0.2.92 (available: v0.2.95)
[INFO] [stderr]       Adding wasm-bindgen-backend v0.2.92 (available: v0.2.95)
[INFO] [stderr]       Adding wasm-bindgen-futures v0.4.42 (available: v0.4.45)
[INFO] [stderr]       Adding wasm-bindgen-macro v0.2.92 (available: v0.2.95)
[INFO] [stderr]       Adding wasm-bindgen-macro-support v0.2.92 (available: v0.2.95)
[INFO] [stderr]       Adding wasm-bindgen-shared v0.2.92 (available: v0.2.95)
[INFO] [stderr]       Adding web-sys v0.3.69 (available: v0.3.72)
[INFO] [stderr]       Adding web-time v0.2.4 (available: v1.1.0)
[INFO] [stderr]       Adding zvariant_utils v1.0.1 (available: v1.1.1)
[INFO] running `Command { std: CARGO_HOME="/workspace/cargo-home" RUSTUP_HOME="/workspace/rustup-home" "/workspace/cargo-home/bin/cargo" "+nightly-2024-10-28" "fetch" "--manifest-path" "Cargo.toml", kill_on_drop: false }`
[INFO] [stderr]     Blocking waiting for file lock on package cache
[INFO] [stderr]     Blocking waiting for file lock on package cache
[INFO] [stderr]  Downloading crates ...
[INFO] [stderr]   Downloaded rfd v0.12.1
[INFO] [stderr]   Downloaded re_error v0.17.0
[INFO] [stderr]   Downloaded re_string_interner v0.17.0
[INFO] [stderr]   Downloaded re_log v0.17.0
[INFO] [stderr]   Downloaded re_tracing v0.17.0
[INFO] [stderr]   Downloaded re_tuid v0.17.0
[INFO] [stderr]   Downloaded puffin_http v0.16.1
[INFO] [stderr]   Downloaded xshell-macros v0.2.6
[INFO] [stderr]   Downloaded re_case v0.17.0
[INFO] [stderr]   Downloaded re_types_core v0.17.0
[INFO] [stderr]   Downloaded re_build_info v0.17.0
[INFO] [stderr]   Downloaded re_log_types v0.17.0
[INFO] [stderr]   Downloaded re_build_tools v0.17.0
[INFO] [stderr]   Downloaded xshell v0.2.6
[INFO] [stderr]   Downloaded re_format_arrow v0.17.0
[INFO] [stderr]   Downloaded re_format v0.17.0
[INFO] [stderr]   Downloaded re_types v0.17.0
[INFO] [stderr]   Downloaded re_types_builder v0.17.0
[INFO] [stderr]   Downloaded libmimalloc-sys v0.1.39
[INFO] [stderr]   Downloaded fixed v1.28.0
[INFO] running `Command { std: "docker" "create" "-v" "/var/lib/crater-agent-workspace/builds/worker-6-tc1/target:/opt/rustwide/target:rw,Z" "-v" "/var/lib/crater-agent-workspace/builds/worker-6-tc1/source:/opt/rustwide/workdir:ro,Z" "-v" "/var/lib/crater-agent-workspace/cargo-home:/opt/rustwide/cargo-home:ro,Z" "-v" "/var/lib/crater-agent-workspace/rustup-home:/opt/rustwide/rustup-home:ro,Z" "-e" "SOURCE_DIR=/opt/rustwide/workdir" "-e" "CARGO_TARGET_DIR=/opt/rustwide/target" "-e" "CARGO_HOME=/opt/rustwide/cargo-home" "-e" "RUSTUP_HOME=/opt/rustwide/rustup-home" "-w" "/opt/rustwide/workdir" "-m" "1610612736" "--user" "0:0" "--network" "none" "ghcr.io/rust-lang/crates-build-env/linux@sha256:4a844ea9eb2546a2d2c7022eacef16ef2e8229c7fbb2c7d4d55a9ceca922f72d" "/opt/rustwide/cargo-home/bin/cargo" "+nightly-2024-10-28" "metadata" "--no-deps" "--format-version=1", kill_on_drop: false }`
[INFO] [stdout] b452bea84aa5aaebb8d14c6f0ca4d17ff8de3523e57a018b776c0504ce3f3c3f
[INFO] running `Command { std: "docker" "start" "-a" "b452bea84aa5aaebb8d14c6f0ca4d17ff8de3523e57a018b776c0504ce3f3c3f", kill_on_drop: false }`
[INFO] running `Command { std: "docker" "inspect" "b452bea84aa5aaebb8d14c6f0ca4d17ff8de3523e57a018b776c0504ce3f3c3f", kill_on_drop: false }`
[INFO] running `Command { std: "docker" "rm" "-f" "b452bea84aa5aaebb8d14c6f0ca4d17ff8de3523e57a018b776c0504ce3f3c3f", kill_on_drop: false }`
[INFO] [stdout] b452bea84aa5aaebb8d14c6f0ca4d17ff8de3523e57a018b776c0504ce3f3c3f
[INFO] running `Command { std: "docker" "create" "-v" "/var/lib/crater-agent-workspace/builds/worker-6-tc1/target:/opt/rustwide/target:rw,Z" "-v" "/var/lib/crater-agent-workspace/builds/worker-6-tc1/source:/opt/rustwide/workdir:ro,Z" "-v" "/var/lib/crater-agent-workspace/cargo-home:/opt/rustwide/cargo-home:ro,Z" "-v" "/var/lib/crater-agent-workspace/rustup-home:/opt/rustwide/rustup-home:ro,Z" "-e" "SOURCE_DIR=/opt/rustwide/workdir" "-e" "CARGO_TARGET_DIR=/opt/rustwide/target" "-e" "CARGO_INCREMENTAL=0" "-e" "RUST_BACKTRACE=full" "-e" "RUSTFLAGS=--cap-lints=forbid" "-e" "RUSTDOCFLAGS=--cap-lints=forbid" "-e" "CARGO_HOME=/opt/rustwide/cargo-home" "-e" "RUSTUP_HOME=/opt/rustwide/rustup-home" "-w" "/opt/rustwide/workdir" "-m" "1610612736" "--user" "0:0" "--network" "none" "ghcr.io/rust-lang/crates-build-env/linux@sha256:4a844ea9eb2546a2d2c7022eacef16ef2e8229c7fbb2c7d4d55a9ceca922f72d" "/opt/rustwide/cargo-home/bin/cargo" "+nightly-2024-10-28" "build" "--frozen" "--message-format=json", kill_on_drop: false }`
[INFO] [stdout] 6a53e0a7c8f5748454f852fb078d3339a39c64c9c799ea52d8f9ab13667fd882
[INFO] running `Command { std: "docker" "start" "-a" "6a53e0a7c8f5748454f852fb078d3339a39c64c9c799ea52d8f9ab13667fd882", kill_on_drop: false }`
[INFO] [stderr]    Compiling libc v0.2.161
[INFO] [stderr]    Compiling proc-macro2 v1.0.89
[INFO] [stderr]    Compiling parking_lot_core v0.9.10
[INFO] [stderr]    Compiling scopeguard v1.2.0
[INFO] [stderr]    Compiling smallvec v1.13.2
[INFO] [stderr]    Compiling lock_api v0.4.12
[INFO] [stderr]    Compiling num-traits v0.2.19
[INFO] [stderr]    Compiling crossbeam-utils v0.8.20
[INFO] [stderr]    Compiling serde v1.0.214
[INFO] [stderr]    Compiling unicode-segmentation v1.12.0
[INFO] [stderr]    Compiling zerocopy v0.7.35
[INFO] [stderr]    Compiling array-init-cursor v0.2.0
[INFO] [stderr]    Compiling heck v0.5.0
[INFO] [stderr]    Compiling bitflags v2.6.0
[INFO] [stderr]    Compiling planus v0.3.1
[INFO] [stderr]    Compiling re_arrow2 v0.17.5
[INFO] [stderr]    Compiling litrs v0.4.1
[INFO] [stderr]    Compiling memchr v2.7.4
[INFO] [stderr]    Compiling quote v1.0.37
[INFO] [stderr]    Compiling syn v2.0.86
[INFO] [stderr]    Compiling unicode-width v0.1.14
[INFO] [stderr]    Compiling gimli v0.31.1
[INFO] [stderr]    Compiling strum v0.26.3
[INFO] [stderr]    Compiling getrandom v0.2.15
[INFO] [stderr]    Compiling object v0.36.5
[INFO] [stderr]    Compiling chrono v0.4.38
[INFO] [stderr]    Compiling document-features v0.2.10
[INFO] [stderr]    Compiling parking_lot v0.12.3
[INFO] [stderr]    Compiling ahash v0.8.11
[INFO] [stderr]    Compiling miniz_oxide v0.8.0
[INFO] [stderr]    Compiling crossterm v0.27.0
[INFO] [stderr]    Compiling hashbrown v0.14.5
[INFO] [stderr]    Compiling puffin v0.19.1
[INFO] [stderr]    Compiling convert_case v0.6.0
[INFO] [stderr]    Compiling simdutf8 v0.1.5
[INFO] [stderr]    Compiling nohash-hasher v0.2.0
[INFO] [stderr]    Compiling foreign_vec v0.1.0
[INFO] [stderr]    Compiling web-time v0.2.4
[INFO] [stderr]    Compiling az v1.2.1
[INFO] [stderr]    Compiling rustc-demangle v0.1.24
[INFO] [stderr]    Compiling dyn-clone v1.0.17
[INFO] [stderr]    Compiling ethnum v1.5.0
[INFO] [stderr]    Compiling hash_hasher v2.0.3
[INFO] [stderr]    Compiling re_tuid v0.17.0
[INFO] [stderr]    Compiling re_string_interner v0.17.0
[INFO] [stderr]    Compiling re_tracing v0.17.0
[INFO] [stderr]    Compiling re_case v0.17.0
[INFO] [stderr]    Compiling is-terminal v0.4.13
[INFO] [stderr]    Compiling crossbeam-epoch v0.9.18
[INFO] [stderr]    Compiling itertools v0.13.0
[INFO] [stderr]    Compiling fixed v1.28.0
[INFO] [stderr]    Compiling tracing-core v0.1.32
[INFO] [stderr]    Compiling re_error v0.17.0
[INFO] [stderr]    Compiling pin-project-lite v0.2.15
[INFO] [stderr]    Compiling console v0.15.8
[INFO] [stderr]    Compiling env_logger v0.10.2
[INFO] [stderr]    Compiling addr2line v0.24.2
[INFO] [stderr]    Compiling tracing v0.1.40
[INFO] [stderr]    Compiling crossbeam-deque v0.8.5
[INFO] [stderr]    Compiling log-once v0.4.1
[INFO] [stderr]    Compiling crossbeam-channel v0.5.13
[INFO] [stderr]    Compiling crossbeam-queue v0.3.11
[INFO] [stderr]    Compiling similar v2.6.0
[INFO] [stderr]    Compiling half v2.4.1
[INFO] [stderr]    Compiling num_threads v0.1.7
[INFO] [stderr]    Compiling re_log v0.17.0
[INFO] [stderr]    Compiling crossbeam v0.8.4
[INFO] [stderr]    Compiling backtrace v0.3.74
[INFO] [stderr]    Compiling time v0.3.36
[INFO] [stderr]    Compiling serde_derive v1.0.214
[INFO] [stderr]    Compiling bytemuck_derive v1.8.0
[INFO] [stderr]    Compiling strum_macros v0.26.4
[INFO] [stderr]    Compiling thiserror-impl v1.0.66
[INFO] [stderr]    Compiling similar-asserts v1.6.0
[INFO] [stderr]    Compiling num-derive v0.4.2
[INFO] [stderr]    Compiling bytemuck v1.19.0
[INFO] [stderr]    Compiling re_format v0.17.0
[INFO] [stderr]    Compiling thiserror v1.0.66
[INFO] [stderr]    Compiling clean-path v0.2.1
[INFO] [stderr]    Compiling re_build_info v0.17.0
[INFO] [stderr]    Compiling natord v1.0.9
[INFO] [stderr]    Compiling indent v0.1.1
[INFO] [stderr]    Compiling comfy-table v7.1.1
[INFO] [stderr]    Compiling arrow-format v0.8.1
[INFO] [stderr]    Compiling uuid v1.11.0
[INFO] [stderr]    Compiling re_types_core v0.17.0
[INFO] [stderr]    Compiling re_format_arrow v0.17.0
[INFO] [stderr]    Compiling re_log_types v0.17.0
[INFO] [stderr]    Compiling re_data_store v0.17.0 (/opt/rustwide/workdir)
[INFO] [stdout] warning: method `get_child_length` is never used
[INFO] [stdout]   --> src/arrow_util.rs:10:8
[INFO] [stdout]    |
[INFO] [stdout] 5  | pub trait ArrayExt: Array {
[INFO] [stdout]    |           -------- method in this trait
[INFO] [stdout] ...
[INFO] [stdout] 10 |     fn get_child_length(&self, child_nr: usize) -> usize;
[INFO] [stdout]    |        ^^^^^^^^^^^^^^^^
[INFO] [stdout]    |
[INFO] [stdout]    = note: `#[warn(dead_code)]` on by default
[INFO] [stdout] 
[INFO] [stdout] 
[INFO] [stderr]     Finished `dev` profile [unoptimized + debuginfo] target(s) in 28.83s
[INFO] running `Command { std: "docker" "inspect" "6a53e0a7c8f5748454f852fb078d3339a39c64c9c799ea52d8f9ab13667fd882", kill_on_drop: false }`
[INFO] running `Command { std: "docker" "rm" "-f" "6a53e0a7c8f5748454f852fb078d3339a39c64c9c799ea52d8f9ab13667fd882", kill_on_drop: false }`
[INFO] [stdout] 6a53e0a7c8f5748454f852fb078d3339a39c64c9c799ea52d8f9ab13667fd882
[INFO] running `Command { std: "docker" "create" "-v" "/var/lib/crater-agent-workspace/builds/worker-6-tc1/target:/opt/rustwide/target:rw,Z" "-v" "/var/lib/crater-agent-workspace/builds/worker-6-tc1/source:/opt/rustwide/workdir:ro,Z" "-v" "/var/lib/crater-agent-workspace/cargo-home:/opt/rustwide/cargo-home:ro,Z" "-v" "/var/lib/crater-agent-workspace/rustup-home:/opt/rustwide/rustup-home:ro,Z" "-e" "SOURCE_DIR=/opt/rustwide/workdir" "-e" "CARGO_TARGET_DIR=/opt/rustwide/target" "-e" "CARGO_INCREMENTAL=0" "-e" "RUST_BACKTRACE=full" "-e" "RUSTFLAGS=--cap-lints=forbid" "-e" "RUSTDOCFLAGS=--cap-lints=forbid" "-e" "CARGO_HOME=/opt/rustwide/cargo-home" "-e" "RUSTUP_HOME=/opt/rustwide/rustup-home" "-w" "/opt/rustwide/workdir" "-m" "1610612736" "--user" "0:0" "--network" "none" "ghcr.io/rust-lang/crates-build-env/linux@sha256:4a844ea9eb2546a2d2c7022eacef16ef2e8229c7fbb2c7d4d55a9ceca922f72d" "/opt/rustwide/cargo-home/bin/cargo" "+nightly-2024-10-28" "test" "--frozen" "--no-run" "--message-format=json", kill_on_drop: false }`
[INFO] [stdout] 7c17480efd93600f825e98dfddc72e2ec20f547213774d2c340dc5c9644b8273
[INFO] running `Command { std: "docker" "start" "-a" "7c17480efd93600f825e98dfddc72e2ec20f547213774d2c340dc5c9644b8273", kill_on_drop: false }`
[INFO] [stderr]    Compiling serde v1.0.214
[INFO] [stderr]    Compiling semver v1.0.23
[INFO] [stderr]    Compiling num-traits v0.2.19
[INFO] [stderr]    Compiling syn v2.0.86
[INFO] [stderr]    Compiling getrandom v0.2.15
[INFO] [stderr]    Compiling unicase v2.8.0
[INFO] [stderr]    Compiling bitflags v2.6.0
[INFO] [stderr]    Compiling camino v1.1.9
[INFO] [stderr]    Compiling rustix v0.38.38
[INFO] [stderr]    Compiling memchr v2.7.4
[INFO] [stderr]    Compiling serde_json v1.0.132
[INFO] [stderr]    Compiling error-chain v0.12.4
[INFO] [stderr]    Compiling linux-raw-sys v0.4.14
[INFO] [stderr]    Compiling pulldown-cmark v0.9.6
[INFO] [stderr]    Compiling walkdir v2.5.0
[INFO] [stderr]    Compiling object v0.36.5
[INFO] [stderr]    Compiling fastrand v2.1.1
[INFO] [stderr]    Compiling re_tuid v0.17.0
[INFO] [stderr]    Compiling shlex v1.3.0
[INFO] [stderr]    Compiling glob v0.3.1
[INFO] [stderr]    Compiling bytecount v0.6.8
[INFO] [stderr]    Compiling cc v1.1.31
[INFO] [stderr]    Compiling matrixmultiply v0.3.9
[INFO] [stderr]    Compiling chrono v0.4.38
[INFO] [stderr]    Compiling peg-runtime v0.6.3
[INFO] [stderr]    Compiling re_format v0.17.0
[INFO] [stderr]    Compiling mime_guess2 v2.0.5
[INFO] [stderr]    Compiling peg-macros v0.6.3
[INFO] [stderr]    Compiling crossbeam-queue v0.3.11
[INFO] [stderr]    Compiling crossbeam-channel v0.5.13
[INFO] [stderr]    Compiling linked-hash-map v0.5.6
[INFO] [stderr]    Compiling libmimalloc-sys v0.1.39
[INFO] [stderr]    Compiling clap_lex v0.7.2
[INFO] [stderr]    Compiling rawpointer v0.2.1
[INFO] [stderr]    Compiling anstyle v1.0.9
[INFO] [stderr]    Compiling regex-syntax v0.8.5
[INFO] [stderr]    Compiling plotters-backend v0.3.7
[INFO] [stderr]    Compiling ciborium-io v0.2.2
[INFO] [stderr]    Compiling clap_builder v4.5.20
[INFO] [stderr]    Compiling plotters-svg v0.3.7
[INFO] [stderr]    Compiling peg v0.6.3
[INFO] [stderr]    Compiling crossbeam v0.8.4
[INFO] [stderr]    Compiling num-complex v0.4.6
[INFO] [stderr]    Compiling backtrace v0.3.74
[INFO] [stderr]    Compiling num-integer v0.1.46
[INFO] [stderr]    Compiling rand_core v0.6.4
[INFO] [stderr]    Compiling regex-automata v0.4.8
[INFO] [stderr]    Compiling mime v0.3.17
[INFO] [stderr]    Compiling cast v0.3.0
[INFO] [stderr]    Compiling criterion-plot v0.5.0
[INFO] [stderr]    Compiling tempfile v3.13.0
[INFO] [stderr]    Compiling clap v4.5.20
[INFO] [stderr]    Compiling ndarray v0.15.6
[INFO] [stderr]    Compiling plotters v0.3.7
[INFO] [stderr]    Compiling serde_derive v1.0.214
[INFO] [stderr]    Compiling zerocopy-derive v0.7.35
[INFO] [stderr]    Compiling bytemuck_derive v1.8.0
[INFO] [stderr]    Compiling strum_macros v0.26.4
[INFO] [stderr]    Compiling zerocopy v0.7.35
[INFO] [stderr]    Compiling thiserror-impl v1.0.66
[INFO] [stderr]    Compiling num-derive v0.4.2
[INFO] [stderr]    Compiling bytemuck v1.19.0
[INFO] [stderr]    Compiling ahash v0.8.11
[INFO] [stderr]    Compiling half v2.4.1
[INFO] [stderr]    Compiling ppv-lite86 v0.2.20
[INFO] [stderr]    Compiling hashbrown v0.14.5
[INFO] [stderr]    Compiling thiserror v1.0.66
[INFO] [stderr]    Compiling re_string_interner v0.17.0
[INFO] [stderr]    Compiling fixed v1.28.0
[INFO] [stderr]    Compiling ciborium-ll v0.2.2
[INFO] [stderr]    Compiling rand_chacha v0.3.1
[INFO] [stderr]    Compiling regex v1.11.1
[INFO] [stderr]    Compiling comfy-table v7.1.1
[INFO] [stderr]    Compiling array-init v2.1.0
[INFO] [stderr]    Compiling emath v0.28.1
[INFO] [stderr]    Compiling anes v0.1.6
[INFO] [stderr]    Compiling oorandom v11.1.4
[INFO] [stderr]    Compiling tinyvec v1.8.0
[INFO] [stderr]    Compiling rand v0.8.5
[INFO] [stderr]    Compiling mimalloc v0.1.37
[INFO] [stderr]    Compiling insta v1.41.1
[INFO] [stderr]    Compiling arrow-format v0.8.1
[INFO] [stderr]    Compiling uuid v1.11.0
[INFO] [stderr]    Compiling ciborium v0.2.2
[INFO] [stderr]    Compiling cfb v0.7.3
[INFO] [stderr]    Compiling cargo-platform v0.1.8
[INFO] [stderr]    Compiling rustc_version v0.4.1
[INFO] [stderr]    Compiling tinytemplate v1.2.1
[INFO] [stderr]    Compiling infer v0.15.0
[INFO] [stderr]    Compiling criterion v0.5.1
[INFO] [stderr]    Compiling re_arrow2 v0.17.5
[INFO] [stderr]    Compiling cargo_metadata v0.14.2
[INFO] [stderr]    Compiling skeptic v0.13.7
[INFO] [stderr]    Compiling ply-rs v0.1.3
[INFO] [stderr]    Compiling re_types_core v0.17.0
[INFO] [stderr]    Compiling re_format_arrow v0.17.0
[INFO] [stderr]    Compiling re_types v0.17.0
[INFO] [stderr]    Compiling re_log_types v0.17.0
[INFO] [stderr]    Compiling re_data_store v0.17.0 (/opt/rustwide/workdir)
[INFO] [stdout] warning: method `get_child_length` is never used
[INFO] [stdout]   --> src/arrow_util.rs:10:8
[INFO] [stdout]    |
[INFO] [stdout] 5  | pub trait ArrayExt: Array {
[INFO] [stdout]    |           -------- method in this trait
[INFO] [stdout] ...
[INFO] [stdout] 10 |     fn get_child_length(&self, child_nr: usize) -> usize;
[INFO] [stdout]    |        ^^^^^^^^^^^^^^^^
[INFO] [stdout]    |
[INFO] [stdout]    = note: `#[warn(dead_code)]` on by default
[INFO] [stdout] 
[INFO] [stdout] 
[INFO] [stdout] warning: method `get_child_length` is never used
[INFO] [stdout]   --> src/arrow_util.rs:10:8
[INFO] [stdout]    |
[INFO] [stdout] 5  | pub trait ArrayExt: Array {
[INFO] [stdout]    |           -------- method in this trait
[INFO] [stdout] ...
[INFO] [stdout] 10 |     fn get_child_length(&self, child_nr: usize) -> usize;
[INFO] [stdout]    |        ^^^^^^^^^^^^^^^^
[INFO] [stdout]    |
[INFO] [stdout]    = note: `#[warn(dead_code)]` on by default
[INFO] [stdout] 
[INFO] [stdout] 
[INFO] [stderr]     Finished `test` profile [unoptimized + debuginfo] target(s) in 1m 04s
[INFO] running `Command { std: "docker" "inspect" "7c17480efd93600f825e98dfddc72e2ec20f547213774d2c340dc5c9644b8273", kill_on_drop: false }`
[INFO] running `Command { std: "docker" "rm" "-f" "7c17480efd93600f825e98dfddc72e2ec20f547213774d2c340dc5c9644b8273", kill_on_drop: false }`
[INFO] [stdout] 7c17480efd93600f825e98dfddc72e2ec20f547213774d2c340dc5c9644b8273
[INFO] running `Command { std: "docker" "create" "-v" "/var/lib/crater-agent-workspace/builds/worker-6-tc1/target:/opt/rustwide/target:rw,Z" "-v" "/var/lib/crater-agent-workspace/builds/worker-6-tc1/source:/opt/rustwide/workdir:ro,Z" "-v" "/var/lib/crater-agent-workspace/cargo-home:/opt/rustwide/cargo-home:ro,Z" "-v" "/var/lib/crater-agent-workspace/rustup-home:/opt/rustwide/rustup-home:ro,Z" "-e" "SOURCE_DIR=/opt/rustwide/workdir" "-e" "CARGO_TARGET_DIR=/opt/rustwide/target" "-e" "CARGO_INCREMENTAL=0" "-e" "RUST_BACKTRACE=full" "-e" "RUSTFLAGS=--cap-lints=forbid" "-e" "RUSTDOCFLAGS=--cap-lints=forbid" "-e" "CARGO_HOME=/opt/rustwide/cargo-home" "-e" "RUSTUP_HOME=/opt/rustwide/rustup-home" "-w" "/opt/rustwide/workdir" "-m" "1610612736" "--user" "0:0" "--network" "none" "ghcr.io/rust-lang/crates-build-env/linux@sha256:4a844ea9eb2546a2d2c7022eacef16ef2e8229c7fbb2c7d4d55a9ceca922f72d" "/opt/rustwide/cargo-home/bin/cargo" "+nightly-2024-10-28" "test" "--frozen", kill_on_drop: false }`
[INFO] [stdout] 5b1f3644f5b4ef6ff61a709a539d264b738d0269ead792120b8d56ae8a4afa4f
[INFO] running `Command { std: "docker" "start" "-a" "5b1f3644f5b4ef6ff61a709a539d264b738d0269ead792120b8d56ae8a4afa4f", kill_on_drop: false }`
[INFO] [stderr] warning: method `get_child_length` is never used
[INFO] [stderr]   --> src/arrow_util.rs:10:8
[INFO] [stderr]    |
[INFO] [stderr] 5  | pub trait ArrayExt: Array {
[INFO] [stderr]    |           -------- method in this trait
[INFO] [stderr] ...
[INFO] [stderr] 10 |     fn get_child_length(&self, child_nr: usize) -> usize;
[INFO] [stderr]    |        ^^^^^^^^^^^^^^^^
[INFO] [stderr]    |
[INFO] [stderr]    = note: `#[warn(dead_code)]` on by default
[INFO] [stderr] 
[INFO] [stderr] warning: `re_data_store` (lib) generated 1 warning
[INFO] [stderr] warning: `re_data_store` (lib test) generated 1 warning (1 duplicate)
[INFO] [stderr]     Finished `test` profile [unoptimized + debuginfo] target(s) in 0.40s
[INFO] [stderr]      Running unittests src/lib.rs (/opt/rustwide/target/debug/deps/re_data_store-61141b0e5ffc39fd)
[INFO] [stdout] 
[INFO] [stdout] running 3 tests
[INFO] [stdout] test store_write::test_find_split_index ... ok
[INFO] [stdout] test store_event::tests::store_events ... ok
[INFO] [stdout] test store_subscriber::tests::store_subscriber ... ok
[INFO] [stdout] 
[INFO] [stdout] test result: ok. 3 passed; 0 failed; 0 ignored; 0 measured; 0 filtered out; finished in 0.00s
[INFO] [stdout] 
[INFO] [stderr]      Running tests/correctness.rs (/opt/rustwide/target/debug/deps/correctness-8239b575bf9937a1)
[INFO] [stdout] 
[INFO] [stdout] running 6 tests
[INFO] [stdout] test write_errors ... ok
[INFO] [stdout] test gc_metadata_size ... ok
[INFO] [stdout] test latest_at_emptiness_edge_cases ... ok
[INFO] [stdout] test row_id_ordering_semantics ... ok
[INFO] [stdout] test entity_min_time_correct ... ok
[INFO] [stdout] test gc_correct ... ok
[INFO] [stdout] 
[INFO] [stdout] test result: ok. 6 passed; 0 failed; 0 ignored; 0 measured; 0 filtered out; finished in 0.00s
[INFO] [stdout] 
[INFO] [stderr]      Running tests/data_store.rs (/opt/rustwide/target/debug/deps/data_store-932b0d938ada12fb)
[INFO] [stdout] 
[INFO] [stdout] running 6 tests
[INFO] [stdout] test protected_gc ... ok
[INFO] [stdout] test protected_gc_clear ... ok
[INFO] [stdout] test latest_at ... ok
[INFO] [stdout] test all_components ... ok
[INFO] [stderr] [2024-11-01T13:56:46Z DEBUG re_data_store::store_write] Failed to split bucket on timeline frame_nr
[INFO] [stderr] [2024-11-01T13:56:46Z WARN  re_data_store::store_write] Found over 2 rows with the same timepoint "frame_nr"=#4 - perhaps you forgot to update or remove the timeline?
[INFO] [stderr] [2024-11-01T13:56:46Z WARN  re_data_store::store_write] Found over 3 rows with the same timepoint "frame_nr"=#4 - perhaps you forgot to update or remove the timeline?
[INFO] [stdout] test range ... ok
[INFO] [stdout] test gc ... ok
[INFO] [stdout] 
[INFO] [stdout] test result: ok. 6 passed; 0 failed; 0 ignored; 0 measured; 0 filtered out; finished in 8.47s
[INFO] [stdout] 
[INFO] [stderr]      Running tests/dump.rs (/opt/rustwide/target/debug/deps/dump-3d42d2cef6044083)
[INFO] [stdout] 
[INFO] [stdout] running 3 tests
[INFO] [stdout] test data_store_dump_empty_column ... ok
[INFO] [stdout] test data_store_dump_filtered ... ok
[INFO] [stdout] test data_store_dump ... ok
[INFO] [stdout] 
[INFO] [stdout] test result: ok. 3 passed; 0 failed; 0 ignored; 0 measured; 0 filtered out; finished in 0.09s
[INFO] [stdout] 
[INFO] [stderr]      Running tests/internals.rs (/opt/rustwide/target/debug/deps/internals-f610c809d0490fb6)
[INFO] [stdout] 
[INFO] [stdout] running 1 test
[INFO] [stderr] [2024-11-01T13:56:54Z DEBUG re_data_store::store_write] Failed to split bucket on timeline frame_nr
[INFO] [stderr] [2024-11-01T13:56:54Z WARN  re_data_store::store_write] Found over 10 rows with the same timepoint "frame_nr"=#1 000 - perhaps you forgot to update or remove the timeline?
[INFO] [stderr] [2024-11-01T13:56:54Z DEBUG re_data_store::store_write] creating brand new indexed bucket following overflow kind="insert" timeline=frame_nr time="#1\u{2009}001" entity_path=/this/that len_limit=10 len=18 len_overflow=true new_time_bound="#1\u{2009}001"
[INFO] [stderr] [2024-11-01T13:56:54Z DEBUG re_data_store::store_write] creating brand new indexed bucket following overflow kind="insert" timeline=frame_nr time="#1\u{2009}009" entity_path=/this/that len_limit=10 len=17 len_overflow=true new_time_bound="#1\u{2009}001"
[INFO] [stdout] test pathological_bucket_topology ... ok
[INFO] [stdout] 
[INFO] [stdout] test result: ok. 1 passed; 0 failed; 0 ignored; 0 measured; 0 filtered out; finished in 0.02s
[INFO] [stdout] 
[INFO] [stderr]      Running tests/memory_test.rs (/opt/rustwide/target/debug/deps/memory_test-bcff8e08d8b05222)
[INFO] [stdout] 
[INFO] [stdout] running 1 test
[INFO] [stdout] test scalar_memory_overhead has been running for over 60 seconds
[INFO] [stdout] test scalar_memory_overhead ... FAILED
[INFO] [stdout] 
[INFO] [stdout] failures:
[INFO] [stdout] 
[INFO] [stdout] ---- scalar_memory_overhead stdout ----
[INFO] [stdout] ━━━━━━━━━━━━━━━━━━━━━━━━━━━━━━━ Snapshot Summary ━━━━━━━━━━━━━━━━━━━━━━━━━━━━━━━
[INFO] [stdout] Snapshot file: tests/snapshots/memory_test__scalars_on_one_timeline.snap
[INFO] [stdout] Snapshot: scalars_on_one_timeline
[INFO] [stdout] Source: tests/memory_test.rs:95
[INFO] [stdout] ────────────────────────────────────────────────────────────────────────────────
[INFO] [stdout] Expression: [format!("{NUM_SCALARS} scalars"),
[INFO] [stdout] format!("{} in total", re_format::format_bytes(total_mem_use as _)),
[INFO] [stdout] format!("{} per row",
[INFO] [stdout] re_format::format_bytes(total_mem_use as f64 / NUM_SCALARS as f64)),]
[INFO] [stdout] ────────────────────────────────────────────────────────────────────────────────
[INFO] [stdout] +new results
[INFO] [stdout] ────────────┬───────────────────────────────────────────────────────────────────
[INFO] [stdout]           0 │+[
[INFO] [stdout]           1 │+    "1048576 scalars",
[INFO] [stdout]           2 │+    "912 MiB in total",
[INFO] [stdout]           3 │+    "912 B per row",
[INFO] [stdout]           4 │+]
[INFO] [stdout] ────────────┴───────────────────────────────────────────────────────────────────
[INFO] [stdout] thread 'scalar_memory_overhead' panicked at tests/memory_test.rs:95:5:
[INFO] [stdout] called `Result::unwrap()` on an `Err` value: Os { code: 30, kind: ReadOnlyFilesystem, message: "Read-only file system" }
[INFO] [stdout] stack backtrace:
[INFO] [stdout]    0:     0x5ca52e4eda5a - std::backtrace_rs::backtrace::libunwind::trace::h207520d6e9873551
[INFO] [stdout]                                at /rustc/df4ca44d3fbc9301ee17f30f4d474e6ae4b05252/library/std/src/../../backtrace/src/backtrace/libunwind.rs:116:5
[INFO] [stdout]    1:     0x5ca52e4eda5a - std::backtrace_rs::backtrace::trace_unsynchronized::h2ed7433f370e3eca
[INFO] [stdout]                                at /rustc/df4ca44d3fbc9301ee17f30f4d474e6ae4b05252/library/std/src/../../backtrace/src/backtrace/mod.rs:66:5
[INFO] [stdout]    2:     0x5ca52e4eda5a - std::sys::backtrace::_print_fmt::h916fac51166b18d7
[INFO] [stdout]                                at /rustc/df4ca44d3fbc9301ee17f30f4d474e6ae4b05252/library/std/src/sys/backtrace.rs:66:9
[INFO] [stdout]    3:     0x5ca52e4eda5a - <std::sys::backtrace::BacktraceLock::print::DisplayBacktrace as core::fmt::Display>::fmt::ha0a4c9b8ce3802e6
[INFO] [stdout]                                at /rustc/df4ca44d3fbc9301ee17f30f4d474e6ae4b05252/library/std/src/sys/backtrace.rs:39:26
[INFO] [stdout]    4:     0x5ca52e5185c3 - core::fmt::rt::Argument::fmt::h4cfc8587d52b3eb5
[INFO] [stdout]                                at /rustc/df4ca44d3fbc9301ee17f30f4d474e6ae4b05252/library/core/src/fmt/rt.rs:177:76
[INFO] [stdout]    5:     0x5ca52e5185c3 - core::fmt::write::h522cc39e5b36ae9f
[INFO] [stdout]                                at /rustc/df4ca44d3fbc9301ee17f30f4d474e6ae4b05252/library/core/src/fmt/mod.rs:1190:21
[INFO] [stdout]    6:     0x5ca52e4e95e3 - std::io::Write::write_fmt::h7d3c26752da97734
[INFO] [stdout]                                at /rustc/df4ca44d3fbc9301ee17f30f4d474e6ae4b05252/library/std/src/io/mod.rs:1839:15
[INFO] [stdout]    7:     0x5ca52e4ed8a2 - std::sys::backtrace::BacktraceLock::print::h4b9e00b29e9c0942
[INFO] [stdout]                                at /rustc/df4ca44d3fbc9301ee17f30f4d474e6ae4b05252/library/std/src/sys/backtrace.rs:42:9
[INFO] [stdout]    8:     0x5ca52e4eed3a - std::panicking::default_hook::{{closure}}::hb59b88280d0324d9
[INFO] [stdout]                                at /rustc/df4ca44d3fbc9301ee17f30f4d474e6ae4b05252/library/std/src/panicking.rs:268:22
[INFO] [stdout]    9:     0x5ca52e4eeb44 - std::panicking::default_hook::he1dd496665be4a29
[INFO] [stdout]                                at /rustc/df4ca44d3fbc9301ee17f30f4d474e6ae4b05252/library/std/src/panicking.rs:292:9
[INFO] [stdout]   10:     0x5ca52e1e0f89 - <alloc::boxed::Box<F,A> as core::ops::function::Fn<Args>>::call::h4ff71de18744e1dc
[INFO] [stdout]                                at /rustc/df4ca44d3fbc9301ee17f30f4d474e6ae4b05252/library/alloc/src/boxed.rs:2468:9
[INFO] [stdout]   11:     0x5ca52e1e0f89 - test::test_main::{{closure}}::hcf7c055ce117aa81
[INFO] [stdout]                                at /rustc/df4ca44d3fbc9301ee17f30f4d474e6ae4b05252/library/test/src/lib.rs:133:21
[INFO] [stdout]   12:     0x5ca52e4ef438 - <alloc::boxed::Box<F,A> as core::ops::function::Fn<Args>>::call::h1d66c6bbd60c9692
[INFO] [stdout]                                at /rustc/df4ca44d3fbc9301ee17f30f4d474e6ae4b05252/library/alloc/src/boxed.rs:2468:9
[INFO] [stdout]   13:     0x5ca52e4ef438 - std::panicking::rust_panic_with_hook::h2ff17fe8f26dfcf8
[INFO] [stdout]                                at /rustc/df4ca44d3fbc9301ee17f30f4d474e6ae4b05252/library/std/src/panicking.rs:809:13
[INFO] [stdout]   14:     0x5ca52e4ef1fa - std::panicking::begin_panic_handler::{{closure}}::h4fad77951c07e101
[INFO] [stdout]                                at /rustc/df4ca44d3fbc9301ee17f30f4d474e6ae4b05252/library/std/src/panicking.rs:674:13
[INFO] [stdout]   15:     0x5ca52e4edf39 - std::sys::backtrace::__rust_end_short_backtrace::hb1a25b3da5d0ea08
[INFO] [stdout]                                at /rustc/df4ca44d3fbc9301ee17f30f4d474e6ae4b05252/library/std/src/sys/backtrace.rs:170:18
[INFO] [stdout]   16:     0x5ca52e4eee8c - rust_begin_unwind
[INFO] [stdout]                                at /rustc/df4ca44d3fbc9301ee17f30f4d474e6ae4b05252/library/std/src/panicking.rs:665:5
[INFO] [stdout]   17:     0x5ca52e515950 - core::panicking::panic_fmt::ha9db07b529f9b256
[INFO] [stdout]                                at /rustc/df4ca44d3fbc9301ee17f30f4d474e6ae4b05252/library/core/src/panicking.rs:75:14
[INFO] [stdout]   18:     0x5ca52e515d96 - core::result::unwrap_failed::h5e8218e4d4338b8a
[INFO] [stdout]                                at /rustc/df4ca44d3fbc9301ee17f30f4d474e6ae4b05252/library/core/src/result.rs:1698:5
[INFO] [stdout]   19:     0x5ca52e0cbf2e - core::result::Result<T,E>::unwrap::h08311bf5c202e085
[INFO] [stdout]                                at /rustc/df4ca44d3fbc9301ee17f30f4d474e6ae4b05252/library/core/src/result.rs:1103:23
[INFO] [stdout]   20:     0x5ca52e0cbf2e - memory_test::scalar_memory_overhead::hf5fe561251c1e725
[INFO] [stdout]                                at /opt/rustwide/workdir/tests/memory_test.rs:95:5
[INFO] [stdout]   21:     0x5ca52e0cb5e7 - memory_test::scalar_memory_overhead::{{closure}}::hed577d03dacb0dd3
[INFO] [stdout]                                at /opt/rustwide/workdir/tests/memory_test.rs:67:28
[INFO] [stdout]   22:     0x5ca52e0cf9a6 - core::ops::function::FnOnce::call_once::hdbadd0df32e4289a
[INFO] [stdout]                                at /rustc/df4ca44d3fbc9301ee17f30f4d474e6ae4b05252/library/core/src/ops/function.rs:250:5
[INFO] [stdout]   23:     0x5ca52e1e585b - core::ops::function::FnOnce::call_once::h22c3ba5715e93f05
[INFO] [stdout]                                at /rustc/df4ca44d3fbc9301ee17f30f4d474e6ae4b05252/library/core/src/ops/function.rs:250:5
[INFO] [stdout]   24:     0x5ca52e1e585b - test::__rust_begin_short_backtrace::h8e82d8113d0da17f
[INFO] [stdout]                                at /rustc/df4ca44d3fbc9301ee17f30f4d474e6ae4b05252/library/test/src/lib.rs:621:18
[INFO] [stdout]   25:     0x5ca52e1e51d7 - test::run_test_in_process::{{closure}}::h33235f4f20b7b7c7
[INFO] [stdout]                                at /rustc/df4ca44d3fbc9301ee17f30f4d474e6ae4b05252/library/test/src/lib.rs:644:60
[INFO] [stdout]   26:     0x5ca52e1e51d7 - <core::panic::unwind_safe::AssertUnwindSafe<F> as core::ops::function::FnOnce<()>>::call_once::hb5043206310c586f
[INFO] [stdout]                                at /rustc/df4ca44d3fbc9301ee17f30f4d474e6ae4b05252/library/core/src/panic/unwind_safe.rs:272:9
[INFO] [stdout]   27:     0x5ca52e1e51d7 - std::panicking::try::do_call::h9ad4731a60ab23e2
[INFO] [stdout]                                at /rustc/df4ca44d3fbc9301ee17f30f4d474e6ae4b05252/library/std/src/panicking.rs:557:40
[INFO] [stdout]   28:     0x5ca52e1e51d7 - std::panicking::try::h3824d23db772a716
[INFO] [stdout]                                at /rustc/df4ca44d3fbc9301ee17f30f4d474e6ae4b05252/library/std/src/panicking.rs:520:19
[INFO] [stdout]   29:     0x5ca52e1e51d7 - std::panic::catch_unwind::h5afd514605fde46b
[INFO] [stdout]                                at /rustc/df4ca44d3fbc9301ee17f30f4d474e6ae4b05252/library/std/src/panic.rs:358:14
[INFO] [stdout]   30:     0x5ca52e1e51d7 - test::run_test_in_process::h0d5cbfa7067d1720
[INFO] [stdout]                                at /rustc/df4ca44d3fbc9301ee17f30f4d474e6ae4b05252/library/test/src/lib.rs:644:27
[INFO] [stdout]   31:     0x5ca52e1e51d7 - test::run_test::{{closure}}::h708eb8872708115d
[INFO] [stdout]                                at /rustc/df4ca44d3fbc9301ee17f30f4d474e6ae4b05252/library/test/src/lib.rs:565:43
[INFO] [stdout]   32:     0x5ca52e1a88f4 - test::run_test::{{closure}}::h392c51cee94713ab
[INFO] [stdout]                                at /rustc/df4ca44d3fbc9301ee17f30f4d474e6ae4b05252/library/test/src/lib.rs:595:41
[INFO] [stdout]   33:     0x5ca52e1a88f4 - std::sys::backtrace::__rust_begin_short_backtrace::h2f40290710935a8b
[INFO] [stdout]                                at /rustc/df4ca44d3fbc9301ee17f30f4d474e6ae4b05252/library/std/src/sys/backtrace.rs:154:18
[INFO] [stdout]   34:     0x5ca52e1ac09e - std::thread::Builder::spawn_unchecked_::{{closure}}::{{closure}}::h3fd968d89053a903
[INFO] [stdout]                                at /rustc/df4ca44d3fbc9301ee17f30f4d474e6ae4b05252/library/std/src/thread/mod.rs:541:17
[INFO] [stdout]   35:     0x5ca52e1ac09e - <core::panic::unwind_safe::AssertUnwindSafe<F> as core::ops::function::FnOnce<()>>::call_once::h743f637ba4229880
[INFO] [stdout]                                at /rustc/df4ca44d3fbc9301ee17f30f4d474e6ae4b05252/library/core/src/panic/unwind_safe.rs:272:9
[INFO] [stdout]   36:     0x5ca52e1ac09e - std::panicking::try::do_call::h07440897322525a6
[INFO] [stdout]                                at /rustc/df4ca44d3fbc9301ee17f30f4d474e6ae4b05252/library/std/src/panicking.rs:557:40
[INFO] [stdout]   37:     0x5ca52e1ac09e - std::panicking::try::he5a2e00188156637
[INFO] [stdout]                                at /rustc/df4ca44d3fbc9301ee17f30f4d474e6ae4b05252/library/std/src/panicking.rs:520:19
[INFO] [stdout]   38:     0x5ca52e1ac09e - std::panic::catch_unwind::hbaf3cae49b3c6433
[INFO] [stdout]                                at /rustc/df4ca44d3fbc9301ee17f30f4d474e6ae4b05252/library/std/src/panic.rs:358:14
[INFO] [stdout]   39:     0x5ca52e1ac09e - std::thread::Builder::spawn_unchecked_::{{closure}}::h8e141ea224820bce
[INFO] [stdout]                                at /rustc/df4ca44d3fbc9301ee17f30f4d474e6ae4b05252/library/std/src/thread/mod.rs:540:30
[INFO] [stdout]   40:     0x5ca52e1ac09e - core::ops::function::FnOnce::call_once{{vtable.shim}}::h90d312fedd7b8ea8
[INFO] [stdout]                                at /rustc/df4ca44d3fbc9301ee17f30f4d474e6ae4b05252/library/core/src/ops/function.rs:250:5
[INFO] [stdout]   41:     0x5ca52e4f3cab - <alloc::boxed::Box<F,A> as core::ops::function::FnOnce<Args>>::call_once::h69aa08ddb6adb8b6
[INFO] [stdout]                                at /rustc/df4ca44d3fbc9301ee17f30f4d474e6ae4b05252/library/alloc/src/boxed.rs:2454:9
[INFO] [stdout]   42:     0x5ca52e4f3cab - <alloc::boxed::Box<F,A> as core::ops::function::FnOnce<Args>>::call_once::h5aa36efdb79c806f
[INFO] [stdout]                                at /rustc/df4ca44d3fbc9301ee17f30f4d474e6ae4b05252/library/alloc/src/boxed.rs:2454:9
[INFO] [stdout]   43:     0x5ca52e4f3cab - std::sys::pal::unix::thread::Thread::new::thread_start::h6cd80a1b4be5158d
[INFO] [stdout]                                at /rustc/df4ca44d3fbc9301ee17f30f4d474e6ae4b05252/library/std/src/sys/pal/unix/thread.rs:105:17
[INFO] [stdout]   44:     0x7d8b3d50bac3 - <unknown>
[INFO] [stdout]   45:     0x7d8b3d59ca04 - clone
[INFO] [stdout]   46:                0x0 - <unknown>
[INFO] [stdout] 
[INFO] [stdout] 
[INFO] [stdout] failures:
[INFO] [stdout]     scalar_memory_overhead
[INFO] [stdout] 
[INFO] [stdout] test result: FAILED. 0 passed; 1 failed; 0 ignored; 0 measured; 0 filtered out; finished in 109.98s
[INFO] [stdout] 
[INFO] [stderr] error: test failed, to rerun pass `--test memory_test`
[INFO] running `Command { std: "docker" "inspect" "5b1f3644f5b4ef6ff61a709a539d264b738d0269ead792120b8d56ae8a4afa4f", kill_on_drop: false }`
[INFO] running `Command { std: "docker" "rm" "-f" "5b1f3644f5b4ef6ff61a709a539d264b738d0269ead792120b8d56ae8a4afa4f", kill_on_drop: false }`
[INFO] [stdout] 5b1f3644f5b4ef6ff61a709a539d264b738d0269ead792120b8d56ae8a4afa4f
