[INFO] fetching crate rdi 0.1.0...
[INFO] testing rdi-0.1.0 against nightly-2024-10-28+rustflags=-Zrandomize-layout for randomize-layout
[INFO] extracting crate rdi 0.1.0 into /workspace/builds/worker-7-tc2/source
[INFO] validating manifest of crates.io crate rdi 0.1.0 on toolchain nightly-2024-10-28
[INFO] running `Command { std: CARGO_HOME="/workspace/cargo-home" RUSTUP_HOME="/workspace/rustup-home" "/workspace/cargo-home/bin/cargo" "+nightly-2024-10-28" "metadata" "--manifest-path" "Cargo.toml" "--no-deps", kill_on_drop: false }`
[INFO] started tweaking crates.io crate rdi 0.1.0
[INFO] finished tweaking crates.io crate rdi 0.1.0
[INFO] tweaked toml for crates.io crate rdi 0.1.0 written to /workspace/builds/worker-7-tc2/source/Cargo.toml
[INFO] running `Command { std: CARGO_HOME="/workspace/cargo-home" RUSTUP_HOME="/workspace/rustup-home" "/workspace/cargo-home/bin/cargo" "+nightly-2024-10-28" "generate-lockfile" "--manifest-path" "Cargo.toml", kill_on_drop: false }`
[INFO] [stderr]     Updating crates.io index
[INFO] [stderr]      Locking 6 packages to latest compatible versions
[INFO] running `Command { std: CARGO_HOME="/workspace/cargo-home" RUSTUP_HOME="/workspace/rustup-home" "/workspace/cargo-home/bin/cargo" "+nightly-2024-10-28" "fetch" "--manifest-path" "Cargo.toml", kill_on_drop: false }`
[INFO] running `Command { std: "docker" "create" "-v" "/var/lib/crater-agent-workspace/builds/worker-7-tc2/target:/opt/rustwide/target:rw,Z" "-v" "/var/lib/crater-agent-workspace/builds/worker-7-tc2/source:/opt/rustwide/workdir:ro,Z" "-v" "/var/lib/crater-agent-workspace/cargo-home:/opt/rustwide/cargo-home:ro,Z" "-v" "/var/lib/crater-agent-workspace/rustup-home:/opt/rustwide/rustup-home:ro,Z" "-e" "SOURCE_DIR=/opt/rustwide/workdir" "-e" "CARGO_TARGET_DIR=/opt/rustwide/target" "-e" "CARGO_HOME=/opt/rustwide/cargo-home" "-e" "RUSTUP_HOME=/opt/rustwide/rustup-home" "-w" "/opt/rustwide/workdir" "-m" "1610612736" "--user" "0:0" "--network" "none" "ghcr.io/rust-lang/crates-build-env/linux@sha256:4a844ea9eb2546a2d2c7022eacef16ef2e8229c7fbb2c7d4d55a9ceca922f72d" "/opt/rustwide/cargo-home/bin/cargo" "+nightly-2024-10-28" "metadata" "--no-deps" "--format-version=1", kill_on_drop: false }`
[INFO] [stdout] 06c3401883dc911c0d74df359234bff62ceb1d241e911ac61a222cfda1ca9c82
[INFO] running `Command { std: "docker" "start" "-a" "06c3401883dc911c0d74df359234bff62ceb1d241e911ac61a222cfda1ca9c82", kill_on_drop: false }`
[INFO] running `Command { std: "docker" "inspect" "06c3401883dc911c0d74df359234bff62ceb1d241e911ac61a222cfda1ca9c82", kill_on_drop: false }`
[INFO] running `Command { std: "docker" "rm" "-f" "06c3401883dc911c0d74df359234bff62ceb1d241e911ac61a222cfda1ca9c82", kill_on_drop: false }`
[INFO] [stdout] 06c3401883dc911c0d74df359234bff62ceb1d241e911ac61a222cfda1ca9c82
[INFO] running `Command { std: "docker" "create" "-v" "/var/lib/crater-agent-workspace/builds/worker-7-tc2/target:/opt/rustwide/target:rw,Z" "-v" "/var/lib/crater-agent-workspace/builds/worker-7-tc2/source:/opt/rustwide/workdir:ro,Z" "-v" "/var/lib/crater-agent-workspace/cargo-home:/opt/rustwide/cargo-home:ro,Z" "-v" "/var/lib/crater-agent-workspace/rustup-home:/opt/rustwide/rustup-home:ro,Z" "-e" "SOURCE_DIR=/opt/rustwide/workdir" "-e" "CARGO_TARGET_DIR=/opt/rustwide/target" "-e" "CARGO_INCREMENTAL=0" "-e" "RUST_BACKTRACE=full" "-e" "RUSTFLAGS=--cap-lints=forbid -Zrandomize-layout" "-e" "RUSTDOCFLAGS=--cap-lints=forbid" "-e" "CARGO_HOME=/opt/rustwide/cargo-home" "-e" "RUSTUP_HOME=/opt/rustwide/rustup-home" "-w" "/opt/rustwide/workdir" "-m" "1610612736" "--user" "0:0" "--network" "none" "ghcr.io/rust-lang/crates-build-env/linux@sha256:4a844ea9eb2546a2d2c7022eacef16ef2e8229c7fbb2c7d4d55a9ceca922f72d" "/opt/rustwide/cargo-home/bin/cargo" "+nightly-2024-10-28" "build" "--frozen" "--message-format=json", kill_on_drop: false }`
[INFO] [stdout] 8ed1e1c31f465d4a8e3f5bd354fb9d385b59f3ae065a7060c682bcaa0a0e12db
[INFO] running `Command { std: "docker" "start" "-a" "8ed1e1c31f465d4a8e3f5bd354fb9d385b59f3ae065a7060c682bcaa0a0e12db", kill_on_drop: false }`
[INFO] [stderr]    Compiling syn v1.0.109
[INFO] [stderr]    Compiling pmutil v0.5.3
[INFO] [stderr]    Compiling rdi_macros v0.1.0
[INFO] [stderr]    Compiling rdi v0.1.0 (/opt/rustwide/workdir)
[INFO] [stderr]     Finished `dev` profile [unoptimized + debuginfo] target(s) in 2.51s
[INFO] running `Command { std: "docker" "inspect" "8ed1e1c31f465d4a8e3f5bd354fb9d385b59f3ae065a7060c682bcaa0a0e12db", kill_on_drop: false }`
[INFO] running `Command { std: "docker" "rm" "-f" "8ed1e1c31f465d4a8e3f5bd354fb9d385b59f3ae065a7060c682bcaa0a0e12db", kill_on_drop: false }`
[INFO] [stdout] 8ed1e1c31f465d4a8e3f5bd354fb9d385b59f3ae065a7060c682bcaa0a0e12db
[INFO] running `Command { std: "docker" "create" "-v" "/var/lib/crater-agent-workspace/builds/worker-7-tc2/target:/opt/rustwide/target:rw,Z" "-v" "/var/lib/crater-agent-workspace/builds/worker-7-tc2/source:/opt/rustwide/workdir:ro,Z" "-v" "/var/lib/crater-agent-workspace/cargo-home:/opt/rustwide/cargo-home:ro,Z" "-v" "/var/lib/crater-agent-workspace/rustup-home:/opt/rustwide/rustup-home:ro,Z" "-e" "SOURCE_DIR=/opt/rustwide/workdir" "-e" "CARGO_TARGET_DIR=/opt/rustwide/target" "-e" "CARGO_INCREMENTAL=0" "-e" "RUST_BACKTRACE=full" "-e" "RUSTFLAGS=--cap-lints=forbid -Zrandomize-layout" "-e" "RUSTDOCFLAGS=--cap-lints=forbid" "-e" "CARGO_HOME=/opt/rustwide/cargo-home" "-e" "RUSTUP_HOME=/opt/rustwide/rustup-home" "-w" "/opt/rustwide/workdir" "-m" "1610612736" "--user" "0:0" "--network" "none" "ghcr.io/rust-lang/crates-build-env/linux@sha256:4a844ea9eb2546a2d2c7022eacef16ef2e8229c7fbb2c7d4d55a9ceca922f72d" "/opt/rustwide/cargo-home/bin/cargo" "+nightly-2024-10-28" "test" "--frozen" "--no-run" "--message-format=json", kill_on_drop: false }`
[INFO] [stdout] 4294c51f10cf24482dbcf50b51d11dfba97133bf3dfeeb895113b621797df04f
[INFO] running `Command { std: "docker" "start" "-a" "4294c51f10cf24482dbcf50b51d11dfba97133bf3dfeeb895113b621797df04f", kill_on_drop: false }`
[INFO] [stderr]    Compiling rdi v0.1.0 (/opt/rustwide/workdir)
[INFO] [stderr]     Finished `test` profile [unoptimized + debuginfo] target(s) in 0.13s
[INFO] running `Command { std: "docker" "inspect" "4294c51f10cf24482dbcf50b51d11dfba97133bf3dfeeb895113b621797df04f", kill_on_drop: false }`
[INFO] running `Command { std: "docker" "rm" "-f" "4294c51f10cf24482dbcf50b51d11dfba97133bf3dfeeb895113b621797df04f", kill_on_drop: false }`
[INFO] [stdout] 4294c51f10cf24482dbcf50b51d11dfba97133bf3dfeeb895113b621797df04f
[INFO] running `Command { std: "docker" "create" "-v" "/var/lib/crater-agent-workspace/builds/worker-7-tc2/target:/opt/rustwide/target:rw,Z" "-v" "/var/lib/crater-agent-workspace/builds/worker-7-tc2/source:/opt/rustwide/workdir:ro,Z" "-v" "/var/lib/crater-agent-workspace/cargo-home:/opt/rustwide/cargo-home:ro,Z" "-v" "/var/lib/crater-agent-workspace/rustup-home:/opt/rustwide/rustup-home:ro,Z" "-e" "SOURCE_DIR=/opt/rustwide/workdir" "-e" "CARGO_TARGET_DIR=/opt/rustwide/target" "-e" "CARGO_INCREMENTAL=0" "-e" "RUST_BACKTRACE=full" "-e" "RUSTFLAGS=--cap-lints=forbid -Zrandomize-layout" "-e" "RUSTDOCFLAGS=--cap-lints=forbid" "-e" "CARGO_HOME=/opt/rustwide/cargo-home" "-e" "RUSTUP_HOME=/opt/rustwide/rustup-home" "-w" "/opt/rustwide/workdir" "-m" "1610612736" "--user" "0:0" "--network" "none" "ghcr.io/rust-lang/crates-build-env/linux@sha256:4a844ea9eb2546a2d2c7022eacef16ef2e8229c7fbb2c7d4d55a9ceca922f72d" "/opt/rustwide/cargo-home/bin/cargo" "+nightly-2024-10-28" "test" "--frozen", kill_on_drop: false }`
[INFO] [stdout] 1bb4890918b49b510068c3400334fbec4814be771f0cf48c86f37c5047ff66d2
[INFO] running `Command { std: "docker" "start" "-a" "1bb4890918b49b510068c3400334fbec4814be771f0cf48c86f37c5047ff66d2", kill_on_drop: false }`
[INFO] [stderr]     Finished `test` profile [unoptimized + debuginfo] target(s) in 0.01s
[INFO] [stderr]      Running unittests src/lib.rs (/opt/rustwide/target/debug/deps/rdi-02f23b78b49043da)
[INFO] [stdout] 
[INFO] [stdout] running 1 test
[INFO] [stdout] test tests::test ... ok
[INFO] [stdout] 
[INFO] [stdout] test result: ok. 1 passed; 0 failed; 0 ignored; 0 measured; 0 filtered out; finished in 0.00s
[INFO] [stdout] 
[INFO] [stderr]      Running tests/single_dyn.rs (/opt/rustwide/target/debug/deps/single_dyn-c813babc63234787)
[INFO] [stdout] 
[INFO] [stdout] running 2 tests
[INFO] [stdout] test test_ok ... ok
[INFO] [stdout] test test_panic - should panic ... ok
[INFO] [stdout] 
[INFO] [stdout] test result: ok. 2 passed; 0 failed; 0 ignored; 0 measured; 0 filtered out; finished in 0.01s
[INFO] [stdout] 
[INFO] [stderr]    Doc-tests rdi
[INFO] [stdout] 
[INFO] [stdout] running 1 test
[INFO] [stdout] test src/lib.rs - (line 16) ... FAILED
[INFO] [stdout] 
[INFO] [stdout] failures:
[INFO] [stdout] 
[INFO] [stdout] ---- src/lib.rs - (line 16) stdout ----
[INFO] [stdout] error: cannot find attribute `injector` in this scope
[INFO] [stdout]   --> src/lib.rs:39:4
[INFO] [stdout]    |
[INFO] [stdout] 24 |  #[injector]
[INFO] [stdout]    |    ^^^^^^^^
[INFO] [stdout]    |
[INFO] [stdout] help: consider importing one of these attribute macros
[INFO] [stdout]    |
[INFO] [stdout] 2  + use rdi::injector;
[INFO] [stdout]    |
[INFO] [stdout] 2  + use rdi_macros::injector;
[INFO] [stdout]    |
[INFO] [stdout] 
[INFO] [stdout] error: cannot find attribute `inject` in this scope
[INFO] [stdout]   --> src/lib.rs:28:4
[INFO] [stdout]    |
[INFO] [stdout] 13 |  #[inject]
[INFO] [stdout]    |    ^^^^^^
[INFO] [stdout]    |
[INFO] [stdout] help: consider importing one of these attribute macros
[INFO] [stdout]    |
[INFO] [stdout] 2  + use rdi::inject;
[INFO] [stdout]    |
[INFO] [stdout] 2  + use rdi_macros::inject;
[INFO] [stdout]    |
[INFO] [stdout] 
[INFO] [stdout] error: cannot find attribute `inject` in this scope
[INFO] [stdout]   --> src/lib.rs:29:19
[INFO] [stdout]    |
[INFO] [stdout] 14 |  pub fn handler(#[inject] db: Arc<dyn Db>) {
[INFO] [stdout]    |                   ^^^^^^
[INFO] [stdout]    |
[INFO] [stdout] help: consider importing one of these attribute macros
[INFO] [stdout]    |
[INFO] [stdout] 2  + use rdi::inject;
[INFO] [stdout]    |
[INFO] [stdout] 2  + use rdi_macros::inject;
[INFO] [stdout]    |
[INFO] [stdout] 
[INFO] [stdout] error[E0412]: cannot find type `Arc` in this scope
[INFO] [stdout]   --> src/lib.rs:29:31
[INFO] [stdout]    |
[INFO] [stdout] 14 |  pub fn handler(#[inject] db: Arc<dyn Db>) {
[INFO] [stdout]    |                               ^^^ not found in this scope
[INFO] [stdout]    |
[INFO] [stdout] help: consider importing this struct
[INFO] [stdout]    |
[INFO] [stdout] 2  + use std::sync::Arc;
[INFO] [stdout]    |
[INFO] [stdout] 
[INFO] [stdout] error[E0412]: cannot find type `Arc` in this scope
[INFO] [stdout]   --> src/lib.rs:41:17
[INFO] [stdout]    |
[INFO] [stdout] 26 |      fn db() -> Arc<dyn Db> {
[INFO] [stdout]    |                 ^^^ not found in this scope
[INFO] [stdout]    |
[INFO] [stdout] help: consider importing this struct
[INFO] [stdout]    |
[INFO] [stdout] 2  + use std::sync::Arc;
[INFO] [stdout]    |
[INFO] [stdout] 
[INFO] [stdout] error[E0433]: failed to resolve: use of undeclared type `Arc`
[INFO] [stdout]   --> src/lib.rs:42:10
[INFO] [stdout]    |
[INFO] [stdout] 27 |          Arc::new(OkDb {})
[INFO] [stdout]    |          ^^^ use of undeclared type `Arc`
[INFO] [stdout]    |
[INFO] [stdout] help: consider importing this struct
[INFO] [stdout]    |
[INFO] [stdout] 2  + use std::sync::Arc;
[INFO] [stdout]    |
[INFO] [stdout] 
[INFO] [stdout] error[E0599]: no method named `inject` found for unit type `()` in the current scope
[INFO] [stdout]  --> src/lib.rs:19:32
[INFO] [stdout]   |
[INFO] [stdout] 4 |      let my_handler = injector.inject(handler);
[INFO] [stdout]   |                                ^^^^^^ method not found in `()`
[INFO] [stdout] 
[INFO] [stdout] error: aborting due to 7 previous errors
[INFO] [stdout] 
[INFO] [stdout] Some errors have detailed explanations: E0412, E0433, E0599.
[INFO] [stdout] For more information about an error, try `rustc --explain E0412`.
[INFO] [stdout] Couldn't compile the test.
[INFO] [stdout] 
[INFO] [stdout] failures:
[INFO] [stdout]     src/lib.rs - (line 16)
[INFO] [stdout] 
[INFO] [stdout] test result: FAILED. 0 passed; 1 failed; 0 ignored; 0 measured; 0 filtered out; finished in 0.06s
[INFO] [stdout] 
[INFO] [stderr] error: doctest failed, to rerun pass `--doc`
[INFO] running `Command { std: "docker" "inspect" "1bb4890918b49b510068c3400334fbec4814be771f0cf48c86f37c5047ff66d2", kill_on_drop: false }`
[INFO] running `Command { std: "docker" "rm" "-f" "1bb4890918b49b510068c3400334fbec4814be771f0cf48c86f37c5047ff66d2", kill_on_drop: false }`
[INFO] [stdout] 1bb4890918b49b510068c3400334fbec4814be771f0cf48c86f37c5047ff66d2
