[INFO] fetching crate rdf_vocabularies 0.2.0...
[INFO] testing rdf_vocabularies-0.2.0 against nightly-2024-10-28 for randomize-layout
[INFO] extracting crate rdf_vocabularies 0.2.0 into /workspace/builds/worker-5-tc1/source
[INFO] validating manifest of crates.io crate rdf_vocabularies 0.2.0 on toolchain nightly-2024-10-28
[INFO] running `Command { std: CARGO_HOME="/workspace/cargo-home" RUSTUP_HOME="/workspace/rustup-home" "/workspace/cargo-home/bin/cargo" "+nightly-2024-10-28" "metadata" "--manifest-path" "Cargo.toml" "--no-deps", kill_on_drop: false }`
[INFO] started tweaking crates.io crate rdf_vocabularies 0.2.0
[INFO] finished tweaking crates.io crate rdf_vocabularies 0.2.0
[INFO] tweaked toml for crates.io crate rdf_vocabularies 0.2.0 written to /workspace/builds/worker-5-tc1/source/Cargo.toml
[INFO] running `Command { std: CARGO_HOME="/workspace/cargo-home" RUSTUP_HOME="/workspace/rustup-home" "/workspace/cargo-home/bin/cargo" "+nightly-2024-10-28" "generate-lockfile" "--manifest-path" "Cargo.toml", kill_on_drop: false }`
[INFO] [stderr]     Updating crates.io index
[INFO] [stderr]      Locking 21 packages to latest compatible versions
[INFO] running `Command { std: CARGO_HOME="/workspace/cargo-home" RUSTUP_HOME="/workspace/rustup-home" "/workspace/cargo-home/bin/cargo" "+nightly-2024-10-28" "fetch" "--manifest-path" "Cargo.toml", kill_on_drop: false }`
[INFO] [stderr]  Downloading crates ...
[INFO] [stderr]   Downloaded resiter v0.5.0
[INFO] [stderr]   Downloaded sophia_iri v0.8.0
[INFO] [stderr]   Downloaded mownstr v0.2.1
[INFO] [stderr]   Downloaded oxiri v0.2.8
[INFO] [stderr]   Downloaded sophia_api v0.8.0
[INFO] running `Command { std: "docker" "create" "-v" "/var/lib/crater-agent-workspace/builds/worker-5-tc1/target:/opt/rustwide/target:rw,Z" "-v" "/var/lib/crater-agent-workspace/builds/worker-5-tc1/source:/opt/rustwide/workdir:ro,Z" "-v" "/var/lib/crater-agent-workspace/cargo-home:/opt/rustwide/cargo-home:ro,Z" "-v" "/var/lib/crater-agent-workspace/rustup-home:/opt/rustwide/rustup-home:ro,Z" "-e" "SOURCE_DIR=/opt/rustwide/workdir" "-e" "CARGO_TARGET_DIR=/opt/rustwide/target" "-e" "CARGO_HOME=/opt/rustwide/cargo-home" "-e" "RUSTUP_HOME=/opt/rustwide/rustup-home" "-w" "/opt/rustwide/workdir" "-m" "1610612736" "--user" "0:0" "--network" "none" "ghcr.io/rust-lang/crates-build-env/linux@sha256:4a844ea9eb2546a2d2c7022eacef16ef2e8229c7fbb2c7d4d55a9ceca922f72d" "/opt/rustwide/cargo-home/bin/cargo" "+nightly-2024-10-28" "metadata" "--no-deps" "--format-version=1", kill_on_drop: false }`
[INFO] [stdout] ce80978d53a087ee4501c6b92c5fb5ae36457eb1c98c39e833c5e06fc0da5c13
[INFO] running `Command { std: "docker" "start" "-a" "ce80978d53a087ee4501c6b92c5fb5ae36457eb1c98c39e833c5e06fc0da5c13", kill_on_drop: false }`
[INFO] running `Command { std: "docker" "inspect" "ce80978d53a087ee4501c6b92c5fb5ae36457eb1c98c39e833c5e06fc0da5c13", kill_on_drop: false }`
[INFO] running `Command { std: "docker" "rm" "-f" "ce80978d53a087ee4501c6b92c5fb5ae36457eb1c98c39e833c5e06fc0da5c13", kill_on_drop: false }`
[INFO] [stdout] ce80978d53a087ee4501c6b92c5fb5ae36457eb1c98c39e833c5e06fc0da5c13
[INFO] running `Command { std: "docker" "create" "-v" "/var/lib/crater-agent-workspace/builds/worker-5-tc1/target:/opt/rustwide/target:rw,Z" "-v" "/var/lib/crater-agent-workspace/builds/worker-5-tc1/source:/opt/rustwide/workdir:ro,Z" "-v" "/var/lib/crater-agent-workspace/cargo-home:/opt/rustwide/cargo-home:ro,Z" "-v" "/var/lib/crater-agent-workspace/rustup-home:/opt/rustwide/rustup-home:ro,Z" "-e" "SOURCE_DIR=/opt/rustwide/workdir" "-e" "CARGO_TARGET_DIR=/opt/rustwide/target" "-e" "CARGO_INCREMENTAL=0" "-e" "RUST_BACKTRACE=full" "-e" "RUSTFLAGS=--cap-lints=forbid" "-e" "RUSTDOCFLAGS=--cap-lints=forbid" "-e" "CARGO_HOME=/opt/rustwide/cargo-home" "-e" "RUSTUP_HOME=/opt/rustwide/rustup-home" "-w" "/opt/rustwide/workdir" "-m" "1610612736" "--user" "0:0" "--network" "none" "ghcr.io/rust-lang/crates-build-env/linux@sha256:4a844ea9eb2546a2d2c7022eacef16ef2e8229c7fbb2c7d4d55a9ceca922f72d" "/opt/rustwide/cargo-home/bin/cargo" "+nightly-2024-10-28" "build" "--frozen" "--message-format=json", kill_on_drop: false }`
[INFO] [stdout] 12652c177907962862cf52e369fbf34f7bf541c287c1eaa7c460097d3852638c
[INFO] running `Command { std: "docker" "start" "-a" "12652c177907962862cf52e369fbf34f7bf541c287c1eaa7c460097d3852638c", kill_on_drop: false }`
[INFO] [stderr]    Compiling oxiri v0.2.8
[INFO] [stderr]    Compiling resiter v0.5.0
[INFO] [stderr]    Compiling mownstr v0.2.1
[INFO] [stderr]    Compiling aho-corasick v1.1.3
[INFO] [stderr]    Compiling syn v2.0.86
[INFO] [stderr]    Compiling regex-automata v0.4.8
[INFO] [stderr]    Compiling thiserror-impl v1.0.66
[INFO] [stderr]    Compiling serde_derive v1.0.214
[INFO] [stderr]    Compiling thiserror v1.0.66
[INFO] [stderr]    Compiling regex v1.11.1
[INFO] [stderr]    Compiling serde v1.0.214
[INFO] [stderr]    Compiling sophia_iri v0.8.0
[INFO] [stderr]    Compiling sophia_api v0.8.0
[INFO] [stderr]    Compiling rdf_vocabularies v0.2.0 (/opt/rustwide/workdir)
[INFO] [stderr]     Finished `dev` profile [unoptimized + debuginfo] target(s) in 6.10s
[INFO] running `Command { std: "docker" "inspect" "12652c177907962862cf52e369fbf34f7bf541c287c1eaa7c460097d3852638c", kill_on_drop: false }`
[INFO] running `Command { std: "docker" "rm" "-f" "12652c177907962862cf52e369fbf34f7bf541c287c1eaa7c460097d3852638c", kill_on_drop: false }`
[INFO] [stdout] 12652c177907962862cf52e369fbf34f7bf541c287c1eaa7c460097d3852638c
[INFO] running `Command { std: "docker" "create" "-v" "/var/lib/crater-agent-workspace/builds/worker-5-tc1/target:/opt/rustwide/target:rw,Z" "-v" "/var/lib/crater-agent-workspace/builds/worker-5-tc1/source:/opt/rustwide/workdir:ro,Z" "-v" "/var/lib/crater-agent-workspace/cargo-home:/opt/rustwide/cargo-home:ro,Z" "-v" "/var/lib/crater-agent-workspace/rustup-home:/opt/rustwide/rustup-home:ro,Z" "-e" "SOURCE_DIR=/opt/rustwide/workdir" "-e" "CARGO_TARGET_DIR=/opt/rustwide/target" "-e" "CARGO_INCREMENTAL=0" "-e" "RUST_BACKTRACE=full" "-e" "RUSTFLAGS=--cap-lints=forbid" "-e" "RUSTDOCFLAGS=--cap-lints=forbid" "-e" "CARGO_HOME=/opt/rustwide/cargo-home" "-e" "RUSTUP_HOME=/opt/rustwide/rustup-home" "-w" "/opt/rustwide/workdir" "-m" "1610612736" "--user" "0:0" "--network" "none" "ghcr.io/rust-lang/crates-build-env/linux@sha256:4a844ea9eb2546a2d2c7022eacef16ef2e8229c7fbb2c7d4d55a9ceca922f72d" "/opt/rustwide/cargo-home/bin/cargo" "+nightly-2024-10-28" "test" "--frozen" "--no-run" "--message-format=json", kill_on_drop: false }`
[INFO] [stdout] 7358a782328ddd678d8885f67e9c407a7cf734548734ac40730fbccf5d50e62c
[INFO] running `Command { std: "docker" "start" "-a" "7358a782328ddd678d8885f67e9c407a7cf734548734ac40730fbccf5d50e62c", kill_on_drop: false }`
[INFO] [stderr]    Compiling claims v0.7.1
[INFO] [stderr]    Compiling rdf_vocabularies v0.2.0 (/opt/rustwide/workdir)
[INFO] [stderr]     Finished `test` profile [unoptimized + debuginfo] target(s) in 0.28s
[INFO] running `Command { std: "docker" "inspect" "7358a782328ddd678d8885f67e9c407a7cf734548734ac40730fbccf5d50e62c", kill_on_drop: false }`
[INFO] running `Command { std: "docker" "rm" "-f" "7358a782328ddd678d8885f67e9c407a7cf734548734ac40730fbccf5d50e62c", kill_on_drop: false }`
[INFO] [stdout] 7358a782328ddd678d8885f67e9c407a7cf734548734ac40730fbccf5d50e62c
[INFO] running `Command { std: "docker" "create" "-v" "/var/lib/crater-agent-workspace/builds/worker-5-tc1/target:/opt/rustwide/target:rw,Z" "-v" "/var/lib/crater-agent-workspace/builds/worker-5-tc1/source:/opt/rustwide/workdir:ro,Z" "-v" "/var/lib/crater-agent-workspace/cargo-home:/opt/rustwide/cargo-home:ro,Z" "-v" "/var/lib/crater-agent-workspace/rustup-home:/opt/rustwide/rustup-home:ro,Z" "-e" "SOURCE_DIR=/opt/rustwide/workdir" "-e" "CARGO_TARGET_DIR=/opt/rustwide/target" "-e" "CARGO_INCREMENTAL=0" "-e" "RUST_BACKTRACE=full" "-e" "RUSTFLAGS=--cap-lints=forbid" "-e" "RUSTDOCFLAGS=--cap-lints=forbid" "-e" "CARGO_HOME=/opt/rustwide/cargo-home" "-e" "RUSTUP_HOME=/opt/rustwide/rustup-home" "-w" "/opt/rustwide/workdir" "-m" "1610612736" "--user" "0:0" "--network" "none" "ghcr.io/rust-lang/crates-build-env/linux@sha256:4a844ea9eb2546a2d2c7022eacef16ef2e8229c7fbb2c7d4d55a9ceca922f72d" "/opt/rustwide/cargo-home/bin/cargo" "+nightly-2024-10-28" "test" "--frozen", kill_on_drop: false }`
[INFO] [stdout] 0aaf5c0fc3212c11049e3c8b1a84d96bc512ac17c73cd271f45cf82103a91270
[INFO] running `Command { std: "docker" "start" "-a" "0aaf5c0fc3212c11049e3c8b1a84d96bc512ac17c73cd271f45cf82103a91270", kill_on_drop: false }`
[INFO] [stderr]     Finished `test` profile [unoptimized + debuginfo] target(s) in 0.02s
[INFO] [stderr]      Running unittests src/lib.rs (/opt/rustwide/target/debug/deps/rdf_vocabularies-4d2dd8318b7977c5)
[INFO] [stdout] 
[INFO] [stdout] running 0 tests
[INFO] [stdout] 
[INFO] [stdout] test result: ok. 0 passed; 0 failed; 0 ignored; 0 measured; 0 filtered out; finished in 0.00s
[INFO] [stdout] 
[INFO] [stderr]    Doc-tests rdf_vocabularies
[INFO] [stdout] 
[INFO] [stdout] running 1 test
[INFO] [stdout] test src/lib.rs - (line 19) ... FAILED
[INFO] [stdout] 
[INFO] [stdout] failures:
[INFO] [stdout] 
[INFO] [stdout] ---- src/lib.rs - (line 19) stdout ----
[INFO] [stdout] error[E0432]: unresolved imports `rdf_vocabularies::ns::rdf`, `rdf_vocabularies::ns::foaf`, `rdf_vocabularies::ns::solid`
[INFO] [stdout]    --> src/lib.rs:21:29
[INFO] [stdout]     |
[INFO] [stdout] 4   | use rdf_vocabularies::{ns::{rdf, foaf, solid}};
[INFO] [stdout]     |                             ^^^  ^^^^  ^^^^^ no `solid` in `ns`
[INFO] [stdout]     |                             |    |
[INFO] [stdout]     |                             |    no `foaf` in `ns`
[INFO] [stdout]     |                             no `rdf` in `ns`
[INFO] [stdout]     |
[INFO] [stdout]     = help: consider importing this module instead:
[INFO] [stdout]             sophia_api::ns::rdf
[INFO] [stdout] note: found an item that was configured out
[INFO] [stdout]    --> /opt/rustwide/workdir/src/ns/mod.rs:121:9
[INFO] [stdout]     |
[INFO] [stdout] 121 | pub mod rdf;
[INFO] [stdout]     |         ^^^
[INFO] [stdout] note: the item is gated behind the `ns-rdf` feature
[INFO] [stdout]    --> /opt/rustwide/workdir/src/ns/mod.rs:120:7
[INFO] [stdout]     |
[INFO] [stdout] 120 | #[cfg(feature = "ns-rdf")]
[INFO] [stdout]     |       ^^^^^^^^^^^^^^^^^^
[INFO] [stdout] note: found an item that was configured out
[INFO] [stdout]    --> /opt/rustwide/workdir/src/ns/mod.rs:53:9
[INFO] [stdout]     |
[INFO] [stdout] 53  | pub mod foaf;
[INFO] [stdout]     |         ^^^^
[INFO] [stdout] note: the item is gated behind the `ns-foaf` feature
[INFO] [stdout]    --> /opt/rustwide/workdir/src/ns/mod.rs:52:7
[INFO] [stdout]     |
[INFO] [stdout] 52  | #[cfg(feature = "ns-foaf")]
[INFO] [stdout]     |       ^^^^^^^^^^^^^^^^^^^
[INFO] [stdout] note: found an item that was configured out
[INFO] [stdout]    --> /opt/rustwide/workdir/src/ns/mod.rs:151:9
[INFO] [stdout]     |
[INFO] [stdout] 151 | pub mod solid;
[INFO] [stdout]     |         ^^^^^
[INFO] [stdout] note: the item is gated behind the `ns-solid` feature
[INFO] [stdout]    --> /opt/rustwide/workdir/src/ns/mod.rs:150:7
[INFO] [stdout]     |
[INFO] [stdout] 150 | #[cfg(feature = "ns-solid")]
[INFO] [stdout]     |       ^^^^^^^^^^^^^^^^^^^^
[INFO] [stdout] 
[INFO] [stdout] error: aborting due to 1 previous error
[INFO] [stdout] 
[INFO] [stdout] For more information about this error, try `rustc --explain E0432`.
[INFO] [stdout] Couldn't compile the test.
[INFO] [stdout] 
[INFO] [stdout] failures:
[INFO] [stdout]     src/lib.rs - (line 19)
[INFO] [stdout] 
[INFO] [stdout] test result: FAILED. 0 passed; 1 failed; 0 ignored; 0 measured; 0 filtered out; finished in 0.05s
[INFO] [stdout] 
[INFO] [stderr] error: doctest failed, to rerun pass `--doc`
[INFO] running `Command { std: "docker" "inspect" "0aaf5c0fc3212c11049e3c8b1a84d96bc512ac17c73cd271f45cf82103a91270", kill_on_drop: false }`
[INFO] running `Command { std: "docker" "rm" "-f" "0aaf5c0fc3212c11049e3c8b1a84d96bc512ac17c73cd271f45cf82103a91270", kill_on_drop: false }`
[INFO] [stdout] 0aaf5c0fc3212c11049e3c8b1a84d96bc512ac17c73cd271f45cf82103a91270
