[INFO] fetching crate rdc 0.1.0...
[INFO] testing rdc-0.1.0 against nightly-2024-10-28 for randomize-layout
[INFO] extracting crate rdc 0.1.0 into /workspace/builds/worker-0-tc1/source
[INFO] validating manifest of crates.io crate rdc 0.1.0 on toolchain nightly-2024-10-28
[INFO] running `Command { std: CARGO_HOME="/workspace/cargo-home" RUSTUP_HOME="/workspace/rustup-home" "/workspace/cargo-home/bin/cargo" "+nightly-2024-10-28" "metadata" "--manifest-path" "Cargo.toml" "--no-deps", kill_on_drop: false }`
[INFO] started tweaking crates.io crate rdc 0.1.0
[INFO] finished tweaking crates.io crate rdc 0.1.0
[INFO] tweaked toml for crates.io crate rdc 0.1.0 written to /workspace/builds/worker-0-tc1/source/Cargo.toml
[INFO] running `Command { std: CARGO_HOME="/workspace/cargo-home" RUSTUP_HOME="/workspace/rustup-home" "/workspace/cargo-home/bin/cargo" "+nightly-2024-10-28" "generate-lockfile" "--manifest-path" "Cargo.toml", kill_on_drop: false }`
[INFO] [stderr]     Updating crates.io index
[INFO] [stderr]      Locking 21 packages to latest compatible versions
[INFO] running `Command { std: CARGO_HOME="/workspace/cargo-home" RUSTUP_HOME="/workspace/rustup-home" "/workspace/cargo-home/bin/cargo" "+nightly-2024-10-28" "fetch" "--manifest-path" "Cargo.toml", kill_on_drop: false }`
[INFO] [stderr]  Downloading crates ...
[INFO] [stderr]   Downloaded rdc-macros v0.1.0
[INFO] running `Command { std: "docker" "create" "-v" "/var/lib/crater-agent-workspace/builds/worker-0-tc1/target:/opt/rustwide/target:rw,Z" "-v" "/var/lib/crater-agent-workspace/builds/worker-0-tc1/source:/opt/rustwide/workdir:ro,Z" "-v" "/var/lib/crater-agent-workspace/cargo-home:/opt/rustwide/cargo-home:ro,Z" "-v" "/var/lib/crater-agent-workspace/rustup-home:/opt/rustwide/rustup-home:ro,Z" "-e" "SOURCE_DIR=/opt/rustwide/workdir" "-e" "CARGO_TARGET_DIR=/opt/rustwide/target" "-e" "CARGO_HOME=/opt/rustwide/cargo-home" "-e" "RUSTUP_HOME=/opt/rustwide/rustup-home" "-w" "/opt/rustwide/workdir" "-m" "1610612736" "--user" "0:0" "--network" "none" "ghcr.io/rust-lang/crates-build-env/linux@sha256:4a844ea9eb2546a2d2c7022eacef16ef2e8229c7fbb2c7d4d55a9ceca922f72d" "/opt/rustwide/cargo-home/bin/cargo" "+nightly-2024-10-28" "metadata" "--no-deps" "--format-version=1", kill_on_drop: false }`
[INFO] [stdout] 683fb58880faf03a919348cbfb96520148d4e6908003ac421ea5ac1c440ec319
[INFO] running `Command { std: "docker" "start" "-a" "683fb58880faf03a919348cbfb96520148d4e6908003ac421ea5ac1c440ec319", kill_on_drop: false }`
[INFO] running `Command { std: "docker" "inspect" "683fb58880faf03a919348cbfb96520148d4e6908003ac421ea5ac1c440ec319", kill_on_drop: false }`
[INFO] running `Command { std: "docker" "rm" "-f" "683fb58880faf03a919348cbfb96520148d4e6908003ac421ea5ac1c440ec319", kill_on_drop: false }`
[INFO] [stdout] 683fb58880faf03a919348cbfb96520148d4e6908003ac421ea5ac1c440ec319
[INFO] running `Command { std: "docker" "create" "-v" "/var/lib/crater-agent-workspace/builds/worker-0-tc1/target:/opt/rustwide/target:rw,Z" "-v" "/var/lib/crater-agent-workspace/builds/worker-0-tc1/source:/opt/rustwide/workdir:ro,Z" "-v" "/var/lib/crater-agent-workspace/cargo-home:/opt/rustwide/cargo-home:ro,Z" "-v" "/var/lib/crater-agent-workspace/rustup-home:/opt/rustwide/rustup-home:ro,Z" "-e" "SOURCE_DIR=/opt/rustwide/workdir" "-e" "CARGO_TARGET_DIR=/opt/rustwide/target" "-e" "CARGO_INCREMENTAL=0" "-e" "RUST_BACKTRACE=full" "-e" "RUSTFLAGS=--cap-lints=forbid" "-e" "RUSTDOCFLAGS=--cap-lints=forbid" "-e" "CARGO_HOME=/opt/rustwide/cargo-home" "-e" "RUSTUP_HOME=/opt/rustwide/rustup-home" "-w" "/opt/rustwide/workdir" "-m" "1610612736" "--user" "0:0" "--network" "none" "ghcr.io/rust-lang/crates-build-env/linux@sha256:4a844ea9eb2546a2d2c7022eacef16ef2e8229c7fbb2c7d4d55a9ceca922f72d" "/opt/rustwide/cargo-home/bin/cargo" "+nightly-2024-10-28" "build" "--frozen" "--message-format=json", kill_on_drop: false }`
[INFO] [stdout] 18e410f58813c7dec13ea2494fa0bac840fd729e221d91d88bbf4f476ae6618c
[INFO] running `Command { std: "docker" "start" "-a" "18e410f58813c7dec13ea2494fa0bac840fd729e221d91d88bbf4f476ae6618c", kill_on_drop: false }`
[INFO] [stderr]    Compiling genco-macros v0.17.9
[INFO] [stderr]    Compiling relative-path v1.9.3
[INFO] [stderr]    Compiling smallvec v1.13.2
[INFO] [stderr]    Compiling syn v2.0.86
[INFO] [stderr]    Compiling syn v1.0.109
[INFO] [stderr]    Compiling rdc-macros v0.1.0
[INFO] [stderr]    Compiling genco v0.17.9
[INFO] [stderr]    Compiling rdc v0.1.0 (/opt/rustwide/workdir)
[INFO] [stdout] warning: method `join` is never used
[INFO] [stdout]  --> src/targets/java/cg_utils.rs:6:8
[INFO] [stdout]   |
[INFO] [stdout] 4 | pub trait Compact<T> {
[INFO] [stdout]   |           ------- method in this trait
[INFO] [stdout] 5 |     fn compact(&self) -> T;
[INFO] [stdout] 6 |     fn join(&self, sep: &str) -> T;
[INFO] [stdout]   |        ^^^^
[INFO] [stdout]   |
[INFO] [stdout]   = note: `#[warn(dead_code)]` on by default
[INFO] [stdout] 
[INFO] [stdout] 
[INFO] [stderr]     Finished `dev` profile [unoptimized + debuginfo] target(s) in 3.46s
[INFO] running `Command { std: "docker" "inspect" "18e410f58813c7dec13ea2494fa0bac840fd729e221d91d88bbf4f476ae6618c", kill_on_drop: false }`
[INFO] running `Command { std: "docker" "rm" "-f" "18e410f58813c7dec13ea2494fa0bac840fd729e221d91d88bbf4f476ae6618c", kill_on_drop: false }`
[INFO] [stdout] 18e410f58813c7dec13ea2494fa0bac840fd729e221d91d88bbf4f476ae6618c
[INFO] running `Command { std: "docker" "create" "-v" "/var/lib/crater-agent-workspace/builds/worker-0-tc1/target:/opt/rustwide/target:rw,Z" "-v" "/var/lib/crater-agent-workspace/builds/worker-0-tc1/source:/opt/rustwide/workdir:ro,Z" "-v" "/var/lib/crater-agent-workspace/cargo-home:/opt/rustwide/cargo-home:ro,Z" "-v" "/var/lib/crater-agent-workspace/rustup-home:/opt/rustwide/rustup-home:ro,Z" "-e" "SOURCE_DIR=/opt/rustwide/workdir" "-e" "CARGO_TARGET_DIR=/opt/rustwide/target" "-e" "CARGO_INCREMENTAL=0" "-e" "RUST_BACKTRACE=full" "-e" "RUSTFLAGS=--cap-lints=forbid" "-e" "RUSTDOCFLAGS=--cap-lints=forbid" "-e" "CARGO_HOME=/opt/rustwide/cargo-home" "-e" "RUSTUP_HOME=/opt/rustwide/rustup-home" "-w" "/opt/rustwide/workdir" "-m" "1610612736" "--user" "0:0" "--network" "none" "ghcr.io/rust-lang/crates-build-env/linux@sha256:4a844ea9eb2546a2d2c7022eacef16ef2e8229c7fbb2c7d4d55a9ceca922f72d" "/opt/rustwide/cargo-home/bin/cargo" "+nightly-2024-10-28" "test" "--frozen" "--no-run" "--message-format=json", kill_on_drop: false }`
[INFO] [stdout] 9b8b02416ae03390117cb22a0c777e44ac21a8b0f60aa5b0bbebcb5ee23f85e5
[INFO] running `Command { std: "docker" "start" "-a" "9b8b02416ae03390117cb22a0c777e44ac21a8b0f60aa5b0bbebcb5ee23f85e5", kill_on_drop: false }`
[INFO] [stderr]    Compiling serde_derive v1.0.214
[INFO] [stderr]    Compiling getrandom v0.2.15
[INFO] [stdout] warning: method `join` is never used
[INFO] [stdout]  --> src/targets/java/cg_utils.rs:6:8
[INFO] [stdout]   |
[INFO] [stdout] 4 | pub trait Compact<T> {
[INFO] [stdout]   |           ------- method in this trait
[INFO] [stdout] 5 |     fn compact(&self) -> T;
[INFO] [stdout] 6 |     fn join(&self, sep: &str) -> T;
[INFO] [stdout]   |        ^^^^
[INFO] [stdout]   |
[INFO] [stdout]   = note: `#[warn(dead_code)]` on by default
[INFO] [stdout] 
[INFO] [stdout] 
[INFO] [stderr]    Compiling uuid v1.11.0
[INFO] [stderr]    Compiling serde v1.0.214
[INFO] [stderr]    Compiling serde_json v1.0.132
[INFO] [stderr]    Compiling rdc v0.1.0 (/opt/rustwide/workdir)
[INFO] [stdout] warning: method `join` is never used
[INFO] [stdout]  --> src/targets/java/cg_utils.rs:6:8
[INFO] [stdout]   |
[INFO] [stdout] 4 | pub trait Compact<T> {
[INFO] [stdout]   |           ------- method in this trait
[INFO] [stdout] 5 |     fn compact(&self) -> T;
[INFO] [stdout] 6 |     fn join(&self, sep: &str) -> T;
[INFO] [stdout]   |        ^^^^
[INFO] [stdout]   |
[INFO] [stdout]   = note: `#[warn(dead_code)]` on by default
[INFO] [stdout] 
[INFO] [stdout] 
[INFO] [stderr]     Finished `test` profile [unoptimized + debuginfo] target(s) in 4.88s
[INFO] running `Command { std: "docker" "inspect" "9b8b02416ae03390117cb22a0c777e44ac21a8b0f60aa5b0bbebcb5ee23f85e5", kill_on_drop: false }`
[INFO] running `Command { std: "docker" "rm" "-f" "9b8b02416ae03390117cb22a0c777e44ac21a8b0f60aa5b0bbebcb5ee23f85e5", kill_on_drop: false }`
[INFO] [stdout] 9b8b02416ae03390117cb22a0c777e44ac21a8b0f60aa5b0bbebcb5ee23f85e5
[INFO] running `Command { std: "docker" "create" "-v" "/var/lib/crater-agent-workspace/builds/worker-0-tc1/target:/opt/rustwide/target:rw,Z" "-v" "/var/lib/crater-agent-workspace/builds/worker-0-tc1/source:/opt/rustwide/workdir:ro,Z" "-v" "/var/lib/crater-agent-workspace/cargo-home:/opt/rustwide/cargo-home:ro,Z" "-v" "/var/lib/crater-agent-workspace/rustup-home:/opt/rustwide/rustup-home:ro,Z" "-e" "SOURCE_DIR=/opt/rustwide/workdir" "-e" "CARGO_TARGET_DIR=/opt/rustwide/target" "-e" "CARGO_INCREMENTAL=0" "-e" "RUST_BACKTRACE=full" "-e" "RUSTFLAGS=--cap-lints=forbid" "-e" "RUSTDOCFLAGS=--cap-lints=forbid" "-e" "CARGO_HOME=/opt/rustwide/cargo-home" "-e" "RUSTUP_HOME=/opt/rustwide/rustup-home" "-w" "/opt/rustwide/workdir" "-m" "1610612736" "--user" "0:0" "--network" "none" "ghcr.io/rust-lang/crates-build-env/linux@sha256:4a844ea9eb2546a2d2c7022eacef16ef2e8229c7fbb2c7d4d55a9ceca922f72d" "/opt/rustwide/cargo-home/bin/cargo" "+nightly-2024-10-28" "test" "--frozen", kill_on_drop: false }`
[INFO] [stdout] 90e2a0812a8f19d5bb1633e5ea5720836125d95147519ff04a1d103c7e36f1a9
[INFO] running `Command { std: "docker" "start" "-a" "90e2a0812a8f19d5bb1633e5ea5720836125d95147519ff04a1d103c7e36f1a9", kill_on_drop: false }`
[INFO] [stderr] warning: method `join` is never used
[INFO] [stderr]  --> src/targets/java/cg_utils.rs:6:8
[INFO] [stderr]   |
[INFO] [stderr] 4 | pub trait Compact<T> {
[INFO] [stderr]   |           ------- method in this trait
[INFO] [stderr] 5 |     fn compact(&self) -> T;
[INFO] [stderr] 6 |     fn join(&self, sep: &str) -> T;
[INFO] [stderr]   |        ^^^^
[INFO] [stderr]   |
[INFO] [stderr]   = note: `#[warn(dead_code)]` on by default
[INFO] [stderr] 
[INFO] [stderr] warning: `rdc` (lib) generated 1 warning
[INFO] [stderr] warning: `rdc` (lib test) generated 1 warning (1 duplicate)
[INFO] [stderr]     Finished `test` profile [unoptimized + debuginfo] target(s) in 0.02s
[INFO] [stderr]      Running unittests src/lib.rs (/opt/rustwide/target/debug/deps/rdc-3e37c198ca4aeea5)
[INFO] [stdout] 
[INFO] [stdout] running 13 tests
[INFO] [stdout] test ir::data::tests::test_name_from_camel_case ... ok
[INFO] [stdout] test ir::data::tests::test_name_from_snake_case ... ok
[INFO] [stdout] test ir::data::tests::test_name_from_pascal_case ... ok
[INFO] [stdout] test targets::java::cg_enum::tests::generate_basic_class ... ok
[INFO] [stdout] test targets::java::cg_struct::tests::generate_basic_class ... ok
[INFO] [stdout] test targets::java::writer_tests::test_generate_java_code ... ok
[INFO] [stdout] test targets::java::writer_tests::test_write_java ... FAILED
[INFO] [stdout] test targets::java::cg_enum::tests::enum_derive_test ... FAILED
[INFO] [stdout] test targets::java::tests::project_builder::tests::jackson_test ... FAILED
[INFO] [stdout] test targets::java::tests::project_builder::tests::run_java_test ... FAILED
[INFO] [stdout] test targets::java::cg_struct::tests::struct_derive_test ... FAILED
[INFO] [stdout] test targets::java::tests::project_builder::tests::uppercase_stdin_test ... FAILED
[INFO] [stdout] test targets::java::cg_data_enum::tests::enum_derive_test ... FAILED
[INFO] [stdout] 
[INFO] [stdout] failures:
[INFO] [stdout] 
[INFO] [stdout] ---- targets::java::writer_tests::test_write_java stdout ----
[INFO] [stdout] thread 'targets::java::writer_tests::test_write_java' panicked at src/targets/java.rs:169:9:
[INFO] [stdout] assertion failed: write_java(&results.unwrap(), "com.example",
[INFO] [stdout]         "target/test-tmp/src/main/java").is_ok()
[INFO] [stdout] stack backtrace:
[INFO] [stdout]    0:     0x56323781f3ea - std::backtrace_rs::backtrace::libunwind::trace::h207520d6e9873551
[INFO] [stdout]                                at /rustc/df4ca44d3fbc9301ee17f30f4d474e6ae4b05252/library/std/src/../../backtrace/src/backtrace/libunwind.rs:116:5
[INFO] [stdout]    1:     0x56323781f3ea - std::backtrace_rs::backtrace::trace_unsynchronized::h2ed7433f370e3eca
[INFO] [stdout]                                at /rustc/df4ca44d3fbc9301ee17f30f4d474e6ae4b05252/library/std/src/../../backtrace/src/backtrace/mod.rs:66:5
[INFO] [stdout]    2:     0x56323781f3ea - std::sys::backtrace::_print_fmt::h916fac51166b18d7
[INFO] [stdout]                                at /rustc/df4ca44d3fbc9301ee17f30f4d474e6ae4b05252/library/std/src/sys/backtrace.rs:66:9
[INFO] [stdout]    3:     0x56323781f3ea - <std::sys::backtrace::BacktraceLock::print::DisplayBacktrace as core::fmt::Display>::fmt::ha0a4c9b8ce3802e6
[INFO] [stdout]                                at /rustc/df4ca44d3fbc9301ee17f30f4d474e6ae4b05252/library/std/src/sys/backtrace.rs:39:26
[INFO] [stdout]    4:     0x5632378471e3 - core::fmt::rt::Argument::fmt::h4cfc8587d52b3eb5
[INFO] [stdout]                                at /rustc/df4ca44d3fbc9301ee17f30f4d474e6ae4b05252/library/core/src/fmt/rt.rs:177:76
[INFO] [stdout]    5:     0x5632378471e3 - core::fmt::write::h522cc39e5b36ae9f
[INFO] [stdout]                                at /rustc/df4ca44d3fbc9301ee17f30f4d474e6ae4b05252/library/core/src/fmt/mod.rs:1190:21
[INFO] [stdout]    6:     0x56323781baa3 - std::io::Write::write_fmt::h7d3c26752da97734
[INFO] [stdout]                                at /rustc/df4ca44d3fbc9301ee17f30f4d474e6ae4b05252/library/std/src/io/mod.rs:1839:15
[INFO] [stdout]    7:     0x56323781f232 - std::sys::backtrace::BacktraceLock::print::h4b9e00b29e9c0942
[INFO] [stdout]                                at /rustc/df4ca44d3fbc9301ee17f30f4d474e6ae4b05252/library/std/src/sys/backtrace.rs:42:9
[INFO] [stdout]    8:     0x56323782087a - std::panicking::default_hook::{{closure}}::hb59b88280d0324d9
[INFO] [stdout]                                at /rustc/df4ca44d3fbc9301ee17f30f4d474e6ae4b05252/library/std/src/panicking.rs:268:22
[INFO] [stdout]    9:     0x563237820684 - std::panicking::default_hook::he1dd496665be4a29
[INFO] [stdout]                                at /rustc/df4ca44d3fbc9301ee17f30f4d474e6ae4b05252/library/std/src/panicking.rs:292:9
[INFO] [stdout]   10:     0x5632377ce989 - <alloc::boxed::Box<F,A> as core::ops::function::Fn<Args>>::call::h4ff71de18744e1dc
[INFO] [stdout]                                at /rustc/df4ca44d3fbc9301ee17f30f4d474e6ae4b05252/library/alloc/src/boxed.rs:2468:9
[INFO] [stdout]   11:     0x5632377ce989 - test::test_main::{{closure}}::hcf7c055ce117aa81
[INFO] [stdout]                                at /rustc/df4ca44d3fbc9301ee17f30f4d474e6ae4b05252/library/test/src/lib.rs:133:21
[INFO] [stdout]   12:     0x563237820f78 - <alloc::boxed::Box<F,A> as core::ops::function::Fn<Args>>::call::h1d66c6bbd60c9692
[INFO] [stdout]                                at /rustc/df4ca44d3fbc9301ee17f30f4d474e6ae4b05252/library/alloc/src/boxed.rs:2468:9
[INFO] [stdout]   13:     0x563237820f78 - std::panicking::rust_panic_with_hook::h2ff17fe8f26dfcf8
[INFO] [stdout]                                at /rustc/df4ca44d3fbc9301ee17f30f4d474e6ae4b05252/library/std/src/panicking.rs:809:13
[INFO] [stdout]   14:     0x563237820d06 - std::panicking::begin_panic_handler::{{closure}}::h4fad77951c07e101
[INFO] [stdout]                                at /rustc/df4ca44d3fbc9301ee17f30f4d474e6ae4b05252/library/std/src/panicking.rs:667:13
[INFO] [stdout]   15:     0x56323781f8c9 - std::sys::backtrace::__rust_end_short_backtrace::hb1a25b3da5d0ea08
[INFO] [stdout]                                at /rustc/df4ca44d3fbc9301ee17f30f4d474e6ae4b05252/library/std/src/sys/backtrace.rs:170:18
[INFO] [stdout]   16:     0x5632378209cc - rust_begin_unwind
[INFO] [stdout]                                at /rustc/df4ca44d3fbc9301ee17f30f4d474e6ae4b05252/library/std/src/panicking.rs:665:5
[INFO] [stdout]   17:     0x563237845920 - core::panicking::panic_fmt::ha9db07b529f9b256
[INFO] [stdout]                                at /rustc/df4ca44d3fbc9301ee17f30f4d474e6ae4b05252/library/core/src/panicking.rs:75:14
[INFO] [stdout]   18:     0x5632378459ac - core::panicking::panic::h993086813d94accc
[INFO] [stdout]                                at /rustc/df4ca44d3fbc9301ee17f30f4d474e6ae4b05252/library/core/src/panicking.rs:152:5
[INFO] [stdout]   19:     0x56323775d4a4 - rdc::targets::java::writer_tests::test_write_java::h044abe06ecb0812c
[INFO] [stdout]                                at /opt/rustwide/workdir/src/targets/java.rs:169:9
[INFO] [stdout]   20:     0x56323775d157 - rdc::targets::java::writer_tests::test_write_java::{{closure}}::h613921ae14038dce
[INFO] [stdout]                                at /opt/rustwide/workdir/src/targets/java.rs:166:25
[INFO] [stdout]   21:     0x56323773bf76 - core::ops::function::FnOnce::call_once::h78b439c6d4251cd0
[INFO] [stdout]                                at /rustc/df4ca44d3fbc9301ee17f30f4d474e6ae4b05252/library/core/src/ops/function.rs:250:5
[INFO] [stdout]   22:     0x5632377d325b - core::ops::function::FnOnce::call_once::h22c3ba5715e93f05
[INFO] [stdout]                                at /rustc/df4ca44d3fbc9301ee17f30f4d474e6ae4b05252/library/core/src/ops/function.rs:250:5
[INFO] [stdout]   23:     0x5632377d325b - test::__rust_begin_short_backtrace::h8e82d8113d0da17f
[INFO] [stdout]                                at /rustc/df4ca44d3fbc9301ee17f30f4d474e6ae4b05252/library/test/src/lib.rs:621:18
[INFO] [stdout]   24:     0x5632377d2bd7 - test::run_test_in_process::{{closure}}::h33235f4f20b7b7c7
[INFO] [stdout]                                at /rustc/df4ca44d3fbc9301ee17f30f4d474e6ae4b05252/library/test/src/lib.rs:644:60
[INFO] [stdout]   25:     0x5632377d2bd7 - <core::panic::unwind_safe::AssertUnwindSafe<F> as core::ops::function::FnOnce<()>>::call_once::hb5043206310c586f
[INFO] [stdout]                                at /rustc/df4ca44d3fbc9301ee17f30f4d474e6ae4b05252/library/core/src/panic/unwind_safe.rs:272:9
[INFO] [stdout]   26:     0x5632377d2bd7 - std::panicking::try::do_call::h9ad4731a60ab23e2
[INFO] [stdout]                                at /rustc/df4ca44d3fbc9301ee17f30f4d474e6ae4b05252/library/std/src/panicking.rs:557:40
[INFO] [stdout]   27:     0x5632377d2bd7 - std::panicking::try::h3824d23db772a716
[INFO] [stdout]                                at /rustc/df4ca44d3fbc9301ee17f30f4d474e6ae4b05252/library/std/src/panicking.rs:520:19
[INFO] [stdout]   28:     0x5632377d2bd7 - std::panic::catch_unwind::h5afd514605fde46b
[INFO] [stdout]                                at /rustc/df4ca44d3fbc9301ee17f30f4d474e6ae4b05252/library/std/src/panic.rs:358:14
[INFO] [stdout]   29:     0x5632377d2bd7 - test::run_test_in_process::h0d5cbfa7067d1720
[INFO] [stdout]                                at /rustc/df4ca44d3fbc9301ee17f30f4d474e6ae4b05252/library/test/src/lib.rs:644:27
[INFO] [stdout]   30:     0x5632377d2bd7 - test::run_test::{{closure}}::h708eb8872708115d
[INFO] [stdout]                                at /rustc/df4ca44d3fbc9301ee17f30f4d474e6ae4b05252/library/test/src/lib.rs:565:43
[INFO] [stdout]   31:     0x5632377962f4 - test::run_test::{{closure}}::h392c51cee94713ab
[INFO] [stdout]                                at /rustc/df4ca44d3fbc9301ee17f30f4d474e6ae4b05252/library/test/src/lib.rs:595:41
[INFO] [stdout]   32:     0x5632377962f4 - std::sys::backtrace::__rust_begin_short_backtrace::h2f40290710935a8b
[INFO] [stdout]                                at /rustc/df4ca44d3fbc9301ee17f30f4d474e6ae4b05252/library/std/src/sys/backtrace.rs:154:18
[INFO] [stdout]   33:     0x563237799a9e - std::thread::Builder::spawn_unchecked_::{{closure}}::{{closure}}::h3fd968d89053a903
[INFO] [stdout]                                at /rustc/df4ca44d3fbc9301ee17f30f4d474e6ae4b05252/library/std/src/thread/mod.rs:541:17
[INFO] [stdout]   34:     0x563237799a9e - <core::panic::unwind_safe::AssertUnwindSafe<F> as core::ops::function::FnOnce<()>>::call_once::h743f637ba4229880
[INFO] [stdout]                                at /rustc/df4ca44d3fbc9301ee17f30f4d474e6ae4b05252/library/core/src/panic/unwind_safe.rs:272:9
[INFO] [stdout]   35:     0x563237799a9e - std::panicking::try::do_call::h07440897322525a6
[INFO] [stdout]                                at /rustc/df4ca44d3fbc9301ee17f30f4d474e6ae4b05252/library/std/src/panicking.rs:557:40
[INFO] [stdout]   36:     0x563237799a9e - std::panicking::try::he5a2e00188156637
[INFO] [stdout]                                at /rustc/df4ca44d3fbc9301ee17f30f4d474e6ae4b05252/library/std/src/panicking.rs:520:19
[INFO] [stdout]   37:     0x563237799a9e - std::panic::catch_unwind::hbaf3cae49b3c6433
[INFO] [stdout]                                at /rustc/df4ca44d3fbc9301ee17f30f4d474e6ae4b05252/library/std/src/panic.rs:358:14
[INFO] [stdout]   38:     0x563237799a9e - std::thread::Builder::spawn_unchecked_::{{closure}}::h8e141ea224820bce
[INFO] [stdout]                                at /rustc/df4ca44d3fbc9301ee17f30f4d474e6ae4b05252/library/std/src/thread/mod.rs:540:30
[INFO] [stdout]   39:     0x563237799a9e - core::ops::function::FnOnce::call_once{{vtable.shim}}::h90d312fedd7b8ea8
[INFO] [stdout]                                at /rustc/df4ca44d3fbc9301ee17f30f4d474e6ae4b05252/library/core/src/ops/function.rs:250:5
[INFO] [stdout]   40:     0x56323782591b - <alloc::boxed::Box<F,A> as core::ops::function::FnOnce<Args>>::call_once::h69aa08ddb6adb8b6
[INFO] [stdout]                                at /rustc/df4ca44d3fbc9301ee17f30f4d474e6ae4b05252/library/alloc/src/boxed.rs:2454:9
[INFO] [stdout]   41:     0x56323782591b - <alloc::boxed::Box<F,A> as core::ops::function::FnOnce<Args>>::call_once::h5aa36efdb79c806f
[INFO] [stdout]                                at /rustc/df4ca44d3fbc9301ee17f30f4d474e6ae4b05252/library/alloc/src/boxed.rs:2454:9
[INFO] [stdout]   42:     0x56323782591b - std::sys::pal::unix::thread::Thread::new::thread_start::h6cd80a1b4be5158d
[INFO] [stdout]                                at /rustc/df4ca44d3fbc9301ee17f30f4d474e6ae4b05252/library/std/src/sys/pal/unix/thread.rs:105:17
[INFO] [stdout]   43:     0x7da4bcbf7ac3 - <unknown>
[INFO] [stdout]   44:     0x7da4bcc88a04 - clone
[INFO] [stdout]   45:                0x0 - <unknown>
[INFO] [stdout] 
[INFO] [stdout] ---- targets::java::cg_enum::tests::enum_derive_test stdout ----
[INFO] [stdout] import com.fasterxml.jackson.annotation.JsonProperty;
[INFO] [stdout] 
[INFO] [stdout] public class Value {
[INFO] [stdout]     @JsonProperty("value")
[INFO] [stdout]     private ExportType value;
[INFO] [stdout] 
[INFO] [stdout]     public Value() {}
[INFO] [stdout] 
[INFO] [stdout]     public ExportType getValue() {
[INFO] [stdout]         return value;
[INFO] [stdout]     }
[INFO] [stdout] 
[INFO] [stdout]     public void setValue(ExportType value) {
[INFO] [stdout]         this.value = value;
[INFO] [stdout]     }
[INFO] [stdout] }
[INFO] [stdout] import com.fasterxml.jackson.annotation.JsonProperty;
[INFO] [stdout] 
[INFO] [stdout] public enum ExportType {
[INFO] [stdout]     @JsonProperty("CSV")
[INFO] [stdout]     CSV,@JsonProperty("Json")
[INFO] [stdout]     JSON,@JsonProperty("XML")
[INFO] [stdout]     XML
[INFO] [stdout] }
[INFO] [stdout] Waiting for gradle lock
[INFO] [stdout] Got gradle lock
[INFO] [stdout] Running Java code...
[INFO] [stdout] Creating project directory: /tmp/rdc/96a16c8f-40c5-44b6-8757-2c3589197fbf
[INFO] [stdout] Writing java...
[INFO] [stdout] Writing build.gradle...
[INFO] [stdout] Writing settings.gradle...
[INFO] [stdout] Writing Utils.java...
[INFO] [stdout] Running command: gradle
[INFO] [stdout] Cleaning up...
[INFO] [stdout] thread 'targets::java::cg_enum::tests::enum_derive_test' panicked at src/targets/java/cg_enum.rs:115:69:
[INFO] [stdout] called `Result::unwrap()` on an `Err` value: Error { message: "Failed to run command" }
[INFO] [stdout] stack backtrace:
[INFO] [stdout]    0:     0x56323781f3ea - std::backtrace_rs::backtrace::libunwind::trace::h207520d6e9873551
[INFO] [stdout]                                at /rustc/df4ca44d3fbc9301ee17f30f4d474e6ae4b05252/library/std/src/../../backtrace/src/backtrace/libunwind.rs:116:5
[INFO] [stdout]    1:     0x56323781f3ea - std::backtrace_rs::backtrace::trace_unsynchronized::h2ed7433f370e3eca
[INFO] [stdout]                                at /rustc/df4ca44d3fbc9301ee17f30f4d474e6ae4b05252/library/std/src/../../backtrace/src/backtrace/mod.rs:66:5
[INFO] [stdout]    2:     0x56323781f3ea - std::sys::backtrace::_print_fmt::h916fac51166b18d7
[INFO] [stdout]                                at /rustc/df4ca44d3fbc9301ee17f30f4d474e6ae4b05252/library/std/src/sys/backtrace.rs:66:9
[INFO] [stdout]    3:     0x56323781f3ea - <std::sys::backtrace::BacktraceLock::print::DisplayBacktrace as core::fmt::Display>::fmt::ha0a4c9b8ce3802e6
[INFO] [stdout]                                at /rustc/df4ca44d3fbc9301ee17f30f4d474e6ae4b05252/library/std/src/sys/backtrace.rs:39:26
[INFO] [stdout]    4:     0x5632378471e3 - core::fmt::rt::Argument::fmt::h4cfc8587d52b3eb5
[INFO] [stdout]                                at /rustc/df4ca44d3fbc9301ee17f30f4d474e6ae4b05252/library/core/src/fmt/rt.rs:177:76
[INFO] [stdout]    5:     0x5632378471e3 - core::fmt::write::h522cc39e5b36ae9f
[INFO] [stdout]                                at /rustc/df4ca44d3fbc9301ee17f30f4d474e6ae4b05252/library/core/src/fmt/mod.rs:1190:21
[INFO] [stdout]    6:     0x56323781baa3 - std::io::Write::write_fmt::h7d3c26752da97734
[INFO] [stdout]                                at /rustc/df4ca44d3fbc9301ee17f30f4d474e6ae4b05252/library/std/src/io/mod.rs:1839:15
[INFO] [stdout]    7:     0x56323781f232 - std::sys::backtrace::BacktraceLock::print::h4b9e00b29e9c0942
[INFO] [stdout]                                at /rustc/df4ca44d3fbc9301ee17f30f4d474e6ae4b05252/library/std/src/sys/backtrace.rs:42:9
[INFO] [stdout]    8:     0x56323782087a - std::panicking::default_hook::{{closure}}::hb59b88280d0324d9
[INFO] [stdout]                                at /rustc/df4ca44d3fbc9301ee17f30f4d474e6ae4b05252/library/std/src/panicking.rs:268:22
[INFO] [stdout]    9:     0x563237820684 - std::panicking::default_hook::he1dd496665be4a29
[INFO] [stdout]                                at /rustc/df4ca44d3fbc9301ee17f30f4d474e6ae4b05252/library/std/src/panicking.rs:292:9
[INFO] [stdout]   10:     0x5632377ce989 - <alloc::boxed::Box<F,A> as core::ops::function::Fn<Args>>::call::h4ff71de18744e1dc
[INFO] [stdout]                                at /rustc/df4ca44d3fbc9301ee17f30f4d474e6ae4b05252/library/alloc/src/boxed.rs:2468:9
[INFO] [stdout]   11:     0x5632377ce989 - test::test_main::{{closure}}::hcf7c055ce117aa81
[INFO] [stdout]                                at /rustc/df4ca44d3fbc9301ee17f30f4d474e6ae4b05252/library/test/src/lib.rs:133:21
[INFO] [stdout]   12:     0x563237820f78 - <alloc::boxed::Box<F,A> as core::ops::function::Fn<Args>>::call::h1d66c6bbd60c9692
[INFO] [stdout]                                at /rustc/df4ca44d3fbc9301ee17f30f4d474e6ae4b05252/library/alloc/src/boxed.rs:2468:9
[INFO] [stdout]   13:     0x563237820f78 - std::panicking::rust_panic_with_hook::h2ff17fe8f26dfcf8
[INFO] [stdout]                                at /rustc/df4ca44d3fbc9301ee17f30f4d474e6ae4b05252/library/std/src/panicking.rs:809:13
[INFO] [stdout]   14:     0x563237820d3a - std::panicking::begin_panic_handler::{{closure}}::h4fad77951c07e101
[INFO] [stdout]                                at /rustc/df4ca44d3fbc9301ee17f30f4d474e6ae4b05252/library/std/src/panicking.rs:674:13
[INFO] [stdout]   15:     0x56323781f8c9 - std::sys::backtrace::__rust_end_short_backtrace::hb1a25b3da5d0ea08
[INFO] [stdout]                                at /rustc/df4ca44d3fbc9301ee17f30f4d474e6ae4b05252/library/std/src/sys/backtrace.rs:170:18
[INFO] [stdout]   16:     0x5632378209cc - rust_begin_unwind
[INFO] [stdout]                                at /rustc/df4ca44d3fbc9301ee17f30f4d474e6ae4b05252/library/std/src/panicking.rs:665:5
[INFO] [stdout]   17:     0x563237845920 - core::panicking::panic_fmt::ha9db07b529f9b256
[INFO] [stdout]                                at /rustc/df4ca44d3fbc9301ee17f30f4d474e6ae4b05252/library/core/src/panicking.rs:75:14
[INFO] [stdout]   18:     0x563237845d66 - core::result::unwrap_failed::h5e8218e4d4338b8a
[INFO] [stdout]                                at /rustc/df4ca44d3fbc9301ee17f30f4d474e6ae4b05252/library/core/src/result.rs:1698:5
[INFO] [stdout]   19:     0x5632377704ac - core::result::Result<T,E>::unwrap::h5cc02df982570db9
[INFO] [stdout]                                at /rustc/df4ca44d3fbc9301ee17f30f4d474e6ae4b05252/library/core/src/result.rs:1103:23
[INFO] [stdout]   20:     0x5632377704ac - rdc::targets::java::cg_enum::tests::enum_derive_test::h08d56474a04339d6
[INFO] [stdout]                                at /opt/rustwide/workdir/src/targets/java/cg_enum.rs:115:29
[INFO] [stdout]   21:     0x56323776ec67 - rdc::targets::java::cg_enum::tests::enum_derive_test::{{closure}}::h752001af4daca1f5
[INFO] [stdout]                                at /opt/rustwide/workdir/src/targets/java/cg_enum.rs:80:26
[INFO] [stdout]   22:     0x56323773c186 - core::ops::function::FnOnce::call_once::hb1b6488e50c5bede
[INFO] [stdout]                                at /rustc/df4ca44d3fbc9301ee17f30f4d474e6ae4b05252/library/core/src/ops/function.rs:250:5
[INFO] [stdout]   23:     0x5632377d325b - core::ops::function::FnOnce::call_once::h22c3ba5715e93f05
[INFO] [stdout]                                at /rustc/df4ca44d3fbc9301ee17f30f4d474e6ae4b05252/library/core/src/ops/function.rs:250:5
[INFO] [stdout]   24:     0x5632377d325b - test::__rust_begin_short_backtrace::h8e82d8113d0da17f
[INFO] [stdout]                                at /rustc/df4ca44d3fbc9301ee17f30f4d474e6ae4b05252/library/test/src/lib.rs:621:18
[INFO] [stdout]   25:     0x5632377d2bd7 - test::run_test_in_process::{{closure}}::h33235f4f20b7b7c7
[INFO] [stdout]                                at /rustc/df4ca44d3fbc9301ee17f30f4d474e6ae4b05252/library/test/src/lib.rs:644:60
[INFO] [stdout]   26:     0x5632377d2bd7 - <core::panic::unwind_safe::AssertUnwindSafe<F> as core::ops::function::FnOnce<()>>::call_once::hb5043206310c586f
[INFO] [stdout]                                at /rustc/df4ca44d3fbc9301ee17f30f4d474e6ae4b05252/library/core/src/panic/unwind_safe.rs:272:9
[INFO] [stdout]   27:     0x5632377d2bd7 - std::panicking::try::do_call::h9ad4731a60ab23e2
[INFO] [stdout]                                at /rustc/df4ca44d3fbc9301ee17f30f4d474e6ae4b05252/library/std/src/panicking.rs:557:40
[INFO] [stdout]   28:     0x5632377d2bd7 - std::panicking::try::h3824d23db772a716
[INFO] [stdout]                                at /rustc/df4ca44d3fbc9301ee17f30f4d474e6ae4b05252/library/std/src/panicking.rs:520:19
[INFO] [stdout]   29:     0x5632377d2bd7 - std::panic::catch_unwind::h5afd514605fde46b
[INFO] [stdout]                                at /rustc/df4ca44d3fbc9301ee17f30f4d474e6ae4b05252/library/std/src/panic.rs:358:14
[INFO] [stdout]   30:     0x5632377d2bd7 - test::run_test_in_process::h0d5cbfa7067d1720
[INFO] [stdout]                                at /rustc/df4ca44d3fbc9301ee17f30f4d474e6ae4b05252/library/test/src/lib.rs:644:27
[INFO] [stdout]   31:     0x5632377d2bd7 - test::run_test::{{closure}}::h708eb8872708115d
[INFO] [stdout]                                at /rustc/df4ca44d3fbc9301ee17f30f4d474e6ae4b05252/library/test/src/lib.rs:565:43
[INFO] [stdout]   32:     0x5632377962f4 - test::run_test::{{closure}}::h392c51cee94713ab
[INFO] [stdout]                                at /rustc/df4ca44d3fbc9301ee17f30f4d474e6ae4b05252/library/test/src/lib.rs:595:41
[INFO] [stdout]   33:     0x5632377962f4 - std::sys::backtrace::__rust_begin_short_backtrace::h2f40290710935a8b
[INFO] [stdout]                                at /rustc/df4ca44d3fbc9301ee17f30f4d474e6ae4b05252/library/std/src/sys/backtrace.rs:154:18
[INFO] [stdout]   34:     0x563237799a9e - std::thread::Builder::spawn_unchecked_::{{closure}}::{{closure}}::h3fd968d89053a903
[INFO] [stdout]                                at /rustc/df4ca44d3fbc9301ee17f30f4d474e6ae4b05252/library/std/src/thread/mod.rs:541:17
[INFO] [stdout]   35:     0x563237799a9e - <core::panic::unwind_safe::AssertUnwindSafe<F> as core::ops::function::FnOnce<()>>::call_once::h743f637ba4229880
[INFO] [stdout]                                at /rustc/df4ca44d3fbc9301ee17f30f4d474e6ae4b05252/library/core/src/panic/unwind_safe.rs:272:9
[INFO] [stdout]   36:     0x563237799a9e - std::panicking::try::do_call::h07440897322525a6
[INFO] [stdout]                                at /rustc/df4ca44d3fbc9301ee17f30f4d474e6ae4b05252/library/std/src/panicking.rs:557:40
[INFO] [stdout]   37:     0x563237799a9e - std::panicking::try::he5a2e00188156637
[INFO] [stdout]                                at /rustc/df4ca44d3fbc9301ee17f30f4d474e6ae4b05252/library/std/src/panicking.rs:520:19
[INFO] [stdout]   38:     0x563237799a9e - std::panic::catch_unwind::hbaf3cae49b3c6433
[INFO] [stdout]                                at /rustc/df4ca44d3fbc9301ee17f30f4d474e6ae4b05252/library/std/src/panic.rs:358:14
[INFO] [stdout]   39:     0x563237799a9e - std::thread::Builder::spawn_unchecked_::{{closure}}::h8e141ea224820bce
[INFO] [stdout]                                at /rustc/df4ca44d3fbc9301ee17f30f4d474e6ae4b05252/library/std/src/thread/mod.rs:540:30
[INFO] [stdout]   40:     0x563237799a9e - core::ops::function::FnOnce::call_once{{vtable.shim}}::h90d312fedd7b8ea8
[INFO] [stdout]                                at /rustc/df4ca44d3fbc9301ee17f30f4d474e6ae4b05252/library/core/src/ops/function.rs:250:5
[INFO] [stdout]   41:     0x56323782591b - <alloc::boxed::Box<F,A> as core::ops::function::FnOnce<Args>>::call_once::h69aa08ddb6adb8b6
[INFO] [stdout]                                at /rustc/df4ca44d3fbc9301ee17f30f4d474e6ae4b05252/library/alloc/src/boxed.rs:2454:9
[INFO] [stdout]   42:     0x56323782591b - <alloc::boxed::Box<F,A> as core::ops::function::FnOnce<Args>>::call_once::h5aa36efdb79c806f
[INFO] [stdout]                                at /rustc/df4ca44d3fbc9301ee17f30f4d474e6ae4b05252/library/alloc/src/boxed.rs:2454:9
[INFO] [stdout]   43:     0x56323782591b - std::sys::pal::unix::thread::Thread::new::thread_start::h6cd80a1b4be5158d
[INFO] [stdout]                                at /rustc/df4ca44d3fbc9301ee17f30f4d474e6ae4b05252/library/std/src/sys/pal/unix/thread.rs:105:17
[INFO] [stdout]   44:     0x7da4bcbf7ac3 - <unknown>
[INFO] [stdout]   45:     0x7da4bcc88a04 - clone
[INFO] [stdout]   46:                0x0 - <unknown>
[INFO] [stdout] 
[INFO] [stdout] ---- targets::java::tests::project_builder::tests::jackson_test stdout ----
[INFO] [stdout] Waiting for gradle lock
[INFO] [stdout] Got gradle lock
[INFO] [stdout] Running Java code...
[INFO] [stdout] Creating project directory: /tmp/rdc/4fa76e80-58c6-4d9c-b41a-baa9b5ba29db
[INFO] [stdout] Writing java...
[INFO] [stdout] Writing build.gradle...
[INFO] [stdout] Writing settings.gradle...
[INFO] [stdout] Writing Utils.java...
[INFO] [stdout] Running command: gradle
[INFO] [stdout] Cleaning up...
[INFO] [stdout] Failed to run command
[INFO] [stdout] thread 'targets::java::tests::project_builder::tests::jackson_test' panicked at src/targets/java/tests/project_builder.rs:227:9:
[INFO] [stdout] assertion failed: result.is_ok()
[INFO] [stdout] stack backtrace:
[INFO] [stdout]    0:     0x56323781f3ea - std::backtrace_rs::backtrace::libunwind::trace::h207520d6e9873551
[INFO] [stdout]                                at /rustc/df4ca44d3fbc9301ee17f30f4d474e6ae4b05252/library/std/src/../../backtrace/src/backtrace/libunwind.rs:116:5
[INFO] [stdout]    1:     0x56323781f3ea - std::backtrace_rs::backtrace::trace_unsynchronized::h2ed7433f370e3eca
[INFO] [stdout]                                at /rustc/df4ca44d3fbc9301ee17f30f4d474e6ae4b05252/library/std/src/../../backtrace/src/backtrace/mod.rs:66:5
[INFO] [stdout]    2:     0x56323781f3ea - std::sys::backtrace::_print_fmt::h916fac51166b18d7
[INFO] [stdout]                                at /rustc/df4ca44d3fbc9301ee17f30f4d474e6ae4b05252/library/std/src/sys/backtrace.rs:66:9
[INFO] [stdout]    3:     0x56323781f3ea - <std::sys::backtrace::BacktraceLock::print::DisplayBacktrace as core::fmt::Display>::fmt::ha0a4c9b8ce3802e6
[INFO] [stdout]                                at /rustc/df4ca44d3fbc9301ee17f30f4d474e6ae4b05252/library/std/src/sys/backtrace.rs:39:26
[INFO] [stdout]    4:     0x5632378471e3 - core::fmt::rt::Argument::fmt::h4cfc8587d52b3eb5
[INFO] [stdout]                                at /rustc/df4ca44d3fbc9301ee17f30f4d474e6ae4b05252/library/core/src/fmt/rt.rs:177:76
[INFO] [stdout]    5:     0x5632378471e3 - core::fmt::write::h522cc39e5b36ae9f
[INFO] [stdout]                                at /rustc/df4ca44d3fbc9301ee17f30f4d474e6ae4b05252/library/core/src/fmt/mod.rs:1190:21
[INFO] [stdout]    6:     0x56323781baa3 - std::io::Write::write_fmt::h7d3c26752da97734
[INFO] [stdout]                                at /rustc/df4ca44d3fbc9301ee17f30f4d474e6ae4b05252/library/std/src/io/mod.rs:1839:15
[INFO] [stdout]    7:     0x56323781f232 - std::sys::backtrace::BacktraceLock::print::h4b9e00b29e9c0942
[INFO] [stdout]                                at /rustc/df4ca44d3fbc9301ee17f30f4d474e6ae4b05252/library/std/src/sys/backtrace.rs:42:9
[INFO] [stdout]    8:     0x56323782087a - std::panicking::default_hook::{{closure}}::hb59b88280d0324d9
[INFO] [stdout]                                at /rustc/df4ca44d3fbc9301ee17f30f4d474e6ae4b05252/library/std/src/panicking.rs:268:22
[INFO] [stdout]    9:     0x563237820684 - std::panicking::default_hook::he1dd496665be4a29
[INFO] [stdout]                                at /rustc/df4ca44d3fbc9301ee17f30f4d474e6ae4b05252/library/std/src/panicking.rs:292:9
[INFO] [stdout]   10:     0x5632377ce989 - <alloc::boxed::Box<F,A> as core::ops::function::Fn<Args>>::call::h4ff71de18744e1dc
[INFO] [stdout]                                at /rustc/df4ca44d3fbc9301ee17f30f4d474e6ae4b05252/library/alloc/src/boxed.rs:2468:9
[INFO] [stdout]   11:     0x5632377ce989 - test::test_main::{{closure}}::hcf7c055ce117aa81
[INFO] [stdout]                                at /rustc/df4ca44d3fbc9301ee17f30f4d474e6ae4b05252/library/test/src/lib.rs:133:21
[INFO] [stdout]   12:     0x563237820f78 - <alloc::boxed::Box<F,A> as core::ops::function::Fn<Args>>::call::h1d66c6bbd60c9692
[INFO] [stdout]                                at /rustc/df4ca44d3fbc9301ee17f30f4d474e6ae4b05252/library/alloc/src/boxed.rs:2468:9
[INFO] [stdout]   13:     0x563237820f78 - std::panicking::rust_panic_with_hook::h2ff17fe8f26dfcf8
[INFO] [stdout]                                at /rustc/df4ca44d3fbc9301ee17f30f4d474e6ae4b05252/library/std/src/panicking.rs:809:13
[INFO] [stdout]   14:     0x563237820d06 - std::panicking::begin_panic_handler::{{closure}}::h4fad77951c07e101
[INFO] [stdout]                                at /rustc/df4ca44d3fbc9301ee17f30f4d474e6ae4b05252/library/std/src/panicking.rs:667:13
[INFO] [stdout]   15:     0x56323781f8c9 - std::sys::backtrace::__rust_end_short_backtrace::hb1a25b3da5d0ea08
[INFO] [stdout]                                at /rustc/df4ca44d3fbc9301ee17f30f4d474e6ae4b05252/library/std/src/sys/backtrace.rs:170:18
[INFO] [stdout]   16:     0x5632378209cc - rust_begin_unwind
[INFO] [stdout]                                at /rustc/df4ca44d3fbc9301ee17f30f4d474e6ae4b05252/library/std/src/panicking.rs:665:5
[INFO] [stdout]   17:     0x563237845920 - core::panicking::panic_fmt::ha9db07b529f9b256
[INFO] [stdout]                                at /rustc/df4ca44d3fbc9301ee17f30f4d474e6ae4b05252/library/core/src/panicking.rs:75:14
[INFO] [stdout]   18:     0x5632378459ac - core::panicking::panic::h993086813d94accc
[INFO] [stdout]                                at /rustc/df4ca44d3fbc9301ee17f30f4d474e6ae4b05252/library/core/src/panicking.rs:152:5
[INFO] [stdout]   19:     0x56323777163c - rdc::targets::java::tests::project_builder::tests::jackson_test::h2a853e558b90fe8b
[INFO] [stdout]                                at /opt/rustwide/workdir/src/targets/java/tests/project_builder.rs:227:9
[INFO] [stdout]   20:     0x563237771317 - rdc::targets::java::tests::project_builder::tests::jackson_test::{{closure}}::hdeb04681a450adf1
[INFO] [stdout]                                at /opt/rustwide/workdir/src/targets/java/tests/project_builder.rs:207:22
[INFO] [stdout]   21:     0x56323773c316 - core::ops::function::FnOnce::call_once::hd7da9452cef17486
[INFO] [stdout]                                at /rustc/df4ca44d3fbc9301ee17f30f4d474e6ae4b05252/library/core/src/ops/function.rs:250:5
[INFO] [stdout]   22:     0x5632377d325b - core::ops::function::FnOnce::call_once::h22c3ba5715e93f05
[INFO] [stdout]                                at /rustc/df4ca44d3fbc9301ee17f30f4d474e6ae4b05252/library/core/src/ops/function.rs:250:5
[INFO] [stdout]   23:     0x5632377d325b - test::__rust_begin_short_backtrace::h8e82d8113d0da17f
[INFO] [stdout]                                at /rustc/df4ca44d3fbc9301ee17f30f4d474e6ae4b05252/library/test/src/lib.rs:621:18
[INFO] [stdout]   24:     0x5632377d2bd7 - test::run_test_in_process::{{closure}}::h33235f4f20b7b7c7
[INFO] [stdout]                                at /rustc/df4ca44d3fbc9301ee17f30f4d474e6ae4b05252/library/test/src/lib.rs:644:60
[INFO] [stdout]   25:     0x5632377d2bd7 - <core::panic::unwind_safe::AssertUnwindSafe<F> as core::ops::function::FnOnce<()>>::call_once::hb5043206310c586f
[INFO] [stdout]                                at /rustc/df4ca44d3fbc9301ee17f30f4d474e6ae4b05252/library/core/src/panic/unwind_safe.rs:272:9
[INFO] [stdout]   26:     0x5632377d2bd7 - std::panicking::try::do_call::h9ad4731a60ab23e2
[INFO] [stdout]                                at /rustc/df4ca44d3fbc9301ee17f30f4d474e6ae4b05252/library/std/src/panicking.rs:557:40
[INFO] [stdout]   27:     0x5632377d2bd7 - std::panicking::try::h3824d23db772a716
[INFO] [stdout]                                at /rustc/df4ca44d3fbc9301ee17f30f4d474e6ae4b05252/library/std/src/panicking.rs:520:19
[INFO] [stdout]   28:     0x5632377d2bd7 - std::panic::catch_unwind::h5afd514605fde46b
[INFO] [stdout]                                at /rustc/df4ca44d3fbc9301ee17f30f4d474e6ae4b05252/library/std/src/panic.rs:358:14
[INFO] [stdout]   29:     0x5632377d2bd7 - test::run_test_in_process::h0d5cbfa7067d1720
[INFO] [stdout]                                at /rustc/df4ca44d3fbc9301ee17f30f4d474e6ae4b05252/library/test/src/lib.rs:644:27
[INFO] [stdout]   30:     0x5632377d2bd7 - test::run_test::{{closure}}::h708eb8872708115d
[INFO] [stdout]                                at /rustc/df4ca44d3fbc9301ee17f30f4d474e6ae4b05252/library/test/src/lib.rs:565:43
[INFO] [stdout]   31:     0x5632377962f4 - test::run_test::{{closure}}::h392c51cee94713ab
[INFO] [stdout]                                at /rustc/df4ca44d3fbc9301ee17f30f4d474e6ae4b05252/library/test/src/lib.rs:595:41
[INFO] [stdout]   32:     0x5632377962f4 - std::sys::backtrace::__rust_begin_short_backtrace::h2f40290710935a8b
[INFO] [stdout]                                at /rustc/df4ca44d3fbc9301ee17f30f4d474e6ae4b05252/library/std/src/sys/backtrace.rs:154:18
[INFO] [stdout]   33:     0x563237799a9e - std::thread::Builder::spawn_unchecked_::{{closure}}::{{closure}}::h3fd968d89053a903
[INFO] [stdout]                                at /rustc/df4ca44d3fbc9301ee17f30f4d474e6ae4b05252/library/std/src/thread/mod.rs:541:17
[INFO] [stdout]   34:     0x563237799a9e - <core::panic::unwind_safe::AssertUnwindSafe<F> as core::ops::function::FnOnce<()>>::call_once::h743f637ba4229880
[INFO] [stdout]                                at /rustc/df4ca44d3fbc9301ee17f30f4d474e6ae4b05252/library/core/src/panic/unwind_safe.rs:272:9
[INFO] [stdout]   35:     0x563237799a9e - std::panicking::try::do_call::h07440897322525a6
[INFO] [stdout]                                at /rustc/df4ca44d3fbc9301ee17f30f4d474e6ae4b05252/library/std/src/panicking.rs:557:40
[INFO] [stdout]   36:     0x563237799a9e - std::panicking::try::he5a2e00188156637
[INFO] [stdout]                                at /rustc/df4ca44d3fbc9301ee17f30f4d474e6ae4b05252/library/std/src/panicking.rs:520:19
[INFO] [stdout]   37:     0x563237799a9e - std::panic::catch_unwind::hbaf3cae49b3c6433
[INFO] [stdout]                                at /rustc/df4ca44d3fbc9301ee17f30f4d474e6ae4b05252/library/std/src/panic.rs:358:14
[INFO] [stdout]   38:     0x563237799a9e - std::thread::Builder::spawn_unchecked_::{{closure}}::h8e141ea224820bce
[INFO] [stdout]                                at /rustc/df4ca44d3fbc9301ee17f30f4d474e6ae4b05252/library/std/src/thread/mod.rs:540:30
[INFO] [stdout]   39:     0x563237799a9e - core::ops::function::FnOnce::call_once{{vtable.shim}}::h90d312fedd7b8ea8
[INFO] [stdout]                                at /rustc/df4ca44d3fbc9301ee17f30f4d474e6ae4b05252/library/core/src/ops/function.rs:250:5
[INFO] [stdout]   40:     0x56323782591b - <alloc::boxed::Box<F,A> as core::ops::function::FnOnce<Args>>::call_once::h69aa08ddb6adb8b6
[INFO] [stdout]                                at /rustc/df4ca44d3fbc9301ee17f30f4d474e6ae4b05252/library/alloc/src/boxed.rs:2454:9
[INFO] [stdout]   41:     0x56323782591b - <alloc::boxed::Box<F,A> as core::ops::function::FnOnce<Args>>::call_once::h5aa36efdb79c806f
[INFO] [stdout]                                at /rustc/df4ca44d3fbc9301ee17f30f4d474e6ae4b05252/library/alloc/src/boxed.rs:2454:9
[INFO] [stdout]   42:     0x56323782591b - std::sys::pal::unix::thread::Thread::new::thread_start::h6cd80a1b4be5158d
[INFO] [stdout]                                at /rustc/df4ca44d3fbc9301ee17f30f4d474e6ae4b05252/library/std/src/sys/pal/unix/thread.rs:105:17
[INFO] [stdout]   43:     0x7da4bcbf7ac3 - <unknown>
[INFO] [stdout]   44:     0x7da4bcc88a04 - clone
[INFO] [stdout]   45:                0x0 - <unknown>
[INFO] [stdout] 
[INFO] [stdout] ---- targets::java::tests::project_builder::tests::run_java_test stdout ----
[INFO] [stdout] Waiting for gradle lock
[INFO] [stdout] Got gradle lock
[INFO] [stdout] Running Java code...
[INFO] [stdout] Creating project directory: /tmp/rdc/ccf66338-bf86-4a5d-8ff3-122f0ac22d27
[INFO] [stdout] Writing java...
[INFO] [stdout] Writing build.gradle...
[INFO] [stdout] Writing settings.gradle...
[INFO] [stdout] Writing Utils.java...
[INFO] [stdout] Running command: gradle
[INFO] [stdout] Cleaning up...
[INFO] [stdout] Failed to run command
[INFO] [stdout] thread 'targets::java::tests::project_builder::tests::run_java_test' panicked at src/targets/java/tests/project_builder.rs:182:9:
[INFO] [stdout] assertion failed: result.is_ok()
[INFO] [stdout] stack backtrace:
[INFO] [stdout]    0:     0x56323781f3ea - std::backtrace_rs::backtrace::libunwind::trace::h207520d6e9873551
[INFO] [stdout]                                at /rustc/df4ca44d3fbc9301ee17f30f4d474e6ae4b05252/library/std/src/../../backtrace/src/backtrace/libunwind.rs:116:5
[INFO] [stdout]    1:     0x56323781f3ea - std::backtrace_rs::backtrace::trace_unsynchronized::h2ed7433f370e3eca
[INFO] [stdout]                                at /rustc/df4ca44d3fbc9301ee17f30f4d474e6ae4b05252/library/std/src/../../backtrace/src/backtrace/mod.rs:66:5
[INFO] [stdout]    2:     0x56323781f3ea - std::sys::backtrace::_print_fmt::h916fac51166b18d7
[INFO] [stdout]                                at /rustc/df4ca44d3fbc9301ee17f30f4d474e6ae4b05252/library/std/src/sys/backtrace.rs:66:9
[INFO] [stdout]    3:     0x56323781f3ea - <std::sys::backtrace::BacktraceLock::print::DisplayBacktrace as core::fmt::Display>::fmt::ha0a4c9b8ce3802e6
[INFO] [stdout]                                at /rustc/df4ca44d3fbc9301ee17f30f4d474e6ae4b05252/library/std/src/sys/backtrace.rs:39:26
[INFO] [stdout]    4:     0x5632378471e3 - core::fmt::rt::Argument::fmt::h4cfc8587d52b3eb5
[INFO] [stdout]                                at /rustc/df4ca44d3fbc9301ee17f30f4d474e6ae4b05252/library/core/src/fmt/rt.rs:177:76
[INFO] [stdout]    5:     0x5632378471e3 - core::fmt::write::h522cc39e5b36ae9f
[INFO] [stdout]                                at /rustc/df4ca44d3fbc9301ee17f30f4d474e6ae4b05252/library/core/src/fmt/mod.rs:1190:21
[INFO] [stdout]    6:     0x56323781baa3 - std::io::Write::write_fmt::h7d3c26752da97734
[INFO] [stdout]                                at /rustc/df4ca44d3fbc9301ee17f30f4d474e6ae4b05252/library/std/src/io/mod.rs:1839:15
[INFO] [stdout]    7:     0x56323781f232 - std::sys::backtrace::BacktraceLock::print::h4b9e00b29e9c0942
[INFO] [stdout]                                at /rustc/df4ca44d3fbc9301ee17f30f4d474e6ae4b05252/library/std/src/sys/backtrace.rs:42:9
[INFO] [stdout]    8:     0x56323782087a - std::panicking::default_hook::{{closure}}::hb59b88280d0324d9
[INFO] [stdout]                                at /rustc/df4ca44d3fbc9301ee17f30f4d474e6ae4b05252/library/std/src/panicking.rs:268:22
[INFO] [stdout]    9:     0x563237820684 - std::panicking::default_hook::he1dd496665be4a29
[INFO] [stdout]                                at /rustc/df4ca44d3fbc9301ee17f30f4d474e6ae4b05252/library/std/src/panicking.rs:292:9
[INFO] [stdout]   10:     0x5632377ce989 - <alloc::boxed::Box<F,A> as core::ops::function::Fn<Args>>::call::h4ff71de18744e1dc
[INFO] [stdout]                                at /rustc/df4ca44d3fbc9301ee17f30f4d474e6ae4b05252/library/alloc/src/boxed.rs:2468:9
[INFO] [stdout]   11:     0x5632377ce989 - test::test_main::{{closure}}::hcf7c055ce117aa81
[INFO] [stdout]                                at /rustc/df4ca44d3fbc9301ee17f30f4d474e6ae4b05252/library/test/src/lib.rs:133:21
[INFO] [stdout]   12:     0x563237820f78 - <alloc::boxed::Box<F,A> as core::ops::function::Fn<Args>>::call::h1d66c6bbd60c9692
[INFO] [stdout]                                at /rustc/df4ca44d3fbc9301ee17f30f4d474e6ae4b05252/library/alloc/src/boxed.rs:2468:9
[INFO] [stdout]   13:     0x563237820f78 - std::panicking::rust_panic_with_hook::h2ff17fe8f26dfcf8
[INFO] [stdout]                                at /rustc/df4ca44d3fbc9301ee17f30f4d474e6ae4b05252/library/std/src/panicking.rs:809:13
[INFO] [stdout]   14:     0x563237820d06 - std::panicking::begin_panic_handler::{{closure}}::h4fad77951c07e101
[INFO] [stdout]                                at /rustc/df4ca44d3fbc9301ee17f30f4d474e6ae4b05252/library/std/src/panicking.rs:667:13
[INFO] [stdout]   15:     0x56323781f8c9 - std::sys::backtrace::__rust_end_short_backtrace::hb1a25b3da5d0ea08
[INFO] [stdout]                                at /rustc/df4ca44d3fbc9301ee17f30f4d474e6ae4b05252/library/std/src/sys/backtrace.rs:170:18
[INFO] [stdout]   16:     0x5632378209cc - rust_begin_unwind
[INFO] [stdout]                                at /rustc/df4ca44d3fbc9301ee17f30f4d474e6ae4b05252/library/std/src/panicking.rs:665:5
[INFO] [stdout]   17:     0x563237845920 - core::panicking::panic_fmt::ha9db07b529f9b256
[INFO] [stdout]                                at /rustc/df4ca44d3fbc9301ee17f30f4d474e6ae4b05252/library/core/src/panicking.rs:75:14
[INFO] [stdout]   18:     0x5632378459ac - core::panicking::panic::h993086813d94accc
[INFO] [stdout]                                at /rustc/df4ca44d3fbc9301ee17f30f4d474e6ae4b05252/library/core/src/panicking.rs:152:5
[INFO] [stdout]   19:     0x563237770b3c - rdc::targets::java::tests::project_builder::tests::run_java_test::hf8bd9f20f1f1f4a5
[INFO] [stdout]                                at /opt/rustwide/workdir/src/targets/java/tests/project_builder.rs:182:9
[INFO] [stdout]   20:     0x563237770817 - rdc::targets::java::tests::project_builder::tests::run_java_test::{{closure}}::hf5f080ab54a9270f
[INFO] [stdout]                                at /opt/rustwide/workdir/src/targets/java/tests/project_builder.rs:166:23
[INFO] [stdout]   21:     0x56323773c026 - core::ops::function::FnOnce::call_once::h91dc34d33fde6418
[INFO] [stdout]                                at /rustc/df4ca44d3fbc9301ee17f30f4d474e6ae4b05252/library/core/src/ops/function.rs:250:5
[INFO] [stdout]   22:     0x5632377d325b - core::ops::function::FnOnce::call_once::h22c3ba5715e93f05
[INFO] [stdout]                                at /rustc/df4ca44d3fbc9301ee17f30f4d474e6ae4b05252/library/core/src/ops/function.rs:250:5
[INFO] [stdout]   23:     0x5632377d325b - test::__rust_begin_short_backtrace::h8e82d8113d0da17f
[INFO] [stdout]                                at /rustc/df4ca44d3fbc9301ee17f30f4d474e6ae4b05252/library/test/src/lib.rs:621:18
[INFO] [stdout]   24:     0x5632377d2bd7 - test::run_test_in_process::{{closure}}::h33235f4f20b7b7c7
[INFO] [stdout]                                at /rustc/df4ca44d3fbc9301ee17f30f4d474e6ae4b05252/library/test/src/lib.rs:644:60
[INFO] [stdout]   25:     0x5632377d2bd7 - <core::panic::unwind_safe::AssertUnwindSafe<F> as core::ops::function::FnOnce<()>>::call_once::hb5043206310c586f
[INFO] [stdout]                                at /rustc/df4ca44d3fbc9301ee17f30f4d474e6ae4b05252/library/core/src/panic/unwind_safe.rs:272:9
[INFO] [stdout]   26:     0x5632377d2bd7 - std::panicking::try::do_call::h9ad4731a60ab23e2
[INFO] [stdout]                                at /rustc/df4ca44d3fbc9301ee17f30f4d474e6ae4b05252/library/std/src/panicking.rs:557:40
[INFO] [stdout]   27:     0x5632377d2bd7 - std::panicking::try::h3824d23db772a716
[INFO] [stdout]                                at /rustc/df4ca44d3fbc9301ee17f30f4d474e6ae4b05252/library/std/src/panicking.rs:520:19
[INFO] [stdout]   28:     0x5632377d2bd7 - std::panic::catch_unwind::h5afd514605fde46b
[INFO] [stdout]                                at /rustc/df4ca44d3fbc9301ee17f30f4d474e6ae4b05252/library/std/src/panic.rs:358:14
[INFO] [stdout]   29:     0x5632377d2bd7 - test::run_test_in_process::h0d5cbfa7067d1720
[INFO] [stdout]                                at /rustc/df4ca44d3fbc9301ee17f30f4d474e6ae4b05252/library/test/src/lib.rs:644:27
[INFO] [stdout]   30:     0x5632377d2bd7 - test::run_test::{{closure}}::h708eb8872708115d
[INFO] [stdout]                                at /rustc/df4ca44d3fbc9301ee17f30f4d474e6ae4b05252/library/test/src/lib.rs:565:43
[INFO] [stdout]   31:     0x5632377962f4 - test::run_test::{{closure}}::h392c51cee94713ab
[INFO] [stdout]                                at /rustc/df4ca44d3fbc9301ee17f30f4d474e6ae4b05252/library/test/src/lib.rs:595:41
[INFO] [stdout]   32:     0x5632377962f4 - std::sys::backtrace::__rust_begin_short_backtrace::h2f40290710935a8b
[INFO] [stdout]                                at /rustc/df4ca44d3fbc9301ee17f30f4d474e6ae4b05252/library/std/src/sys/backtrace.rs:154:18
[INFO] [stdout]   33:     0x563237799a9e - std::thread::Builder::spawn_unchecked_::{{closure}}::{{closure}}::h3fd968d89053a903
[INFO] [stdout]                                at /rustc/df4ca44d3fbc9301ee17f30f4d474e6ae4b05252/library/std/src/thread/mod.rs:541:17
[INFO] [stdout]   34:     0x563237799a9e - <core::panic::unwind_safe::AssertUnwindSafe<F> as core::ops::function::FnOnce<()>>::call_once::h743f637ba4229880
[INFO] [stdout]                                at /rustc/df4ca44d3fbc9301ee17f30f4d474e6ae4b05252/library/core/src/panic/unwind_safe.rs:272:9
[INFO] [stdout]   35:     0x563237799a9e - std::panicking::try::do_call::h07440897322525a6
[INFO] [stdout]                                at /rustc/df4ca44d3fbc9301ee17f30f4d474e6ae4b05252/library/std/src/panicking.rs:557:40
[INFO] [stdout]   36:     0x563237799a9e - std::panicking::try::he5a2e00188156637
[INFO] [stdout]                                at /rustc/df4ca44d3fbc9301ee17f30f4d474e6ae4b05252/library/std/src/panicking.rs:520:19
[INFO] [stdout]   37:     0x563237799a9e - std::panic::catch_unwind::hbaf3cae49b3c6433
[INFO] [stdout]                                at /rustc/df4ca44d3fbc9301ee17f30f4d474e6ae4b05252/library/std/src/panic.rs:358:14
[INFO] [stdout]   38:     0x563237799a9e - std::thread::Builder::spawn_unchecked_::{{closure}}::h8e141ea224820bce
[INFO] [stdout]                                at /rustc/df4ca44d3fbc9301ee17f30f4d474e6ae4b05252/library/std/src/thread/mod.rs:540:30
[INFO] [stdout]   39:     0x563237799a9e - core::ops::function::FnOnce::call_once{{vtable.shim}}::h90d312fedd7b8ea8
[INFO] [stdout]                                at /rustc/df4ca44d3fbc9301ee17f30f4d474e6ae4b05252/library/core/src/ops/function.rs:250:5
[INFO] [stdout]   40:     0x56323782591b - <alloc::boxed::Box<F,A> as core::ops::function::FnOnce<Args>>::call_once::h69aa08ddb6adb8b6
[INFO] [stdout]                                at /rustc/df4ca44d3fbc9301ee17f30f4d474e6ae4b05252/library/alloc/src/boxed.rs:2454:9
[INFO] [stdout]   41:     0x56323782591b - <alloc::boxed::Box<F,A> as core::ops::function::FnOnce<Args>>::call_once::h5aa36efdb79c806f
[INFO] [stdout]                                at /rustc/df4ca44d3fbc9301ee17f30f4d474e6ae4b05252/library/alloc/src/boxed.rs:2454:9
[INFO] [stdout]   42:     0x56323782591b - std::sys::pal::unix::thread::Thread::new::thread_start::h6cd80a1b4be5158d
[INFO] [stdout]                                at /rustc/df4ca44d3fbc9301ee17f30f4d474e6ae4b05252/library/std/src/sys/pal/unix/thread.rs:105:17
[INFO] [stdout]   43:     0x7da4bcbf7ac3 - <unknown>
[INFO] [stdout]   44:     0x7da4bcc88a04 - clone
[INFO] [stdout]   45:                0x0 - <unknown>
[INFO] [stdout] 
[INFO] [stdout] ---- targets::java::cg_struct::tests::struct_derive_test stdout ----
[INFO] [stdout] import com.fasterxml.jackson.annotation.JsonProperty;
[INFO] [stdout] 
[INFO] [stdout] public class A {
[INFO] [stdout]     @JsonProperty("a")
[INFO] [stdout]     private Integer a;@JsonProperty("b")
[INFO] [stdout]     private Integer b;
[INFO] [stdout] 
[INFO] [stdout]     public A() {}
[INFO] [stdout] 
[INFO] [stdout]     public Integer getA() {
[INFO] [stdout]         return a;
[INFO] [stdout]     }
[INFO] [stdout] 
[INFO] [stdout]     public void setA(Integer a) {
[INFO] [stdout]         this.a = a;
[INFO] [stdout]     }public Integer getB() {
[INFO] [stdout]         return b;
[INFO] [stdout]     }
[INFO] [stdout] 
[INFO] [stdout]     public void setB(Integer b) {
[INFO] [stdout]         this.b = b;
[INFO] [stdout]     }
[INFO] [stdout] }
[INFO] [stdout] import com.fasterxml.jackson.annotation.JsonProperty;
[INFO] [stdout] 
[INFO] [stdout] public class BIntegerDouble {
[INFO] [stdout]     @JsonProperty("k")
[INFO] [stdout]     private Integer k;@JsonProperty("hello")
[INFO] [stdout]     private Double v;@JsonProperty("a")
[INFO] [stdout]     private A a;
[INFO] [stdout] 
[INFO] [stdout]     public BIntegerDouble() {}
[INFO] [stdout] 
[INFO] [stdout]     public Integer getK() {
[INFO] [stdout]         return k;
[INFO] [stdout]     }
[INFO] [stdout] 
[INFO] [stdout]     public void setK(Integer k) {
[INFO] [stdout]         this.k = k;
[INFO] [stdout]     }public Double getV() {
[INFO] [stdout]         return v;
[INFO] [stdout]     }
[INFO] [stdout] 
[INFO] [stdout]     public void setV(Double v) {
[INFO] [stdout]         this.v = v;
[INFO] [stdout]     }public A getA() {
[INFO] [stdout]         return a;
[INFO] [stdout]     }
[INFO] [stdout] 
[INFO] [stdout]     public void setA(A a) {
[INFO] [stdout]         this.a = a;
[INFO] [stdout]     }
[INFO] [stdout] }
[INFO] [stdout] import com.fasterxml.jackson.databind.ObjectMapper;
[INFO] [stdout] import com.fasterxml.jackson.core.type.TypeReference;
[INFO] [stdout] public class Main {
[INFO] [stdout]     public static void main(String[] args) throws Exception {
[INFO] [stdout]         var objectMapper = new ObjectMapper();
[INFO] [stdout]         String input = Utils.input();
[INFO] [stdout]         BIntegerDouble b = objectMapper.readValue(input, new TypeReference<BIntegerDouble>() {});
[INFO] [stdout]         String serialized = objectMapper.writeValueAsString(b);
[INFO] [stdout]         BIntegerDouble b2 = objectMapper.readValue(serialized, new TypeReference<BIntegerDouble>() {});
[INFO] [stdout]         String serialized2 = objectMapper.writeValueAsString(b2);
[INFO] [stdout]         System.out.print(serialized2);
[INFO] [stdout]     }
[INFO] [stdout] }
[INFO] [stdout] Waiting for gradle lock
[INFO] [stdout] Got gradle lock
[INFO] [stdout] Running Java code...
[INFO] [stdout] Creating project directory: /tmp/rdc/61d1dfb3-c987-4fbc-9dff-4f0aa06b5b25
[INFO] [stdout] Writing java...
[INFO] [stdout] Writing build.gradle...
[INFO] [stdout] Writing settings.gradle...
[INFO] [stdout] Writing Utils.java...
[INFO] [stdout] Running command: gradle
[INFO] [stdout] Cleaning up...
[INFO] [stdout] thread 'targets::java::cg_struct::tests::struct_derive_test' panicked at src/targets/java/cg_struct.rs:155:23:
[INFO] [stdout] Failed to run command
[INFO] [stdout] stack backtrace:
[INFO] [stdout]    0:     0x56323781f3ea - std::backtrace_rs::backtrace::libunwind::trace::h207520d6e9873551
[INFO] [stdout]                                at /rustc/df4ca44d3fbc9301ee17f30f4d474e6ae4b05252/library/std/src/../../backtrace/src/backtrace/libunwind.rs:116:5
[INFO] [stdout]    1:     0x56323781f3ea - std::backtrace_rs::backtrace::trace_unsynchronized::h2ed7433f370e3eca
[INFO] [stdout]                                at /rustc/df4ca44d3fbc9301ee17f30f4d474e6ae4b05252/library/std/src/../../backtrace/src/backtrace/mod.rs:66:5
[INFO] [stdout]    2:     0x56323781f3ea - std::sys::backtrace::_print_fmt::h916fac51166b18d7
[INFO] [stdout]                                at /rustc/df4ca44d3fbc9301ee17f30f4d474e6ae4b05252/library/std/src/sys/backtrace.rs:66:9
[INFO] [stdout]    3:     0x56323781f3ea - <std::sys::backtrace::BacktraceLock::print::DisplayBacktrace as core::fmt::Display>::fmt::ha0a4c9b8ce3802e6
[INFO] [stdout]                                at /rustc/df4ca44d3fbc9301ee17f30f4d474e6ae4b05252/library/std/src/sys/backtrace.rs:39:26
[INFO] [stdout]    4:     0x5632378471e3 - core::fmt::rt::Argument::fmt::h4cfc8587d52b3eb5
[INFO] [stdout]                                at /rustc/df4ca44d3fbc9301ee17f30f4d474e6ae4b05252/library/core/src/fmt/rt.rs:177:76
[INFO] [stdout]    5:     0x5632378471e3 - core::fmt::write::h522cc39e5b36ae9f
[INFO] [stdout]                                at /rustc/df4ca44d3fbc9301ee17f30f4d474e6ae4b05252/library/core/src/fmt/mod.rs:1190:21
[INFO] [stdout]    6:     0x56323781baa3 - std::io::Write::write_fmt::h7d3c26752da97734
[INFO] [stdout]                                at /rustc/df4ca44d3fbc9301ee17f30f4d474e6ae4b05252/library/std/src/io/mod.rs:1839:15
[INFO] [stdout]    7:     0x56323781f232 - std::sys::backtrace::BacktraceLock::print::h4b9e00b29e9c0942
[INFO] [stdout]                                at /rustc/df4ca44d3fbc9301ee17f30f4d474e6ae4b05252/library/std/src/sys/backtrace.rs:42:9
[INFO] [stdout]    8:     0x56323782087a - std::panicking::default_hook::{{closure}}::hb59b88280d0324d9
[INFO] [stdout]                                at /rustc/df4ca44d3fbc9301ee17f30f4d474e6ae4b05252/library/std/src/panicking.rs:268:22
[INFO] [stdout]    9:     0x563237820684 - std::panicking::default_hook::he1dd496665be4a29
[INFO] [stdout]                                at /rustc/df4ca44d3fbc9301ee17f30f4d474e6ae4b05252/library/std/src/panicking.rs:292:9
[INFO] [stdout]   10:     0x5632377ce989 - <alloc::boxed::Box<F,A> as core::ops::function::Fn<Args>>::call::h4ff71de18744e1dc
[INFO] [stdout]                                at /rustc/df4ca44d3fbc9301ee17f30f4d474e6ae4b05252/library/alloc/src/boxed.rs:2468:9
[INFO] [stdout]   11:     0x5632377ce989 - test::test_main::{{closure}}::hcf7c055ce117aa81
[INFO] [stdout]                                at /rustc/df4ca44d3fbc9301ee17f30f4d474e6ae4b05252/library/test/src/lib.rs:133:21
[INFO] [stdout]   12:     0x563237820f78 - <alloc::boxed::Box<F,A> as core::ops::function::Fn<Args>>::call::h1d66c6bbd60c9692
[INFO] [stdout]                                at /rustc/df4ca44d3fbc9301ee17f30f4d474e6ae4b05252/library/alloc/src/boxed.rs:2468:9
[INFO] [stdout]   13:     0x563237820f78 - std::panicking::rust_panic_with_hook::h2ff17fe8f26dfcf8
[INFO] [stdout]                                at /rustc/df4ca44d3fbc9301ee17f30f4d474e6ae4b05252/library/std/src/panicking.rs:809:13
[INFO] [stdout]   14:     0x563237820d3a - std::panicking::begin_panic_handler::{{closure}}::h4fad77951c07e101
[INFO] [stdout]                                at /rustc/df4ca44d3fbc9301ee17f30f4d474e6ae4b05252/library/std/src/panicking.rs:674:13
[INFO] [stdout]   15:     0x56323781f8c9 - std::sys::backtrace::__rust_end_short_backtrace::hb1a25b3da5d0ea08
[INFO] [stdout]                                at /rustc/df4ca44d3fbc9301ee17f30f4d474e6ae4b05252/library/std/src/sys/backtrace.rs:170:18
[INFO] [stdout]   16:     0x5632378209cc - rust_begin_unwind
[INFO] [stdout]                                at /rustc/df4ca44d3fbc9301ee17f30f4d474e6ae4b05252/library/std/src/panicking.rs:665:5
[INFO] [stdout]   17:     0x563237845920 - core::panicking::panic_fmt::ha9db07b529f9b256
[INFO] [stdout]                                at /rustc/df4ca44d3fbc9301ee17f30f4d474e6ae4b05252/library/core/src/panicking.rs:75:14
[INFO] [stdout]   18:     0x563237731f93 - core::panicking::panic_display::h5b0abb2fa374930a
[INFO] [stdout]                                at /rustc/df4ca44d3fbc9301ee17f30f4d474e6ae4b05252/library/core/src/panicking.rs:273:5
[INFO] [stdout]   19:     0x56323775c47a - rdc::targets::java::cg_struct::tests::struct_derive_test::panic_cold_display::h356d4929a97b9566
[INFO] [stdout]                                at /rustc/df4ca44d3fbc9301ee17f30f4d474e6ae4b05252/library/core/src/panic.rs:100:13
[INFO] [stdout]   20:     0x56323775c36a - rdc::targets::java::cg_struct::tests::struct_derive_test::h2ca2b4f3e84b0887
[INFO] [stdout]                                at /opt/rustwide/workdir/src/targets/java/cg_struct.rs:155:23
[INFO] [stdout]   21:     0x56323775a7e7 - rdc::targets::java::cg_struct::tests::struct_derive_test::{{closure}}::h35b01c4d6b45e77e
[INFO] [stdout]                                at /opt/rustwide/workdir/src/targets/java/cg_struct.rs:117:28
[INFO] [stdout]   22:     0x56323773c3e6 - core::ops::function::FnOnce::call_once::hf92ccce36bb049b7
[INFO] [stdout]                                at /rustc/df4ca44d3fbc9301ee17f30f4d474e6ae4b05252/library/core/src/ops/function.rs:250:5
[INFO] [stdout]   23:     0x5632377d325b - core::ops::function::FnOnce::call_once::h22c3ba5715e93f05
[INFO] [stdout]                                at /rustc/df4ca44d3fbc9301ee17f30f4d474e6ae4b05252/library/core/src/ops/function.rs:250:5
[INFO] [stdout]   24:     0x5632377d325b - test::__rust_begin_short_backtrace::h8e82d8113d0da17f
[INFO] [stdout]                                at /rustc/df4ca44d3fbc9301ee17f30f4d474e6ae4b05252/library/test/src/lib.rs:621:18
[INFO] [stdout]   25:     0x5632377d2bd7 - test::run_test_in_process::{{closure}}::h33235f4f20b7b7c7
[INFO] [stdout]                                at /rustc/df4ca44d3fbc9301ee17f30f4d474e6ae4b05252/library/test/src/lib.rs:644:60
[INFO] [stdout]   26:     0x5632377d2bd7 - <core::panic::unwind_safe::AssertUnwindSafe<F> as core::ops::function::FnOnce<()>>::call_once::hb5043206310c586f
[INFO] [stdout]                                at /rustc/df4ca44d3fbc9301ee17f30f4d474e6ae4b05252/library/core/src/panic/unwind_safe.rs:272:9
[INFO] [stdout]   27:     0x5632377d2bd7 - std::panicking::try::do_call::h9ad4731a60ab23e2
[INFO] [stdout]                                at /rustc/df4ca44d3fbc9301ee17f30f4d474e6ae4b05252/library/std/src/panicking.rs:557:40
[INFO] [stderr] error: test failed, to rerun pass `--lib`
[INFO] [stdout]   28:     0x5632377d2bd7 - std::panicking::try::h3824d23db772a716
[INFO] [stdout]                                at /rustc/df4ca44d3fbc9301ee17f30f4d474e6ae4b05252/library/std/src/panicking.rs:520:19
[INFO] [stdout]   29:     0x5632377d2bd7 - std::panic::catch_unwind::h5afd514605fde46b
[INFO] [stdout]                                at /rustc/df4ca44d3fbc9301ee17f30f4d474e6ae4b05252/library/std/src/panic.rs:358:14
[INFO] [stdout]   30:     0x5632377d2bd7 - test::run_test_in_process::h0d5cbfa7067d1720
[INFO] [stdout]                                at /rustc/df4ca44d3fbc9301ee17f30f4d474e6ae4b05252/library/test/src/lib.rs:644:27
[INFO] [stdout]   31:     0x5632377d2bd7 - test::run_test::{{closure}}::h708eb8872708115d
[INFO] [stdout]                                at /rustc/df4ca44d3fbc9301ee17f30f4d474e6ae4b05252/library/test/src/lib.rs:565:43
[INFO] [stdout]   32:     0x5632377962f4 - test::run_test::{{closure}}::h392c51cee94713ab
[INFO] [stdout]                                at /rustc/df4ca44d3fbc9301ee17f30f4d474e6ae4b05252/library/test/src/lib.rs:595:41
[INFO] [stdout]   33:     0x5632377962f4 - std::sys::backtrace::__rust_begin_short_backtrace::h2f40290710935a8b
[INFO] [stdout]                                at /rustc/df4ca44d3fbc9301ee17f30f4d474e6ae4b05252/library/std/src/sys/backtrace.rs:154:18
[INFO] [stdout]   34:     0x563237799a9e - std::thread::Builder::spawn_unchecked_::{{closure}}::{{closure}}::h3fd968d89053a903
[INFO] [stdout]                                at /rustc/df4ca44d3fbc9301ee17f30f4d474e6ae4b05252/library/std/src/thread/mod.rs:541:17
[INFO] [stdout]   35:     0x563237799a9e - <core::panic::unwind_safe::AssertUnwindSafe<F> as core::ops::function::FnOnce<()>>::call_once::h743f637ba4229880
[INFO] [stdout]                                at /rustc/df4ca44d3fbc9301ee17f30f4d474e6ae4b05252/library/core/src/panic/unwind_safe.rs:272:9
[INFO] [stdout]   36:     0x563237799a9e - std::panicking::try::do_call::h07440897322525a6
[INFO] [stdout]                                at /rustc/df4ca44d3fbc9301ee17f30f4d474e6ae4b05252/library/std/src/panicking.rs:557:40
[INFO] [stdout]   37:     0x563237799a9e - std::panicking::try::he5a2e00188156637
[INFO] [stdout]                                at /rustc/df4ca44d3fbc9301ee17f30f4d474e6ae4b05252/library/std/src/panicking.rs:520:19
[INFO] [stdout]   38:     0x563237799a9e - std::panic::catch_unwind::hbaf3cae49b3c6433
[INFO] [stdout]                                at /rustc/df4ca44d3fbc9301ee17f30f4d474e6ae4b05252/library/std/src/panic.rs:358:14
[INFO] [stdout]   39:     0x563237799a9e - std::thread::Builder::spawn_unchecked_::{{closure}}::h8e141ea224820bce
[INFO] [stdout]                                at /rustc/df4ca44d3fbc9301ee17f30f4d474e6ae4b05252/library/std/src/thread/mod.rs:540:30
[INFO] [stdout]   40:     0x563237799a9e - core::ops::function::FnOnce::call_once{{vtable.shim}}::h90d312fedd7b8ea8
[INFO] [stdout]                                at /rustc/df4ca44d3fbc9301ee17f30f4d474e6ae4b05252/library/core/src/ops/function.rs:250:5
[INFO] [stdout]   41:     0x56323782591b - <alloc::boxed::Box<F,A> as core::ops::function::FnOnce<Args>>::call_once::h69aa08ddb6adb8b6
[INFO] [stdout]                                at /rustc/df4ca44d3fbc9301ee17f30f4d474e6ae4b05252/library/alloc/src/boxed.rs:2454:9
[INFO] [stdout]   42:     0x56323782591b - <alloc::boxed::Box<F,A> as core::ops::function::FnOnce<Args>>::call_once::h5aa36efdb79c806f
[INFO] [stdout]                                at /rustc/df4ca44d3fbc9301ee17f30f4d474e6ae4b05252/library/alloc/src/boxed.rs:2454:9
[INFO] [stdout]   43:     0x56323782591b - std::sys::pal::unix::thread::Thread::new::thread_start::h6cd80a1b4be5158d
[INFO] [stdout]                                at /rustc/df4ca44d3fbc9301ee17f30f4d474e6ae4b05252/library/std/src/sys/pal/unix/thread.rs:105:17
[INFO] [stdout]   44:     0x7da4bcbf7ac3 - <unknown>
[INFO] [stdout]   45:     0x7da4bcc88a04 - clone
[INFO] [stdout]   46:                0x0 - <unknown>
[INFO] [stdout] 
[INFO] [stdout] ---- targets::java::tests::project_builder::tests::uppercase_stdin_test stdout ----
[INFO] [stdout] Waiting for gradle lock
[INFO] [stdout] Got gradle lock
[INFO] [stdout] Running Java code...
[INFO] [stdout] Creating project directory: /tmp/rdc/3aba07ad-ec46-48e8-9a26-3c808ac593b8
[INFO] [stdout] Writing java...
[INFO] [stdout] Writing build.gradle...
[INFO] [stdout] Writing settings.gradle...
[INFO] [stdout] Writing Utils.java...
[INFO] [stdout] Running command: gradle
[INFO] [stdout] Cleaning up...
[INFO] [stdout] Failed to run command
[INFO] [stdout] thread 'targets::java::tests::project_builder::tests::uppercase_stdin_test' panicked at src/targets/java/tests/project_builder.rs:202:9:
[INFO] [stdout] assertion failed: result.is_ok()
[INFO] [stdout] stack backtrace:
[INFO] [stdout]    0:     0x56323781f3ea - std::backtrace_rs::backtrace::libunwind::trace::h207520d6e9873551
[INFO] [stdout]                                at /rustc/df4ca44d3fbc9301ee17f30f4d474e6ae4b05252/library/std/src/../../backtrace/src/backtrace/libunwind.rs:116:5
[INFO] [stdout]    1:     0x56323781f3ea - std::backtrace_rs::backtrace::trace_unsynchronized::h2ed7433f370e3eca
[INFO] [stdout]                                at /rustc/df4ca44d3fbc9301ee17f30f4d474e6ae4b05252/library/std/src/../../backtrace/src/backtrace/mod.rs:66:5
[INFO] [stdout]    2:     0x56323781f3ea - std::sys::backtrace::_print_fmt::h916fac51166b18d7
[INFO] [stdout]                                at /rustc/df4ca44d3fbc9301ee17f30f4d474e6ae4b05252/library/std/src/sys/backtrace.rs:66:9
[INFO] [stdout]    3:     0x56323781f3ea - <std::sys::backtrace::BacktraceLock::print::DisplayBacktrace as core::fmt::Display>::fmt::ha0a4c9b8ce3802e6
[INFO] [stdout]                                at /rustc/df4ca44d3fbc9301ee17f30f4d474e6ae4b05252/library/std/src/sys/backtrace.rs:39:26
[INFO] [stdout]    4:     0x5632378471e3 - core::fmt::rt::Argument::fmt::h4cfc8587d52b3eb5
[INFO] [stdout]                                at /rustc/df4ca44d3fbc9301ee17f30f4d474e6ae4b05252/library/core/src/fmt/rt.rs:177:76
[INFO] [stdout]    5:     0x5632378471e3 - core::fmt::write::h522cc39e5b36ae9f
[INFO] [stdout]                                at /rustc/df4ca44d3fbc9301ee17f30f4d474e6ae4b05252/library/core/src/fmt/mod.rs:1190:21
[INFO] [stdout]    6:     0x56323781baa3 - std::io::Write::write_fmt::h7d3c26752da97734
[INFO] [stdout]                                at /rustc/df4ca44d3fbc9301ee17f30f4d474e6ae4b05252/library/std/src/io/mod.rs:1839:15
[INFO] [stdout]    7:     0x56323781f232 - std::sys::backtrace::BacktraceLock::print::h4b9e00b29e9c0942
[INFO] [stdout]                                at /rustc/df4ca44d3fbc9301ee17f30f4d474e6ae4b05252/library/std/src/sys/backtrace.rs:42:9
[INFO] [stdout]    8:     0x56323782087a - std::panicking::default_hook::{{closure}}::hb59b88280d0324d9
[INFO] [stdout]                                at /rustc/df4ca44d3fbc9301ee17f30f4d474e6ae4b05252/library/std/src/panicking.rs:268:22
[INFO] [stdout]    9:     0x563237820684 - std::panicking::default_hook::he1dd496665be4a29
[INFO] [stdout]                                at /rustc/df4ca44d3fbc9301ee17f30f4d474e6ae4b05252/library/std/src/panicking.rs:292:9
[INFO] [stdout]   10:     0x5632377ce989 - <alloc::boxed::Box<F,A> as core::ops::function::Fn<Args>>::call::h4ff71de18744e1dc
[INFO] [stdout]                                at /rustc/df4ca44d3fbc9301ee17f30f4d474e6ae4b05252/library/alloc/src/boxed.rs:2468:9
[INFO] [stdout]   11:     0x5632377ce989 - test::test_main::{{closure}}::hcf7c055ce117aa81
[INFO] [stdout]                                at /rustc/df4ca44d3fbc9301ee17f30f4d474e6ae4b05252/library/test/src/lib.rs:133:21
[INFO] [stdout]   12:     0x563237820f78 - <alloc::boxed::Box<F,A> as core::ops::function::Fn<Args>>::call::h1d66c6bbd60c9692
[INFO] [stdout]                                at /rustc/df4ca44d3fbc9301ee17f30f4d474e6ae4b05252/library/alloc/src/boxed.rs:2468:9
[INFO] [stdout]   13:     0x563237820f78 - std::panicking::rust_panic_with_hook::h2ff17fe8f26dfcf8
[INFO] [stdout]                                at /rustc/df4ca44d3fbc9301ee17f30f4d474e6ae4b05252/library/std/src/panicking.rs:809:13
[INFO] [stdout]   14:     0x563237820d06 - std::panicking::begin_panic_handler::{{closure}}::h4fad77951c07e101
[INFO] [stdout]                                at /rustc/df4ca44d3fbc9301ee17f30f4d474e6ae4b05252/library/std/src/panicking.rs:667:13
[INFO] [stdout]   15:     0x56323781f8c9 - std::sys::backtrace::__rust_end_short_backtrace::hb1a25b3da5d0ea08
[INFO] [stdout]                                at /rustc/df4ca44d3fbc9301ee17f30f4d474e6ae4b05252/library/std/src/sys/backtrace.rs:170:18
[INFO] [stdout]   16:     0x5632378209cc - rust_begin_unwind
[INFO] [stdout]                                at /rustc/df4ca44d3fbc9301ee17f30f4d474e6ae4b05252/library/std/src/panicking.rs:665:5
[INFO] [stdout]   17:     0x563237845920 - core::panicking::panic_fmt::ha9db07b529f9b256
[INFO] [stdout]                                at /rustc/df4ca44d3fbc9301ee17f30f4d474e6ae4b05252/library/core/src/panicking.rs:75:14
[INFO] [stdout]   18:     0x5632378459ac - core::panicking::panic::h993086813d94accc
[INFO] [stdout]                                at /rustc/df4ca44d3fbc9301ee17f30f4d474e6ae4b05252/library/core/src/panicking.rs:152:5
[INFO] [stdout]   19:     0x5632377710ba - rdc::targets::java::tests::project_builder::tests::uppercase_stdin_test::h55dd11d9b2e5cb49
[INFO] [stdout]                                at /opt/rustwide/workdir/src/targets/java/tests/project_builder.rs:202:9
[INFO] [stdout]   20:     0x563237770d97 - rdc::targets::java::tests::project_builder::tests::uppercase_stdin_test::{{closure}}::h625cc48c55a55166
[INFO] [stdout]                                at /opt/rustwide/workdir/src/targets/java/tests/project_builder.rs:187:30
[INFO] [stdout]   21:     0x56323773bfb6 - core::ops::function::FnOnce::call_once::h7d255637c179d2f3
[INFO] [stdout]                                at /rustc/df4ca44d3fbc9301ee17f30f4d474e6ae4b05252/library/core/src/ops/function.rs:250:5
[INFO] [stdout]   22:     0x5632377d325b - core::ops::function::FnOnce::call_once::h22c3ba5715e93f05
[INFO] [stdout]                                at /rustc/df4ca44d3fbc9301ee17f30f4d474e6ae4b05252/library/core/src/ops/function.rs:250:5
[INFO] [stdout]   23:     0x5632377d325b - test::__rust_begin_short_backtrace::h8e82d8113d0da17f
[INFO] [stdout]                                at /rustc/df4ca44d3fbc9301ee17f30f4d474e6ae4b05252/library/test/src/lib.rs:621:18
[INFO] [stdout]   24:     0x5632377d2bd7 - test::run_test_in_process::{{closure}}::h33235f4f20b7b7c7
[INFO] [stdout]                                at /rustc/df4ca44d3fbc9301ee17f30f4d474e6ae4b05252/library/test/src/lib.rs:644:60
[INFO] [stdout]   25:     0x5632377d2bd7 - <core::panic::unwind_safe::AssertUnwindSafe<F> as core::ops::function::FnOnce<()>>::call_once::hb5043206310c586f
[INFO] [stdout]                                at /rustc/df4ca44d3fbc9301ee17f30f4d474e6ae4b05252/library/core/src/panic/unwind_safe.rs:272:9
[INFO] [stdout]   26:     0x5632377d2bd7 - std::panicking::try::do_call::h9ad4731a60ab23e2
[INFO] [stdout]                                at /rustc/df4ca44d3fbc9301ee17f30f4d474e6ae4b05252/library/std/src/panicking.rs:557:40
[INFO] [stdout]   27:     0x5632377d2bd7 - std::panicking::try::h3824d23db772a716
[INFO] [stdout]                                at /rustc/df4ca44d3fbc9301ee17f30f4d474e6ae4b05252/library/std/src/panicking.rs:520:19
[INFO] [stdout]   28:     0x5632377d2bd7 - std::panic::catch_unwind::h5afd514605fde46b
[INFO] [stdout]                                at /rustc/df4ca44d3fbc9301ee17f30f4d474e6ae4b05252/library/std/src/panic.rs:358:14
[INFO] [stdout]   29:     0x5632377d2bd7 - test::run_test_in_process::h0d5cbfa7067d1720
[INFO] [stdout]                                at /rustc/df4ca44d3fbc9301ee17f30f4d474e6ae4b05252/library/test/src/lib.rs:644:27
[INFO] [stdout]   30:     0x5632377d2bd7 - test::run_test::{{closure}}::h708eb8872708115d
[INFO] [stdout]                                at /rustc/df4ca44d3fbc9301ee17f30f4d474e6ae4b05252/library/test/src/lib.rs:565:43
[INFO] [stdout]   31:     0x5632377962f4 - test::run_test::{{closure}}::h392c51cee94713ab
[INFO] [stdout]                                at /rustc/df4ca44d3fbc9301ee17f30f4d474e6ae4b05252/library/test/src/lib.rs:595:41
[INFO] [stdout]   32:     0x5632377962f4 - std::sys::backtrace::__rust_begin_short_backtrace::h2f40290710935a8b
[INFO] [stdout]                                at /rustc/df4ca44d3fbc9301ee17f30f4d474e6ae4b05252/library/std/src/sys/backtrace.rs:154:18
[INFO] [stdout]   33:     0x563237799a9e - std::thread::Builder::spawn_unchecked_::{{closure}}::{{closure}}::h3fd968d89053a903
[INFO] [stdout]                                at /rustc/df4ca44d3fbc9301ee17f30f4d474e6ae4b05252/library/std/src/thread/mod.rs:541:17
[INFO] [stdout]   34:     0x563237799a9e - <core::panic::unwind_safe::AssertUnwindSafe<F> as core::ops::function::FnOnce<()>>::call_once::h743f637ba4229880
[INFO] [stdout]                                at /rustc/df4ca44d3fbc9301ee17f30f4d474e6ae4b05252/library/core/src/panic/unwind_safe.rs:272:9
[INFO] [stdout]   35:     0x563237799a9e - std::panicking::try::do_call::h07440897322525a6
[INFO] [stdout]                                at /rustc/df4ca44d3fbc9301ee17f30f4d474e6ae4b05252/library/std/src/panicking.rs:557:40
[INFO] [stdout]   36:     0x563237799a9e - std::panicking::try::he5a2e00188156637
[INFO] [stdout]                                at /rustc/df4ca44d3fbc9301ee17f30f4d474e6ae4b05252/library/std/src/panicking.rs:520:19
[INFO] [stdout]   37:     0x563237799a9e - std::panic::catch_unwind::hbaf3cae49b3c6433
[INFO] [stdout]                                at /rustc/df4ca44d3fbc9301ee17f30f4d474e6ae4b05252/library/std/src/panic.rs:358:14
[INFO] [stdout]   38:     0x563237799a9e - std::thread::Builder::spawn_unchecked_::{{closure}}::h8e141ea224820bce
[INFO] [stdout]                                at /rustc/df4ca44d3fbc9301ee17f30f4d474e6ae4b05252/library/std/src/thread/mod.rs:540:30
[INFO] [stdout]   39:     0x563237799a9e - core::ops::function::FnOnce::call_once{{vtable.shim}}::h90d312fedd7b8ea8
[INFO] [stdout]                                at /rustc/df4ca44d3fbc9301ee17f30f4d474e6ae4b05252/library/core/src/ops/function.rs:250:5
[INFO] [stdout]   40:     0x56323782591b - <alloc::boxed::Box<F,A> as core::ops::function::FnOnce<Args>>::call_once::h69aa08ddb6adb8b6
[INFO] [stdout]                                at /rustc/df4ca44d3fbc9301ee17f30f4d474e6ae4b05252/library/alloc/src/boxed.rs:2454:9
[INFO] [stdout]   41:     0x56323782591b - <alloc::boxed::Box<F,A> as core::ops::function::FnOnce<Args>>::call_once::h5aa36efdb79c806f
[INFO] [stdout]                                at /rustc/df4ca44d3fbc9301ee17f30f4d474e6ae4b05252/library/alloc/src/boxed.rs:2454:9
[INFO] [stdout]   42:     0x56323782591b - std::sys::pal::unix::thread::Thread::new::thread_start::h6cd80a1b4be5158d
[INFO] [stdout]                                at /rustc/df4ca44d3fbc9301ee17f30f4d474e6ae4b05252/library/std/src/sys/pal/unix/thread.rs:105:17
[INFO] [stdout]   43:     0x7da4bcbf7ac3 - <unknown>
[INFO] [stdout]   44:     0x7da4bcc88a04 - clone
[INFO] [stdout]   45:                0x0 - <unknown>
[INFO] [stdout] 
[INFO] [stdout] ---- targets::java::cg_data_enum::tests::enum_derive_test stdout ----
[INFO] [stdout] import com.fasterxml.jackson.annotation.JsonIgnore;
[INFO] [stdout] import com.fasterxml.jackson.annotation.JsonInclude;
[INFO] [stdout] import com.fasterxml.jackson.annotation.JsonProperty;
[INFO] [stdout] import com.fasterxml.jackson.core.*;
[INFO] [stdout] import com.fasterxml.jackson.databind.DeserializationContext;
[INFO] [stdout] import com.fasterxml.jackson.databind.JsonNode;
[INFO] [stdout] import com.fasterxml.jackson.databind.SerializerProvider;
[INFO] [stdout] import com.fasterxml.jackson.databind.annotation.JsonDeserialize;
[INFO] [stdout] import com.fasterxml.jackson.databind.annotation.JsonSerialize;
[INFO] [stdout] import com.fasterxml.jackson.databind.deser.std.StdDeserializer;
[INFO] [stdout] import com.fasterxml.jackson.databind.node.ObjectNode;
[INFO] [stdout] import com.fasterxml.jackson.databind.ser.std.StdSerializer;
[INFO] [stdout] import com.fasterxml.jackson.core.type.TypeReference;
[INFO] [stdout] 
[INFO] [stdout] import java.io.IOException;
[INFO] [stdout] 
[INFO] [stdout] @JsonInclude(JsonInclude.Include.NON_NULL)
[INFO] [stdout] @JsonSerialize(using = TestEnumInteger.Serializer.class)
[INFO] [stdout] @JsonDeserialize(using = TestEnumInteger.Deserializer.class)
[INFO] [stdout] public class TestEnumInteger {
[INFO] [stdout]     @JsonIgnore
[INFO] [stdout]     private final Variant variant;
[INFO] [stdout] 
[INFO] [stdout]     @JsonIgnore
[INFO] [stdout]     private final Object value;
[INFO] [stdout] 
[INFO] [stdout]     private TestEnumInteger(Variant variant, Object value) {
[INFO] [stdout]         this.variant = variant;
[INFO] [stdout]         this.value = value;
[INFO] [stdout]     }
[INFO] [stdout] 
[INFO] [stdout]     public static TestEnumInteger ofCsv(String arg0) {
[INFO] [stdout]         return new TestEnumInteger(Variant.CSV, new Object[] {
[INFO] [stdout]             arg0
[INFO] [stdout]         });
[INFO] [stdout]     }
[INFO] [stdout] 
[INFO] [stdout]     @SuppressWarnings("unchecked")
[INFO] [stdout]     public String getCsv() {
[INFO] [stdout]         if (variant != Variant.CSV) {
[INFO] [stdout]             throw new IllegalStateException("Invalid variant: " + variant);
[INFO] [stdout]         }
[INFO] [stdout]         return (String) ((Object[]) value)[0];
[INFO] [stdout]     }
[INFO] [stdout] 
[INFO] [stdout]     public boolean isCsv() {
[INFO] [stdout]         return variant == Variant.CSV;
[INFO] [stdout]     }public static TestEnumInteger ofJson(Integer arg0) {
[INFO] [stdout]         return new TestEnumInteger(Variant.JSON, new Object[] {
[INFO] [stdout]             arg0
[INFO] [stdout]         });
[INFO] [stdout]     }
[INFO] [stdout] 
[INFO] [stdout]     @SuppressWarnings("unchecked")
[INFO] [stdout]     public Integer getJson() {
[INFO] [stdout]         if (variant != Variant.JSON) {
[INFO] [stdout]             throw new IllegalStateException("Invalid variant: " + variant);
[INFO] [stdout]         }
[INFO] [stdout]         return (Integer) ((Object[]) value)[0];
[INFO] [stdout]     }
[INFO] [stdout] 
[INFO] [stdout]     public boolean isJson() {
[INFO] [stdout]         return variant == Variant.JSON;
[INFO] [stdout]     }public static TestEnumInteger ofXml(Double arg0,Integer arg1) {
[INFO] [stdout]         return new TestEnumInteger(Variant.XML, new Object[] {
[INFO] [stdout]             arg0,arg1
[INFO] [stdout]         });
[INFO] [stdout]     }
[INFO] [stdout] 
[INFO] [stdout]     @SuppressWarnings("unchecked")
[INFO] [stdout]     public Double getXml0() {
[INFO] [stdout]         if (variant != Variant.XML) {
[INFO] [stdout]             throw new IllegalStateException("Invalid variant: " + variant);
[INFO] [stdout]         }
[INFO] [stdout]         return (Double) ((Object[]) value)[0];
[INFO] [stdout]     }@SuppressWarnings("unchecked")
[INFO] [stdout]     public Integer getXml1() {
[INFO] [stdout]         if (variant != Variant.XML) {
[INFO] [stdout]             throw new IllegalStateException("Invalid variant: " + variant);
[INFO] [stdout]         }
[INFO] [stdout]         return (Integer) ((Object[]) value)[1];
[INFO] [stdout]     }
[INFO] [stdout] 
[INFO] [stdout]     public boolean isXml() {
[INFO] [stdout]         return variant == Variant.XML;
[INFO] [stdout]     }public static TestEnumInteger ofYaml(Integer arg0) {
[INFO] [stdout]         return new TestEnumInteger(Variant.YAML, new Object[] {
[INFO] [stdout]             arg0
[INFO] [stdout]         });
[INFO] [stdout]     }
[INFO] [stdout] 
[INFO] [stdout]     @SuppressWarnings("unchecked")
[INFO] [stdout]     public Integer getYaml() {
[INFO] [stdout]         if (variant != Variant.YAML) {
[INFO] [stdout]             throw new IllegalStateException("Invalid variant: " + variant);
[INFO] [stdout]         }
[INFO] [stdout]         return (Integer) ((Object[]) value)[0];
[INFO] [stdout]     }
[INFO] [stdout] 
[INFO] [stdout]     public boolean isYaml() {
[INFO] [stdout]         return variant == Variant.YAML;
[INFO] [stdout]     }public static TestEnumInteger ofOther(Other value) {
[INFO] [stdout]         return new TestEnumInteger(Variant.OTHER, value);
[INFO] [stdout]     }
[INFO] [stdout] 
[INFO] [stdout]     public Other getOther() {
[INFO] [stdout]         if (variant != Variant.OTHER) {
[INFO] [stdout]             throw new IllegalStateException("Invalid variant: " + variant);
[INFO] [stdout]         }
[INFO] [stdout]         return (Other) value;
[INFO] [stdout]     }
[INFO] [stdout] 
[INFO] [stdout]     public static class Other {
[INFO] [stdout]         private final String name;
[INFO] [stdout] 
[INFO] [stdout]         public Other(@JsonProperty("other") String name) {
[INFO] [stdout]             this.name = name;
[INFO] [stdout]         }
[INFO] [stdout] 
[INFO] [stdout]         @JsonProperty("other")
[INFO] [stdout]         public String getName() {
[INFO] [stdout]             return name;
[INFO] [stdout]         }
[INFO] [stdout]     }
[INFO] [stdout] 
[INFO] [stdout]     public boolean isOther() {
[INFO] [stdout]         return variant == Variant.OTHER;
[INFO] [stdout]     }public static TestEnumInteger ofUnit() {
[INFO] [stdout]         return new TestEnumInteger(Variant.UNIT, null);
[INFO] [stdout]     }
[INFO] [stdout] 
[INFO] [stdout]     public boolean isUnit() {
[INFO] [stdout]         return variant == Variant.UNIT;
[INFO] [stdout]     }public static TestEnumInteger ofList(java.util.List<Integer> arg0) {
[INFO] [stdout]         return new TestEnumInteger(Variant.LIST, new Object[] {
[INFO] [stdout]             arg0
[INFO] [stdout]         });
[INFO] [stdout]     }
[INFO] [stdout] 
[INFO] [stdout]     @SuppressWarnings("unchecked")
[INFO] [stdout]     public java.util.List<Integer> getList() {
[INFO] [stdout]         if (variant != Variant.LIST) {
[INFO] [stdout]             throw new IllegalStateException("Invalid variant: " + variant);
[INFO] [stdout]         }
[INFO] [stdout]         return (java.util.List<Integer>) ((Object[]) value)[0];
[INFO] [stdout]     }
[INFO] [stdout] 
[INFO] [stdout]     public boolean isList() {
[INFO] [stdout]         return variant == Variant.LIST;
[INFO] [stdout]     }public static TestEnumInteger ofNested(TestEnumInteger arg0) {
[INFO] [stdout]         return new TestEnumInteger(Variant.NESTED, new Object[] {
[INFO] [stdout]             arg0
[INFO] [stdout]         });
[INFO] [stdout]     }
[INFO] [stdout] 
[INFO] [stdout]     @SuppressWarnings("unchecked")
[INFO] [stdout]     public TestEnumInteger getNested() {
[INFO] [stdout]         if (variant != Variant.NESTED) {
[INFO] [stdout]             throw new IllegalStateException("Invalid variant: " + variant);
[INFO] [stdout]         }
[INFO] [stdout]         return (TestEnumInteger) ((Object[]) value)[0];
[INFO] [stdout]     }
[INFO] [stdout] 
[INFO] [stdout]     public boolean isNested() {
[INFO] [stdout]         return variant == Variant.NESTED;
[INFO] [stdout]     }
[INFO] [stdout] 
[INFO] [stdout]     public static class Serializer extends StdSerializer<TestEnumInteger> {
[INFO] [stdout]         public Serializer() {
[INFO] [stdout]             super(TestEnumInteger.class);
[INFO] [stdout]         }
[INFO] [stdout] 
[INFO] [stdout]         @Override
[INFO] [stdout]         public void serialize(TestEnumInteger value, JsonGenerator gen, SerializerProvider provider) throws IOException {
[INFO] [stdout]             switch (value.getVariant()) {
[INFO] [stdout]                 case CSV: {
[INFO] [stdout]                     gen.writeStartObject();
[INFO] [stdout]                     gen.writeObjectField("Csv", ((Object[]) value.value)[0]);
[INFO] [stdout]                     gen.writeEndObject();
[INFO] [stdout]                 }
[INFO] [stdout]                 break;case JSON: {
[INFO] [stdout]                     gen.writeStartObject();
[INFO] [stdout]                     gen.writeObjectField("JSON", ((Object[]) value.value)[0]);
[INFO] [stdout]                     gen.writeEndObject();
[INFO] [stdout]                 }
[INFO] [stdout]                 break;case XML: {
[INFO] [stdout]                     gen.writeStartObject();
[INFO] [stdout]                     gen.writeObjectField("XML", value.value);
[INFO] [stdout]                     gen.writeEndObject();
[INFO] [stdout]                 }
[INFO] [stdout]                 break;case YAML: {
[INFO] [stdout]                     gen.writeStartObject();
[INFO] [stdout]                     gen.writeObjectField("YAML", ((Object[]) value.value)[0]);
[INFO] [stdout]                     gen.writeEndObject();
[INFO] [stdout]                 }
[INFO] [stdout]                 break;case OTHER: {
[INFO] [stdout]                     gen.writeStartObject();
[INFO] [stdout]                     gen.writeObjectField("Other", value.value);
[INFO] [stdout]                     gen.writeEndObject();
[INFO] [stdout]                 }
[INFO] [stdout]                 break;case UNIT: {
[INFO] [stdout]                     gen.writeString("Unit");
[INFO] [stdout]                 }
[INFO] [stdout]                 break;case LIST: {
[INFO] [stdout]                     gen.writeStartObject();
[INFO] [stdout]                     gen.writeObjectField("List", ((Object[]) value.value)[0]);
[INFO] [stdout]                     gen.writeEndObject();
[INFO] [stdout]                 }
[INFO] [stdout]                 break;case NESTED: {
[INFO] [stdout]                     gen.writeStartObject();
[INFO] [stdout]                     gen.writeObjectField("Nested", ((Object[]) value.value)[0]);
[INFO] [stdout]                     gen.writeEndObject();
[INFO] [stdout]                 }
[INFO] [stdout]                 break;
[INFO] [stdout]             }
[INFO] [stdout]         }
[INFO] [stdout]     }
[INFO] [stdout] 
[INFO] [stdout]     public static class Deserializer extends StdDeserializer<TestEnumInteger> {
[INFO] [stdout]         public Deserializer() {
[INFO] [stdout]             super(TestEnumInteger.class);
[INFO] [stdout]         }
[INFO] [stdout] 
[INFO] [stdout]         private Object[] parseField(DeserializationContext cxtx, ObjectNode node, String key, TypeReference<?>...types) throws IOException {
[INFO] [stdout]             JsonNode field = node.get(key);
[INFO] [stdout]             if (field == null) {
[INFO] [stdout]                 return new Object[types.length];
[INFO] [stdout]             }
[INFO] [stdout]             if (field.isArray()) {
[INFO] [stdout]                 if (field.size() != types.length) {
[INFO] [stdout]                     throw new JsonParseException(cxtx.getParser(), "Expected array of size " + types.length + " for field " + key);
[INFO] [stdout]                 }
[INFO] [stdout]                 Object[] result = new Object[types.length];
[INFO] [stdout]                 for (int i = 0; i < types.length; i++) {
[INFO] [stdout]                     try (JsonParser parser = field.get(i).traverse(cxtx.getParser().getCodec())) {
[INFO] [stdout]                         result[i] = parser.readValueAs(types[i]);
[INFO] [stdout]                     }
[INFO] [stdout]                 }
[INFO] [stdout]                 return result;
[INFO] [stdout]             } else {
[INFO] [stdout]                 if (types.length != 1) {
[INFO] [stdout]                     throw new JsonParseException(cxtx.getParser(), "Expected array for field " + key);
[INFO] [stdout]                 }
[INFO] [stdout]                 try (JsonParser parser = field.traverse(cxtx.getParser().getCodec())) {
[INFO] [stdout]                     return new Object[]{parser.readValueAs(types[0])};
[INFO] [stdout]                 }
[INFO] [stdout]             }
[INFO] [stdout]         }
[INFO] [stdout] 
[INFO] [stdout]         @Override
[INFO] [stdout]         public TestEnumInteger deserialize(JsonParser p, DeserializationContext ctxt) throws IOException, JacksonException {
[INFO] [stdout] 
[INFO] [stdout]             if (p.currentToken() == JsonToken.VALUE_STRING) {
[INFO] [stdout]                 if (p.getText().equals("Unit")) {
[INFO] [stdout]                     return new TestEnumInteger(Variant.UNIT, null);
[INFO] [stdout]                 }
[INFO] [stdout]             } else if (p.currentToken() == JsonToken.START_OBJECT) {
[INFO] [stdout]                 var node = (ObjectNode) p.getCodec().readTree(p);
[INFO] [stdout]                 if (node.has("Csv")) {
[INFO] [stdout]                     return new TestEnumInteger(Variant.CSV, parseField(ctxt, node, "Csv", new TypeReference<String>(){}));
[INFO] [stdout]                 }if (node.has("JSON")) {
[INFO] [stdout]                     return new TestEnumInteger(Variant.JSON, parseField(ctxt, node, "JSON", new TypeReference<Integer>(){}));
[INFO] [stdout]                 }if (node.has("XML")) {
[INFO] [stdout]                     return new TestEnumInteger(Variant.XML, parseField(ctxt, node, "XML", new TypeReference<Double>(){}, new TypeReference<Integer>(){}));
[INFO] [stdout]                 }if (node.has("YAML")) {
[INFO] [stdout]                     return new TestEnumInteger(Variant.YAML, parseField(ctxt, node, "YAML", new TypeReference<Integer>(){}));
[INFO] [stdout]                 }if (node.has("Other")) {
[INFO] [stdout]                     return new TestEnumInteger(Variant.OTHER, parseField(ctxt, node, "Other", new TypeReference<Other>(){})[0]);
[INFO] [stdout]                 }if (node.has("List")) {
[INFO] [stdout]                     return new TestEnumInteger(Variant.LIST, parseField(ctxt, node, "List", new TypeReference<java.util.List<Integer>>(){}));
[INFO] [stdout]                 }if (node.has("Nested")) {
[INFO] [stdout]                     return new TestEnumInteger(Variant.NESTED, parseField(ctxt, node, "Nested", new TypeReference<TestEnumInteger>(){}));
[INFO] [stdout]                 }
[INFO] [stdout]             }
[INFO] [stdout]             throw ctxt.instantiationException(TestEnumInteger.class, "Cannot deserialize " + "TestEnumInteger");
[INFO] [stdout]         }
[INFO] [stdout]     }
[INFO] [stdout] 
[INFO] [stdout]     public enum Variant {
[INFO] [stdout]         CSV,JSON,XML,YAML,OTHER,UNIT,LIST,NESTED
[INFO] [stdout]     }
[INFO] [stdout] 
[INFO] [stdout]     Variant getVariant() {
[INFO] [stdout]         return variant;
[INFO] [stdout]     }
[INFO] [stdout] }
[INFO] [stdout] import com.fasterxml.jackson.annotation.JsonIgnore;
[INFO] [stdout] import com.fasterxml.jackson.annotation.JsonInclude;
[INFO] [stdout] import com.fasterxml.jackson.annotation.JsonProperty;
[INFO] [stdout] import com.fasterxml.jackson.core.*;
[INFO] [stdout] import com.fasterxml.jackson.databind.DeserializationContext;
[INFO] [stdout] import com.fasterxml.jackson.databind.JsonNode;
[INFO] [stdout] import com.fasterxml.jackson.databind.SerializerProvider;
[INFO] [stdout] import com.fasterxml.jackson.databind.annotation.JsonDeserialize;
[INFO] [stdout] import com.fasterxml.jackson.databind.annotation.JsonSerialize;
[INFO] [stdout] import com.fasterxml.jackson.databind.deser.std.StdDeserializer;
[INFO] [stdout] import com.fasterxml.jackson.databind.node.ObjectNode;
[INFO] [stdout] import com.fasterxml.jackson.databind.ser.std.StdSerializer;
[INFO] [stdout] import com.fasterxml.jackson.core.type.TypeReference;
[INFO] [stdout] 
[INFO] [stdout] import java.io.IOException;
[INFO] [stdout] 
[INFO] [stdout] @JsonInclude(JsonInclude.Include.NON_NULL)
[INFO] [stdout] @JsonSerialize(using = TestEnumInteger.Serializer.class)
[INFO] [stdout] @JsonDeserialize(using = TestEnumInteger.Deserializer.class)
[INFO] [stdout] public class TestEnumInteger {
[INFO] [stdout]     @JsonIgnore
[INFO] [stdout]     private final Variant variant;
[INFO] [stdout] 
[INFO] [stdout]     @JsonIgnore
[INFO] [stdout]     private final Object value;
[INFO] [stdout] 
[INFO] [stdout]     private TestEnumInteger(Variant variant, Object value) {
[INFO] [stdout]         this.variant = variant;
[INFO] [stdout]         this.value = value;
[INFO] [stdout]     }
[INFO] [stdout] 
[INFO] [stdout]     public static TestEnumInteger ofCsv(String arg0) {
[INFO] [stdout]         return new TestEnumInteger(Variant.CSV, new Object[] {
[INFO] [stdout]             arg0
[INFO] [stdout]         });
[INFO] [stdout]     }
[INFO] [stdout] 
[INFO] [stdout]     @SuppressWarnings("unchecked")
[INFO] [stdout]     public String getCsv() {
[INFO] [stdout]         if (variant != Variant.CSV) {
[INFO] [stdout]             throw new IllegalStateException("Invalid variant: " + variant);
[INFO] [stdout]         }
[INFO] [stdout]         return (String) ((Object[]) value)[0];
[INFO] [stdout]     }
[INFO] [stdout] 
[INFO] [stdout]     public boolean isCsv() {
[INFO] [stdout]         return variant == Variant.CSV;
[INFO] [stdout]     }public static TestEnumInteger ofJson(Integer arg0) {
[INFO] [stdout]         return new TestEnumInteger(Variant.JSON, new Object[] {
[INFO] [stdout]             arg0
[INFO] [stdout]         });
[INFO] [stdout]     }
[INFO] [stdout] 
[INFO] [stdout]     @SuppressWarnings("unchecked")
[INFO] [stdout]     public Integer getJson() {
[INFO] [stdout]         if (variant != Variant.JSON) {
[INFO] [stdout]             throw new IllegalStateException("Invalid variant: " + variant);
[INFO] [stdout]         }
[INFO] [stdout]         return (Integer) ((Object[]) value)[0];
[INFO] [stdout]     }
[INFO] [stdout] 
[INFO] [stdout]     public boolean isJson() {
[INFO] [stdout]         return variant == Variant.JSON;
[INFO] [stdout]     }public static TestEnumInteger ofXml(Double arg0,Integer arg1) {
[INFO] [stdout]         return new TestEnumInteger(Variant.XML, new Object[] {
[INFO] [stdout]             arg0,arg1
[INFO] [stdout]         });
[INFO] [stdout]     }
[INFO] [stdout] 
[INFO] [stdout]     @SuppressWarnings("unchecked")
[INFO] [stdout]     public Double getXml0() {
[INFO] [stdout]         if (variant != Variant.XML) {
[INFO] [stdout]             throw new IllegalStateException("Invalid variant: " + variant);
[INFO] [stdout]         }
[INFO] [stdout]         return (Double) ((Object[]) value)[0];
[INFO] [stdout]     }@SuppressWarnings("unchecked")
[INFO] [stdout]     public Integer getXml1() {
[INFO] [stdout]         if (variant != Variant.XML) {
[INFO] [stdout]             throw new IllegalStateException("Invalid variant: " + variant);
[INFO] [stdout]         }
[INFO] [stdout]         return (Integer) ((Object[]) value)[1];
[INFO] [stdout]     }
[INFO] [stdout] 
[INFO] [stdout]     public boolean isXml() {
[INFO] [stdout]         return variant == Variant.XML;
[INFO] [stdout]     }public static TestEnumInteger ofYaml(Integer arg0) {
[INFO] [stdout]         return new TestEnumInteger(Variant.YAML, new Object[] {
[INFO] [stdout]             arg0
[INFO] [stdout]         });
[INFO] [stdout]     }
[INFO] [stdout] 
[INFO] [stdout]     @SuppressWarnings("unchecked")
[INFO] [stdout]     public Integer getYaml() {
[INFO] [stdout]         if (variant != Variant.YAML) {
[INFO] [stdout]             throw new IllegalStateException("Invalid variant: " + variant);
[INFO] [stdout]         }
[INFO] [stdout]         return (Integer) ((Object[]) value)[0];
[INFO] [stdout]     }
[INFO] [stdout] 
[INFO] [stdout]     public boolean isYaml() {
[INFO] [stdout]         return variant == Variant.YAML;
[INFO] [stdout]     }public static TestEnumInteger ofOther(Other value) {
[INFO] [stdout]         return new TestEnumInteger(Variant.OTHER, value);
[INFO] [stdout]     }
[INFO] [stdout] 
[INFO] [stdout]     public Other getOther() {
[INFO] [stdout]         if (variant != Variant.OTHER) {
[INFO] [stdout]             throw new IllegalStateException("Invalid variant: " + variant);
[INFO] [stdout]         }
[INFO] [stdout]         return (Other) value;
[INFO] [stdout]     }
[INFO] [stdout] 
[INFO] [stdout]     public static class Other {
[INFO] [stdout]         private final String name;
[INFO] [stdout] 
[INFO] [stdout]         public Other(@JsonProperty("other") String name) {
[INFO] [stdout]             this.name = name;
[INFO] [stdout]         }
[INFO] [stdout] 
[INFO] [stdout]         @JsonProperty("other")
[INFO] [stdout]         public String getName() {
[INFO] [stdout]             return name;
[INFO] [stdout]         }
[INFO] [stdout]     }
[INFO] [stdout] 
[INFO] [stdout]     public boolean isOther() {
[INFO] [stdout]         return variant == Variant.OTHER;
[INFO] [stdout]     }public static TestEnumInteger ofUnit() {
[INFO] [stdout]         return new TestEnumInteger(Variant.UNIT, null);
[INFO] [stdout]     }
[INFO] [stdout] 
[INFO] [stdout]     public boolean isUnit() {
[INFO] [stdout]         return variant == Variant.UNIT;
[INFO] [stdout]     }public static TestEnumInteger ofList(java.util.List<Integer> arg0) {
[INFO] [stdout]         return new TestEnumInteger(Variant.LIST, new Object[] {
[INFO] [stdout]             arg0
[INFO] [stdout]         });
[INFO] [stdout]     }
[INFO] [stdout] 
[INFO] [stdout]     @SuppressWarnings("unchecked")
[INFO] [stdout]     public java.util.List<Integer> getList() {
[INFO] [stdout]         if (variant != Variant.LIST) {
[INFO] [stdout]             throw new IllegalStateException("Invalid variant: " + variant);
[INFO] [stdout]         }
[INFO] [stdout]         return (java.util.List<Integer>) ((Object[]) value)[0];
[INFO] [stdout]     }
[INFO] [stdout] 
[INFO] [stdout]     public boolean isList() {
[INFO] [stdout]         return variant == Variant.LIST;
[INFO] [stdout]     }public static TestEnumInteger ofNested(TestEnumInteger arg0) {
[INFO] [stdout]         return new TestEnumInteger(Variant.NESTED, new Object[] {
[INFO] [stdout]             arg0
[INFO] [stdout]         });
[INFO] [stdout]     }
[INFO] [stdout] 
[INFO] [stdout]     @SuppressWarnings("unchecked")
[INFO] [stdout]     public TestEnumInteger getNested() {
[INFO] [stdout]         if (variant != Variant.NESTED) {
[INFO] [stdout]             throw new IllegalStateException("Invalid variant: " + variant);
[INFO] [stdout]         }
[INFO] [stdout]         return (TestEnumInteger) ((Object[]) value)[0];
[INFO] [stdout]     }
[INFO] [stdout] 
[INFO] [stdout]     public boolean isNested() {
[INFO] [stdout]         return variant == Variant.NESTED;
[INFO] [stdout]     }
[INFO] [stdout] 
[INFO] [stdout]     public static class Serializer extends StdSerializer<TestEnumInteger> {
[INFO] [stdout]         public Serializer() {
[INFO] [stdout]             super(TestEnumInteger.class);
[INFO] [stdout]         }
[INFO] [stdout] 
[INFO] [stdout]         @Override
[INFO] [stdout]         public void serialize(TestEnumInteger value, JsonGenerator gen, SerializerProvider provider) throws IOException {
[INFO] [stdout]             switch (value.getVariant()) {
[INFO] [stdout]                 case CSV: {
[INFO] [stdout]                     gen.writeStartObject();
[INFO] [stdout]                     gen.writeObjectField("Csv", ((Object[]) value.value)[0]);
[INFO] [stdout]                     gen.writeEndObject();
[INFO] [stdout]                 }
[INFO] [stdout]                 break;case JSON: {
[INFO] [stdout]                     gen.writeStartObject();
[INFO] [stdout]                     gen.writeObjectField("JSON", ((Object[]) value.value)[0]);
[INFO] [stdout]                     gen.writeEndObject();
[INFO] [stdout]                 }
[INFO] [stdout]                 break;case XML: {
[INFO] [stdout]                     gen.writeStartObject();
[INFO] [stdout]                     gen.writeObjectField("XML", value.value);
[INFO] [stdout]                     gen.writeEndObject();
[INFO] [stdout]                 }
[INFO] [stdout]                 break;case YAML: {
[INFO] [stdout]                     gen.writeStartObject();
[INFO] [stdout]                     gen.writeObjectField("YAML", ((Object[]) value.value)[0]);
[INFO] [stdout]                     gen.writeEndObject();
[INFO] [stdout]                 }
[INFO] [stdout]                 break;case OTHER: {
[INFO] [stdout]                     gen.writeStartObject();
[INFO] [stdout]                     gen.writeObjectField("Other", value.value);
[INFO] [stdout]                     gen.writeEndObject();
[INFO] [stdout]                 }
[INFO] [stdout]                 break;case UNIT: {
[INFO] [stdout]                     gen.writeString("Unit");
[INFO] [stdout]                 }
[INFO] [stdout]                 break;case LIST: {
[INFO] [stdout]                     gen.writeStartObject();
[INFO] [stdout]                     gen.writeObjectField("List", ((Object[]) value.value)[0]);
[INFO] [stdout]                     gen.writeEndObject();
[INFO] [stdout]                 }
[INFO] [stdout]                 break;case NESTED: {
[INFO] [stdout]                     gen.writeStartObject();
[INFO] [stdout]                     gen.writeObjectField("Nested", ((Object[]) value.value)[0]);
[INFO] [stdout]                     gen.writeEndObject();
[INFO] [stdout]                 }
[INFO] [stdout]                 break;
[INFO] [stdout]             }
[INFO] [stdout]         }
[INFO] [stdout]     }
[INFO] [stdout] 
[INFO] [stdout]     public static class Deserializer extends StdDeserializer<TestEnumInteger> {
[INFO] [stdout]         public Deserializer() {
[INFO] [stdout]             super(TestEnumInteger.class);
[INFO] [stdout]         }
[INFO] [stdout] 
[INFO] [stdout]         private Object[] parseField(DeserializationContext cxtx, ObjectNode node, String key, TypeReference<?>...types) throws IOException {
[INFO] [stdout]             JsonNode field = node.get(key);
[INFO] [stdout]             if (field == null) {
[INFO] [stdout]                 return new Object[types.length];
[INFO] [stdout]             }
[INFO] [stdout]             if (field.isArray()) {
[INFO] [stdout]                 if (field.size() != types.length) {
[INFO] [stdout]                     throw new JsonParseException(cxtx.getParser(), "Expected array of size " + types.length + " for field " + key);
[INFO] [stdout]                 }
[INFO] [stdout]                 Object[] result = new Object[types.length];
[INFO] [stdout]                 for (int i = 0; i < types.length; i++) {
[INFO] [stdout]                     try (JsonParser parser = field.get(i).traverse(cxtx.getParser().getCodec())) {
[INFO] [stdout]                         result[i] = parser.readValueAs(types[i]);
[INFO] [stdout]                     }
[INFO] [stdout]                 }
[INFO] [stdout]                 return result;
[INFO] [stdout]             } else {
[INFO] [stdout]                 if (types.length != 1) {
[INFO] [stdout]                     throw new JsonParseException(cxtx.getParser(), "Expected array for field " + key);
[INFO] [stdout]                 }
[INFO] [stdout]                 try (JsonParser parser = field.traverse(cxtx.getParser().getCodec())) {
[INFO] [stdout]                     return new Object[]{parser.readValueAs(types[0])};
[INFO] [stdout]                 }
[INFO] [stdout]             }
[INFO] [stdout]         }
[INFO] [stdout] 
[INFO] [stdout]         @Override
[INFO] [stdout]         public TestEnumInteger deserialize(JsonParser p, DeserializationContext ctxt) throws IOException, JacksonException {
[INFO] [stdout] 
[INFO] [stdout]             if (p.currentToken() == JsonToken.VALUE_STRING) {
[INFO] [stdout]                 if (p.getText().equals("Unit")) {
[INFO] [stdout]                     return new TestEnumInteger(Variant.UNIT, null);
[INFO] [stdout]                 }
[INFO] [stdout]             } else if (p.currentToken() == JsonToken.START_OBJECT) {
[INFO] [stdout]                 var node = (ObjectNode) p.getCodec().readTree(p);
[INFO] [stdout]                 if (node.has("Csv")) {
[INFO] [stdout]                     return new TestEnumInteger(Variant.CSV, parseField(ctxt, node, "Csv", new TypeReference<String>(){}));
[INFO] [stdout]                 }if (node.has("JSON")) {
[INFO] [stdout]                     return new TestEnumInteger(Variant.JSON, parseField(ctxt, node, "JSON", new TypeReference<Integer>(){}));
[INFO] [stdout]                 }if (node.has("XML")) {
[INFO] [stdout]                     return new TestEnumInteger(Variant.XML, parseField(ctxt, node, "XML", new TypeReference<Double>(){}, new TypeReference<Integer>(){}));
[INFO] [stdout]                 }if (node.has("YAML")) {
[INFO] [stdout]                     return new TestEnumInteger(Variant.YAML, parseField(ctxt, node, "YAML", new TypeReference<Integer>(){}));
[INFO] [stdout]                 }if (node.has("Other")) {
[INFO] [stdout]                     return new TestEnumInteger(Variant.OTHER, parseField(ctxt, node, "Other", new TypeReference<Other>(){})[0]);
[INFO] [stdout]                 }if (node.has("List")) {
[INFO] [stdout]                     return new TestEnumInteger(Variant.LIST, parseField(ctxt, node, "List", new TypeReference<java.util.List<Integer>>(){}));
[INFO] [stdout]                 }if (node.has("Nested")) {
[INFO] [stdout]                     return new TestEnumInteger(Variant.NESTED, parseField(ctxt, node, "Nested", new TypeReference<TestEnumInteger>(){}));
[INFO] [stdout]                 }
[INFO] [stdout]             }
[INFO] [stdout]             throw ctxt.instantiationException(TestEnumInteger.class, "Cannot deserialize " + "TestEnumInteger");
[INFO] [stdout]         }
[INFO] [stdout]     }
[INFO] [stdout] 
[INFO] [stdout]     public enum Variant {
[INFO] [stdout]         CSV,JSON,XML,YAML,OTHER,UNIT,LIST,NESTED
[INFO] [stdout]     }
[INFO] [stdout] 
[INFO] [stdout]     Variant getVariant() {
[INFO] [stdout]         return variant;
[INFO] [stdout]     }
[INFO] [stdout] }
[INFO] [stdout] Waiting for gradle lock
[INFO] [stdout] Got gradle lock
[INFO] [stdout] Running Java code...
[INFO] [stdout] Creating project directory: /tmp/rdc/b412c357-4cd1-4395-99fa-5142d657db8b
[INFO] [stdout] Writing java...
[INFO] [stdout] Writing build.gradle...
[INFO] [stdout] Writing settings.gradle...
[INFO] [stdout] Writing Utils.java...
[INFO] [stdout] Running command: gradle
[INFO] [stdout] Cleaning up...
[INFO] [stdout] thread 'targets::java::cg_data_enum::tests::enum_derive_test' panicked at src/targets/java/cg_data_enum.rs:329:69:
[INFO] [stdout] called `Result::unwrap()` on an `Err` value: Error { message: "Failed to run command" }
[INFO] [stdout] stack backtrace:
[INFO] [stdout]    0:     0x56323781f3ea - std::backtrace_rs::backtrace::libunwind::trace::h207520d6e9873551
[INFO] [stdout]                                at /rustc/df4ca44d3fbc9301ee17f30f4d474e6ae4b05252/library/std/src/../../backtrace/src/backtrace/libunwind.rs:116:5
[INFO] [stdout]    1:     0x56323781f3ea - std::backtrace_rs::backtrace::trace_unsynchronized::h2ed7433f370e3eca
[INFO] [stdout]                                at /rustc/df4ca44d3fbc9301ee17f30f4d474e6ae4b05252/library/std/src/../../backtrace/src/backtrace/mod.rs:66:5
[INFO] [stdout]    2:     0x56323781f3ea - std::sys::backtrace::_print_fmt::h916fac51166b18d7
[INFO] [stdout]                                at /rustc/df4ca44d3fbc9301ee17f30f4d474e6ae4b05252/library/std/src/sys/backtrace.rs:66:9
[INFO] [stdout]    3:     0x56323781f3ea - <std::sys::backtrace::BacktraceLock::print::DisplayBacktrace as core::fmt::Display>::fmt::ha0a4c9b8ce3802e6
[INFO] [stdout]                                at /rustc/df4ca44d3fbc9301ee17f30f4d474e6ae4b05252/library/std/src/sys/backtrace.rs:39:26
[INFO] [stdout]    4:     0x5632378471e3 - core::fmt::rt::Argument::fmt::h4cfc8587d52b3eb5
[INFO] [stdout]                                at /rustc/df4ca44d3fbc9301ee17f30f4d474e6ae4b05252/library/core/src/fmt/rt.rs:177:76
[INFO] [stdout]    5:     0x5632378471e3 - core::fmt::write::h522cc39e5b36ae9f
[INFO] [stdout]                                at /rustc/df4ca44d3fbc9301ee17f30f4d474e6ae4b05252/library/core/src/fmt/mod.rs:1190:21
[INFO] [stdout]    6:     0x56323781baa3 - std::io::Write::write_fmt::h7d3c26752da97734
[INFO] [stdout]                                at /rustc/df4ca44d3fbc9301ee17f30f4d474e6ae4b05252/library/std/src/io/mod.rs:1839:15
[INFO] [stdout]    7:     0x56323781f232 - std::sys::backtrace::BacktraceLock::print::h4b9e00b29e9c0942
[INFO] [stdout]                                at /rustc/df4ca44d3fbc9301ee17f30f4d474e6ae4b05252/library/std/src/sys/backtrace.rs:42:9
[INFO] [stdout]    8:     0x56323782087a - std::panicking::default_hook::{{closure}}::hb59b88280d0324d9
[INFO] [stdout]                                at /rustc/df4ca44d3fbc9301ee17f30f4d474e6ae4b05252/library/std/src/panicking.rs:268:22
[INFO] [stdout]    9:     0x563237820684 - std::panicking::default_hook::he1dd496665be4a29
[INFO] [stdout]                                at /rustc/df4ca44d3fbc9301ee17f30f4d474e6ae4b05252/library/std/src/panicking.rs:292:9
[INFO] [stdout]   10:     0x5632377ce989 - <alloc::boxed::Box<F,A> as core::ops::function::Fn<Args>>::call::h4ff71de18744e1dc
[INFO] [stdout]                                at /rustc/df4ca44d3fbc9301ee17f30f4d474e6ae4b05252/library/alloc/src/boxed.rs:2468:9
[INFO] [stdout]   11:     0x5632377ce989 - test::test_main::{{closure}}::hcf7c055ce117aa81
[INFO] [stdout]                                at /rustc/df4ca44d3fbc9301ee17f30f4d474e6ae4b05252/library/test/src/lib.rs:133:21
[INFO] [stdout]   12:     0x563237820f78 - <alloc::boxed::Box<F,A> as core::ops::function::Fn<Args>>::call::h1d66c6bbd60c9692
[INFO] [stdout]                                at /rustc/df4ca44d3fbc9301ee17f30f4d474e6ae4b05252/library/alloc/src/boxed.rs:2468:9
[INFO] [stdout]   13:     0x563237820f78 - std::panicking::rust_panic_with_hook::h2ff17fe8f26dfcf8
[INFO] [stdout]                                at /rustc/df4ca44d3fbc9301ee17f30f4d474e6ae4b05252/library/std/src/panicking.rs:809:13
[INFO] [stdout]   14:     0x563237820d3a - std::panicking::begin_panic_handler::{{closure}}::h4fad77951c07e101
[INFO] [stdout]                                at /rustc/df4ca44d3fbc9301ee17f30f4d474e6ae4b05252/library/std/src/panicking.rs:674:13
[INFO] [stdout]   15:     0x56323781f8c9 - std::sys::backtrace::__rust_end_short_backtrace::hb1a25b3da5d0ea08
[INFO] [stdout]                                at /rustc/df4ca44d3fbc9301ee17f30f4d474e6ae4b05252/library/std/src/sys/backtrace.rs:170:18
[INFO] [stdout]   16:     0x5632378209cc - rust_begin_unwind
[INFO] [stdout]                                at /rustc/df4ca44d3fbc9301ee17f30f4d474e6ae4b05252/library/std/src/panicking.rs:665:5
[INFO] [stdout]   17:     0x563237845920 - core::panicking::panic_fmt::ha9db07b529f9b256
[INFO] [stdout]                                at /rustc/df4ca44d3fbc9301ee17f30f4d474e6ae4b05252/library/core/src/panicking.rs:75:14
[INFO] [stdout]   18:     0x563237845d66 - core::result::unwrap_failed::h5e8218e4d4338b8a
[INFO] [stdout]                                at /rustc/df4ca44d3fbc9301ee17f30f4d474e6ae4b05252/library/core/src/result.rs:1698:5
[INFO] [stdout]   19:     0x563237748790 - core::result::Result<T,E>::unwrap::h5cc02df982570db9
[INFO] [stdout]                                at /rustc/df4ca44d3fbc9301ee17f30f4d474e6ae4b05252/library/core/src/result.rs:1103:23
[INFO] [stdout]   20:     0x563237748790 - rdc::targets::java::cg_data_enum::tests::enum_derive_test::hef78ee798a3e31e7
[INFO] [stdout]                                at /opt/rustwide/workdir/src/targets/java/cg_data_enum.rs:329:29
[INFO] [stdout]   21:     0x563237745d47 - rdc::targets::java::cg_data_enum::tests::enum_derive_test::{{closure}}::hb8070eefcc61c9c7
[INFO] [stdout]                                at /opt/rustwide/workdir/src/targets/java/cg_data_enum.rs:280:26
[INFO] [stdout]   22:     0x56323773bd66 - core::ops::function::FnOnce::call_once::h0b2d114f861278f9
[INFO] [stdout]                                at /rustc/df4ca44d3fbc9301ee17f30f4d474e6ae4b05252/library/core/src/ops/function.rs:250:5
[INFO] [stdout]   23:     0x5632377d325b - core::ops::function::FnOnce::call_once::h22c3ba5715e93f05
[INFO] [stdout]                                at /rustc/df4ca44d3fbc9301ee17f30f4d474e6ae4b05252/library/core/src/ops/function.rs:250:5
[INFO] [stdout]   24:     0x5632377d325b - test::__rust_begin_short_backtrace::h8e82d8113d0da17f
[INFO] [stdout]                                at /rustc/df4ca44d3fbc9301ee17f30f4d474e6ae4b05252/library/test/src/lib.rs:621:18
[INFO] [stdout]   25:     0x5632377d2bd7 - test::run_test_in_process::{{closure}}::h33235f4f20b7b7c7
[INFO] [stdout]                                at /rustc/df4ca44d3fbc9301ee17f30f4d474e6ae4b05252/library/test/src/lib.rs:644:60
[INFO] [stdout]   26:     0x5632377d2bd7 - <core::panic::unwind_safe::AssertUnwindSafe<F> as core::ops::function::FnOnce<()>>::call_once::hb5043206310c586f
[INFO] [stdout]                                at /rustc/df4ca44d3fbc9301ee17f30f4d474e6ae4b05252/library/core/src/panic/unwind_safe.rs:272:9
[INFO] [stdout]   27:     0x5632377d2bd7 - std::panicking::try::do_call::h9ad4731a60ab23e2
[INFO] [stdout]                                at /rustc/df4ca44d3fbc9301ee17f30f4d474e6ae4b05252/library/std/src/panicking.rs:557:40
[INFO] [stdout]   28:     0x5632377d2bd7 - std::panicking::try::h3824d23db772a716
[INFO] [stdout]                                at /rustc/df4ca44d3fbc9301ee17f30f4d474e6ae4b05252/library/std/src/panicking.rs:520:19
[INFO] [stdout]   29:     0x5632377d2bd7 - std::panic::catch_unwind::h5afd514605fde46b
[INFO] [stdout]                                at /rustc/df4ca44d3fbc9301ee17f30f4d474e6ae4b05252/library/std/src/panic.rs:358:14
[INFO] [stdout]   30:     0x5632377d2bd7 - test::run_test_in_process::h0d5cbfa7067d1720
[INFO] [stdout]                                at /rustc/df4ca44d3fbc9301ee17f30f4d474e6ae4b05252/library/test/src/lib.rs:644:27
[INFO] [stdout]   31:     0x5632377d2bd7 - test::run_test::{{closure}}::h708eb8872708115d
[INFO] [stdout]                                at /rustc/df4ca44d3fbc9301ee17f30f4d474e6ae4b05252/library/test/src/lib.rs:565:43
[INFO] [stdout]   32:     0x5632377962f4 - test::run_test::{{closure}}::h392c51cee94713ab
[INFO] [stdout]                                at /rustc/df4ca44d3fbc9301ee17f30f4d474e6ae4b05252/library/test/src/lib.rs:595:41
[INFO] [stdout]   33:     0x5632377962f4 - std::sys::backtrace::__rust_begin_short_backtrace::h2f40290710935a8b
[INFO] [stdout]                                at /rustc/df4ca44d3fbc9301ee17f30f4d474e6ae4b05252/library/std/src/sys/backtrace.rs:154:18
[INFO] [stdout]   34:     0x563237799a9e - std::thread::Builder::spawn_unchecked_::{{closure}}::{{closure}}::h3fd968d89053a903
[INFO] [stdout]                                at /rustc/df4ca44d3fbc9301ee17f30f4d474e6ae4b05252/library/std/src/thread/mod.rs:541:17
[INFO] [stdout]   35:     0x563237799a9e - <core::panic::unwind_safe::AssertUnwindSafe<F> as core::ops::function::FnOnce<()>>::call_once::h743f637ba4229880
[INFO] [stdout]                                at /rustc/df4ca44d3fbc9301ee17f30f4d474e6ae4b05252/library/core/src/panic/unwind_safe.rs:272:9
[INFO] [stdout]   36:     0x563237799a9e - std::panicking::try::do_call::h07440897322525a6
[INFO] [stdout]                                at /rustc/df4ca44d3fbc9301ee17f30f4d474e6ae4b05252/library/std/src/panicking.rs:557:40
[INFO] [stdout]   37:     0x563237799a9e - std::panicking::try::he5a2e00188156637
[INFO] [stdout]                                at /rustc/df4ca44d3fbc9301ee17f30f4d474e6ae4b05252/library/std/src/panicking.rs:520:19
[INFO] [stdout]   38:     0x563237799a9e - std::panic::catch_unwind::hbaf3cae49b3c6433
[INFO] [stdout]                                at /rustc/df4ca44d3fbc9301ee17f30f4d474e6ae4b05252/library/std/src/panic.rs:358:14
[INFO] [stdout]   39:     0x563237799a9e - std::thread::Builder::spawn_unchecked_::{{closure}}::h8e141ea224820bce
[INFO] [stdout]                                at /rustc/df4ca44d3fbc9301ee17f30f4d474e6ae4b05252/library/std/src/thread/mod.rs:540:30
[INFO] [stdout]   40:     0x563237799a9e - core::ops::function::FnOnce::call_once{{vtable.shim}}::h90d312fedd7b8ea8
[INFO] [stdout]                                at /rustc/df4ca44d3fbc9301ee17f30f4d474e6ae4b05252/library/core/src/ops/function.rs:250:5
[INFO] [stdout]   41:     0x56323782591b - <alloc::boxed::Box<F,A> as core::ops::function::FnOnce<Args>>::call_once::h69aa08ddb6adb8b6
[INFO] [stdout]                                at /rustc/df4ca44d3fbc9301ee17f30f4d474e6ae4b05252/library/alloc/src/boxed.rs:2454:9
[INFO] [stdout]   42:     0x56323782591b - <alloc::boxed::Box<F,A> as core::ops::function::FnOnce<Args>>::call_once::h5aa36efdb79c806f
[INFO] [stdout]                                at /rustc/df4ca44d3fbc9301ee17f30f4d474e6ae4b05252/library/alloc/src/boxed.rs:2454:9
[INFO] [stdout]   43:     0x56323782591b - std::sys::pal::unix::thread::Thread::new::thread_start::h6cd80a1b4be5158d
[INFO] [stdout]                                at /rustc/df4ca44d3fbc9301ee17f30f4d474e6ae4b05252/library/std/src/sys/pal/unix/thread.rs:105:17
[INFO] [stdout]   44:     0x7da4bcbf7ac3 - <unknown>
[INFO] [stdout]   45:     0x7da4bcc88a04 - clone
[INFO] [stdout]   46:                0x0 - <unknown>
[INFO] [stdout] 
[INFO] [stdout] 
[INFO] [stdout] failures:
[INFO] [stdout]     targets::java::cg_data_enum::tests::enum_derive_test
[INFO] [stdout]     targets::java::cg_enum::tests::enum_derive_test
[INFO] [stdout]     targets::java::cg_struct::tests::struct_derive_test
[INFO] [stdout]     targets::java::tests::project_builder::tests::jackson_test
[INFO] [stdout]     targets::java::tests::project_builder::tests::run_java_test
[INFO] [stdout]     targets::java::tests::project_builder::tests::uppercase_stdin_test
[INFO] [stdout]     targets::java::writer_tests::test_write_java
[INFO] [stdout] 
[INFO] [stdout] test result: FAILED. 6 passed; 7 failed; 0 ignored; 0 measured; 0 filtered out; finished in 0.02s
[INFO] [stdout] 
[INFO] running `Command { std: "docker" "inspect" "90e2a0812a8f19d5bb1633e5ea5720836125d95147519ff04a1d103c7e36f1a9", kill_on_drop: false }`
[INFO] running `Command { std: "docker" "rm" "-f" "90e2a0812a8f19d5bb1633e5ea5720836125d95147519ff04a1d103c7e36f1a9", kill_on_drop: false }`
[INFO] [stdout] 90e2a0812a8f19d5bb1633e5ea5720836125d95147519ff04a1d103c7e36f1a9
