[INFO] fetching crate rayon_logs 0.1.3...
[INFO] testing rayon_logs-0.1.3 against nightly-2024-10-28 for randomize-layout
[INFO] extracting crate rayon_logs 0.1.3 into /workspace/builds/worker-2-tc1/source
[INFO] validating manifest of crates.io crate rayon_logs 0.1.3 on toolchain nightly-2024-10-28
[INFO] running `Command { std: CARGO_HOME="/workspace/cargo-home" RUSTUP_HOME="/workspace/rustup-home" "/workspace/cargo-home/bin/cargo" "+nightly-2024-10-28" "metadata" "--manifest-path" "Cargo.toml" "--no-deps", kill_on_drop: false }`
[INFO] started tweaking crates.io crate rayon_logs 0.1.3
[INFO] finished tweaking crates.io crate rayon_logs 0.1.3
[INFO] tweaked toml for crates.io crate rayon_logs 0.1.3 written to /workspace/builds/worker-2-tc1/source/Cargo.toml
[INFO] crate crates.io crate rayon_logs 0.1.3 already has a lockfile, it will not be regenerated
[INFO] running `Command { std: CARGO_HOME="/workspace/cargo-home" RUSTUP_HOME="/workspace/rustup-home" "/workspace/cargo-home/bin/cargo" "+nightly-2024-10-28" "fetch" "--manifest-path" "Cargo.toml", kill_on_drop: false }`
[INFO] [stderr]     Blocking waiting for file lock on package cache
[INFO] [stderr]     Updating crates.io index
[INFO] [stderr]     Blocking waiting for file lock on package cache
[INFO] [stderr]  Downloading crates ...
[INFO] [stderr]   Downloaded serde v1.0.105
[INFO] [stderr]   Downloaded mmap v0.1.1
[INFO] [stderr]   Downloaded serde_derive v1.0.105
[INFO] [stderr]   Downloaded raw-cpuid v6.1.0
[INFO] [stderr]   Downloaded perfcnt v0.5.0
[INFO] [stderr]   Downloaded x86 v0.19.0
[INFO] running `Command { std: "docker" "create" "-v" "/var/lib/crater-agent-workspace/builds/worker-2-tc1/target:/opt/rustwide/target:rw,Z" "-v" "/var/lib/crater-agent-workspace/builds/worker-2-tc1/source:/opt/rustwide/workdir:ro,Z" "-v" "/var/lib/crater-agent-workspace/cargo-home:/opt/rustwide/cargo-home:ro,Z" "-v" "/var/lib/crater-agent-workspace/rustup-home:/opt/rustwide/rustup-home:ro,Z" "-e" "SOURCE_DIR=/opt/rustwide/workdir" "-e" "CARGO_TARGET_DIR=/opt/rustwide/target" "-e" "CARGO_HOME=/opt/rustwide/cargo-home" "-e" "RUSTUP_HOME=/opt/rustwide/rustup-home" "-w" "/opt/rustwide/workdir" "-m" "1610612736" "--user" "0:0" "--network" "none" "ghcr.io/rust-lang/crates-build-env/linux@sha256:4a844ea9eb2546a2d2c7022eacef16ef2e8229c7fbb2c7d4d55a9ceca922f72d" "/opt/rustwide/cargo-home/bin/cargo" "+nightly-2024-10-28" "metadata" "--no-deps" "--format-version=1", kill_on_drop: false }`
[INFO] [stdout] ff6d1d65eddab57d243ede1b1509fdf6923041aeb4b20713fea87fe62baafe8c
[INFO] running `Command { std: "docker" "start" "-a" "ff6d1d65eddab57d243ede1b1509fdf6923041aeb4b20713fea87fe62baafe8c", kill_on_drop: false }`
[INFO] running `Command { std: "docker" "inspect" "ff6d1d65eddab57d243ede1b1509fdf6923041aeb4b20713fea87fe62baafe8c", kill_on_drop: false }`
[INFO] running `Command { std: "docker" "rm" "-f" "ff6d1d65eddab57d243ede1b1509fdf6923041aeb4b20713fea87fe62baafe8c", kill_on_drop: false }`
[INFO] [stdout] ff6d1d65eddab57d243ede1b1509fdf6923041aeb4b20713fea87fe62baafe8c
[INFO] running `Command { std: "docker" "create" "-v" "/var/lib/crater-agent-workspace/builds/worker-2-tc1/target:/opt/rustwide/target:rw,Z" "-v" "/var/lib/crater-agent-workspace/builds/worker-2-tc1/source:/opt/rustwide/workdir:ro,Z" "-v" "/var/lib/crater-agent-workspace/cargo-home:/opt/rustwide/cargo-home:ro,Z" "-v" "/var/lib/crater-agent-workspace/rustup-home:/opt/rustwide/rustup-home:ro,Z" "-e" "SOURCE_DIR=/opt/rustwide/workdir" "-e" "CARGO_TARGET_DIR=/opt/rustwide/target" "-e" "CARGO_INCREMENTAL=0" "-e" "RUST_BACKTRACE=full" "-e" "RUSTFLAGS=--cap-lints=forbid" "-e" "RUSTDOCFLAGS=--cap-lints=forbid" "-e" "CARGO_HOME=/opt/rustwide/cargo-home" "-e" "RUSTUP_HOME=/opt/rustwide/rustup-home" "-w" "/opt/rustwide/workdir" "-m" "1610612736" "--user" "0:0" "--network" "none" "ghcr.io/rust-lang/crates-build-env/linux@sha256:4a844ea9eb2546a2d2c7022eacef16ef2e8229c7fbb2c7d4d55a9ceca922f72d" "/opt/rustwide/cargo-home/bin/cargo" "+nightly-2024-10-28" "build" "--frozen" "--message-format=json", kill_on_drop: false }`
[INFO] [stdout] efc1f3c3a6789cc4c6248a4cd47d02da6d237595e34b5c27e27ec944f94c8b42
[INFO] running `Command { std: "docker" "start" "-a" "efc1f3c3a6789cc4c6248a4cd47d02da6d237595e34b5c27e27ec944f94c8b42", kill_on_drop: false }`
[INFO] [stderr]    Compiling autocfg v1.0.0
[INFO] [stderr]    Compiling cfg-if v0.1.10
[INFO] [stderr]    Compiling libc v0.2.68
[INFO] [stderr]    Compiling maybe-uninit v2.0.0
[INFO] [stderr]    Compiling lazy_static v1.4.0
[INFO] [stderr]    Compiling getrandom v0.1.14
[INFO] [stderr]    Compiling proc-macro2 v1.0.9
[INFO] [stderr]    Compiling unicode-xid v0.2.0
[INFO] [stderr]    Compiling scopeguard v1.1.0
[INFO] [stderr]    Compiling syn v1.0.17
[INFO] [stderr]    Compiling ryu v1.0.3
[INFO] [stderr]    Compiling rayon-core v1.7.0
[INFO] [stderr]    Compiling serde v1.0.105
[INFO] [stderr]    Compiling either v1.5.3
[INFO] [stderr]    Compiling ppv-lite86 v0.2.6
[INFO] [stderr]    Compiling crossbeam-utils v0.7.2
[INFO] [stderr]    Compiling memoffset v0.5.4
[INFO] [stderr]    Compiling crossbeam-epoch v0.8.2
[INFO] [stderr]    Compiling itoa v0.4.5
[INFO] [stderr]    Compiling itertools v0.9.0
[INFO] [stderr]    Compiling num_cpus v1.12.0
[INFO] [stderr]    Compiling quote v1.0.3
[INFO] [stderr]    Compiling rand_core v0.5.1
[INFO] [stderr]    Compiling crossbeam-queue v0.2.1
[INFO] [stderr]    Compiling rand_chacha v0.2.2
[INFO] [stderr]    Compiling crossbeam-deque v0.7.3
[INFO] [stderr]    Compiling rand v0.7.3
[INFO] [stderr]    Compiling rayon v1.3.0
[INFO] [stderr]    Compiling serde_derive v1.0.105
[INFO] [stderr]    Compiling serde_json v1.0.48
[INFO] [stderr]    Compiling rayon_logs v0.1.3 (/opt/rustwide/workdir)
[INFO] [stdout] warning: methods `read_sequence` and `task` are never used
[INFO] [stdout]   --> src/fork_join_graph.rs:17:8
[INFO] [stdout]    |
[INFO] [stdout] 14 | trait BlockVector {
[INFO] [stdout]    |       ----------- methods in this trait
[INFO] [stdout] ...
[INFO] [stdout] 17 |     fn read_sequence(&self, id: BlockId) -> &Vec<BlockId>;
[INFO] [stdout]    |        ^^^^^^^^^^^^^
[INFO] [stdout] 18 |     fn task(&self, id: BlockId) -> (TaskId, &TaskLog);
[INFO] [stdout]    |        ^^^^
[INFO] [stdout]    |
[INFO] [stdout]    = note: `#[warn(dead_code)]` on by default
[INFO] [stdout] 
[INFO] [stdout] 
[INFO] [stdout] warning: non-local `impl` definition, `impl` blocks should be written at the same level as their item
[INFO] [stdout]   --> src/log.rs:29:17
[INFO] [stdout]    |
[INFO] [stdout] 29 | #[derive(Debug, Serialize, Deserialize, Clone)]
[INFO] [stdout]    |                 ^--------
[INFO] [stdout]    |                 |
[INFO] [stdout]    |                 `Serialize` is not local
[INFO] [stdout]    |                 move the `impl` block outside of this constant `_IMPL_SERIALIZE_FOR_TaskLog`
[INFO] [stdout] 30 | pub struct TaskLog {
[INFO] [stdout]    |            ------- `TaskLog` is not local
[INFO] [stdout]    |
[INFO] [stdout]    = note: the derive macro `Serialize` defines the non-local `impl`, and may need to be changed
[INFO] [stdout]    = note: the derive macro `Serialize` may come from an old version of the `serde_derive` crate, try updating your dependency with `cargo update -p serde_derive`
[INFO] [stdout]    = note: an `impl` is never scoped, even when it is nested inside an item, as it may impact type checking outside of that item, which can be the case if neither the trait or the self type are at the same nesting level as the `impl`
[INFO] [stdout]    = note: items in an anonymous const item (`const _: () = { ... }`) are treated as in the same scope as the anonymous const's declaration for the purpose of this lint
[INFO] [stdout]    = note: `#[warn(non_local_definitions)]` on by default
[INFO] [stdout]    = note: this warning originates in the derive macro `Serialize` (in Nightly builds, run with -Z macro-backtrace for more info)
[INFO] [stdout] 
[INFO] [stdout] 
[INFO] [stdout] warning: non-local `impl` definition, `impl` blocks should be written at the same level as their item
[INFO] [stdout]   --> src/log.rs:29:28
[INFO] [stdout]    |
[INFO] [stdout] 29 | #[derive(Debug, Serialize, Deserialize, Clone)]
[INFO] [stdout]    |                            ^----------
[INFO] [stdout]    |                            |
[INFO] [stdout]    |                            `Deserialize` is not local
[INFO] [stdout]    |                            move the `impl` block outside of this constant `_IMPL_DESERIALIZE_FOR_TaskLog`
[INFO] [stdout] 30 | pub struct TaskLog {
[INFO] [stdout]    |            ------- `TaskLog` is not local
[INFO] [stdout]    |
[INFO] [stdout]    = note: the derive macro `Deserialize` defines the non-local `impl`, and may need to be changed
[INFO] [stdout]    = note: the derive macro `Deserialize` may come from an old version of the `serde_derive` crate, try updating your dependency with `cargo update -p serde_derive`
[INFO] [stdout]    = note: an `impl` is never scoped, even when it is nested inside an item, as it may impact type checking outside of that item, which can be the case if neither the trait or the self type are at the same nesting level as the `impl`
[INFO] [stdout]    = note: items in an anonymous const item (`const _: () = { ... }`) are treated as in the same scope as the anonymous const's declaration for the purpose of this lint
[INFO] [stdout]    = note: this warning originates in the derive macro `Deserialize` (in Nightly builds, run with -Z macro-backtrace for more info)
[INFO] [stdout] 
[INFO] [stdout] 
[INFO] [stdout] warning: non-local `impl` definition, `impl` blocks should be written at the same level as their item
[INFO] [stdout]   --> src/log.rs:52:17
[INFO] [stdout]    |
[INFO] [stdout] 52 | #[derive(Debug, Serialize, Deserialize)]
[INFO] [stdout]    |                 ^--------
[INFO] [stdout]    |                 |
[INFO] [stdout]    |                 `Serialize` is not local
[INFO] [stdout]    |                 move the `impl` block outside of this constant `_IMPL_SERIALIZE_FOR_RunLog`
[INFO] [stdout] 53 | pub struct RunLog {
[INFO] [stdout]    |            ------ `RunLog` is not local
[INFO] [stdout]    |
[INFO] [stdout]    = note: the derive macro `Serialize` defines the non-local `impl`, and may need to be changed
[INFO] [stdout]    = note: the derive macro `Serialize` may come from an old version of the `serde_derive` crate, try updating your dependency with `cargo update -p serde_derive`
[INFO] [stdout]    = note: an `impl` is never scoped, even when it is nested inside an item, as it may impact type checking outside of that item, which can be the case if neither the trait or the self type are at the same nesting level as the `impl`
[INFO] [stdout]    = note: items in an anonymous const item (`const _: () = { ... }`) are treated as in the same scope as the anonymous const's declaration for the purpose of this lint
[INFO] [stdout]    = note: this warning originates in the derive macro `Serialize` (in Nightly builds, run with -Z macro-backtrace for more info)
[INFO] [stdout] 
[INFO] [stdout] 
[INFO] [stdout] warning: non-local `impl` definition, `impl` blocks should be written at the same level as their item
[INFO] [stdout]   --> src/log.rs:52:28
[INFO] [stdout]    |
[INFO] [stdout] 52 | #[derive(Debug, Serialize, Deserialize)]
[INFO] [stdout]    |                            ^----------
[INFO] [stdout]    |                            |
[INFO] [stdout]    |                            `Deserialize` is not local
[INFO] [stdout]    |                            move the `impl` block outside of this constant `_IMPL_DESERIALIZE_FOR_RunLog`
[INFO] [stdout] 53 | pub struct RunLog {
[INFO] [stdout]    |            ------ `RunLog` is not local
[INFO] [stdout]    |
[INFO] [stdout]    = note: the derive macro `Deserialize` defines the non-local `impl`, and may need to be changed
[INFO] [stdout]    = note: the derive macro `Deserialize` may come from an old version of the `serde_derive` crate, try updating your dependency with `cargo update -p serde_derive`
[INFO] [stdout]    = note: an `impl` is never scoped, even when it is nested inside an item, as it may impact type checking outside of that item, which can be the case if neither the trait or the self type are at the same nesting level as the `impl`
[INFO] [stdout]    = note: items in an anonymous const item (`const _: () = { ... }`) are treated as in the same scope as the anonymous const's declaration for the purpose of this lint
[INFO] [stdout]    = note: this warning originates in the derive macro `Deserialize` (in Nightly builds, run with -Z macro-backtrace for more info)
[INFO] [stdout] 
[INFO] [stdout] 
[INFO] [stdout] warning: non-local `impl` definition, `impl` blocks should be written at the same level as their item
[INFO] [stdout]   --> src/raw_events.rs:25:17
[INFO] [stdout]    |
[INFO] [stdout] 25 | #[derive(Debug, Serialize, Deserialize)]
[INFO] [stdout]    |                 ^--------
[INFO] [stdout]    |                 |
[INFO] [stdout]    |                 `Serialize` is not local
[INFO] [stdout]    |                 move the `impl` block outside of this constant `_IMPL_SERIALIZE_FOR_RayonEvent`
[INFO] [stdout] 26 | pub(crate) enum RayonEvent {
[INFO] [stdout]    |                 ---------- `RayonEvent` is not local
[INFO] [stdout]    |
[INFO] [stdout]    = note: the derive macro `Serialize` defines the non-local `impl`, and may need to be changed
[INFO] [stdout]    = note: the derive macro `Serialize` may come from an old version of the `serde_derive` crate, try updating your dependency with `cargo update -p serde_derive`
[INFO] [stdout]    = note: an `impl` is never scoped, even when it is nested inside an item, as it may impact type checking outside of that item, which can be the case if neither the trait or the self type are at the same nesting level as the `impl`
[INFO] [stdout]    = note: items in an anonymous const item (`const _: () = { ... }`) are treated as in the same scope as the anonymous const's declaration for the purpose of this lint
[INFO] [stdout]    = note: this warning originates in the derive macro `Serialize` (in Nightly builds, run with -Z macro-backtrace for more info)
[INFO] [stdout] 
[INFO] [stdout] 
[INFO] [stdout] warning: non-local `impl` definition, `impl` blocks should be written at the same level as their item
[INFO] [stdout]   --> src/raw_events.rs:25:28
[INFO] [stdout]    |
[INFO] [stdout] 25 | #[derive(Debug, Serialize, Deserialize)]
[INFO] [stdout]    |                            ^----------
[INFO] [stdout]    |                            |
[INFO] [stdout]    |                            `Deserialize` is not local
[INFO] [stdout]    |                            move the `impl` block outside of this constant `_IMPL_DESERIALIZE_FOR_RayonEvent`
[INFO] [stdout] 26 | pub(crate) enum RayonEvent {
[INFO] [stdout]    |                 ---------- `RayonEvent` is not local
[INFO] [stdout]    |
[INFO] [stdout]    = note: the derive macro `Deserialize` defines the non-local `impl`, and may need to be changed
[INFO] [stdout]    = note: the derive macro `Deserialize` may come from an old version of the `serde_derive` crate, try updating your dependency with `cargo update -p serde_derive`
[INFO] [stdout]    = note: an `impl` is never scoped, even when it is nested inside an item, as it may impact type checking outside of that item, which can be the case if neither the trait or the self type are at the same nesting level as the `impl`
[INFO] [stdout]    = note: items in an anonymous const item (`const _: () = { ... }`) are treated as in the same scope as the anonymous const's declaration for the purpose of this lint
[INFO] [stdout]    = note: this warning originates in the derive macro `Deserialize` (in Nightly builds, run with -Z macro-backtrace for more info)
[INFO] [stdout] 
[INFO] [stdout] 
[INFO] [stderr]     Finished `dev` profile [unoptimized + debuginfo] target(s) in 21.23s
[INFO] running `Command { std: "docker" "inspect" "efc1f3c3a6789cc4c6248a4cd47d02da6d237595e34b5c27e27ec944f94c8b42", kill_on_drop: false }`
[INFO] running `Command { std: "docker" "rm" "-f" "efc1f3c3a6789cc4c6248a4cd47d02da6d237595e34b5c27e27ec944f94c8b42", kill_on_drop: false }`
[INFO] [stdout] efc1f3c3a6789cc4c6248a4cd47d02da6d237595e34b5c27e27ec944f94c8b42
[INFO] running `Command { std: "docker" "create" "-v" "/var/lib/crater-agent-workspace/builds/worker-2-tc1/target:/opt/rustwide/target:rw,Z" "-v" "/var/lib/crater-agent-workspace/builds/worker-2-tc1/source:/opt/rustwide/workdir:ro,Z" "-v" "/var/lib/crater-agent-workspace/cargo-home:/opt/rustwide/cargo-home:ro,Z" "-v" "/var/lib/crater-agent-workspace/rustup-home:/opt/rustwide/rustup-home:ro,Z" "-e" "SOURCE_DIR=/opt/rustwide/workdir" "-e" "CARGO_TARGET_DIR=/opt/rustwide/target" "-e" "CARGO_INCREMENTAL=0" "-e" "RUST_BACKTRACE=full" "-e" "RUSTFLAGS=--cap-lints=forbid" "-e" "RUSTDOCFLAGS=--cap-lints=forbid" "-e" "CARGO_HOME=/opt/rustwide/cargo-home" "-e" "RUSTUP_HOME=/opt/rustwide/rustup-home" "-w" "/opt/rustwide/workdir" "-m" "1610612736" "--user" "0:0" "--network" "none" "ghcr.io/rust-lang/crates-build-env/linux@sha256:4a844ea9eb2546a2d2c7022eacef16ef2e8229c7fbb2c7d4d55a9ceca922f72d" "/opt/rustwide/cargo-home/bin/cargo" "+nightly-2024-10-28" "test" "--frozen" "--no-run" "--message-format=json", kill_on_drop: false }`
[INFO] [stdout] bbd3831097a233a8b766c4cea21e66229b1ebda2ea0648a407582bb387e189d9
[INFO] running `Command { std: "docker" "start" "-a" "bbd3831097a233a8b766c4cea21e66229b1ebda2ea0648a407582bb387e189d9", kill_on_drop: false }`
[INFO] [stderr]    Compiling byteorder v1.3.4
[INFO] [stderr]    Compiling semver-parser v0.7.0
[INFO] [stderr]    Compiling memchr v2.3.3
[INFO] [stderr]    Compiling bitflags v1.2.1
[INFO] [stderr]    Compiling rand_core v0.4.2
[INFO] [stderr]    Compiling num-traits v0.2.11
[INFO] [stderr]    Compiling unicode-width v0.1.7
[INFO] [stderr]    Compiling itertools v0.8.2
[INFO] [stderr]    Compiling textwrap v0.11.0
[INFO] [stderr]    Compiling rand_core v0.3.1
[INFO] [stderr]    Compiling semver v0.9.0
[INFO] [stderr]    Compiling same-file v1.0.6
[INFO] [stderr]    Compiling csv-core v0.1.10
[INFO] [stderr]    Compiling rustc_version v0.2.3
[INFO] [stderr]    Compiling walkdir v2.3.1
[INFO] [stderr]    Compiling clap v2.33.0
[INFO] [stderr]    Compiling rand_os v0.1.3
[INFO] [stderr]    Compiling regex-automata v0.1.9
[INFO] [stderr]    Compiling cast v0.2.3
[INFO] [stderr]    Compiling rand_xoshiro v0.1.0
[INFO] [stderr]    Compiling tinytemplate v1.0.3
[INFO] [stderr]    Compiling bstr v0.2.12
[INFO] [stderr]    Compiling atty v0.2.14
[INFO] [stderr]    Compiling criterion-plot v0.3.1
[INFO] [stdout] warning: methods `read_sequence` and `task` are never used
[INFO] [stdout]   --> src/fork_join_graph.rs:17:8
[INFO] [stdout]    |
[INFO] [stdout] 14 | trait BlockVector {
[INFO] [stdout]    |       ----------- methods in this trait
[INFO] [stdout] ...
[INFO] [stdout] 17 |     fn read_sequence(&self, id: BlockId) -> &Vec<BlockId>;
[INFO] [stdout]    |        ^^^^^^^^^^^^^
[INFO] [stdout] 18 |     fn task(&self, id: BlockId) -> (TaskId, &TaskLog);
[INFO] [stdout]    |        ^^^^
[INFO] [stdout]    |
[INFO] [stdout]    = note: `#[warn(dead_code)]` on by default
[INFO] [stdout] 
[INFO] [stdout] 
[INFO] [stdout] warning: non-local `impl` definition, `impl` blocks should be written at the same level as their item
[INFO] [stdout]   --> src/log.rs:29:17
[INFO] [stdout]    |
[INFO] [stdout] 29 | #[derive(Debug, Serialize, Deserialize, Clone)]
[INFO] [stdout]    |                 ^--------
[INFO] [stdout]    |                 |
[INFO] [stdout]    |                 `Serialize` is not local
[INFO] [stdout]    |                 move the `impl` block outside of this constant `_IMPL_SERIALIZE_FOR_TaskLog`
[INFO] [stdout] 30 | pub struct TaskLog {
[INFO] [stdout]    |            ------- `TaskLog` is not local
[INFO] [stdout]    |
[INFO] [stdout]    = note: the derive macro `Serialize` defines the non-local `impl`, and may need to be changed
[INFO] [stdout]    = note: the derive macro `Serialize` may come from an old version of the `serde_derive` crate, try updating your dependency with `cargo update -p serde_derive`
[INFO] [stdout]    = note: an `impl` is never scoped, even when it is nested inside an item, as it may impact type checking outside of that item, which can be the case if neither the trait or the self type are at the same nesting level as the `impl`
[INFO] [stdout]    = note: items in an anonymous const item (`const _: () = { ... }`) are treated as in the same scope as the anonymous const's declaration for the purpose of this lint
[INFO] [stdout]    = note: `#[warn(non_local_definitions)]` on by default
[INFO] [stdout]    = note: this warning originates in the derive macro `Serialize` (in Nightly builds, run with -Z macro-backtrace for more info)
[INFO] [stdout] 
[INFO] [stdout] 
[INFO] [stdout] warning: non-local `impl` definition, `impl` blocks should be written at the same level as their item
[INFO] [stdout]   --> src/log.rs:29:28
[INFO] [stdout]    |
[INFO] [stdout] 29 | #[derive(Debug, Serialize, Deserialize, Clone)]
[INFO] [stdout]    |                            ^----------
[INFO] [stdout]    |                            |
[INFO] [stdout]    |                            `Deserialize` is not local
[INFO] [stdout]    |                            move the `impl` block outside of this constant `_IMPL_DESERIALIZE_FOR_TaskLog`
[INFO] [stdout] 30 | pub struct TaskLog {
[INFO] [stdout]    |            ------- `TaskLog` is not local
[INFO] [stdout]    |
[INFO] [stdout]    = note: the derive macro `Deserialize` defines the non-local `impl`, and may need to be changed
[INFO] [stdout]    = note: the derive macro `Deserialize` may come from an old version of the `serde_derive` crate, try updating your dependency with `cargo update -p serde_derive`
[INFO] [stdout]    = note: an `impl` is never scoped, even when it is nested inside an item, as it may impact type checking outside of that item, which can be the case if neither the trait or the self type are at the same nesting level as the `impl`
[INFO] [stdout]    = note: items in an anonymous const item (`const _: () = { ... }`) are treated as in the same scope as the anonymous const's declaration for the purpose of this lint
[INFO] [stdout]    = note: this warning originates in the derive macro `Deserialize` (in Nightly builds, run with -Z macro-backtrace for more info)
[INFO] [stdout] 
[INFO] [stdout] 
[INFO] [stdout] warning: non-local `impl` definition, `impl` blocks should be written at the same level as their item
[INFO] [stdout]   --> src/log.rs:52:17
[INFO] [stdout]    |
[INFO] [stdout] 52 | #[derive(Debug, Serialize, Deserialize)]
[INFO] [stdout]    |                 ^--------
[INFO] [stdout]    |                 |
[INFO] [stdout]    |                 `Serialize` is not local
[INFO] [stdout]    |                 move the `impl` block outside of this constant `_IMPL_SERIALIZE_FOR_RunLog`
[INFO] [stdout] 53 | pub struct RunLog {
[INFO] [stdout]    |            ------ `RunLog` is not local
[INFO] [stdout]    |
[INFO] [stdout]    = note: the derive macro `Serialize` defines the non-local `impl`, and may need to be changed
[INFO] [stdout]    = note: the derive macro `Serialize` may come from an old version of the `serde_derive` crate, try updating your dependency with `cargo update -p serde_derive`
[INFO] [stdout]    = note: an `impl` is never scoped, even when it is nested inside an item, as it may impact type checking outside of that item, which can be the case if neither the trait or the self type are at the same nesting level as the `impl`
[INFO] [stdout]    = note: items in an anonymous const item (`const _: () = { ... }`) are treated as in the same scope as the anonymous const's declaration for the purpose of this lint
[INFO] [stdout]    = note: this warning originates in the derive macro `Serialize` (in Nightly builds, run with -Z macro-backtrace for more info)
[INFO] [stdout] 
[INFO] [stdout] 
[INFO] [stdout] warning: non-local `impl` definition, `impl` blocks should be written at the same level as their item
[INFO] [stdout]   --> src/log.rs:52:28
[INFO] [stdout]    |
[INFO] [stdout] 52 | #[derive(Debug, Serialize, Deserialize)]
[INFO] [stdout]    |                            ^----------
[INFO] [stdout]    |                            |
[INFO] [stdout]    |                            `Deserialize` is not local
[INFO] [stdout]    |                            move the `impl` block outside of this constant `_IMPL_DESERIALIZE_FOR_RunLog`
[INFO] [stdout] 53 | pub struct RunLog {
[INFO] [stdout]    |            ------ `RunLog` is not local
[INFO] [stdout]    |
[INFO] [stdout]    = note: the derive macro `Deserialize` defines the non-local `impl`, and may need to be changed
[INFO] [stdout]    = note: the derive macro `Deserialize` may come from an old version of the `serde_derive` crate, try updating your dependency with `cargo update -p serde_derive`
[INFO] [stdout]    = note: an `impl` is never scoped, even when it is nested inside an item, as it may impact type checking outside of that item, which can be the case if neither the trait or the self type are at the same nesting level as the `impl`
[INFO] [stdout]    = note: items in an anonymous const item (`const _: () = { ... }`) are treated as in the same scope as the anonymous const's declaration for the purpose of this lint
[INFO] [stdout]    = note: this warning originates in the derive macro `Deserialize` (in Nightly builds, run with -Z macro-backtrace for more info)
[INFO] [stdout] 
[INFO] [stdout] 
[INFO] [stdout] warning: non-local `impl` definition, `impl` blocks should be written at the same level as their item
[INFO] [stdout]   --> src/raw_events.rs:25:17
[INFO] [stdout]    |
[INFO] [stdout] 25 | #[derive(Debug, Serialize, Deserialize)]
[INFO] [stdout]    |                 ^--------
[INFO] [stdout]    |                 |
[INFO] [stdout]    |                 `Serialize` is not local
[INFO] [stdout]    |                 move the `impl` block outside of this constant `_IMPL_SERIALIZE_FOR_RayonEvent`
[INFO] [stdout] 26 | pub(crate) enum RayonEvent {
[INFO] [stdout]    |                 ---------- `RayonEvent` is not local
[INFO] [stdout]    |
[INFO] [stdout]    = note: the derive macro `Serialize` defines the non-local `impl`, and may need to be changed
[INFO] [stdout]    = note: the derive macro `Serialize` may come from an old version of the `serde_derive` crate, try updating your dependency with `cargo update -p serde_derive`
[INFO] [stdout]    = note: an `impl` is never scoped, even when it is nested inside an item, as it may impact type checking outside of that item, which can be the case if neither the trait or the self type are at the same nesting level as the `impl`
[INFO] [stdout]    = note: items in an anonymous const item (`const _: () = { ... }`) are treated as in the same scope as the anonymous const's declaration for the purpose of this lint
[INFO] [stdout]    = note: this warning originates in the derive macro `Serialize` (in Nightly builds, run with -Z macro-backtrace for more info)
[INFO] [stdout] 
[INFO] [stdout] 
[INFO] [stdout] warning: non-local `impl` definition, `impl` blocks should be written at the same level as their item
[INFO] [stdout]   --> src/raw_events.rs:25:28
[INFO] [stdout]    |
[INFO] [stdout] 25 | #[derive(Debug, Serialize, Deserialize)]
[INFO] [stdout]    |                            ^----------
[INFO] [stdout]    |                            |
[INFO] [stdout]    |                            `Deserialize` is not local
[INFO] [stdout]    |                            move the `impl` block outside of this constant `_IMPL_DESERIALIZE_FOR_RayonEvent`
[INFO] [stdout] 26 | pub(crate) enum RayonEvent {
[INFO] [stdout]    |                 ---------- `RayonEvent` is not local
[INFO] [stdout]    |
[INFO] [stdout]    = note: the derive macro `Deserialize` defines the non-local `impl`, and may need to be changed
[INFO] [stdout]    = note: the derive macro `Deserialize` may come from an old version of the `serde_derive` crate, try updating your dependency with `cargo update -p serde_derive`
[INFO] [stdout]    = note: an `impl` is never scoped, even when it is nested inside an item, as it may impact type checking outside of that item, which can be the case if neither the trait or the self type are at the same nesting level as the `impl`
[INFO] [stdout]    = note: items in an anonymous const item (`const _: () = { ... }`) are treated as in the same scope as the anonymous const's declaration for the purpose of this lint
[INFO] [stdout]    = note: this warning originates in the derive macro `Deserialize` (in Nightly builds, run with -Z macro-backtrace for more info)
[INFO] [stdout] 
[INFO] [stdout] 
[INFO] [stderr]    Compiling csv v1.1.3
[INFO] [stderr]    Compiling criterion v0.2.11
[INFO] [stderr]    Compiling rayon_logs v0.1.3 (/opt/rustwide/workdir)
[INFO] [stdout] warning: methods `read_sequence` and `task` are never used
[INFO] [stdout]   --> src/fork_join_graph.rs:17:8
[INFO] [stdout]    |
[INFO] [stdout] 14 | trait BlockVector {
[INFO] [stdout]    |       ----------- methods in this trait
[INFO] [stdout] ...
[INFO] [stdout] 17 |     fn read_sequence(&self, id: BlockId) -> &Vec<BlockId>;
[INFO] [stdout]    |        ^^^^^^^^^^^^^
[INFO] [stdout] 18 |     fn task(&self, id: BlockId) -> (TaskId, &TaskLog);
[INFO] [stdout]    |        ^^^^
[INFO] [stdout]    |
[INFO] [stdout]    = note: `#[warn(dead_code)]` on by default
[INFO] [stdout] 
[INFO] [stdout] 
[INFO] [stdout] warning: non-local `impl` definition, `impl` blocks should be written at the same level as their item
[INFO] [stdout]   --> src/log.rs:29:17
[INFO] [stdout]    |
[INFO] [stdout] 29 | #[derive(Debug, Serialize, Deserialize, Clone)]
[INFO] [stdout]    |                 ^--------
[INFO] [stdout]    |                 |
[INFO] [stdout]    |                 `Serialize` is not local
[INFO] [stdout]    |                 move the `impl` block outside of this constant `_IMPL_SERIALIZE_FOR_TaskLog`
[INFO] [stdout] 30 | pub struct TaskLog {
[INFO] [stdout]    |            ------- `TaskLog` is not local
[INFO] [stdout]    |
[INFO] [stdout]    = note: the derive macro `Serialize` defines the non-local `impl`, and may need to be changed
[INFO] [stdout]    = note: the derive macro `Serialize` may come from an old version of the `serde_derive` crate, try updating your dependency with `cargo update -p serde_derive`
[INFO] [stdout]    = note: an `impl` is never scoped, even when it is nested inside an item, as it may impact type checking outside of that item, which can be the case if neither the trait or the self type are at the same nesting level as the `impl`
[INFO] [stdout]    = note: items in an anonymous const item (`const _: () = { ... }`) are treated as in the same scope as the anonymous const's declaration for the purpose of this lint
[INFO] [stdout]    = note: `#[warn(non_local_definitions)]` on by default
[INFO] [stdout]    = note: this warning originates in the derive macro `Serialize` (in Nightly builds, run with -Z macro-backtrace for more info)
[INFO] [stdout] 
[INFO] [stdout] 
[INFO] [stdout] warning: non-local `impl` definition, `impl` blocks should be written at the same level as their item
[INFO] [stdout]   --> src/log.rs:29:28
[INFO] [stdout]    |
[INFO] [stdout] 29 | #[derive(Debug, Serialize, Deserialize, Clone)]
[INFO] [stdout]    |                            ^----------
[INFO] [stdout]    |                            |
[INFO] [stdout]    |                            `Deserialize` is not local
[INFO] [stdout]    |                            move the `impl` block outside of this constant `_IMPL_DESERIALIZE_FOR_TaskLog`
[INFO] [stdout] 30 | pub struct TaskLog {
[INFO] [stdout]    |            ------- `TaskLog` is not local
[INFO] [stdout]    |
[INFO] [stdout]    = note: the derive macro `Deserialize` defines the non-local `impl`, and may need to be changed
[INFO] [stdout]    = note: the derive macro `Deserialize` may come from an old version of the `serde_derive` crate, try updating your dependency with `cargo update -p serde_derive`
[INFO] [stdout]    = note: an `impl` is never scoped, even when it is nested inside an item, as it may impact type checking outside of that item, which can be the case if neither the trait or the self type are at the same nesting level as the `impl`
[INFO] [stdout]    = note: items in an anonymous const item (`const _: () = { ... }`) are treated as in the same scope as the anonymous const's declaration for the purpose of this lint
[INFO] [stdout]    = note: this warning originates in the derive macro `Deserialize` (in Nightly builds, run with -Z macro-backtrace for more info)
[INFO] [stdout] 
[INFO] [stdout] 
[INFO] [stdout] warning: non-local `impl` definition, `impl` blocks should be written at the same level as their item
[INFO] [stdout]   --> src/log.rs:52:17
[INFO] [stdout]    |
[INFO] [stdout] 52 | #[derive(Debug, Serialize, Deserialize)]
[INFO] [stdout]    |                 ^--------
[INFO] [stdout]    |                 |
[INFO] [stdout]    |                 `Serialize` is not local
[INFO] [stdout]    |                 move the `impl` block outside of this constant `_IMPL_SERIALIZE_FOR_RunLog`
[INFO] [stdout] 53 | pub struct RunLog {
[INFO] [stdout]    |            ------ `RunLog` is not local
[INFO] [stdout]    |
[INFO] [stdout]    = note: the derive macro `Serialize` defines the non-local `impl`, and may need to be changed
[INFO] [stdout]    = note: the derive macro `Serialize` may come from an old version of the `serde_derive` crate, try updating your dependency with `cargo update -p serde_derive`
[INFO] [stdout]    = note: an `impl` is never scoped, even when it is nested inside an item, as it may impact type checking outside of that item, which can be the case if neither the trait or the self type are at the same nesting level as the `impl`
[INFO] [stdout]    = note: items in an anonymous const item (`const _: () = { ... }`) are treated as in the same scope as the anonymous const's declaration for the purpose of this lint
[INFO] [stdout]    = note: this warning originates in the derive macro `Serialize` (in Nightly builds, run with -Z macro-backtrace for more info)
[INFO] [stdout] 
[INFO] [stdout] 
[INFO] [stdout] warning: non-local `impl` definition, `impl` blocks should be written at the same level as their item
[INFO] [stdout]   --> src/log.rs:52:28
[INFO] [stdout]    |
[INFO] [stdout] 52 | #[derive(Debug, Serialize, Deserialize)]
[INFO] [stdout]    |                            ^----------
[INFO] [stdout]    |                            |
[INFO] [stdout]    |                            `Deserialize` is not local
[INFO] [stdout]    |                            move the `impl` block outside of this constant `_IMPL_DESERIALIZE_FOR_RunLog`
[INFO] [stdout] 53 | pub struct RunLog {
[INFO] [stdout]    |            ------ `RunLog` is not local
[INFO] [stdout]    |
[INFO] [stdout]    = note: the derive macro `Deserialize` defines the non-local `impl`, and may need to be changed
[INFO] [stdout]    = note: the derive macro `Deserialize` may come from an old version of the `serde_derive` crate, try updating your dependency with `cargo update -p serde_derive`
[INFO] [stdout]    = note: an `impl` is never scoped, even when it is nested inside an item, as it may impact type checking outside of that item, which can be the case if neither the trait or the self type are at the same nesting level as the `impl`
[INFO] [stdout]    = note: items in an anonymous const item (`const _: () = { ... }`) are treated as in the same scope as the anonymous const's declaration for the purpose of this lint
[INFO] [stdout]    = note: this warning originates in the derive macro `Deserialize` (in Nightly builds, run with -Z macro-backtrace for more info)
[INFO] [stdout] 
[INFO] [stdout] 
[INFO] [stdout] warning: non-local `impl` definition, `impl` blocks should be written at the same level as their item
[INFO] [stdout]   --> src/raw_events.rs:25:17
[INFO] [stdout]    |
[INFO] [stdout] 25 | #[derive(Debug, Serialize, Deserialize)]
[INFO] [stdout]    |                 ^--------
[INFO] [stdout]    |                 |
[INFO] [stdout]    |                 `Serialize` is not local
[INFO] [stdout]    |                 move the `impl` block outside of this constant `_IMPL_SERIALIZE_FOR_RayonEvent`
[INFO] [stdout] 26 | pub(crate) enum RayonEvent {
[INFO] [stdout]    |                 ---------- `RayonEvent` is not local
[INFO] [stdout]    |
[INFO] [stdout]    = note: the derive macro `Serialize` defines the non-local `impl`, and may need to be changed
[INFO] [stdout]    = note: the derive macro `Serialize` may come from an old version of the `serde_derive` crate, try updating your dependency with `cargo update -p serde_derive`
[INFO] [stdout]    = note: an `impl` is never scoped, even when it is nested inside an item, as it may impact type checking outside of that item, which can be the case if neither the trait or the self type are at the same nesting level as the `impl`
[INFO] [stdout]    = note: items in an anonymous const item (`const _: () = { ... }`) are treated as in the same scope as the anonymous const's declaration for the purpose of this lint
[INFO] [stdout]    = note: this warning originates in the derive macro `Serialize` (in Nightly builds, run with -Z macro-backtrace for more info)
[INFO] [stdout] 
[INFO] [stdout] 
[INFO] [stdout] warning: non-local `impl` definition, `impl` blocks should be written at the same level as their item
[INFO] [stdout]   --> src/raw_events.rs:25:28
[INFO] [stdout]    |
[INFO] [stdout] 25 | #[derive(Debug, Serialize, Deserialize)]
[INFO] [stdout]    |                            ^----------
[INFO] [stdout]    |                            |
[INFO] [stdout]    |                            `Deserialize` is not local
[INFO] [stdout]    |                            move the `impl` block outside of this constant `_IMPL_DESERIALIZE_FOR_RayonEvent`
[INFO] [stdout] 26 | pub(crate) enum RayonEvent {
[INFO] [stdout]    |                 ---------- `RayonEvent` is not local
[INFO] [stdout]    |
[INFO] [stdout]    = note: the derive macro `Deserialize` defines the non-local `impl`, and may need to be changed
[INFO] [stdout]    = note: the derive macro `Deserialize` may come from an old version of the `serde_derive` crate, try updating your dependency with `cargo update -p serde_derive`
[INFO] [stdout]    = note: an `impl` is never scoped, even when it is nested inside an item, as it may impact type checking outside of that item, which can be the case if neither the trait or the self type are at the same nesting level as the `impl`
[INFO] [stdout]    = note: items in an anonymous const item (`const _: () = { ... }`) are treated as in the same scope as the anonymous const's declaration for the purpose of this lint
[INFO] [stdout]    = note: this warning originates in the derive macro `Deserialize` (in Nightly builds, run with -Z macro-backtrace for more info)
[INFO] [stdout] 
[INFO] [stdout] 
[INFO] [stderr]     Finished `test` profile [unoptimized + debuginfo] target(s) in 23.12s
[INFO] [stderr] warning: the following packages contain code that will be rejected by a future version of Rust: criterion v0.2.11
[INFO] [stderr] note: to see what the problems were, use the option `--future-incompat-report`, or run `cargo report future-incompatibilities --id 1`
[INFO] running `Command { std: "docker" "inspect" "bbd3831097a233a8b766c4cea21e66229b1ebda2ea0648a407582bb387e189d9", kill_on_drop: false }`
[INFO] running `Command { std: "docker" "rm" "-f" "bbd3831097a233a8b766c4cea21e66229b1ebda2ea0648a407582bb387e189d9", kill_on_drop: false }`
[INFO] [stdout] bbd3831097a233a8b766c4cea21e66229b1ebda2ea0648a407582bb387e189d9
[INFO] running `Command { std: "docker" "create" "-v" "/var/lib/crater-agent-workspace/builds/worker-2-tc1/target:/opt/rustwide/target:rw,Z" "-v" "/var/lib/crater-agent-workspace/builds/worker-2-tc1/source:/opt/rustwide/workdir:ro,Z" "-v" "/var/lib/crater-agent-workspace/cargo-home:/opt/rustwide/cargo-home:ro,Z" "-v" "/var/lib/crater-agent-workspace/rustup-home:/opt/rustwide/rustup-home:ro,Z" "-e" "SOURCE_DIR=/opt/rustwide/workdir" "-e" "CARGO_TARGET_DIR=/opt/rustwide/target" "-e" "CARGO_INCREMENTAL=0" "-e" "RUST_BACKTRACE=full" "-e" "RUSTFLAGS=--cap-lints=forbid" "-e" "RUSTDOCFLAGS=--cap-lints=forbid" "-e" "CARGO_HOME=/opt/rustwide/cargo-home" "-e" "RUSTUP_HOME=/opt/rustwide/rustup-home" "-w" "/opt/rustwide/workdir" "-m" "1610612736" "--user" "0:0" "--network" "none" "ghcr.io/rust-lang/crates-build-env/linux@sha256:4a844ea9eb2546a2d2c7022eacef16ef2e8229c7fbb2c7d4d55a9ceca922f72d" "/opt/rustwide/cargo-home/bin/cargo" "+nightly-2024-10-28" "test" "--frozen", kill_on_drop: false }`
[INFO] [stdout] f5b22a046efb01f6fe7ed568d4132162d125b8348b08c8a24cfed209d03c3314
[INFO] running `Command { std: "docker" "start" "-a" "f5b22a046efb01f6fe7ed568d4132162d125b8348b08c8a24cfed209d03c3314", kill_on_drop: false }`
[INFO] [stderr] warning: methods `read_sequence` and `task` are never used
[INFO] [stderr]   --> src/fork_join_graph.rs:17:8
[INFO] [stderr]    |
[INFO] [stderr] 14 | trait BlockVector {
[INFO] [stderr]    |       ----------- methods in this trait
[INFO] [stderr] ...
[INFO] [stderr] 17 |     fn read_sequence(&self, id: BlockId) -> &Vec<BlockId>;
[INFO] [stderr]    |        ^^^^^^^^^^^^^
[INFO] [stderr] 18 |     fn task(&self, id: BlockId) -> (TaskId, &TaskLog);
[INFO] [stderr]    |        ^^^^
[INFO] [stderr]    |
[INFO] [stderr]    = note: `#[warn(dead_code)]` on by default
[INFO] [stderr] 
[INFO] [stderr] warning: non-local `impl` definition, `impl` blocks should be written at the same level as their item
[INFO] [stderr]   --> src/log.rs:29:17
[INFO] [stderr]    |
[INFO] [stderr] 29 | #[derive(Debug, Serialize, Deserialize, Clone)]
[INFO] [stderr]    |                 ^--------
[INFO] [stderr]    |                 |
[INFO] [stderr]    |                 `Serialize` is not local
[INFO] [stderr]    |                 move the `impl` block outside of this constant `_IMPL_SERIALIZE_FOR_TaskLog`
[INFO] [stderr] 30 | pub struct TaskLog {
[INFO] [stderr]    |            ------- `TaskLog` is not local
[INFO] [stderr]    |
[INFO] [stderr]    = note: the derive macro `Serialize` defines the non-local `impl`, and may need to be changed
[INFO] [stderr]    = note: the derive macro `Serialize` may come from an old version of the `serde_derive` crate, try updating your dependency with `cargo update -p serde_derive`
[INFO] [stderr]    = note: an `impl` is never scoped, even when it is nested inside an item, as it may impact type checking outside of that item, which can be the case if neither the trait or the self type are at the same nesting level as the `impl`
[INFO] [stderr]    = note: items in an anonymous const item (`const _: () = { ... }`) are treated as in the same scope as the anonymous const's declaration for the purpose of this lint
[INFO] [stderr]    = note: `#[warn(non_local_definitions)]` on by default
[INFO] [stderr]    = note: this warning originates in the derive macro `Serialize` (in Nightly builds, run with -Z macro-backtrace for more info)
[INFO] [stderr] 
[INFO] [stderr] warning: non-local `impl` definition, `impl` blocks should be written at the same level as their item
[INFO] [stderr]   --> src/log.rs:29:28
[INFO] [stderr]    |
[INFO] [stderr] 29 | #[derive(Debug, Serialize, Deserialize, Clone)]
[INFO] [stderr]    |                            ^----------
[INFO] [stderr]    |                            |
[INFO] [stderr]    |                            `Deserialize` is not local
[INFO] [stderr]    |                            move the `impl` block outside of this constant `_IMPL_DESERIALIZE_FOR_TaskLog`
[INFO] [stderr] 30 | pub struct TaskLog {
[INFO] [stderr]    |            ------- `TaskLog` is not local
[INFO] [stderr]    |
[INFO] [stderr]    = note: the derive macro `Deserialize` defines the non-local `impl`, and may need to be changed
[INFO] [stderr]    = note: the derive macro `Deserialize` may come from an old version of the `serde_derive` crate, try updating your dependency with `cargo update -p serde_derive`
[INFO] [stderr]    = note: an `impl` is never scoped, even when it is nested inside an item, as it may impact type checking outside of that item, which can be the case if neither the trait or the self type are at the same nesting level as the `impl`
[INFO] [stderr]    = note: items in an anonymous const item (`const _: () = { ... }`) are treated as in the same scope as the anonymous const's declaration for the purpose of this lint
[INFO] [stderr]    = note: this warning originates in the derive macro `Deserialize` (in Nightly builds, run with -Z macro-backtrace for more info)
[INFO] [stderr] 
[INFO] [stderr] warning: non-local `impl` definition, `impl` blocks should be written at the same level as their item
[INFO] [stderr]   --> src/log.rs:52:17
[INFO] [stderr]    |
[INFO] [stderr] 52 | #[derive(Debug, Serialize, Deserialize)]
[INFO] [stderr]    |                 ^--------
[INFO] [stderr]    |                 |
[INFO] [stderr]    |                 `Serialize` is not local
[INFO] [stderr]    |                 move the `impl` block outside of this constant `_IMPL_SERIALIZE_FOR_RunLog`
[INFO] [stderr] 53 | pub struct RunLog {
[INFO] [stderr]    |            ------ `RunLog` is not local
[INFO] [stderr]    |
[INFO] [stderr]    = note: the derive macro `Serialize` defines the non-local `impl`, and may need to be changed
[INFO] [stderr]    = note: the derive macro `Serialize` may come from an old version of the `serde_derive` crate, try updating your dependency with `cargo update -p serde_derive`
[INFO] [stderr]    = note: an `impl` is never scoped, even when it is nested inside an item, as it may impact type checking outside of that item, which can be the case if neither the trait or the self type are at the same nesting level as the `impl`
[INFO] [stderr]    = note: items in an anonymous const item (`const _: () = { ... }`) are treated as in the same scope as the anonymous const's declaration for the purpose of this lint
[INFO] [stderr]    = note: this warning originates in the derive macro `Serialize` (in Nightly builds, run with -Z macro-backtrace for more info)
[INFO] [stderr] 
[INFO] [stderr] warning: non-local `impl` definition, `impl` blocks should be written at the same level as their item
[INFO] [stderr]   --> src/log.rs:52:28
[INFO] [stderr]    |
[INFO] [stderr] 52 | #[derive(Debug, Serialize, Deserialize)]
[INFO] [stderr]    |                            ^----------
[INFO] [stderr]    |                            |
[INFO] [stderr]    |                            `Deserialize` is not local
[INFO] [stderr]    |                            move the `impl` block outside of this constant `_IMPL_DESERIALIZE_FOR_RunLog`
[INFO] [stderr] 53 | pub struct RunLog {
[INFO] [stderr]    |            ------ `RunLog` is not local
[INFO] [stderr]    |
[INFO] [stderr]    = note: the derive macro `Deserialize` defines the non-local `impl`, and may need to be changed
[INFO] [stderr]    = note: the derive macro `Deserialize` may come from an old version of the `serde_derive` crate, try updating your dependency with `cargo update -p serde_derive`
[INFO] [stderr]    = note: an `impl` is never scoped, even when it is nested inside an item, as it may impact type checking outside of that item, which can be the case if neither the trait or the self type are at the same nesting level as the `impl`
[INFO] [stderr]    = note: items in an anonymous const item (`const _: () = { ... }`) are treated as in the same scope as the anonymous const's declaration for the purpose of this lint
[INFO] [stderr]    = note: this warning originates in the derive macro `Deserialize` (in Nightly builds, run with -Z macro-backtrace for more info)
[INFO] [stderr] 
[INFO] [stderr] warning: non-local `impl` definition, `impl` blocks should be written at the same level as their item
[INFO] [stderr]   --> src/raw_events.rs:25:17
[INFO] [stderr]    |
[INFO] [stderr] 25 | #[derive(Debug, Serialize, Deserialize)]
[INFO] [stderr]    |                 ^--------
[INFO] [stderr]    |                 |
[INFO] [stderr]    |                 `Serialize` is not local
[INFO] [stderr]    |                 move the `impl` block outside of this constant `_IMPL_SERIALIZE_FOR_RayonEvent`
[INFO] [stderr] 26 | pub(crate) enum RayonEvent {
[INFO] [stderr]    |                 ---------- `RayonEvent` is not local
[INFO] [stderr]    |
[INFO] [stderr]    = note: the derive macro `Serialize` defines the non-local `impl`, and may need to be changed
[INFO] [stderr]    = note: the derive macro `Serialize` may come from an old version of the `serde_derive` crate, try updating your dependency with `cargo update -p serde_derive`
[INFO] [stderr]    = note: an `impl` is never scoped, even when it is nested inside an item, as it may impact type checking outside of that item, which can be the case if neither the trait or the self type are at the same nesting level as the `impl`
[INFO] [stderr]    = note: items in an anonymous const item (`const _: () = { ... }`) are treated as in the same scope as the anonymous const's declaration for the purpose of this lint
[INFO] [stderr]    = note: this warning originates in the derive macro `Serialize` (in Nightly builds, run with -Z macro-backtrace for more info)
[INFO] [stderr] 
[INFO] [stderr] warning: non-local `impl` definition, `impl` blocks should be written at the same level as their item
[INFO] [stderr]   --> src/raw_events.rs:25:28
[INFO] [stderr]    |
[INFO] [stderr] 25 | #[derive(Debug, Serialize, Deserialize)]
[INFO] [stderr]    |                            ^----------
[INFO] [stderr]    |                            |
[INFO] [stderr]    |                            `Deserialize` is not local
[INFO] [stderr]    |                            move the `impl` block outside of this constant `_IMPL_DESERIALIZE_FOR_RayonEvent`
[INFO] [stderr] 26 | pub(crate) enum RayonEvent {
[INFO] [stderr]    |                 ---------- `RayonEvent` is not local
[INFO] [stderr]    |
[INFO] [stderr]    = note: the derive macro `Deserialize` defines the non-local `impl`, and may need to be changed
[INFO] [stderr]    = note: the derive macro `Deserialize` may come from an old version of the `serde_derive` crate, try updating your dependency with `cargo update -p serde_derive`
[INFO] [stderr]    = note: an `impl` is never scoped, even when it is nested inside an item, as it may impact type checking outside of that item, which can be the case if neither the trait or the self type are at the same nesting level as the `impl`
[INFO] [stderr]    = note: items in an anonymous const item (`const _: () = { ... }`) are treated as in the same scope as the anonymous const's declaration for the purpose of this lint
[INFO] [stderr]    = note: this warning originates in the derive macro `Deserialize` (in Nightly builds, run with -Z macro-backtrace for more info)
[INFO] [stderr] 
[INFO] [stderr] warning: `rayon_logs` (lib) generated 7 warnings
[INFO] [stderr] warning: `rayon_logs` (lib test) generated 7 warnings (7 duplicates)
[INFO] [stderr]     Finished `test` profile [unoptimized + debuginfo] target(s) in 0.17s
[INFO] [stderr] warning: the following packages contain code that will be rejected by a future version of Rust: criterion v0.2.11
[INFO] [stderr] note: to see what the problems were, use the option `--future-incompat-report`, or run `cargo report future-incompatibilities --id 1`
[INFO] [stderr]      Running unittests src/lib.rs (/opt/rustwide/target/debug/deps/rayon_logs-dfc9a4860ec5d5e1)
[INFO] [stdout] 
[INFO] [stdout] running 0 tests
[INFO] [stdout] 
[INFO] [stdout] test result: ok. 0 passed; 0 failed; 0 ignored; 0 measured; 0 filtered out; finished in 0.00s
[INFO] [stdout] 
[INFO] [stdout] 
[INFO] [stdout] running 0 tests
[INFO] [stdout] 
[INFO] [stdout] test result: ok. 0 passed; 0 failed; 0 ignored; 0 measured; 0 filtered out; finished in 0.00s
[INFO] [stdout] 
[INFO] [stderr]      Running unittests src/bin/json2svg.rs (/opt/rustwide/target/debug/deps/json2svg-e2c63e85006e4bcf)
[INFO] [stderr]    Doc-tests rayon_logs
[INFO] [stdout] 
[INFO] [stdout] running 11 tests
[INFO] [stdout] test src/pool.rs - pool::join (line 411) ... ok
[INFO] [stdout] test src/prelude.rs - prelude::IntoParallelIterator::into_par_iter (line 68) ... ok
[INFO] [stdout] test src/prelude.rs - prelude::IntoParallelRefMutIterator::par_iter_mut (line 103) ... ok
[INFO] [stdout] test src/prelude.rs - prelude::IntoParallelIterator::into_par_iter (line 58) ... ok
[INFO] [stdout] test src/prelude.rs - prelude::IntoParallelRefIterator::par_iter (line 24) ... ok
[INFO] [stdout] test src/rayon_algorithms/slice/mod.rs - rayon_algorithms::slice::ParallelSliceMut::par_sort (line 40) ... ok
[INFO] [stdout] test src/scope.rs - scope::Scope<'scope>::spawn (line 33) ... ok
[INFO] [stdout] test src/lib.rs - (line 26) ... FAILED
[INFO] [stdout] test src/pool.rs - pool::subgraph (line 67) ... FAILED
[INFO] [stdout] test src/rayon_algorithms/slice/mod.rs - rayon_algorithms::slice::ParallelSliceMut::par_sort_by_key (line 125) ... ok
[INFO] [stdout] test src/rayon_algorithms/slice/mod.rs - rayon_algorithms::slice::ParallelSliceMut::par_sort_by (line 80) ... ok
[INFO] [stdout] 
[INFO] [stdout] failures:
[INFO] [stdout] 
[INFO] [stdout] ---- src/lib.rs - (line 26) stdout ----
[INFO] [stdout] Test executable failed (exit status: 101).
[INFO] [stdout] 
[INFO] [stdout] stderr:
[INFO] [stdout] thread 'main' panicked at /opt/rustwide/workdir/src/pool.rs:567:10:
[INFO] [stdout] saving json failed: Os { code: 30, kind: ReadOnlyFilesystem, message: "Read-only file system" }
[INFO] [stdout] stack backtrace:
[INFO] [stdout]    0:     0x5f215362f6ea - std::backtrace_rs::backtrace::libunwind::trace::h207520d6e9873551
[INFO] [stdout]                                at /rustc/df4ca44d3fbc9301ee17f30f4d474e6ae4b05252/library/std/src/../../backtrace/src/backtrace/libunwind.rs:116:5
[INFO] [stdout]    1:     0x5f215362f6ea - std::backtrace_rs::backtrace::trace_unsynchronized::h2ed7433f370e3eca
[INFO] [stdout]                                at /rustc/df4ca44d3fbc9301ee17f30f4d474e6ae4b05252/library/std/src/../../backtrace/src/backtrace/mod.rs:66:5
[INFO] [stdout]    2:     0x5f215362f6ea - std::sys::backtrace::_print_fmt::h916fac51166b18d7
[INFO] [stdout]                                at /rustc/df4ca44d3fbc9301ee17f30f4d474e6ae4b05252/library/std/src/sys/backtrace.rs:66:9
[INFO] [stdout]    3:     0x5f215362f6ea - <std::sys::backtrace::BacktraceLock::print::DisplayBacktrace as core::fmt::Display>::fmt::ha0a4c9b8ce3802e6
[INFO] [stdout]                                at /rustc/df4ca44d3fbc9301ee17f30f4d474e6ae4b05252/library/std/src/sys/backtrace.rs:39:26
[INFO] [stdout]    4:     0x5f215364cea3 - core::fmt::rt::Argument::fmt::h4cfc8587d52b3eb5
[INFO] [stdout]                                at /rustc/df4ca44d3fbc9301ee17f30f4d474e6ae4b05252/library/core/src/fmt/rt.rs:177:76
[INFO] [stdout]    5:     0x5f215364cea3 - core::fmt::write::h522cc39e5b36ae9f
[INFO] [stdout]                                at /rustc/df4ca44d3fbc9301ee17f30f4d474e6ae4b05252/library/core/src/fmt/mod.rs:1190:21
[INFO] [stdout]    6:     0x5f215362cf33 - std::io::Write::write_fmt::hf1c1dcc8cc1287f0
[INFO] [stdout]                                at /rustc/df4ca44d3fbc9301ee17f30f4d474e6ae4b05252/library/std/src/io/mod.rs:1839:15
[INFO] [stdout]    7:     0x5f215362f532 - std::sys::backtrace::BacktraceLock::print::h4b9e00b29e9c0942
[INFO] [stdout]                                at /rustc/df4ca44d3fbc9301ee17f30f4d474e6ae4b05252/library/std/src/sys/backtrace.rs:42:9
[INFO] [stdout]    8:     0x5f21536304fc - std::panicking::default_hook::{{closure}}::hb59b88280d0324d9
[INFO] [stdout]                                at /rustc/df4ca44d3fbc9301ee17f30f4d474e6ae4b05252/library/std/src/panicking.rs:268:22
[INFO] [stdout]    9:     0x5f2153630342 - std::panicking::default_hook::he1dd496665be4a29
[INFO] [stdout]                                at /rustc/df4ca44d3fbc9301ee17f30f4d474e6ae4b05252/library/std/src/panicking.rs:295:9
[INFO] [stdout]   10:     0x5f2153630b37 - std::panicking::rust_panic_with_hook::h2ff17fe8f26dfcf8
[INFO] [stdout]                                at /rustc/df4ca44d3fbc9301ee17f30f4d474e6ae4b05252/library/std/src/panicking.rs:801:13
[INFO] [stdout]   11:     0x5f21536309ca - std::panicking::begin_panic_handler::{{closure}}::h4fad77951c07e101
[INFO] [stdout]                                at /rustc/df4ca44d3fbc9301ee17f30f4d474e6ae4b05252/library/std/src/panicking.rs:674:13
[INFO] [stdout]   12:     0x5f215362fbc9 - std::sys::backtrace::__rust_end_short_backtrace::hb1a25b3da5d0ea08
[INFO] [stdout]                                at /rustc/df4ca44d3fbc9301ee17f30f4d474e6ae4b05252/library/std/src/sys/backtrace.rs:170:18
[INFO] [stdout]   13:     0x5f215363065c - rust_begin_unwind
[INFO] [stdout]                                at /rustc/df4ca44d3fbc9301ee17f30f4d474e6ae4b05252/library/std/src/panicking.rs:665:5
[INFO] [stdout]   14:     0x5f215364bfa0 - core::panicking::panic_fmt::ha9db07b529f9b256
[INFO] [stdout]                                at /rustc/df4ca44d3fbc9301ee17f30f4d474e6ae4b05252/library/core/src/panicking.rs:75:14
[INFO] [stdout]   15:     0x5f215364c3b6 - core::result::unwrap_failed::h5e8218e4d4338b8a
[INFO] [stdout]                                at /rustc/df4ca44d3fbc9301ee17f30f4d474e6ae4b05252/library/core/src/result.rs:1698:5
[INFO] [stdout]   16:     0x5f21535c61b3 - core::result::Result<T,E>::expect::h9657d46a3d69f7dd
[INFO] [stdout]   17:     0x5f21535c35bf - rayon_logs::pool::ThreadPool::install::hee95883c47c1ba85
[INFO] [stdout]   18:     0x5f21535cbdf0 - rust_out::main::_doctest_main_src_lib_rs_26_0::hc745d3fbeccc6e83
[INFO] [stdout]   19:     0x5f21535cbd06 - rust_out::main::ha213a30daa5df4da
[INFO] [stdout]   20:     0x5f21535c51d3 - core::ops::function::FnOnce::call_once::hf7edf7132571051c
[INFO] [stdout]   21:     0x5f21535c4236 - std::sys::backtrace::__rust_begin_short_backtrace::h32fd822fd2ba4079
[INFO] [stdout]   22:     0x5f21535c41d9 - std::rt::lang_start::{{closure}}::h4039a1c394ed4f7c
[INFO] [stdout]   23:     0x5f215362a357 - core::ops::function::impls::<impl core::ops::function::FnOnce<A> for &F>::call_once::hd87d66b906e0ccaf
[INFO] [stdout]                                at /rustc/df4ca44d3fbc9301ee17f30f4d474e6ae4b05252/library/core/src/ops/function.rs:284:13
[INFO] [stdout]   24:     0x5f215362a357 - std::panicking::try::do_call::hae3703de71fc9e3a
[INFO] [stdout]                                at /rustc/df4ca44d3fbc9301ee17f30f4d474e6ae4b05252/library/std/src/panicking.rs:557:40
[INFO] [stdout]   25:     0x5f215362a357 - std::panicking::try::h1178330e9a2b2645
[INFO] [stdout]                                at /rustc/df4ca44d3fbc9301ee17f30f4d474e6ae4b05252/library/std/src/panicking.rs:520:19
[INFO] [stdout]   26:     0x5f215362a357 - std::panic::catch_unwind::h0acf49d2305d32ad
[INFO] [stdout]                                at /rustc/df4ca44d3fbc9301ee17f30f4d474e6ae4b05252/library/std/src/panic.rs:358:14
[INFO] [stdout]   27:     0x5f215362a357 - std::rt::lang_start_internal::{{closure}}::h2d95182d798177be
[INFO] [stdout]                                at /rustc/df4ca44d3fbc9301ee17f30f4d474e6ae4b05252/library/std/src/rt.rs:174:48
[INFO] [stdout]   28:     0x5f215362a357 - std::panicking::try::do_call::hb506f5bfe11fd30c
[INFO] [stdout]                                at /rustc/df4ca44d3fbc9301ee17f30f4d474e6ae4b05252/library/std/src/panicking.rs:557:40
[INFO] [stdout]   29:     0x5f215362a357 - std::panicking::try::h54d825c46bd0fa95
[INFO] [stdout]                                at /rustc/df4ca44d3fbc9301ee17f30f4d474e6ae4b05252/library/std/src/panicking.rs:520:19
[INFO] [stdout]   30:     0x5f215362a357 - std::panic::catch_unwind::hffbb0ad20c4e9fac
[INFO] [stdout]                                at /rustc/df4ca44d3fbc9301ee17f30f4d474e6ae4b05252/library/std/src/panic.rs:358:14
[INFO] [stdout]   31:     0x5f215362a357 - std::rt::lang_start_internal::h52c291ef1962c925
[INFO] [stdout]                                at /rustc/df4ca44d3fbc9301ee17f30f4d474e6ae4b05252/library/std/src/rt.rs:174:20
[INFO] [stdout]   32:     0x5f21535c41b7 - std::rt::lang_start::h8c6075cd6f225ba1
[INFO] [stdout]   33:     0x5f21535cbf25 - main
[INFO] [stdout]   34:     0x7cb4e42a8d90 - <unknown>
[INFO] [stdout]   35:     0x7cb4e42a8e40 - __libc_start_main
[INFO] [stdout]   36:     0x5f21535bedb5 - _start
[INFO] [stdout]   37:                0x0 - <unknown>
[INFO] [stdout] 
[INFO] [stdout] 
[INFO] [stdout] ---- src/pool.rs - pool::subgraph (line 67) stdout ----
[INFO] [stdout] Test executable failed (exit status: 101).
[INFO] [stdout] 
[INFO] [stdout] stderr:
[INFO] [stdout] thread 'main' panicked at /opt/rustwide/workdir/src/pool.rs:567:10:
[INFO] [stdout] saving json failed: Os { code: 30, kind: ReadOnlyFilesystem, message: "Read-only file system" }
[INFO] [stdout] stack backtrace:
[INFO] [stdout]    0:     0x6411439bee4a - std::backtrace_rs::backtrace::libunwind::trace::h207520d6e9873551
[INFO] [stdout]                                at /rustc/df4ca44d3fbc9301ee17f30f4d474e6ae4b05252/library/std/src/../../backtrace/src/backtrace/libunwind.rs:116:5
[INFO] [stdout]    1:     0x6411439bee4a - std::backtrace_rs::backtrace::trace_unsynchronized::h2ed7433f370e3eca
[INFO] [stdout]                                at /rustc/df4ca44d3fbc9301ee17f30f4d474e6ae4b05252/library/std/src/../../backtrace/src/backtrace/mod.rs:66:5
[INFO] [stdout]    2:     0x6411439bee4a - std::sys::backtrace::_print_fmt::h916fac51166b18d7
[INFO] [stdout]                                at /rustc/df4ca44d3fbc9301ee17f30f4d474e6ae4b05252/library/std/src/sys/backtrace.rs:66:9
[INFO] [stdout]    3:     0x6411439bee4a - <std::sys::backtrace::BacktraceLock::print::DisplayBacktrace as core::fmt::Display>::fmt::ha0a4c9b8ce3802e6
[INFO] [stdout]                                at /rustc/df4ca44d3fbc9301ee17f30f4d474e6ae4b05252/library/std/src/sys/backtrace.rs:39:26
[INFO] [stdout]    4:     0x6411439dc603 - core::fmt::rt::Argument::fmt::h4cfc8587d52b3eb5
[INFO] [stdout]                                at /rustc/df4ca44d3fbc9301ee17f30f4d474e6ae4b05252/library/core/src/fmt/rt.rs:177:76
[INFO] [stdout]    5:     0x6411439dc603 - core::fmt::write::h522cc39e5b36ae9f
[INFO] [stdout]                                at /rustc/df4ca44d3fbc9301ee17f30f4d474e6ae4b05252/library/core/src/fmt/mod.rs:1190:21
[INFO] [stdout]    6:     0x6411439bc693 - std::io::Write::write_fmt::hf1c1dcc8cc1287f0
[INFO] [stdout]                                at /rustc/df4ca44d3fbc9301ee17f30f4d474e6ae4b05252/library/std/src/io/mod.rs:1839:15
[INFO] [stdout]    7:     0x6411439bec92 - std::sys::backtrace::BacktraceLock::print::h4b9e00b29e9c0942
[INFO] [stdout]                                at /rustc/df4ca44d3fbc9301ee17f30f4d474e6ae4b05252/library/std/src/sys/backtrace.rs:42:9
[INFO] [stdout]    8:     0x6411439bfc5c - std::panicking::default_hook::{{closure}}::hb59b88280d0324d9
[INFO] [stdout]                                at /rustc/df4ca44d3fbc9301ee17f30f4d474e6ae4b05252/library/std/src/panicking.rs:268:22
[INFO] [stdout]    9:     0x6411439bfaa2 - std::panicking::default_hook::he1dd496665be4a29
[INFO] [stdout]                                at /rustc/df4ca44d3fbc9301ee17f30f4d474e6ae4b05252/library/std/src/panicking.rs:295:9
[INFO] [stdout]   10:     0x6411439c0297 - std::panicking::rust_panic_with_hook::h2ff17fe8f26dfcf8
[INFO] [stdout]                                at /rustc/df4ca44d3fbc9301ee17f30f4d474e6ae4b05252/library/std/src/panicking.rs:801:13
[INFO] [stdout]   11:     0x6411439c012a - std::panicking::begin_panic_handler::{{closure}}::h4fad77951c07e101
[INFO] [stdout]                                at /rustc/df4ca44d3fbc9301ee17f30f4d474e6ae4b05252/library/std/src/panicking.rs:674:13
[INFO] [stdout]   12:     0x6411439bf329 - std::sys::backtrace::__rust_end_short_backtrace::hb1a25b3da5d0ea08
[INFO] [stdout]                                at /rustc/df4ca44d3fbc9301ee17f30f4d474e6ae4b05252/library/std/src/sys/backtrace.rs:170:18
[INFO] [stdout]   13:     0x6411439bfdbc - rust_begin_unwind
[INFO] [stdout]                                at /rustc/df4ca44d3fbc9301ee17f30f4d474e6ae4b05252/library/std/src/panicking.rs:665:5
[INFO] [stdout]   14:     0x6411439db700 - core::panicking::panic_fmt::ha9db07b529f9b256
[INFO] [stdout]                                at /rustc/df4ca44d3fbc9301ee17f30f4d474e6ae4b05252/library/core/src/panicking.rs:75:14
[INFO] [stdout]   15:     0x6411439dbb16 - core::result::unwrap_failed::h5e8218e4d4338b8a
[INFO] [stdout]                                at /rustc/df4ca44d3fbc9301ee17f30f4d474e6ae4b05252/library/core/src/result.rs:1698:5
[INFO] [stdout]   16:     0x6411439568b3 - core::result::Result<T,E>::expect::h9657d46a3d69f7dd
[INFO] [stdout]   17:     0x6411439532cf - rayon_logs::pool::ThreadPool::install::h488be3b6f9bd9a16
[INFO] [stdout]   18:     0x64114395b168 - rust_out::main::_doctest_main_src_pool_rs_67_0::h2ffd242b4b624b83
[INFO] [stdout]   19:     0x64114395b086 - rust_out::main::ha213a30daa5df4da
[INFO] [stdout]   20:     0x641143955ad3 - core::ops::function::FnOnce::call_once::hf7edf7132571051c
[INFO] [stdout]   21:     0x641143954a36 - std::sys::backtrace::__rust_begin_short_backtrace::h32fd822fd2ba4079
[INFO] [stdout]   22:     0x6411439549d9 - std::rt::lang_start::{{closure}}::h4039a1c394ed4f7c
[INFO] [stdout]   23:     0x6411439b9ab7 - core::ops::function::impls::<impl core::ops::function::FnOnce<A> for &F>::call_once::hd87d66b906e0ccaf
[INFO] [stdout]                                at /rustc/df4ca44d3fbc9301ee17f30f4d474e6ae4b05252/library/core/src/ops/function.rs:284:13
[INFO] [stdout]   24:     0x6411439b9ab7 - std::panicking::try::do_call::hae3703de71fc9e3a
[INFO] [stdout]                                at /rustc/df4ca44d3fbc9301ee17f30f4d474e6ae4b05252/library/std/src/panicking.rs:557:40
[INFO] [stdout]   25:     0x6411439b9ab7 - std::panicking::try::h1178330e9a2b2645
[INFO] [stdout]                                at /rustc/df4ca44d3fbc9301ee17f30f4d474e6ae4b05252/library/std/src/panicking.rs:520:19
[INFO] [stdout]   26:     0x6411439b9ab7 - std::panic::catch_unwind::h0acf49d2305d32ad
[INFO] [stdout]                                at /rustc/df4ca44d3fbc9301ee17f30f4d474e6ae4b05252/library/std/src/panic.rs:358:14
[INFO] [stdout]   27:     0x6411439b9ab7 - std::rt::lang_start_internal::{{closure}}::h2d95182d798177be
[INFO] [stdout]                                at /rustc/df4ca44d3fbc9301ee17f30f4d474e6ae4b05252/library/std/src/rt.rs:174:48
[INFO] [stdout]   28:     0x6411439b9ab7 - std::panicking::try::do_call::hb506f5bfe11fd30c
[INFO] [stdout]                                at /rustc/df4ca44d3fbc9301ee17f30f4d474e6ae4b05252/library/std/src/panicking.rs:557:40
[INFO] [stdout]   29:     0x6411439b9ab7 - std::panicking::try::h54d825c46bd0fa95
[INFO] [stdout]                                at /rustc/df4ca44d3fbc9301ee17f30f4d474e6ae4b05252/library/std/src/panicking.rs:520:19
[INFO] [stdout]   30:     0x6411439b9ab7 - std::panic::catch_unwind::hffbb0ad20c4e9fac
[INFO] [stdout]                                at /rustc/df4ca44d3fbc9301ee17f30f4d474e6ae4b05252/library/std/src/panic.rs:358:14
[INFO] [stdout]   31:     0x6411439b9ab7 - std::rt::lang_start_internal::h52c291ef1962c925
[INFO] [stdout]                                at /rustc/df4ca44d3fbc9301ee17f30f4d474e6ae4b05252/library/std/src/rt.rs:174:20
[INFO] [stdout]   32:     0x6411439549b7 - std::rt::lang_start::h8c6075cd6f225ba1
[INFO] [stdout]   33:     0x64114395b485 - main
[INFO] [stdout]   34:     0x7b055b154d90 - <unknown>
[INFO] [stdout]   35:     0x7b055b154e40 - __libc_start_main
[INFO] [stdout]   36:     0x64114394f725 - _start
[INFO] [stdout]   37:                0x0 - <unknown>
[INFO] [stdout] 
[INFO] [stdout] 
[INFO] [stdout] 
[INFO] [stdout] failures:
[INFO] [stdout]     src/lib.rs - (line 26)
[INFO] [stdout]     src/pool.rs - pool::subgraph (line 67)
[INFO] [stdout] 
[INFO] [stdout] test result: FAILED. 9 passed; 2 failed; 0 ignored; 0 measured; 0 filtered out; finished in 3.18s
[INFO] [stdout] 
[INFO] [stderr] error: doctest failed, to rerun pass `--doc`
[INFO] running `Command { std: "docker" "inspect" "f5b22a046efb01f6fe7ed568d4132162d125b8348b08c8a24cfed209d03c3314", kill_on_drop: false }`
[INFO] running `Command { std: "docker" "rm" "-f" "f5b22a046efb01f6fe7ed568d4132162d125b8348b08c8a24cfed209d03c3314", kill_on_drop: false }`
[INFO] [stdout] f5b22a046efb01f6fe7ed568d4132162d125b8348b08c8a24cfed209d03c3314
