[INFO] fetching crate rayimg 0.1.2...
[INFO] testing rayimg-0.1.2 against nightly-2024-10-28 for randomize-layout
[INFO] extracting crate rayimg 0.1.2 into /workspace/builds/worker-0-tc1/source
[INFO] validating manifest of crates.io crate rayimg 0.1.2 on toolchain nightly-2024-10-28
[INFO] running `Command { std: CARGO_HOME="/workspace/cargo-home" RUSTUP_HOME="/workspace/rustup-home" "/workspace/cargo-home/bin/cargo" "+nightly-2024-10-28" "metadata" "--manifest-path" "Cargo.toml" "--no-deps", kill_on_drop: false }`
[INFO] started tweaking crates.io crate rayimg 0.1.2
[INFO] finished tweaking crates.io crate rayimg 0.1.2
[INFO] tweaked toml for crates.io crate rayimg 0.1.2 written to /workspace/builds/worker-0-tc1/source/Cargo.toml
[INFO] crate crates.io crate rayimg 0.1.2 already has a lockfile, it will not be regenerated
[INFO] running `Command { std: CARGO_HOME="/workspace/cargo-home" RUSTUP_HOME="/workspace/rustup-home" "/workspace/cargo-home/bin/cargo" "+nightly-2024-10-28" "fetch" "--manifest-path" "Cargo.toml", kill_on_drop: false }`
[INFO] running `Command { std: "docker" "create" "-v" "/var/lib/crater-agent-workspace/builds/worker-0-tc1/target:/opt/rustwide/target:rw,Z" "-v" "/var/lib/crater-agent-workspace/builds/worker-0-tc1/source:/opt/rustwide/workdir:ro,Z" "-v" "/var/lib/crater-agent-workspace/cargo-home:/opt/rustwide/cargo-home:ro,Z" "-v" "/var/lib/crater-agent-workspace/rustup-home:/opt/rustwide/rustup-home:ro,Z" "-e" "SOURCE_DIR=/opt/rustwide/workdir" "-e" "CARGO_TARGET_DIR=/opt/rustwide/target" "-e" "CARGO_HOME=/opt/rustwide/cargo-home" "-e" "RUSTUP_HOME=/opt/rustwide/rustup-home" "-w" "/opt/rustwide/workdir" "-m" "1610612736" "--user" "0:0" "--network" "none" "ghcr.io/rust-lang/crates-build-env/linux@sha256:4a844ea9eb2546a2d2c7022eacef16ef2e8229c7fbb2c7d4d55a9ceca922f72d" "/opt/rustwide/cargo-home/bin/cargo" "+nightly-2024-10-28" "metadata" "--no-deps" "--format-version=1", kill_on_drop: false }`
[INFO] [stdout] d8fe304dc3ede587ee927c596ece0c804bec2cf8d2b111d76e75d8c5d05b2d8e
[INFO] running `Command { std: "docker" "start" "-a" "d8fe304dc3ede587ee927c596ece0c804bec2cf8d2b111d76e75d8c5d05b2d8e", kill_on_drop: false }`
[INFO] running `Command { std: "docker" "inspect" "d8fe304dc3ede587ee927c596ece0c804bec2cf8d2b111d76e75d8c5d05b2d8e", kill_on_drop: false }`
[INFO] running `Command { std: "docker" "rm" "-f" "d8fe304dc3ede587ee927c596ece0c804bec2cf8d2b111d76e75d8c5d05b2d8e", kill_on_drop: false }`
[INFO] [stdout] d8fe304dc3ede587ee927c596ece0c804bec2cf8d2b111d76e75d8c5d05b2d8e
[INFO] running `Command { std: "docker" "create" "-v" "/var/lib/crater-agent-workspace/builds/worker-0-tc1/target:/opt/rustwide/target:rw,Z" "-v" "/var/lib/crater-agent-workspace/builds/worker-0-tc1/source:/opt/rustwide/workdir:ro,Z" "-v" "/var/lib/crater-agent-workspace/cargo-home:/opt/rustwide/cargo-home:ro,Z" "-v" "/var/lib/crater-agent-workspace/rustup-home:/opt/rustwide/rustup-home:ro,Z" "-e" "SOURCE_DIR=/opt/rustwide/workdir" "-e" "CARGO_TARGET_DIR=/opt/rustwide/target" "-e" "CARGO_INCREMENTAL=0" "-e" "RUST_BACKTRACE=full" "-e" "RUSTFLAGS=--cap-lints=forbid" "-e" "RUSTDOCFLAGS=--cap-lints=forbid" "-e" "CARGO_HOME=/opt/rustwide/cargo-home" "-e" "RUSTUP_HOME=/opt/rustwide/rustup-home" "-w" "/opt/rustwide/workdir" "-m" "1610612736" "--user" "0:0" "--network" "none" "ghcr.io/rust-lang/crates-build-env/linux@sha256:4a844ea9eb2546a2d2c7022eacef16ef2e8229c7fbb2c7d4d55a9ceca922f72d" "/opt/rustwide/cargo-home/bin/cargo" "+nightly-2024-10-28" "build" "--frozen" "--message-format=json", kill_on_drop: false }`
[INFO] [stdout] beda7907759806c2961915023e292d37f876a8689e5b12ddc36ca4b42065766a
[INFO] running `Command { std: "docker" "start" "-a" "beda7907759806c2961915023e292d37f876a8689e5b12ddc36ca4b42065766a", kill_on_drop: false }`
[INFO] [stderr]    Compiling libc v0.2.126
[INFO] [stderr]    Compiling cfg-if v1.0.0
[INFO] [stderr]    Compiling ppv-lite86 v0.2.16
[INFO] [stderr]    Compiling getrandom v0.2.7
[INFO] [stderr]    Compiling rand_core v0.6.3
[INFO] [stderr]    Compiling rand_chacha v0.3.1
[INFO] [stderr]    Compiling rand v0.8.5
[INFO] [stderr]    Compiling rayimg v0.1.2 (/opt/rustwide/workdir)
[INFO] [stdout] warning: elided lifetime has a name
[INFO] [stdout]   --> src/renderer/mod.rs:17:53
[INFO] [stdout]    |
[INFO] [stdout] 15 | impl<'a> Renderer<'a> {
[INFO] [stdout]    |      -- lifetime `'a` declared here
[INFO] [stdout] 16 |     /// Returns new `RendererBuilder`.
[INFO] [stdout] 17 |     pub fn new(scene: Scene<'a>, camera: Camera) -> RendererBuilder {
[INFO] [stdout]    |                                                     ^^^^^^^^^^^^^^^ this elided lifetime gets resolved as `'a`
[INFO] [stdout]    |
[INFO] [stdout]    = note: `#[warn(elided_named_lifetimes)]` on by default
[INFO] [stdout] 
[INFO] [stdout] 
[INFO] [stderr]     Finished `dev` profile [unoptimized + debuginfo] target(s) in 3.21s
[INFO] running `Command { std: "docker" "inspect" "beda7907759806c2961915023e292d37f876a8689e5b12ddc36ca4b42065766a", kill_on_drop: false }`
[INFO] running `Command { std: "docker" "rm" "-f" "beda7907759806c2961915023e292d37f876a8689e5b12ddc36ca4b42065766a", kill_on_drop: false }`
[INFO] [stdout] beda7907759806c2961915023e292d37f876a8689e5b12ddc36ca4b42065766a
[INFO] running `Command { std: "docker" "create" "-v" "/var/lib/crater-agent-workspace/builds/worker-0-tc1/target:/opt/rustwide/target:rw,Z" "-v" "/var/lib/crater-agent-workspace/builds/worker-0-tc1/source:/opt/rustwide/workdir:ro,Z" "-v" "/var/lib/crater-agent-workspace/cargo-home:/opt/rustwide/cargo-home:ro,Z" "-v" "/var/lib/crater-agent-workspace/rustup-home:/opt/rustwide/rustup-home:ro,Z" "-e" "SOURCE_DIR=/opt/rustwide/workdir" "-e" "CARGO_TARGET_DIR=/opt/rustwide/target" "-e" "CARGO_INCREMENTAL=0" "-e" "RUST_BACKTRACE=full" "-e" "RUSTFLAGS=--cap-lints=forbid" "-e" "RUSTDOCFLAGS=--cap-lints=forbid" "-e" "CARGO_HOME=/opt/rustwide/cargo-home" "-e" "RUSTUP_HOME=/opt/rustwide/rustup-home" "-w" "/opt/rustwide/workdir" "-m" "1610612736" "--user" "0:0" "--network" "none" "ghcr.io/rust-lang/crates-build-env/linux@sha256:4a844ea9eb2546a2d2c7022eacef16ef2e8229c7fbb2c7d4d55a9ceca922f72d" "/opt/rustwide/cargo-home/bin/cargo" "+nightly-2024-10-28" "test" "--frozen" "--no-run" "--message-format=json", kill_on_drop: false }`
[INFO] [stdout] e3cf76a80243d6dcf690aa5cbd743fab744a524df3c6fc7ca76f8b6f50ce08a4
[INFO] running `Command { std: "docker" "start" "-a" "e3cf76a80243d6dcf690aa5cbd743fab744a524df3c6fc7ca76f8b6f50ce08a4", kill_on_drop: false }`
[INFO] [stdout] warning: elided lifetime has a name
[INFO] [stdout]   --> src/renderer/mod.rs:17:53
[INFO] [stdout]    |
[INFO] [stdout] 15 | impl<'a> Renderer<'a> {
[INFO] [stdout]    |      -- lifetime `'a` declared here
[INFO] [stdout] 16 |     /// Returns new `RendererBuilder`.
[INFO] [stdout] 17 |     pub fn new(scene: Scene<'a>, camera: Camera) -> RendererBuilder {
[INFO] [stdout]    |                                                     ^^^^^^^^^^^^^^^ this elided lifetime gets resolved as `'a`
[INFO] [stdout]    |
[INFO] [stdout]    = note: `#[warn(elided_named_lifetimes)]` on by default
[INFO] [stdout] 
[INFO] [stdout] 
[INFO] [stderr]    Compiling rayimg v0.1.2 (/opt/rustwide/workdir)
[INFO] [stdout] warning: unused imports: `Camera`, `HitRecord`, `P3ImageWriter`, `Renderer`, `Scene`, `materials::*`, and `shapes::*`
[INFO] [stdout]  --> tests/configuration.rs:1:18
[INFO] [stdout]   |
[INFO] [stdout] 1 | pub use rayimg::{Camera, Renderer, math::*, RGB, materials::*, shapes::*, HitRecord, Scene, P3ImageWriter};
[INFO] [stdout]   |                  ^^^^^^  ^^^^^^^^                ^^^^^^^^^^^^  ^^^^^^^^^  ^^^^^^^^^  ^^^^^  ^^^^^^^^^^^^^
[INFO] [stdout]   |
[INFO] [stdout]   = note: `#[warn(unused_imports)]` on by default
[INFO] [stdout] 
[INFO] [stdout] 
[INFO] [stdout] warning: constant `ASPECT_RATIO` is never used
[INFO] [stdout]  --> tests/configuration.rs:3:11
[INFO] [stdout]   |
[INFO] [stdout] 3 | pub const ASPECT_RATIO: f64 = 16.0 / 9.0;
[INFO] [stdout]   |           ^^^^^^^^^^^^
[INFO] [stdout]   |
[INFO] [stdout]   = note: `#[warn(dead_code)]` on by default
[INFO] [stdout] 
[INFO] [stdout] 
[INFO] [stdout] warning: constant `WIDTH` is never used
[INFO] [stdout]  --> tests/configuration.rs:4:11
[INFO] [stdout]   |
[INFO] [stdout] 4 | pub const WIDTH: usize = 400;
[INFO] [stdout]   |           ^^^^^
[INFO] [stdout] 
[INFO] [stdout] 
[INFO] [stdout] warning: constant `HEIGHT` is never used
[INFO] [stdout]  --> tests/configuration.rs:5:11
[INFO] [stdout]   |
[INFO] [stdout] 5 | pub const HEIGHT: usize = (400 as f64 / ASPECT_RATIO) as usize;
[INFO] [stdout]   |           ^^^^^^
[INFO] [stdout] 
[INFO] [stdout] 
[INFO] [stdout] warning: constant `BOUNDS` is never used
[INFO] [stdout]  --> tests/configuration.rs:6:11
[INFO] [stdout]   |
[INFO] [stdout] 6 | pub const BOUNDS: (usize, usize) = (WIDTH, HEIGHT);
[INFO] [stdout]   |           ^^^^^^
[INFO] [stdout] 
[INFO] [stdout] 
[INFO] [stdout] warning: function `sky_color` is never used
[INFO] [stdout]  --> tests/configuration.rs:8:8
[INFO] [stdout]   |
[INFO] [stdout] 8 | pub fn sky_color() -> Box<dyn Fn(&Ray) -> RGB> {
[INFO] [stdout]   |        ^^^^^^^^^
[INFO] [stdout] 
[INFO] [stdout] 
[INFO] [stdout] warning: unused import: `HitRecord`
[INFO] [stdout]  --> tests/configuration.rs:1:75
[INFO] [stdout]   |
[INFO] [stdout] 1 | pub use rayimg::{Camera, Renderer, math::*, RGB, materials::*, shapes::*, HitRecord, Scene, P3ImageWriter};
[INFO] [stdout]   |                                                                           ^^^^^^^^^
[INFO] [stdout]   |
[INFO] [stdout]   = note: `#[warn(unused_imports)]` on by default
[INFO] [stdout] 
[INFO] [stdout] 
[INFO] [stdout] warning: unused imports: `HitRecord`, `materials::*`, and `shapes::*`
[INFO] [stdout]  --> tests/configuration.rs:1:50
[INFO] [stdout]   |
[INFO] [stdout] 1 | pub use rayimg::{Camera, Renderer, math::*, RGB, materials::*, shapes::*, HitRecord, Scene, P3ImageWriter};
[INFO] [stdout]   |                                                  ^^^^^^^^^^^^  ^^^^^^^^^  ^^^^^^^^^
[INFO] [stdout]   |
[INFO] [stdout]   = note: `#[warn(unused_imports)]` on by default
[INFO] [stdout] 
[INFO] [stdout] 
[INFO] [stdout] warning: unused imports: `HitRecord`, `materials::*`, and `shapes::*`
[INFO] [stdout]  --> tests/configuration.rs:1:50
[INFO] [stdout]   |
[INFO] [stdout] 1 | pub use rayimg::{Camera, Renderer, math::*, RGB, materials::*, shapes::*, HitRecord, Scene, P3ImageWriter};
[INFO] [stdout]   |                                                  ^^^^^^^^^^^^  ^^^^^^^^^  ^^^^^^^^^
[INFO] [stdout]   |
[INFO] [stdout]   = note: `#[warn(unused_imports)]` on by default
[INFO] [stdout] 
[INFO] [stdout] 
[INFO] [stdout] warning: unused import: `HitRecord`
[INFO] [stdout]  --> tests/configuration.rs:1:75
[INFO] [stdout]   |
[INFO] [stdout] 1 | pub use rayimg::{Camera, Renderer, math::*, RGB, materials::*, shapes::*, HitRecord, Scene, P3ImageWriter};
[INFO] [stdout]   |                                                                           ^^^^^^^^^
[INFO] [stdout]   |
[INFO] [stdout]   = note: `#[warn(unused_imports)]` on by default
[INFO] [stdout] 
[INFO] [stdout] 
[INFO] [stdout] warning: function `sky_color` is never used
[INFO] [stdout]  --> tests/configuration.rs:8:8
[INFO] [stdout]   |
[INFO] [stdout] 8 | pub fn sky_color() -> Box<dyn Fn(&Ray) -> RGB> {
[INFO] [stdout]   |        ^^^^^^^^^
[INFO] [stdout]   |
[INFO] [stdout]   = note: `#[warn(dead_code)]` on by default
[INFO] [stdout] 
[INFO] [stdout] 
[INFO] [stdout] warning: elided lifetime has a name
[INFO] [stdout]   --> src/renderer/mod.rs:17:53
[INFO] [stdout]    |
[INFO] [stdout] 15 | impl<'a> Renderer<'a> {
[INFO] [stdout]    |      -- lifetime `'a` declared here
[INFO] [stdout] 16 |     /// Returns new `RendererBuilder`.
[INFO] [stdout] 17 |     pub fn new(scene: Scene<'a>, camera: Camera) -> RendererBuilder {
[INFO] [stdout]    |                                                     ^^^^^^^^^^^^^^^ this elided lifetime gets resolved as `'a`
[INFO] [stdout]    |
[INFO] [stdout]    = note: `#[warn(elided_named_lifetimes)]` on by default
[INFO] [stdout] 
[INFO] [stdout] 
[INFO] [stderr]     Finished `test` profile [unoptimized + debuginfo] target(s) in 0.93s
[INFO] running `Command { std: "docker" "inspect" "e3cf76a80243d6dcf690aa5cbd743fab744a524df3c6fc7ca76f8b6f50ce08a4", kill_on_drop: false }`
[INFO] running `Command { std: "docker" "rm" "-f" "e3cf76a80243d6dcf690aa5cbd743fab744a524df3c6fc7ca76f8b6f50ce08a4", kill_on_drop: false }`
[INFO] [stdout] e3cf76a80243d6dcf690aa5cbd743fab744a524df3c6fc7ca76f8b6f50ce08a4
[INFO] running `Command { std: "docker" "create" "-v" "/var/lib/crater-agent-workspace/builds/worker-0-tc1/target:/opt/rustwide/target:rw,Z" "-v" "/var/lib/crater-agent-workspace/builds/worker-0-tc1/source:/opt/rustwide/workdir:ro,Z" "-v" "/var/lib/crater-agent-workspace/cargo-home:/opt/rustwide/cargo-home:ro,Z" "-v" "/var/lib/crater-agent-workspace/rustup-home:/opt/rustwide/rustup-home:ro,Z" "-e" "SOURCE_DIR=/opt/rustwide/workdir" "-e" "CARGO_TARGET_DIR=/opt/rustwide/target" "-e" "CARGO_INCREMENTAL=0" "-e" "RUST_BACKTRACE=full" "-e" "RUSTFLAGS=--cap-lints=forbid" "-e" "RUSTDOCFLAGS=--cap-lints=forbid" "-e" "CARGO_HOME=/opt/rustwide/cargo-home" "-e" "RUSTUP_HOME=/opt/rustwide/rustup-home" "-w" "/opt/rustwide/workdir" "-m" "1610612736" "--user" "0:0" "--network" "none" "ghcr.io/rust-lang/crates-build-env/linux@sha256:4a844ea9eb2546a2d2c7022eacef16ef2e8229c7fbb2c7d4d55a9ceca922f72d" "/opt/rustwide/cargo-home/bin/cargo" "+nightly-2024-10-28" "test" "--frozen", kill_on_drop: false }`
[INFO] [stdout] 6c95b199150af966c4c372ed89b027e504f4e844743eaa98547b2e149406e5da
[INFO] running `Command { std: "docker" "start" "-a" "6c95b199150af966c4c372ed89b027e504f4e844743eaa98547b2e149406e5da", kill_on_drop: false }`
[INFO] [stderr] warning: elided lifetime has a name
[INFO] [stderr]   --> src/renderer/mod.rs:17:53
[INFO] [stderr]    |
[INFO] [stderr] 15 | impl<'a> Renderer<'a> {
[INFO] [stderr]    |      -- lifetime `'a` declared here
[INFO] [stderr] 16 |     /// Returns new `RendererBuilder`.
[INFO] [stderr] 17 |     pub fn new(scene: Scene<'a>, camera: Camera) -> RendererBuilder {
[INFO] [stderr]    |                                                     ^^^^^^^^^^^^^^^ this elided lifetime gets resolved as `'a`
[INFO] [stderr]    |
[INFO] [stderr]    = note: `#[warn(elided_named_lifetimes)]` on by default
[INFO] [stderr] 
[INFO] [stderr] warning: `rayimg` (lib) generated 1 warning
[INFO] [stderr] warning: `rayimg` (lib test) generated 1 warning (1 duplicate)
[INFO] [stderr] warning: unused import: `HitRecord`
[INFO] [stderr]  --> tests/configuration.rs:1:75
[INFO] [stderr]   |
[INFO] [stderr] 1 | pub use rayimg::{Camera, Renderer, math::*, RGB, materials::*, shapes::*, HitRecord, Scene, P3ImageWriter};
[INFO] [stderr]   |                                                                           ^^^^^^^^^
[INFO] [stderr]   |
[INFO] [stderr]   = note: `#[warn(unused_imports)]` on by default
[INFO] [stderr] 
[INFO] [stderr] warning: unused imports: `Camera`, `HitRecord`, `P3ImageWriter`, `Renderer`, `Scene`, `materials::*`, and `shapes::*`
[INFO] [stderr]  --> tests/configuration.rs:1:18
[INFO] [stderr]   |
[INFO] [stderr] 1 | pub use rayimg::{Camera, Renderer, math::*, RGB, materials::*, shapes::*, HitRecord, Scene, P3ImageWriter};
[INFO] [stderr]   |                  ^^^^^^  ^^^^^^^^                ^^^^^^^^^^^^  ^^^^^^^^^  ^^^^^^^^^  ^^^^^  ^^^^^^^^^^^^^
[INFO] [stderr]   |
[INFO] [stderr]   = note: `#[warn(unused_imports)]` on by default
[INFO] [stderr] 
[INFO] [stderr] warning: constant `ASPECT_RATIO` is never used
[INFO] [stderr]  --> tests/configuration.rs:3:11
[INFO] [stderr]   |
[INFO] [stderr] 3 | pub const ASPECT_RATIO: f64 = 16.0 / 9.0;
[INFO] [stderr]   |           ^^^^^^^^^^^^
[INFO] [stderr]   |
[INFO] [stderr]   = note: `#[warn(dead_code)]` on by default
[INFO] [stderr] 
[INFO] [stderr] warning: constant `WIDTH` is never used
[INFO] [stderr]  --> tests/configuration.rs:4:11
[INFO] [stderr]   |
[INFO] [stderr] 4 | pub const WIDTH: usize = 400;
[INFO] [stderr]   |           ^^^^^
[INFO] [stderr] 
[INFO] [stderr] warning: constant `HEIGHT` is never used
[INFO] [stderr]  --> tests/configuration.rs:5:11
[INFO] [stderr]   |
[INFO] [stderr] 5 | pub const HEIGHT: usize = (400 as f64 / ASPECT_RATIO) as usize;
[INFO] [stderr]   |           ^^^^^^
[INFO] [stderr] 
[INFO] [stderr] warning: constant `BOUNDS` is never used
[INFO] [stderr]  --> tests/configuration.rs:6:11
[INFO] [stderr]   |
[INFO] [stderr] 6 | pub const BOUNDS: (usize, usize) = (WIDTH, HEIGHT);
[INFO] [stderr]   |           ^^^^^^
[INFO] [stderr] 
[INFO] [stderr] warning: function `sky_color` is never used
[INFO] [stderr]  --> tests/configuration.rs:8:8
[INFO] [stderr]   |
[INFO] [stderr] 8 | pub fn sky_color() -> Box<dyn Fn(&Ray) -> RGB> {
[INFO] [stderr]   |        ^^^^^^^^^
[INFO] [stderr] 
[INFO] [stderr] warning: unused imports: `HitRecord`, `materials::*`, and `shapes::*`
[INFO] [stderr]  --> tests/configuration.rs:1:50
[INFO] [stderr]   |
[INFO] [stderr] 1 | pub use rayimg::{Camera, Renderer, math::*, RGB, materials::*, shapes::*, HitRecord, Scene, P3ImageWriter};
[INFO] [stderr]   |                                                  ^^^^^^^^^^^^  ^^^^^^^^^  ^^^^^^^^^
[INFO] [stderr]   |
[INFO] [stderr]   = note: `#[warn(unused_imports)]` on by default
[INFO] [stderr] 
[INFO] [stderr] warning: `rayimg` (test "cyan_sphere") generated 1 warning (run `cargo fix --test "cyan_sphere"` to apply 1 suggestion)
[INFO] [stderr] warning: `rayimg` (test "random") generated 6 warnings (run `cargo fix --test "random"` to apply 1 suggestion)
[INFO] [stderr] warning: `rayimg` (test "sky") generated 1 warning (run `cargo fix --test "sky"` to apply 1 suggestion)
[INFO] [stderr] warning: `rayimg` (test "triangle") generated 1 warning (1 duplicate)
[INFO] [stderr] warning: function `sky_color` is never used
[INFO] [stderr]  --> tests/configuration.rs:8:8
[INFO] [stderr]   |
[INFO] [stderr] 8 | pub fn sky_color() -> Box<dyn Fn(&Ray) -> RGB> {
[INFO] [stderr]   |        ^^^^^^^^^
[INFO] [stderr]   |
[INFO] [stderr]   = note: `#[warn(dead_code)]` on by default
[INFO] [stderr] 
[INFO] [stderr] warning: `rayimg` (test "black") generated 2 warnings (1 duplicate)
[INFO] [stderr]     Finished `test` profile [unoptimized + debuginfo] target(s) in 0.02s
[INFO] [stderr]      Running unittests src/lib.rs (/opt/rustwide/target/debug/deps/rayimg-7828cfeb4a734ba3)
[INFO] [stdout] 
[INFO] [stdout] running 0 tests
[INFO] [stdout] 
[INFO] [stdout] test result: ok. 0 passed; 0 failed; 0 ignored; 0 measured; 0 filtered out; finished in 0.00s
[INFO] [stdout] 
[INFO] [stderr]      Running tests/black.rs (/opt/rustwide/target/debug/deps/black-9c65f591020ecce7)
[INFO] [stdout] 
[INFO] [stdout] running 1 test
[INFO] [stdout] test create_black_image ... FAILED
[INFO] [stdout] 
[INFO] [stdout] failures:
[INFO] [stdout] 
[INFO] [stdout] ---- create_black_image stdout ----
[INFO] [stdout] thread 'create_black_image' panicked at tests/black.rs:7:71:
[INFO] [stdout] Failed to create test file: Os { code: 30, kind: ReadOnlyFilesystem, message: "Read-only file system" }
[INFO] [stdout] stack backtrace:
[INFO] [stdout]    0:     0x5b1f3dd92fea - std::backtrace_rs::backtrace::libunwind::trace::h207520d6e9873551
[INFO] [stdout]                                at /rustc/df4ca44d3fbc9301ee17f30f4d474e6ae4b05252/library/std/src/../../backtrace/src/backtrace/libunwind.rs:116:5
[INFO] [stdout]    1:     0x5b1f3dd92fea - std::backtrace_rs::backtrace::trace_unsynchronized::h2ed7433f370e3eca
[INFO] [stdout]                                at /rustc/df4ca44d3fbc9301ee17f30f4d474e6ae4b05252/library/std/src/../../backtrace/src/backtrace/mod.rs:66:5
[INFO] [stdout]    2:     0x5b1f3dd92fea - std::sys::backtrace::_print_fmt::h916fac51166b18d7
[INFO] [stdout]                                at /rustc/df4ca44d3fbc9301ee17f30f4d474e6ae4b05252/library/std/src/sys/backtrace.rs:66:9
[INFO] [stdout]    3:     0x5b1f3dd92fea - <std::sys::backtrace::BacktraceLock::print::DisplayBacktrace as core::fmt::Display>::fmt::ha0a4c9b8ce3802e6
[INFO] [stdout]                                at /rustc/df4ca44d3fbc9301ee17f30f4d474e6ae4b05252/library/std/src/sys/backtrace.rs:39:26
[INFO] [stdout]    4:     0x5b1f3ddb9b03 - core::fmt::rt::Argument::fmt::h4cfc8587d52b3eb5
[INFO] [stdout]                                at /rustc/df4ca44d3fbc9301ee17f30f4d474e6ae4b05252/library/core/src/fmt/rt.rs:177:76
[INFO] [stdout]    5:     0x5b1f3ddb9b03 - core::fmt::write::h522cc39e5b36ae9f
[INFO] [stdout]                                at /rustc/df4ca44d3fbc9301ee17f30f4d474e6ae4b05252/library/core/src/fmt/mod.rs:1190:21
[INFO] [stdout]    6:     0x5b1f3dd8fc53 - std::io::Write::write_fmt::h7d3c26752da97734
[INFO] [stdout]                                at /rustc/df4ca44d3fbc9301ee17f30f4d474e6ae4b05252/library/std/src/io/mod.rs:1839:15
[INFO] [stdout]    7:     0x5b1f3dd92e32 - std::sys::backtrace::BacktraceLock::print::h4b9e00b29e9c0942
[INFO] [stdout]                                at /rustc/df4ca44d3fbc9301ee17f30f4d474e6ae4b05252/library/std/src/sys/backtrace.rs:42:9
[INFO] [stdout]    8:     0x5b1f3dd9447a - std::panicking::default_hook::{{closure}}::hb59b88280d0324d9
[INFO] [stdout]                                at /rustc/df4ca44d3fbc9301ee17f30f4d474e6ae4b05252/library/std/src/panicking.rs:268:22
[INFO] [stdout]    9:     0x5b1f3dd94284 - std::panicking::default_hook::he1dd496665be4a29
[INFO] [stdout]                                at /rustc/df4ca44d3fbc9301ee17f30f4d474e6ae4b05252/library/std/src/panicking.rs:292:9
[INFO] [stdout]   10:     0x5b1f3dd20f89 - <alloc::boxed::Box<F,A> as core::ops::function::Fn<Args>>::call::h4ff71de18744e1dc
[INFO] [stdout]                                at /rustc/df4ca44d3fbc9301ee17f30f4d474e6ae4b05252/library/alloc/src/boxed.rs:2468:9
[INFO] [stdout]   11:     0x5b1f3dd20f89 - test::test_main::{{closure}}::hcf7c055ce117aa81
[INFO] [stdout]                                at /rustc/df4ca44d3fbc9301ee17f30f4d474e6ae4b05252/library/test/src/lib.rs:133:21
[INFO] [stdout]   12:     0x5b1f3dd94b78 - <alloc::boxed::Box<F,A> as core::ops::function::Fn<Args>>::call::h1d66c6bbd60c9692
[INFO] [stdout]                                at /rustc/df4ca44d3fbc9301ee17f30f4d474e6ae4b05252/library/alloc/src/boxed.rs:2468:9
[INFO] [stdout]   13:     0x5b1f3dd94b78 - std::panicking::rust_panic_with_hook::h2ff17fe8f26dfcf8
[INFO] [stdout]                                at /rustc/df4ca44d3fbc9301ee17f30f4d474e6ae4b05252/library/std/src/panicking.rs:809:13
[INFO] [stdout]   14:     0x5b1f3dd9493a - std::panicking::begin_panic_handler::{{closure}}::h4fad77951c07e101
[INFO] [stdout]                                at /rustc/df4ca44d3fbc9301ee17f30f4d474e6ae4b05252/library/std/src/panicking.rs:674:13
[INFO] [stdout]   15:     0x5b1f3dd934c9 - std::sys::backtrace::__rust_end_short_backtrace::hb1a25b3da5d0ea08
[INFO] [stdout]                                at /rustc/df4ca44d3fbc9301ee17f30f4d474e6ae4b05252/library/std/src/sys/backtrace.rs:170:18
[INFO] [stdout]   16:     0x5b1f3dd945cc - rust_begin_unwind
[INFO] [stdout]                                at /rustc/df4ca44d3fbc9301ee17f30f4d474e6ae4b05252/library/std/src/panicking.rs:665:5
[INFO] [stdout]   17:     0x5b1f3ddb8500 - core::panicking::panic_fmt::ha9db07b529f9b256
[INFO] [stdout]                                at /rustc/df4ca44d3fbc9301ee17f30f4d474e6ae4b05252/library/core/src/panicking.rs:75:14
[INFO] [stdout]   18:     0x5b1f3ddb8946 - core::result::unwrap_failed::h5e8218e4d4338b8a
[INFO] [stdout]                                at /rustc/df4ca44d3fbc9301ee17f30f4d474e6ae4b05252/library/core/src/result.rs:1698:5
[INFO] [stdout]   19:     0x5b1f3dce4f8d - core::result::Result<T,E>::expect::h58d9b36be21ec749
[INFO] [stdout]                                at /rustc/df4ca44d3fbc9301ee17f30f4d474e6ae4b05252/library/core/src/result.rs:1060:23
[INFO] [stdout]   20:     0x5b1f3dce6f7d - black::create_black_image::h60b299e45ea7a0b4
[INFO] [stdout]                                at /opt/rustwide/workdir/tests/black.rs:7:23
[INFO] [stdout]   21:     0x5b1f3dce6e57 - black::create_black_image::{{closure}}::h0c6cee8d320120e6
[INFO] [stdout]                                at /opt/rustwide/workdir/tests/black.rs:5:24
[INFO] [stdout]   22:     0x5b1f3dce4556 - core::ops::function::FnOnce::call_once::hd8afd96fea0c8268
[INFO] [stdout]                                at /rustc/df4ca44d3fbc9301ee17f30f4d474e6ae4b05252/library/core/src/ops/function.rs:250:5
[INFO] [stdout]   23:     0x5b1f3dd2585b - core::ops::function::FnOnce::call_once::h22c3ba5715e93f05
[INFO] [stdout]                                at /rustc/df4ca44d3fbc9301ee17f30f4d474e6ae4b05252/library/core/src/ops/function.rs:250:5
[INFO] [stdout]   24:     0x5b1f3dd2585b - test::__rust_begin_short_backtrace::h8e82d8113d0da17f
[INFO] [stdout]                                at /rustc/df4ca44d3fbc9301ee17f30f4d474e6ae4b05252/library/test/src/lib.rs:621:18
[INFO] [stdout]   25:     0x5b1f3dd251d7 - test::run_test_in_process::{{closure}}::h33235f4f20b7b7c7
[INFO] [stdout]                                at /rustc/df4ca44d3fbc9301ee17f30f4d474e6ae4b05252/library/test/src/lib.rs:644:60
[INFO] [stdout]   26:     0x5b1f3dd251d7 - <core::panic::unwind_safe::AssertUnwindSafe<F> as core::ops::function::FnOnce<()>>::call_once::hb5043206310c586f
[INFO] [stdout]                                at /rustc/df4ca44d3fbc9301ee17f30f4d474e6ae4b05252/library/core/src/panic/unwind_safe.rs:272:9
[INFO] [stdout]   27:     0x5b1f3dd251d7 - std::panicking::try::do_call::h9ad4731a60ab23e2
[INFO] [stdout]                                at /rustc/df4ca44d3fbc9301ee17f30f4d474e6ae4b05252/library/std/src/panicking.rs:557:40
[INFO] [stdout]   28:     0x5b1f3dd251d7 - std::panicking::try::h3824d23db772a716
[INFO] [stdout]                                at /rustc/df4ca44d3fbc9301ee17f30f4d474e6ae4b05252/library/std/src/panicking.rs:520:19
[INFO] [stdout]   29:     0x5b1f3dd251d7 - std::panic::catch_unwind::h5afd514605fde46b
[INFO] [stdout]                                at /rustc/df4ca44d3fbc9301ee17f30f4d474e6ae4b05252/library/std/src/panic.rs:358:14
[INFO] [stdout]   30:     0x5b1f3dd251d7 - test::run_test_in_process::h0d5cbfa7067d1720
[INFO] [stdout]                                at /rustc/df4ca44d3fbc9301ee17f30f4d474e6ae4b05252/library/test/src/lib.rs:644:27
[INFO] [stdout]   31:     0x5b1f3dd251d7 - test::run_test::{{closure}}::h708eb8872708115d
[INFO] [stdout]                                at /rustc/df4ca44d3fbc9301ee17f30f4d474e6ae4b05252/library/test/src/lib.rs:565:43
[INFO] [stdout]   32:     0x5b1f3dce88f4 - test::run_test::{{closure}}::h392c51cee94713ab
[INFO] [stdout]                                at /rustc/df4ca44d3fbc9301ee17f30f4d474e6ae4b05252/library/test/src/lib.rs:595:41
[INFO] [stdout]   33:     0x5b1f3dce88f4 - std::sys::backtrace::__rust_begin_short_backtrace::h2f40290710935a8b
[INFO] [stdout]                                at /rustc/df4ca44d3fbc9301ee17f30f4d474e6ae4b05252/library/std/src/sys/backtrace.rs:154:18
[INFO] [stdout]   34:     0x5b1f3dcec09e - std::thread::Builder::spawn_unchecked_::{{closure}}::{{closure}}::h3fd968d89053a903
[INFO] [stdout]                                at /rustc/df4ca44d3fbc9301ee17f30f4d474e6ae4b05252/library/std/src/thread/mod.rs:541:17
[INFO] [stdout]   35:     0x5b1f3dcec09e - <core::panic::unwind_safe::AssertUnwindSafe<F> as core::ops::function::FnOnce<()>>::call_once::h743f637ba4229880
[INFO] [stdout]                                at /rustc/df4ca44d3fbc9301ee17f30f4d474e6ae4b05252/library/core/src/panic/unwind_safe.rs:272:9
[INFO] [stdout]   36:     0x5b1f3dcec09e - std::panicking::try::do_call::h07440897322525a6
[INFO] [stdout]                                at /rustc/df4ca44d3fbc9301ee17f30f4d474e6ae4b05252/library/std/src/panicking.rs:557:40
[INFO] [stdout]   37:     0x5b1f3dcec09e - std::panicking::try::he5a2e00188156637
[INFO] [stdout]                                at /rustc/df4ca44d3fbc9301ee17f30f4d474e6ae4b05252/library/std/src/panicking.rs:520:19
[INFO] [stdout]   38:     0x5b1f3dcec09e - std::panic::catch_unwind::hbaf3cae49b3c6433
[INFO] [stdout]                                at /rustc/df4ca44d3fbc9301ee17f30f4d474e6ae4b05252/library/std/src/panic.rs:358:14
[INFO] [stdout]   39:     0x5b1f3dcec09e - std::thread::Builder::spawn_unchecked_::{{closure}}::h8e141ea224820bce
[INFO] [stdout]                                at /rustc/df4ca44d3fbc9301ee17f30f4d474e6ae4b05252/library/std/src/thread/mod.rs:540:30
[INFO] [stdout]   40:     0x5b1f3dcec09e - core::ops::function::FnOnce::call_once{{vtable.shim}}::h90d312fedd7b8ea8
[INFO] [stdout]                                at /rustc/df4ca44d3fbc9301ee17f30f4d474e6ae4b05252/library/core/src/ops/function.rs:250:5
[INFO] [stdout]   41:     0x5b1f3dd9897b - <alloc::boxed::Box<F,A> as core::ops::function::FnOnce<Args>>::call_once::h69aa08ddb6adb8b6
[INFO] [stdout]                                at /rustc/df4ca44d3fbc9301ee17f30f4d474e6ae4b05252/library/alloc/src/boxed.rs:2454:9
[INFO] [stdout]   42:     0x5b1f3dd9897b - <alloc::boxed::Box<F,A> as core::ops::function::FnOnce<Args>>::call_once::h5aa36efdb79c806f
[INFO] [stdout]                                at /rustc/df4ca44d3fbc9301ee17f30f4d474e6ae4b05252/library/alloc/src/boxed.rs:2454:9
[INFO] [stdout]   43:     0x5b1f3dd9897b - std::sys::pal::unix::thread::Thread::new::thread_start::h6cd80a1b4be5158d
[INFO] [stdout]                                at /rustc/df4ca44d3fbc9301ee17f30f4d474e6ae4b05252/library/std/src/sys/pal/unix/thread.rs:105:17
[INFO] [stdout]   44:     0x7cbc16a34ac3 - <unknown>
[INFO] [stdout]   45:     0x7cbc16ac5a04 - clone
[INFO] [stdout]   46:                0x0 - <unknown>
[INFO] [stdout] 
[INFO] [stdout] 
[INFO] [stdout] failures:
[INFO] [stdout]     create_black_image
[INFO] [stdout] 
[INFO] [stdout] test result: FAILED. 0 passed; 1 failed; 0 ignored; 0 measured; 0 filtered out; finished in 0.02s
[INFO] [stdout] 
[INFO] [stderr] error: test failed, to rerun pass `--test black`
[INFO] running `Command { std: "docker" "inspect" "6c95b199150af966c4c372ed89b027e504f4e844743eaa98547b2e149406e5da", kill_on_drop: false }`
[INFO] running `Command { std: "docker" "rm" "-f" "6c95b199150af966c4c372ed89b027e504f4e844743eaa98547b2e149406e5da", kill_on_drop: false }`
[INFO] [stdout] 6c95b199150af966c4c372ed89b027e504f4e844743eaa98547b2e149406e5da
