[INFO] fetching crate raw-window-metal 1.0.0...
[INFO] testing raw-window-metal-1.0.0 against nightly-2024-10-28+rustflags=-Zrandomize-layout for randomize-layout
[INFO] extracting crate raw-window-metal 1.0.0 into /workspace/builds/worker-2-tc2/source
[INFO] validating manifest of crates.io crate raw-window-metal 1.0.0 on toolchain nightly-2024-10-28
[INFO] running `Command { std: CARGO_HOME="/workspace/cargo-home" RUSTUP_HOME="/workspace/rustup-home" "/workspace/cargo-home/bin/cargo" "+nightly-2024-10-28" "metadata" "--manifest-path" "Cargo.toml" "--no-deps", kill_on_drop: false }`
[INFO] started tweaking crates.io crate raw-window-metal 1.0.0
[INFO] finished tweaking crates.io crate raw-window-metal 1.0.0
[INFO] tweaked toml for crates.io crate raw-window-metal 1.0.0 written to /workspace/builds/worker-2-tc2/source/Cargo.toml
[INFO] running `Command { std: CARGO_HOME="/workspace/cargo-home" RUSTUP_HOME="/workspace/rustup-home" "/workspace/cargo-home/bin/cargo" "+nightly-2024-10-28" "generate-lockfile" "--manifest-path" "Cargo.toml", kill_on_drop: false }`
[INFO] [stderr]     Updating crates.io index
[INFO] [stderr]      Locking 21 packages to latest compatible versions
[INFO] running `Command { std: CARGO_HOME="/workspace/cargo-home" RUSTUP_HOME="/workspace/rustup-home" "/workspace/cargo-home/bin/cargo" "+nightly-2024-10-28" "fetch" "--manifest-path" "Cargo.toml", kill_on_drop: false }`
[INFO] running `Command { std: "docker" "create" "-v" "/var/lib/crater-agent-workspace/builds/worker-2-tc2/target:/opt/rustwide/target:rw,Z" "-v" "/var/lib/crater-agent-workspace/builds/worker-2-tc2/source:/opt/rustwide/workdir:ro,Z" "-v" "/var/lib/crater-agent-workspace/cargo-home:/opt/rustwide/cargo-home:ro,Z" "-v" "/var/lib/crater-agent-workspace/rustup-home:/opt/rustwide/rustup-home:ro,Z" "-e" "SOURCE_DIR=/opt/rustwide/workdir" "-e" "CARGO_TARGET_DIR=/opt/rustwide/target" "-e" "CARGO_HOME=/opt/rustwide/cargo-home" "-e" "RUSTUP_HOME=/opt/rustwide/rustup-home" "-w" "/opt/rustwide/workdir" "-m" "1610612736" "--user" "0:0" "--network" "none" "ghcr.io/rust-lang/crates-build-env/linux@sha256:4a844ea9eb2546a2d2c7022eacef16ef2e8229c7fbb2c7d4d55a9ceca922f72d" "/opt/rustwide/cargo-home/bin/cargo" "+nightly-2024-10-28" "metadata" "--no-deps" "--format-version=1", kill_on_drop: false }`
[INFO] [stdout] 26608ca53b548224c7ff4dc6a2e91d5297148fa890cb1a278d03aa87c84a7545
[INFO] running `Command { std: "docker" "start" "-a" "26608ca53b548224c7ff4dc6a2e91d5297148fa890cb1a278d03aa87c84a7545", kill_on_drop: false }`
[INFO] running `Command { std: "docker" "inspect" "26608ca53b548224c7ff4dc6a2e91d5297148fa890cb1a278d03aa87c84a7545", kill_on_drop: false }`
[INFO] running `Command { std: "docker" "rm" "-f" "26608ca53b548224c7ff4dc6a2e91d5297148fa890cb1a278d03aa87c84a7545", kill_on_drop: false }`
[INFO] [stdout] 26608ca53b548224c7ff4dc6a2e91d5297148fa890cb1a278d03aa87c84a7545
[INFO] running `Command { std: "docker" "create" "-v" "/var/lib/crater-agent-workspace/builds/worker-2-tc2/target:/opt/rustwide/target:rw,Z" "-v" "/var/lib/crater-agent-workspace/builds/worker-2-tc2/source:/opt/rustwide/workdir:ro,Z" "-v" "/var/lib/crater-agent-workspace/cargo-home:/opt/rustwide/cargo-home:ro,Z" "-v" "/var/lib/crater-agent-workspace/rustup-home:/opt/rustwide/rustup-home:ro,Z" "-e" "SOURCE_DIR=/opt/rustwide/workdir" "-e" "CARGO_TARGET_DIR=/opt/rustwide/target" "-e" "CARGO_INCREMENTAL=0" "-e" "RUST_BACKTRACE=full" "-e" "RUSTFLAGS=--cap-lints=forbid -Zrandomize-layout" "-e" "RUSTDOCFLAGS=--cap-lints=forbid" "-e" "CARGO_HOME=/opt/rustwide/cargo-home" "-e" "RUSTUP_HOME=/opt/rustwide/rustup-home" "-w" "/opt/rustwide/workdir" "-m" "1610612736" "--user" "0:0" "--network" "none" "ghcr.io/rust-lang/crates-build-env/linux@sha256:4a844ea9eb2546a2d2c7022eacef16ef2e8229c7fbb2c7d4d55a9ceca922f72d" "/opt/rustwide/cargo-home/bin/cargo" "+nightly-2024-10-28" "build" "--frozen" "--message-format=json", kill_on_drop: false }`
[INFO] [stdout] 38ffd9aff1b0ca2e10ed97048cbfcd8807652498fcde3f539174638b18521e1f
[INFO] running `Command { std: "docker" "start" "-a" "38ffd9aff1b0ca2e10ed97048cbfcd8807652498fcde3f539174638b18521e1f", kill_on_drop: false }`
[INFO] [stderr]    Compiling raw-window-metal v1.0.0 (/opt/rustwide/workdir)
[INFO] [stderr]     Finished `dev` profile [unoptimized + debuginfo] target(s) in 0.04s
[INFO] running `Command { std: "docker" "inspect" "38ffd9aff1b0ca2e10ed97048cbfcd8807652498fcde3f539174638b18521e1f", kill_on_drop: false }`
[INFO] running `Command { std: "docker" "rm" "-f" "38ffd9aff1b0ca2e10ed97048cbfcd8807652498fcde3f539174638b18521e1f", kill_on_drop: false }`
[INFO] [stdout] 38ffd9aff1b0ca2e10ed97048cbfcd8807652498fcde3f539174638b18521e1f
[INFO] running `Command { std: "docker" "create" "-v" "/var/lib/crater-agent-workspace/builds/worker-2-tc2/target:/opt/rustwide/target:rw,Z" "-v" "/var/lib/crater-agent-workspace/builds/worker-2-tc2/source:/opt/rustwide/workdir:ro,Z" "-v" "/var/lib/crater-agent-workspace/cargo-home:/opt/rustwide/cargo-home:ro,Z" "-v" "/var/lib/crater-agent-workspace/rustup-home:/opt/rustwide/rustup-home:ro,Z" "-e" "SOURCE_DIR=/opt/rustwide/workdir" "-e" "CARGO_TARGET_DIR=/opt/rustwide/target" "-e" "CARGO_INCREMENTAL=0" "-e" "RUST_BACKTRACE=full" "-e" "RUSTFLAGS=--cap-lints=forbid -Zrandomize-layout" "-e" "RUSTDOCFLAGS=--cap-lints=forbid" "-e" "CARGO_HOME=/opt/rustwide/cargo-home" "-e" "RUSTUP_HOME=/opt/rustwide/rustup-home" "-w" "/opt/rustwide/workdir" "-m" "1610612736" "--user" "0:0" "--network" "none" "ghcr.io/rust-lang/crates-build-env/linux@sha256:4a844ea9eb2546a2d2c7022eacef16ef2e8229c7fbb2c7d4d55a9ceca922f72d" "/opt/rustwide/cargo-home/bin/cargo" "+nightly-2024-10-28" "test" "--frozen" "--no-run" "--message-format=json", kill_on_drop: false }`
[INFO] [stdout] be09776ffa4ccd5822dcf93278ade4a0a4037fec96c4bd410259cef202ce136d
[INFO] running `Command { std: "docker" "start" "-a" "be09776ffa4ccd5822dcf93278ade4a0a4037fec96c4bd410259cef202ce136d", kill_on_drop: false }`
[INFO] [stderr]    Compiling raw-window-handle v0.6.2
[INFO] [stderr]    Compiling raw-window-metal v1.0.0 (/opt/rustwide/workdir)
[INFO] [stderr]     Finished `test` profile [unoptimized + debuginfo] target(s) in 0.20s
[INFO] running `Command { std: "docker" "inspect" "be09776ffa4ccd5822dcf93278ade4a0a4037fec96c4bd410259cef202ce136d", kill_on_drop: false }`
[INFO] running `Command { std: "docker" "rm" "-f" "be09776ffa4ccd5822dcf93278ade4a0a4037fec96c4bd410259cef202ce136d", kill_on_drop: false }`
[INFO] [stdout] be09776ffa4ccd5822dcf93278ade4a0a4037fec96c4bd410259cef202ce136d
[INFO] running `Command { std: "docker" "create" "-v" "/var/lib/crater-agent-workspace/builds/worker-2-tc2/target:/opt/rustwide/target:rw,Z" "-v" "/var/lib/crater-agent-workspace/builds/worker-2-tc2/source:/opt/rustwide/workdir:ro,Z" "-v" "/var/lib/crater-agent-workspace/cargo-home:/opt/rustwide/cargo-home:ro,Z" "-v" "/var/lib/crater-agent-workspace/rustup-home:/opt/rustwide/rustup-home:ro,Z" "-e" "SOURCE_DIR=/opt/rustwide/workdir" "-e" "CARGO_TARGET_DIR=/opt/rustwide/target" "-e" "CARGO_INCREMENTAL=0" "-e" "RUST_BACKTRACE=full" "-e" "RUSTFLAGS=--cap-lints=forbid -Zrandomize-layout" "-e" "RUSTDOCFLAGS=--cap-lints=forbid" "-e" "CARGO_HOME=/opt/rustwide/cargo-home" "-e" "RUSTUP_HOME=/opt/rustwide/rustup-home" "-w" "/opt/rustwide/workdir" "-m" "1610612736" "--user" "0:0" "--network" "none" "ghcr.io/rust-lang/crates-build-env/linux@sha256:4a844ea9eb2546a2d2c7022eacef16ef2e8229c7fbb2c7d4d55a9ceca922f72d" "/opt/rustwide/cargo-home/bin/cargo" "+nightly-2024-10-28" "test" "--frozen", kill_on_drop: false }`
[INFO] [stdout] a42ab038da8d197cc76016e124b34c56df2d7e3b51c948c43f3f6fc02eaebb52
[INFO] running `Command { std: "docker" "start" "-a" "a42ab038da8d197cc76016e124b34c56df2d7e3b51c948c43f3f6fc02eaebb52", kill_on_drop: false }`
[INFO] [stderr]     Finished `test` profile [unoptimized + debuginfo] target(s) in 0.01s
[INFO] [stderr]      Running unittests src/lib.rs (/opt/rustwide/target/debug/deps/raw_window_metal-1f2cb9b813bf213e)
[INFO] [stdout] 
[INFO] [stdout] running 0 tests
[INFO] [stdout] 
[INFO] [stdout] test result: ok. 0 passed; 0 failed; 0 ignored; 0 measured; 0 filtered out; finished in 0.00s
[INFO] [stdout] 
[INFO] [stderr]    Doc-tests raw_window_metal
[INFO] [stdout] 
[INFO] [stdout] running 1 test
[INFO] [stdout] test src/lib.rs - (line 13) ... FAILED
[INFO] [stdout] 
[INFO] [stdout] failures:
[INFO] [stdout] 
[INFO] [stdout] ---- src/lib.rs - (line 13) stdout ----
[INFO] [stdout] error[E0433]: failed to resolve: use of undeclared crate or module `objc2`
[INFO] [stdout]  --> src/lib.rs:15:5
[INFO] [stdout]   |
[INFO] [stdout] 5 | use objc2::rc::Retained;
[INFO] [stdout]   |     ^^^^^ use of undeclared crate or module `objc2`
[INFO] [stdout] 
[INFO] [stdout] error[E0432]: unresolved import `objc2_quartz_core`
[INFO] [stdout]  --> src/lib.rs:16:5
[INFO] [stdout]   |
[INFO] [stdout] 6 | use objc2_quartz_core::CAMetalLayer;
[INFO] [stdout]   |     ^^^^^^^^^^^^^^^^^ use of undeclared crate or module `objc2_quartz_core`
[INFO] [stdout] 
[INFO] [stdout] error[E0432]: unresolved import `raw_window_metal::Layer`
[INFO] [stdout]  --> src/lib.rs:18:5
[INFO] [stdout]   |
[INFO] [stdout] 8 | use raw_window_metal::Layer;
[INFO] [stdout]   |     ^^^^^^^^^^^^^^^^^^^^^^^ no `Layer` in the root
[INFO] [stdout] 
[INFO] [stdout] error[E0433]: failed to resolve: use of undeclared crate or module `objc2_foundation`
[INFO] [stdout]   --> src/lib.rs:20:11
[INFO] [stdout]    |
[INFO] [stdout] 10 | let mtm = objc2_foundation::MainThreadMarker::new().expect("doc tests to run on main thread");
[INFO] [stdout]    |           ^^^^^^^^^^^^^^^^ use of undeclared crate or module `objc2_foundation`
[INFO] [stdout] 
[INFO] [stdout] error[E0433]: failed to resolve: use of undeclared crate or module `objc2_ui_kit`
[INFO] [stdout]   --> src/lib.rs:28:21
[INFO] [stdout]    |
[INFO] [stdout] 18 | let view = unsafe { objc2_ui_kit::UIView::new(mtm) };
[INFO] [stdout]    |                     ^^^^^^^^^^^^ use of undeclared crate or module `objc2_ui_kit`
[INFO] [stdout] 
[INFO] [stdout] error: aborting due to 5 previous errors
[INFO] [stdout] 
[INFO] [stdout] Some errors have detailed explanations: E0432, E0433.
[INFO] [stdout] For more information about an error, try `rustc --explain E0432`.
[INFO] [stdout] Couldn't compile the test.
[INFO] [stdout] 
[INFO] [stdout] failures:
[INFO] [stdout]     src/lib.rs - (line 13)
[INFO] [stdout] 
[INFO] [stdout] test result: FAILED. 0 passed; 1 failed; 0 ignored; 0 measured; 0 filtered out; finished in 0.04s
[INFO] [stdout] 
[INFO] [stderr] error: doctest failed, to rerun pass `--doc`
[INFO] running `Command { std: "docker" "inspect" "a42ab038da8d197cc76016e124b34c56df2d7e3b51c948c43f3f6fc02eaebb52", kill_on_drop: false }`
[INFO] running `Command { std: "docker" "rm" "-f" "a42ab038da8d197cc76016e124b34c56df2d7e3b51c948c43f3f6fc02eaebb52", kill_on_drop: false }`
[INFO] [stdout] a42ab038da8d197cc76016e124b34c56df2d7e3b51c948c43f3f6fc02eaebb52
