[INFO] fetching crate raw-rs 0.0.1...
[INFO] testing raw-rs-0.0.1 against nightly-2024-10-28+rustflags=-Zrandomize-layout for randomize-layout
[INFO] extracting crate raw-rs 0.0.1 into /workspace/builds/worker-4-tc2/source
[INFO] validating manifest of crates.io crate raw-rs 0.0.1 on toolchain nightly-2024-10-28
[INFO] running `Command { std: CARGO_HOME="/workspace/cargo-home" RUSTUP_HOME="/workspace/rustup-home" "/workspace/cargo-home/bin/cargo" "+nightly-2024-10-28" "metadata" "--manifest-path" "Cargo.toml" "--no-deps", kill_on_drop: false }`
[INFO] started tweaking crates.io crate raw-rs 0.0.1
[INFO] finished tweaking crates.io crate raw-rs 0.0.1
[INFO] tweaked toml for crates.io crate raw-rs 0.0.1 written to /workspace/builds/worker-4-tc2/source/Cargo.toml
[INFO] running `Command { std: CARGO_HOME="/workspace/cargo-home" RUSTUP_HOME="/workspace/rustup-home" "/workspace/cargo-home/bin/cargo" "+nightly-2024-10-28" "generate-lockfile" "--manifest-path" "Cargo.toml", kill_on_drop: false }`
[INFO] [stderr]     Updating crates.io index
[INFO] [stderr]      Locking 139 packages to latest compatible versions
[INFO] running `Command { std: CARGO_HOME="/workspace/cargo-home" RUSTUP_HOME="/workspace/rustup-home" "/workspace/cargo-home/bin/cargo" "+nightly-2024-10-28" "fetch" "--manifest-path" "Cargo.toml", kill_on_drop: false }`
[INFO] running `Command { std: "docker" "create" "-v" "/var/lib/crater-agent-workspace/builds/worker-4-tc2/target:/opt/rustwide/target:rw,Z" "-v" "/var/lib/crater-agent-workspace/builds/worker-4-tc2/source:/opt/rustwide/workdir:ro,Z" "-v" "/var/lib/crater-agent-workspace/cargo-home:/opt/rustwide/cargo-home:ro,Z" "-v" "/var/lib/crater-agent-workspace/rustup-home:/opt/rustwide/rustup-home:ro,Z" "-e" "SOURCE_DIR=/opt/rustwide/workdir" "-e" "CARGO_TARGET_DIR=/opt/rustwide/target" "-e" "CARGO_HOME=/opt/rustwide/cargo-home" "-e" "RUSTUP_HOME=/opt/rustwide/rustup-home" "-w" "/opt/rustwide/workdir" "-m" "1610612736" "--user" "0:0" "--network" "none" "ghcr.io/rust-lang/crates-build-env/linux@sha256:4a844ea9eb2546a2d2c7022eacef16ef2e8229c7fbb2c7d4d55a9ceca922f72d" "/opt/rustwide/cargo-home/bin/cargo" "+nightly-2024-10-28" "metadata" "--no-deps" "--format-version=1", kill_on_drop: false }`
[INFO] [stdout] 0565a4de3a5d7f1d3fed4f917e21eed624a0939038095241a75c2d98e9147ab7
[INFO] running `Command { std: "docker" "start" "-a" "0565a4de3a5d7f1d3fed4f917e21eed624a0939038095241a75c2d98e9147ab7", kill_on_drop: false }`
[INFO] running `Command { std: "docker" "inspect" "0565a4de3a5d7f1d3fed4f917e21eed624a0939038095241a75c2d98e9147ab7", kill_on_drop: false }`
[INFO] running `Command { std: "docker" "rm" "-f" "0565a4de3a5d7f1d3fed4f917e21eed624a0939038095241a75c2d98e9147ab7", kill_on_drop: false }`
[INFO] [stdout] 0565a4de3a5d7f1d3fed4f917e21eed624a0939038095241a75c2d98e9147ab7
[INFO] running `Command { std: "docker" "create" "-v" "/var/lib/crater-agent-workspace/builds/worker-4-tc2/target:/opt/rustwide/target:rw,Z" "-v" "/var/lib/crater-agent-workspace/builds/worker-4-tc2/source:/opt/rustwide/workdir:ro,Z" "-v" "/var/lib/crater-agent-workspace/cargo-home:/opt/rustwide/cargo-home:ro,Z" "-v" "/var/lib/crater-agent-workspace/rustup-home:/opt/rustwide/rustup-home:ro,Z" "-e" "SOURCE_DIR=/opt/rustwide/workdir" "-e" "CARGO_TARGET_DIR=/opt/rustwide/target" "-e" "CARGO_INCREMENTAL=0" "-e" "RUST_BACKTRACE=full" "-e" "RUSTFLAGS=--cap-lints=forbid -Zrandomize-layout" "-e" "RUSTDOCFLAGS=--cap-lints=forbid" "-e" "CARGO_HOME=/opt/rustwide/cargo-home" "-e" "RUSTUP_HOME=/opt/rustwide/rustup-home" "-w" "/opt/rustwide/workdir" "-m" "1610612736" "--user" "0:0" "--network" "none" "ghcr.io/rust-lang/crates-build-env/linux@sha256:4a844ea9eb2546a2d2c7022eacef16ef2e8229c7fbb2c7d4d55a9ceca922f72d" "/opt/rustwide/cargo-home/bin/cargo" "+nightly-2024-10-28" "build" "--frozen" "--message-format=json", kill_on_drop: false }`
[INFO] [stdout] 4e2371077a8a213107734b5e14a00185cef5774bb0613012ae8cd8140e03e159
[INFO] running `Command { std: "docker" "start" "-a" "4e2371077a8a213107734b5e14a00185cef5774bb0613012ae8cd8140e03e159", kill_on_drop: false }`
[INFO] [stderr]    Compiling winnow v0.6.20
[INFO] [stderr]    Compiling toml_edit v0.22.22
[INFO] [stderr]    Compiling proc-macro-crate v3.2.0
[INFO] [stderr]    Compiling num_enum_derive v0.7.3
[INFO] [stderr]    Compiling num_enum v0.7.3
[INFO] [stderr]    Compiling raw-rs v0.0.1 (/opt/rustwide/workdir)
[INFO] [stdout] warning: unused import: `COMPRESSION`
[INFO] [stdout]  --> src/lib.rs:7:18
[INFO] [stdout]   |
[INFO] [stdout] 7 | use tiff::tags::{COMPRESSION, SUBIFD};
[INFO] [stdout]   |                  ^^^^^^^^^^^
[INFO] [stdout]   |
[INFO] [stdout]   = note: `#[warn(unused_imports)]` on by default
[INFO] [stdout] 
[INFO] [stdout] 
[INFO] [stdout] warning: unused variable: `cfa_pattern`
[INFO] [stdout]   --> src/decoder/uncompressed.rs:25:6
[INFO] [stdout]    |
[INFO] [stdout] 25 |     let cfa_pattern = ifd.get(CFA_PATTERN, file).unwrap();
[INFO] [stdout]    |         ^^^^^^^^^^^ help: if this is intentional, prefix it with an underscore: `_cfa_pattern`
[INFO] [stdout]    |
[INFO] [stdout]    = note: `#[warn(unused_variables)]` on by default
[INFO] [stdout] 
[INFO] [stdout] 
[INFO] [stdout] warning: unused variable: `bytes_per_row`
[INFO] [stdout]   --> src/decoder/uncompressed.rs:28:6
[INFO] [stdout]    |
[INFO] [stdout] 28 |     let bytes_per_row = bytes_per_sample * samples_per_pixel * image_width;
[INFO] [stdout]    |         ^^^^^^^^^^^^^ help: if this is intentional, prefix it with an underscore: `_bytes_per_row`
[INFO] [stdout] 
[INFO] [stdout] 
[INFO] [stdout] warning: unused variable: `image`
[INFO] [stdout]   --> src/lib.rs:33:21
[INFO] [stdout]    |
[INFO] [stdout] 33 | pub fn process_8bit(image: RawImage) -> Image<u8> {
[INFO] [stdout]    |                     ^^^^^ help: if this is intentional, prefix it with an underscore: `_image`
[INFO] [stdout] 
[INFO] [stdout] 
[INFO] [stdout] warning: unused variable: `image`
[INFO] [stdout]   --> src/lib.rs:37:22
[INFO] [stdout]    |
[INFO] [stdout] 37 | pub fn process_16bit(image: RawImage) -> Image<u16> {
[INFO] [stdout]    |                      ^^^^^ help: if this is intentional, prefix it with an underscore: `_image`
[INFO] [stdout] 
[INFO] [stdout] 
[INFO] [stdout] warning: fields `type_`, `count`, and `value` are never read
[INFO] [stdout]   --> src/tiff/mod.rs:56:2
[INFO] [stdout]    |
[INFO] [stdout] 54 | pub struct IfdEntry {
[INFO] [stdout]    |            -------- fields in this struct
[INFO] [stdout] 55 |     tag: TagId,
[INFO] [stdout] 56 |     type_: u16,
[INFO] [stdout]    |     ^^^^^
[INFO] [stdout] 57 |     count: u32,
[INFO] [stdout]    |     ^^^^^
[INFO] [stdout] 58 |     value: u32,
[INFO] [stdout]    |     ^^^^^
[INFO] [stdout]    |
[INFO] [stdout]    = note: `IfdEntry` has derived impls for the traits `Debug` and `Clone`, but these are intentionally ignored during dead code analysis
[INFO] [stdout]    = note: `#[warn(dead_code)]` on by default
[INFO] [stdout] 
[INFO] [stdout] 
[INFO] [stdout] warning: field `next_ifd_offset` is never read
[INFO] [stdout]   --> src/tiff/mod.rs:65:2
[INFO] [stdout]    |
[INFO] [stdout] 62 | pub struct Ifd {
[INFO] [stdout]    |            --- field in this struct
[INFO] [stdout] ...
[INFO] [stdout] 65 |     next_ifd_offset: Option<u32>,
[INFO] [stdout]    |     ^^^^^^^^^^^^^^^
[INFO] [stdout]    |
[INFO] [stdout]    = note: `Ifd` has derived impls for the traits `Debug` and `Clone`, but these are intentionally ignored during dead code analysis
[INFO] [stdout] 
[INFO] [stdout] 
[INFO] [stdout] warning: method `next_ifd` is never used
[INFO] [stdout]    --> src/tiff/mod.rs:103:5
[INFO] [stdout]     |
[INFO] [stdout] 68  | impl Ifd {
[INFO] [stdout]     | -------- method in this implementation
[INFO] [stdout] ...
[INFO] [stdout] 103 |     fn next_ifd<R: Read + Seek>(&self, file: &mut TiffRead<R>) -> std::io::Result<Self> {
[INFO] [stdout]     |        ^^^^^^^^
[INFO] [stdout] 
[INFO] [stdout] 
[INFO] [stderr]     Finished `dev` profile [unoptimized + debuginfo] target(s) in 5.81s
[INFO] running `Command { std: "docker" "inspect" "4e2371077a8a213107734b5e14a00185cef5774bb0613012ae8cd8140e03e159", kill_on_drop: false }`
[INFO] running `Command { std: "docker" "rm" "-f" "4e2371077a8a213107734b5e14a00185cef5774bb0613012ae8cd8140e03e159", kill_on_drop: false }`
[INFO] [stdout] 4e2371077a8a213107734b5e14a00185cef5774bb0613012ae8cd8140e03e159
[INFO] running `Command { std: "docker" "create" "-v" "/var/lib/crater-agent-workspace/builds/worker-4-tc2/target:/opt/rustwide/target:rw,Z" "-v" "/var/lib/crater-agent-workspace/builds/worker-4-tc2/source:/opt/rustwide/workdir:ro,Z" "-v" "/var/lib/crater-agent-workspace/cargo-home:/opt/rustwide/cargo-home:ro,Z" "-v" "/var/lib/crater-agent-workspace/rustup-home:/opt/rustwide/rustup-home:ro,Z" "-e" "SOURCE_DIR=/opt/rustwide/workdir" "-e" "CARGO_TARGET_DIR=/opt/rustwide/target" "-e" "CARGO_INCREMENTAL=0" "-e" "RUST_BACKTRACE=full" "-e" "RUSTFLAGS=--cap-lints=forbid -Zrandomize-layout" "-e" "RUSTDOCFLAGS=--cap-lints=forbid" "-e" "CARGO_HOME=/opt/rustwide/cargo-home" "-e" "RUSTUP_HOME=/opt/rustwide/rustup-home" "-w" "/opt/rustwide/workdir" "-m" "1610612736" "--user" "0:0" "--network" "none" "ghcr.io/rust-lang/crates-build-env/linux@sha256:4a844ea9eb2546a2d2c7022eacef16ef2e8229c7fbb2c7d4d55a9ceca922f72d" "/opt/rustwide/cargo-home/bin/cargo" "+nightly-2024-10-28" "test" "--frozen" "--no-run" "--message-format=json", kill_on_drop: false }`
[INFO] [stdout] cc214bf6077252e28409914243dc4e82fb76f1211c5fae27e1178fff280a39aa
[INFO] running `Command { std: "docker" "start" "-a" "cc214bf6077252e28409914243dc4e82fb76f1211c5fae27e1178fff280a39aa", kill_on_drop: false }`
[INFO] [stderr]    Compiling pin-project-lite v0.2.15
[INFO] [stderr]    Compiling vcpkg v0.2.15
[INFO] [stderr]    Compiling futures-core v0.3.31
[INFO] [stderr]    Compiling slab v0.4.9
[INFO] [stderr]    Compiling pkg-config v0.3.31
[INFO] [stderr]    Compiling futures-sink v0.3.31
[INFO] [stderr]    Compiling jobserver v0.1.32
[INFO] [stderr]    Compiling syn v2.0.86
[INFO] [stderr]    Compiling bytes v1.8.0
[INFO] [stderr]    Compiling futures-channel v0.3.31
[INFO] [stderr]    Compiling futures-task v0.3.31
[INFO] [stderr]    Compiling cc v1.1.31
[INFO] [stderr]    Compiling futures-io v0.3.31
[INFO] [stderr]    Compiling mio v1.0.2
[INFO] [stderr]    Compiling http v1.1.0
[INFO] [stderr]    Compiling socket2 v0.5.7
[INFO] [stderr]    Compiling httparse v1.9.5
[INFO] [stderr]    Compiling openssl v0.10.68
[INFO] [stderr]    Compiling foreign-types-shared v0.1.1
[INFO] [stderr]    Compiling tokio v1.41.0
[INFO] [stderr]    Compiling foreign-types v0.3.2
[INFO] [stderr]    Compiling try-lock v0.2.5
[INFO] [stderr]    Compiling native-tls v0.2.12
[INFO] [stderr]    Compiling bitflags v2.6.0
[INFO] [stderr]    Compiling want v0.3.1
[INFO] [stderr]    Compiling tracing-core v0.1.32
[INFO] [stderr]    Compiling serde v1.0.214
[INFO] [stderr]    Compiling smallvec v1.13.2
[INFO] [stderr]    Compiling openssl-probe v0.1.5
[INFO] [stderr]    Compiling getrandom v0.2.15
[INFO] [stderr]    Compiling tracing v0.1.40
[INFO] [stderr]    Compiling http-body v1.0.1
[INFO] [stderr]    Compiling tower-service v0.3.3
[INFO] [stderr]    Compiling rand_core v0.6.4
[INFO] [stderr]    Compiling rustls-pki-types v1.10.0
[INFO] [stderr]    Compiling sync_wrapper v1.0.1
[INFO] [stderr]    Compiling ipnet v2.10.1
[INFO] [stderr]    Compiling mime v0.3.17
[INFO] [stderr]    Compiling rustls-pemfile v2.2.0
[INFO] [stderr]    Compiling openssl-sys v0.9.104
[INFO] [stderr]    Compiling libraw-rs-sys v0.0.4+libraw-0.20.1
[INFO] [stderr]    Compiling futures-macro v0.3.31
[INFO] [stderr]    Compiling openssl-macros v0.1.1
[INFO] [stderr]    Compiling futures-util v0.3.31
[INFO] [stderr]    Compiling zerocopy-derive v0.7.35
[INFO] [stderr]    Compiling thiserror-impl v1.0.66
[INFO] [stderr]    Compiling zerocopy v0.7.35
[INFO] [stderr]    Compiling ppv-lite86 v0.2.20
[INFO] [stderr]    Compiling thiserror v1.0.66
[INFO] [stderr]    Compiling serde_urlencoded v0.7.1
[INFO] [stderr]    Compiling num_enum_derive v0.7.3
[INFO] [stderr]    Compiling rand_chacha v0.3.1
[INFO] [stderr]    Compiling rand v0.8.5
[INFO] [stderr]    Compiling hyper v1.5.0
[INFO] [stderr]    Compiling http-body-util v0.1.2
[INFO] [stderr]    Compiling futures-executor v0.3.31
[INFO] [stderr]    Compiling tokio-native-tls v0.3.1
[INFO] [stderr]    Compiling futures v0.3.31
[INFO] [stderr]    Compiling num_enum v0.7.3
[INFO] [stderr]    Compiling raw-rs v0.0.1 (/opt/rustwide/workdir)
[INFO] [stdout] warning: unused import: `COMPRESSION`
[INFO] [stdout]  --> src/lib.rs:7:18
[INFO] [stdout]   |
[INFO] [stdout] 7 | use tiff::tags::{COMPRESSION, SUBIFD};
[INFO] [stdout]   |                  ^^^^^^^^^^^
[INFO] [stdout]   |
[INFO] [stdout]   = note: `#[warn(unused_imports)]` on by default
[INFO] [stdout] 
[INFO] [stdout] 
[INFO] [stdout] warning: unused variable: `cfa_pattern`
[INFO] [stdout]   --> src/decoder/uncompressed.rs:25:6
[INFO] [stdout]    |
[INFO] [stdout] 25 |     let cfa_pattern = ifd.get(CFA_PATTERN, file).unwrap();
[INFO] [stdout]    |         ^^^^^^^^^^^ help: if this is intentional, prefix it with an underscore: `_cfa_pattern`
[INFO] [stdout]    |
[INFO] [stdout]    = note: `#[warn(unused_variables)]` on by default
[INFO] [stdout] 
[INFO] [stdout] 
[INFO] [stdout] warning: unused variable: `bytes_per_row`
[INFO] [stdout]   --> src/decoder/uncompressed.rs:28:6
[INFO] [stdout]    |
[INFO] [stdout] 28 |     let bytes_per_row = bytes_per_sample * samples_per_pixel * image_width;
[INFO] [stdout]    |         ^^^^^^^^^^^^^ help: if this is intentional, prefix it with an underscore: `_bytes_per_row`
[INFO] [stdout] 
[INFO] [stdout] 
[INFO] [stdout] warning: unused variable: `image`
[INFO] [stdout]   --> src/lib.rs:33:21
[INFO] [stdout]    |
[INFO] [stdout] 33 | pub fn process_8bit(image: RawImage) -> Image<u8> {
[INFO] [stdout]    |                     ^^^^^ help: if this is intentional, prefix it with an underscore: `_image`
[INFO] [stdout] 
[INFO] [stdout] 
[INFO] [stdout] warning: unused variable: `image`
[INFO] [stdout]   --> src/lib.rs:37:22
[INFO] [stdout]    |
[INFO] [stdout] 37 | pub fn process_16bit(image: RawImage) -> Image<u16> {
[INFO] [stdout]    |                      ^^^^^ help: if this is intentional, prefix it with an underscore: `_image`
[INFO] [stdout] 
[INFO] [stdout] 
[INFO] [stdout] warning: fields `type_`, `count`, and `value` are never read
[INFO] [stdout]   --> src/tiff/mod.rs:56:2
[INFO] [stdout]    |
[INFO] [stdout] 54 | pub struct IfdEntry {
[INFO] [stdout]    |            -------- fields in this struct
[INFO] [stdout] 55 |     tag: TagId,
[INFO] [stdout] 56 |     type_: u16,
[INFO] [stdout]    |     ^^^^^
[INFO] [stdout] 57 |     count: u32,
[INFO] [stdout]    |     ^^^^^
[INFO] [stdout] 58 |     value: u32,
[INFO] [stdout]    |     ^^^^^
[INFO] [stdout]    |
[INFO] [stdout]    = note: `IfdEntry` has derived impls for the traits `Debug` and `Clone`, but these are intentionally ignored during dead code analysis
[INFO] [stdout]    = note: `#[warn(dead_code)]` on by default
[INFO] [stdout] 
[INFO] [stdout] 
[INFO] [stdout] warning: field `next_ifd_offset` is never read
[INFO] [stdout]   --> src/tiff/mod.rs:65:2
[INFO] [stdout]    |
[INFO] [stdout] 62 | pub struct Ifd {
[INFO] [stdout]    |            --- field in this struct
[INFO] [stdout] ...
[INFO] [stdout] 65 |     next_ifd_offset: Option<u32>,
[INFO] [stdout]    |     ^^^^^^^^^^^^^^^
[INFO] [stdout]    |
[INFO] [stdout]    = note: `Ifd` has derived impls for the traits `Debug` and `Clone`, but these are intentionally ignored during dead code analysis
[INFO] [stdout] 
[INFO] [stdout] 
[INFO] [stdout] warning: method `next_ifd` is never used
[INFO] [stdout]    --> src/tiff/mod.rs:103:5
[INFO] [stdout]     |
[INFO] [stdout] 68  | impl Ifd {
[INFO] [stdout]     | -------- method in this implementation
[INFO] [stdout] ...
[INFO] [stdout] 103 |     fn next_ifd<R: Read + Seek>(&self, file: &mut TiffRead<R>) -> std::io::Result<Self> {
[INFO] [stdout]     |        ^^^^^^^^
[INFO] [stdout] 
[INFO] [stdout] 
[INFO] [stderr]    Compiling hyper-util v0.1.10
[INFO] [stderr]    Compiling hyper-tls v0.6.0
[INFO] [stderr]    Compiling reqwest v0.12.9
[INFO] [stderr]    Compiling downloader v0.2.8
[INFO] [stderr]    Compiling libraw-rs v0.0.4
[INFO] [stdout] warning: unused import: `COMPRESSION`
[INFO] [stdout]  --> src/lib.rs:7:18
[INFO] [stdout]   |
[INFO] [stdout] 7 | use tiff::tags::{COMPRESSION, SUBIFD};
[INFO] [stdout]   |                  ^^^^^^^^^^^
[INFO] [stdout]   |
[INFO] [stdout]   = note: `#[warn(unused_imports)]` on by default
[INFO] [stdout] 
[INFO] [stdout] 
[INFO] [stdout] warning: unused variable: `raw_image`
[INFO] [stdout]   --> tests/tests.rs:33:8
[INFO] [stdout]    |
[INFO] [stdout] 33 |             let raw_image = match test_raw_data(&content) {
[INFO] [stdout]    |                 ^^^^^^^^^ help: if this is intentional, prefix it with an underscore: `_raw_image`
[INFO] [stdout]    |
[INFO] [stdout]    = note: `#[warn(unused_variables)]` on by default
[INFO] [stdout] 
[INFO] [stdout] 
[INFO] [stdout] warning: unused variable: `cfa_pattern`
[INFO] [stdout]   --> src/decoder/uncompressed.rs:25:6
[INFO] [stdout]    |
[INFO] [stdout] 25 |     let cfa_pattern = ifd.get(CFA_PATTERN, file).unwrap();
[INFO] [stdout]    |         ^^^^^^^^^^^ help: if this is intentional, prefix it with an underscore: `_cfa_pattern`
[INFO] [stdout]    |
[INFO] [stdout]    = note: `#[warn(unused_variables)]` on by default
[INFO] [stdout] 
[INFO] [stdout] 
[INFO] [stdout] warning: unused variable: `bytes_per_row`
[INFO] [stdout]   --> src/decoder/uncompressed.rs:28:6
[INFO] [stdout]    |
[INFO] [stdout] 28 |     let bytes_per_row = bytes_per_sample * samples_per_pixel * image_width;
[INFO] [stdout]    |         ^^^^^^^^^^^^^ help: if this is intentional, prefix it with an underscore: `_bytes_per_row`
[INFO] [stdout] 
[INFO] [stdout] 
[INFO] [stdout] warning: function `test_final_image` is never used
[INFO] [stdout]    --> tests/tests.rs:150:4
[INFO] [stdout]     |
[INFO] [stdout] 150 | fn test_final_image(content: &[u8], raw_image: RawImage) -> Result<(), String> {
[INFO] [stdout]     |    ^^^^^^^^^^^^^^^^
[INFO] [stdout]     |
[INFO] [stdout]     = note: `#[warn(dead_code)]` on by default
[INFO] [stdout] 
[INFO] [stdout] 
[INFO] [stdout] warning: unused variable: `image`
[INFO] [stdout]   --> src/lib.rs:33:21
[INFO] [stdout]    |
[INFO] [stdout] 33 | pub fn process_8bit(image: RawImage) -> Image<u8> {
[INFO] [stdout]    |                     ^^^^^ help: if this is intentional, prefix it with an underscore: `_image`
[INFO] [stdout] 
[INFO] [stdout] 
[INFO] [stdout] warning: unused variable: `image`
[INFO] [stdout]   --> src/lib.rs:37:22
[INFO] [stdout]    |
[INFO] [stdout] 37 | pub fn process_16bit(image: RawImage) -> Image<u16> {
[INFO] [stdout]    |                      ^^^^^ help: if this is intentional, prefix it with an underscore: `_image`
[INFO] [stdout] 
[INFO] [stdout] 
[INFO] [stdout] warning: fields `type_`, `count`, and `value` are never read
[INFO] [stdout]   --> src/tiff/mod.rs:56:2
[INFO] [stdout]    |
[INFO] [stdout] 54 | pub struct IfdEntry {
[INFO] [stdout]    |            -------- fields in this struct
[INFO] [stdout] 55 |     tag: TagId,
[INFO] [stdout] 56 |     type_: u16,
[INFO] [stdout]    |     ^^^^^
[INFO] [stdout] 57 |     count: u32,
[INFO] [stdout]    |     ^^^^^
[INFO] [stdout] 58 |     value: u32,
[INFO] [stdout]    |     ^^^^^
[INFO] [stdout]    |
[INFO] [stdout]    = note: `IfdEntry` has derived impls for the traits `Debug` and `Clone`, but these are intentionally ignored during dead code analysis
[INFO] [stdout]    = note: `#[warn(dead_code)]` on by default
[INFO] [stdout] 
[INFO] [stdout] 
[INFO] [stdout] warning: field `next_ifd_offset` is never read
[INFO] [stdout]   --> src/tiff/mod.rs:65:2
[INFO] [stdout]    |
[INFO] [stdout] 62 | pub struct Ifd {
[INFO] [stdout]    |            --- field in this struct
[INFO] [stdout] ...
[INFO] [stdout] 65 |     next_ifd_offset: Option<u32>,
[INFO] [stdout]    |     ^^^^^^^^^^^^^^^
[INFO] [stdout]    |
[INFO] [stdout]    = note: `Ifd` has derived impls for the traits `Debug` and `Clone`, but these are intentionally ignored during dead code analysis
[INFO] [stdout] 
[INFO] [stdout] 
[INFO] [stdout] warning: method `next_ifd` is never used
[INFO] [stdout]    --> src/tiff/mod.rs:103:5
[INFO] [stdout]     |
[INFO] [stdout] 68  | impl Ifd {
[INFO] [stdout]     | -------- method in this implementation
[INFO] [stdout] ...
[INFO] [stdout] 103 |     fn next_ifd<R: Read + Seek>(&self, file: &mut TiffRead<R>) -> std::io::Result<Self> {
[INFO] [stdout]     |        ^^^^^^^^
[INFO] [stdout] 
[INFO] [stdout] 
[INFO] [stderr]     Finished `test` profile [unoptimized + debuginfo] target(s) in 50.48s
[INFO] running `Command { std: "docker" "inspect" "cc214bf6077252e28409914243dc4e82fb76f1211c5fae27e1178fff280a39aa", kill_on_drop: false }`
[INFO] running `Command { std: "docker" "rm" "-f" "cc214bf6077252e28409914243dc4e82fb76f1211c5fae27e1178fff280a39aa", kill_on_drop: false }`
[INFO] [stdout] cc214bf6077252e28409914243dc4e82fb76f1211c5fae27e1178fff280a39aa
[INFO] running `Command { std: "docker" "create" "-v" "/var/lib/crater-agent-workspace/builds/worker-4-tc2/target:/opt/rustwide/target:rw,Z" "-v" "/var/lib/crater-agent-workspace/builds/worker-4-tc2/source:/opt/rustwide/workdir:ro,Z" "-v" "/var/lib/crater-agent-workspace/cargo-home:/opt/rustwide/cargo-home:ro,Z" "-v" "/var/lib/crater-agent-workspace/rustup-home:/opt/rustwide/rustup-home:ro,Z" "-e" "SOURCE_DIR=/opt/rustwide/workdir" "-e" "CARGO_TARGET_DIR=/opt/rustwide/target" "-e" "CARGO_INCREMENTAL=0" "-e" "RUST_BACKTRACE=full" "-e" "RUSTFLAGS=--cap-lints=forbid -Zrandomize-layout" "-e" "RUSTDOCFLAGS=--cap-lints=forbid" "-e" "CARGO_HOME=/opt/rustwide/cargo-home" "-e" "RUSTUP_HOME=/opt/rustwide/rustup-home" "-w" "/opt/rustwide/workdir" "-m" "1610612736" "--user" "0:0" "--network" "none" "ghcr.io/rust-lang/crates-build-env/linux@sha256:4a844ea9eb2546a2d2c7022eacef16ef2e8229c7fbb2c7d4d55a9ceca922f72d" "/opt/rustwide/cargo-home/bin/cargo" "+nightly-2024-10-28" "test" "--frozen", kill_on_drop: false }`
[INFO] [stdout] 614d3d7a8e80b34565ba13629a3e3064e4a05d8007c4d7aa3f99bd913322ac9a
[INFO] running `Command { std: "docker" "start" "-a" "614d3d7a8e80b34565ba13629a3e3064e4a05d8007c4d7aa3f99bd913322ac9a", kill_on_drop: false }`
[INFO] [stderr] warning: unused import: `COMPRESSION`
[INFO] [stderr]  --> src/lib.rs:7:18
[INFO] [stderr]   |
[INFO] [stderr] 7 | use tiff::tags::{COMPRESSION, SUBIFD};
[INFO] [stderr]   |                  ^^^^^^^^^^^
[INFO] [stderr]   |
[INFO] [stderr]   = note: `#[warn(unused_imports)]` on by default
[INFO] [stderr] 
[INFO] [stderr] warning: unused variable: `cfa_pattern`
[INFO] [stderr]   --> src/decoder/uncompressed.rs:25:6
[INFO] [stderr]    |
[INFO] [stderr] 25 |     let cfa_pattern = ifd.get(CFA_PATTERN, file).unwrap();
[INFO] [stderr]    |         ^^^^^^^^^^^ help: if this is intentional, prefix it with an underscore: `_cfa_pattern`
[INFO] [stderr]    |
[INFO] [stderr]    = note: `#[warn(unused_variables)]` on by default
[INFO] [stderr] 
[INFO] [stderr] warning: unused variable: `bytes_per_row`
[INFO] [stderr]   --> src/decoder/uncompressed.rs:28:6
[INFO] [stderr]    |
[INFO] [stderr] 28 |     let bytes_per_row = bytes_per_sample * samples_per_pixel * image_width;
[INFO] [stderr]    |         ^^^^^^^^^^^^^ help: if this is intentional, prefix it with an underscore: `_bytes_per_row`
[INFO] [stderr] 
[INFO] [stderr] warning: unused variable: `image`
[INFO] [stderr]   --> src/lib.rs:33:21
[INFO] [stderr]    |
[INFO] [stderr] 33 | pub fn process_8bit(image: RawImage) -> Image<u8> {
[INFO] [stderr]    |                     ^^^^^ help: if this is intentional, prefix it with an underscore: `_image`
[INFO] [stderr] 
[INFO] [stderr] warning: unused variable: `image`
[INFO] [stderr]   --> src/lib.rs:37:22
[INFO] [stderr]    |
[INFO] [stderr] 37 | pub fn process_16bit(image: RawImage) -> Image<u16> {
[INFO] [stderr]    |                      ^^^^^ help: if this is intentional, prefix it with an underscore: `_image`
[INFO] [stderr] 
[INFO] [stderr] warning: fields `type_`, `count`, and `value` are never read
[INFO] [stderr]   --> src/tiff/mod.rs:56:2
[INFO] [stderr]    |
[INFO] [stderr] 54 | pub struct IfdEntry {
[INFO] [stderr]    |            -------- fields in this struct
[INFO] [stderr] 55 |     tag: TagId,
[INFO] [stderr] 56 |     type_: u16,
[INFO] [stderr]    |     ^^^^^
[INFO] [stderr] 57 |     count: u32,
[INFO] [stderr]    |     ^^^^^
[INFO] [stderr] 58 |     value: u32,
[INFO] [stderr]    |     ^^^^^
[INFO] [stderr]    |
[INFO] [stderr]    = note: `IfdEntry` has derived impls for the traits `Debug` and `Clone`, but these are intentionally ignored during dead code analysis
[INFO] [stderr]    = note: `#[warn(dead_code)]` on by default
[INFO] [stderr] 
[INFO] [stderr] warning: field `next_ifd_offset` is never read
[INFO] [stderr]   --> src/tiff/mod.rs:65:2
[INFO] [stderr]    |
[INFO] [stderr] 62 | pub struct Ifd {
[INFO] [stderr]    |            --- field in this struct
[INFO] [stderr] ...
[INFO] [stderr] 65 |     next_ifd_offset: Option<u32>,
[INFO] [stderr]    |     ^^^^^^^^^^^^^^^
[INFO] [stderr]    |
[INFO] [stderr]    = note: `Ifd` has derived impls for the traits `Debug` and `Clone`, but these are intentionally ignored during dead code analysis
[INFO] [stderr] 
[INFO] [stderr] warning: method `next_ifd` is never used
[INFO] [stderr]    --> src/tiff/mod.rs:103:5
[INFO] [stderr]     |
[INFO] [stderr] 68  | impl Ifd {
[INFO] [stderr]     | -------- method in this implementation
[INFO] [stderr] ...
[INFO] [stderr] 103 |     fn next_ifd<R: Read + Seek>(&self, file: &mut TiffRead<R>) -> std::io::Result<Self> {
[INFO] [stderr]     |        ^^^^^^^^
[INFO] [stderr] 
[INFO] [stderr] warning: `raw-rs` (lib) generated 8 warnings (run `cargo fix --lib -p raw-rs` to apply 1 suggestion)
[INFO] [stderr] warning: unused variable: `raw_image`
[INFO] [stderr]   --> tests/tests.rs:33:8
[INFO] [stderr]    |
[INFO] [stderr] 33 |             let raw_image = match test_raw_data(&content) {
[INFO] [stderr]    |                 ^^^^^^^^^ help: if this is intentional, prefix it with an underscore: `_raw_image`
[INFO] [stderr]    |
[INFO] [stderr]    = note: `#[warn(unused_variables)]` on by default
[INFO] [stderr] 
[INFO] [stderr] warning: function `test_final_image` is never used
[INFO] [stderr]    --> tests/tests.rs:150:4
[INFO] [stderr]     |
[INFO] [stderr] 150 | fn test_final_image(content: &[u8], raw_image: RawImage) -> Result<(), String> {
[INFO] [stderr]     |    ^^^^^^^^^^^^^^^^
[INFO] [stderr]     |
[INFO] [stderr]     = note: `#[warn(dead_code)]` on by default
[INFO] [stderr] 
[INFO] [stderr] warning: `raw-rs` (lib test) generated 8 warnings (8 duplicates)
[INFO] [stderr] warning: `raw-rs` (test "tests") generated 2 warnings
[INFO] [stderr]     Finished `test` profile [unoptimized + debuginfo] target(s) in 0.10s
[INFO] [stderr]      Running unittests src/lib.rs (/opt/rustwide/target/debug/deps/raw_rs-ebfac7f5aa1b4f77)
[INFO] [stdout] 
[INFO] [stdout] running 0 tests
[INFO] [stdout] 
[INFO] [stdout] test result: ok. 0 passed; 0 failed; 0 ignored; 0 measured; 0 filtered out; finished in 0.00s
[INFO] [stdout] 
[INFO] [stderr]      Running tests/tests.rs (/opt/rustwide/target/debug/deps/tests-34f92372410cc997)
[INFO] [stdout] 
[INFO] [stdout] running 1 test
[INFO] [stdout] test test_images_matches_with_libraw ... FAILED
[INFO] [stdout] 
[INFO] [stdout] failures:
[INFO] [stdout] 
[INFO] [stdout] ---- test_images_matches_with_libraw stdout ----
[INFO] [stdout] thread 'test_images_matches_with_libraw' panicked at tests/tests.rs:73:26:
[INFO] [stdout] called `Result::unwrap()` on an `Err` value: Download(./tests/images/ILCE-7M3-ARW2.3.5-blossoms.arw: (verification: unverified):
[INFO] [stdout] )
[INFO] [stdout] stack backtrace:
[INFO] [stdout]    0:     0x5be202eceb9a - std::backtrace_rs::backtrace::libunwind::trace::h207520d6e9873551
[INFO] [stdout]                                at /rustc/df4ca44d3fbc9301ee17f30f4d474e6ae4b05252/library/std/src/../../backtrace/src/backtrace/libunwind.rs:116:5
[INFO] [stdout]    1:     0x5be202eceb9a - std::backtrace_rs::backtrace::trace_unsynchronized::h2ed7433f370e3eca
[INFO] [stdout]                                at /rustc/df4ca44d3fbc9301ee17f30f4d474e6ae4b05252/library/std/src/../../backtrace/src/backtrace/mod.rs:66:5
[INFO] [stdout]    2:     0x5be202eceb9a - std::sys::backtrace::_print_fmt::h916fac51166b18d7
[INFO] [stdout]                                at /rustc/df4ca44d3fbc9301ee17f30f4d474e6ae4b05252/library/std/src/sys/backtrace.rs:66:9
[INFO] [stdout]    3:     0x5be202eceb9a - <std::sys::backtrace::BacktraceLock::print::DisplayBacktrace as core::fmt::Display>::fmt::ha0a4c9b8ce3802e6
[INFO] [stdout]                                at /rustc/df4ca44d3fbc9301ee17f30f4d474e6ae4b05252/library/std/src/sys/backtrace.rs:39:26
[INFO] [stdout]    4:     0x5be202ef8b43 - core::fmt::rt::Argument::fmt::h4cfc8587d52b3eb5
[INFO] [stdout]                                at /rustc/df4ca44d3fbc9301ee17f30f4d474e6ae4b05252/library/core/src/fmt/rt.rs:177:76
[INFO] [stdout]    5:     0x5be202ef8b43 - core::fmt::write::h522cc39e5b36ae9f
[INFO] [stdout]                                at /rustc/df4ca44d3fbc9301ee17f30f4d474e6ae4b05252/library/core/src/fmt/mod.rs:1190:21
[INFO] [stdout]    6:     0x5be202ecaa93 - std::io::Write::write_fmt::h7d3c26752da97734
[INFO] [stdout]                                at /rustc/df4ca44d3fbc9301ee17f30f4d474e6ae4b05252/library/std/src/io/mod.rs:1839:15
[INFO] [stdout]    7:     0x5be202ece9e2 - std::sys::backtrace::BacktraceLock::print::h4b9e00b29e9c0942
[INFO] [stdout]                                at /rustc/df4ca44d3fbc9301ee17f30f4d474e6ae4b05252/library/std/src/sys/backtrace.rs:42:9
[INFO] [stdout]    8:     0x5be202ed002a - std::panicking::default_hook::{{closure}}::hb59b88280d0324d9
[INFO] [stdout]                                at /rustc/df4ca44d3fbc9301ee17f30f4d474e6ae4b05252/library/std/src/panicking.rs:268:22
[INFO] [stdout]    9:     0x5be202ecfe34 - std::panicking::default_hook::he1dd496665be4a29
[INFO] [stdout]                                at /rustc/df4ca44d3fbc9301ee17f30f4d474e6ae4b05252/library/std/src/panicking.rs:292:9
[INFO] [stdout]   10:     0x5be202b52189 - <alloc::boxed::Box<F,A> as core::ops::function::Fn<Args>>::call::h4ff71de18744e1dc
[INFO] [stdout]                                at /rustc/df4ca44d3fbc9301ee17f30f4d474e6ae4b05252/library/alloc/src/boxed.rs:2468:9
[INFO] [stdout]   11:     0x5be202b52189 - test::test_main::{{closure}}::hcf7c055ce117aa81
[INFO] [stdout]                                at /rustc/df4ca44d3fbc9301ee17f30f4d474e6ae4b05252/library/test/src/lib.rs:133:21
[INFO] [stdout]   12:     0x5be202ed0728 - <alloc::boxed::Box<F,A> as core::ops::function::Fn<Args>>::call::h1d66c6bbd60c9692
[INFO] [stdout]                                at /rustc/df4ca44d3fbc9301ee17f30f4d474e6ae4b05252/library/alloc/src/boxed.rs:2468:9
[INFO] [stdout]   13:     0x5be202ed0728 - std::panicking::rust_panic_with_hook::h2ff17fe8f26dfcf8
[INFO] [stdout]                                at /rustc/df4ca44d3fbc9301ee17f30f4d474e6ae4b05252/library/std/src/panicking.rs:809:13
[INFO] [stdout]   14:     0x5be202ed04ea - std::panicking::begin_panic_handler::{{closure}}::h4fad77951c07e101
[INFO] [stdout]                                at /rustc/df4ca44d3fbc9301ee17f30f4d474e6ae4b05252/library/std/src/panicking.rs:674:13
[INFO] [stdout]   15:     0x5be202ecf079 - std::sys::backtrace::__rust_end_short_backtrace::hb1a25b3da5d0ea08
[INFO] [stdout]                                at /rustc/df4ca44d3fbc9301ee17f30f4d474e6ae4b05252/library/std/src/sys/backtrace.rs:170:18
[INFO] [stdout]   16:     0x5be202ed017c - rust_begin_unwind
[INFO] [stdout]                                at /rustc/df4ca44d3fbc9301ee17f30f4d474e6ae4b05252/library/std/src/panicking.rs:665:5
[INFO] [stdout]   17:     0x5be202ef7040 - core::panicking::panic_fmt::ha9db07b529f9b256
[INFO] [stdout]                                at /rustc/df4ca44d3fbc9301ee17f30f4d474e6ae4b05252/library/core/src/panicking.rs:75:14
[INFO] [stdout]   18:     0x5be202ef7526 - core::result::unwrap_failed::h5e8218e4d4338b8a
[INFO] [stdout]                                at /rustc/df4ca44d3fbc9301ee17f30f4d474e6ae4b05252/library/core/src/result.rs:1698:5
[INFO] [stdout]   19:     0x5be202b08737 - core::result::Result<T,E>::unwrap::hc5a5a47f7d730991
[INFO] [stdout]                                at /rustc/df4ca44d3fbc9301ee17f30f4d474e6ae4b05252/library/core/src/result.rs:1103:23
[INFO] [stdout]   20:     0x5be202b08737 - tests::download_images::hd63ac6ea073bc3f1
[INFO] [stdout]                                at /opt/rustwide/workdir/tests/tests.rs:73:3
[INFO] [stdout]   21:     0x5be202b0a6cc - tests::test_images_matches_with_libraw::h387104ce26a39585
[INFO] [stdout]                                at /opt/rustwide/workdir/tests/tests.rs:18:2
[INFO] [stdout]   22:     0x5be202b0a6a7 - tests::test_images_matches_with_libraw::{{closure}}::h790ef7667ec96327
[INFO] [stdout]                                at /opt/rustwide/workdir/tests/tests.rs:17:37
[INFO] [stdout]   23:     0x5be202b11e06 - core::ops::function::FnOnce::call_once::hfa210913b3a2ba35
[INFO] [stdout]                                at /rustc/df4ca44d3fbc9301ee17f30f4d474e6ae4b05252/library/core/src/ops/function.rs:250:5
[INFO] [stdout]   24:     0x5be202b56a5b - core::ops::function::FnOnce::call_once::h22c3ba5715e93f05
[INFO] [stdout]                                at /rustc/df4ca44d3fbc9301ee17f30f4d474e6ae4b05252/library/core/src/ops/function.rs:250:5
[INFO] [stdout]   25:     0x5be202b56a5b - test::__rust_begin_short_backtrace::h8e82d8113d0da17f
[INFO] [stdout]                                at /rustc/df4ca44d3fbc9301ee17f30f4d474e6ae4b05252/library/test/src/lib.rs:621:18
[INFO] [stdout]   26:     0x5be202b563d7 - test::run_test_in_process::{{closure}}::h33235f4f20b7b7c7
[INFO] [stdout]                                at /rustc/df4ca44d3fbc9301ee17f30f4d474e6ae4b05252/library/test/src/lib.rs:644:60
[INFO] [stdout]   27:     0x5be202b563d7 - <core::panic::unwind_safe::AssertUnwindSafe<F> as core::ops::function::FnOnce<()>>::call_once::hb5043206310c586f
[INFO] [stdout]                                at /rustc/df4ca44d3fbc9301ee17f30f4d474e6ae4b05252/library/core/src/panic/unwind_safe.rs:272:9
[INFO] [stdout]   28:     0x5be202b563d7 - std::panicking::try::do_call::h9ad4731a60ab23e2
[INFO] [stdout]                                at /rustc/df4ca44d3fbc9301ee17f30f4d474e6ae4b05252/library/std/src/panicking.rs:557:40
[INFO] [stdout]   29:     0x5be202b563d7 - std::panicking::try::h3824d23db772a716
[INFO] [stdout]                                at /rustc/df4ca44d3fbc9301ee17f30f4d474e6ae4b05252/library/std/src/panicking.rs:520:19
[INFO] [stdout]   30:     0x5be202b563d7 - std::panic::catch_unwind::h5afd514605fde46b
[INFO] [stdout]                                at /rustc/df4ca44d3fbc9301ee17f30f4d474e6ae4b05252/library/std/src/panic.rs:358:14
[INFO] [stdout]   31:     0x5be202b563d7 - test::run_test_in_process::h0d5cbfa7067d1720
[INFO] [stdout]                                at /rustc/df4ca44d3fbc9301ee17f30f4d474e6ae4b05252/library/test/src/lib.rs:644:27
[INFO] [stdout]   32:     0x5be202b563d7 - test::run_test::{{closure}}::h708eb8872708115d
[INFO] [stdout]                                at /rustc/df4ca44d3fbc9301ee17f30f4d474e6ae4b05252/library/test/src/lib.rs:565:43
[INFO] [stdout]   33:     0x5be202b19af4 - test::run_test::{{closure}}::h392c51cee94713ab
[INFO] [stdout]                                at /rustc/df4ca44d3fbc9301ee17f30f4d474e6ae4b05252/library/test/src/lib.rs:595:41
[INFO] [stdout]   34:     0x5be202b19af4 - std::sys::backtrace::__rust_begin_short_backtrace::h2f40290710935a8b
[INFO] [stdout]                                at /rustc/df4ca44d3fbc9301ee17f30f4d474e6ae4b05252/library/std/src/sys/backtrace.rs:154:18
[INFO] [stdout]   35:     0x5be202b1d29e - std::thread::Builder::spawn_unchecked_::{{closure}}::{{closure}}::h3fd968d89053a903
[INFO] [stdout]                                at /rustc/df4ca44d3fbc9301ee17f30f4d474e6ae4b05252/library/std/src/thread/mod.rs:541:17
[INFO] [stdout]   36:     0x5be202b1d29e - <core::panic::unwind_safe::AssertUnwindSafe<F> as core::ops::function::FnOnce<()>>::call_once::h743f637ba4229880
[INFO] [stdout]                                at /rustc/df4ca44d3fbc9301ee17f30f4d474e6ae4b05252/library/core/src/panic/unwind_safe.rs:272:9
[INFO] [stdout]   37:     0x5be202b1d29e - std::panicking::try::do_call::h07440897322525a6
[INFO] [stdout]                                at /rustc/df4ca44d3fbc9301ee17f30f4d474e6ae4b05252/library/std/src/panicking.rs:557:40
[INFO] [stdout]   38:     0x5be202b1d29e - std::panicking::try::he5a2e00188156637
[INFO] [stdout]                                at /rustc/df4ca44d3fbc9301ee17f30f4d474e6ae4b05252/library/std/src/panicking.rs:520:19
[INFO] [stdout]   39:     0x5be202b1d29e - std::panic::catch_unwind::hbaf3cae49b3c6433
[INFO] [stdout]                                at /rustc/df4ca44d3fbc9301ee17f30f4d474e6ae4b05252/library/std/src/panic.rs:358:14
[INFO] [stdout]   40:     0x5be202b1d29e - std::thread::Builder::spawn_unchecked_::{{closure}}::h8e141ea224820bce
[INFO] [stdout]                                at /rustc/df4ca44d3fbc9301ee17f30f4d474e6ae4b05252/library/std/src/thread/mod.rs:540:30
[INFO] [stdout]   41:     0x5be202b1d29e - core::ops::function::FnOnce::call_once{{vtable.shim}}::h90d312fedd7b8ea8
[INFO] [stdout]                                at /rustc/df4ca44d3fbc9301ee17f30f4d474e6ae4b05252/library/core/src/ops/function.rs:250:5
[INFO] [stdout]   42:     0x5be202ed4e3b - <alloc::boxed::Box<F,A> as core::ops::function::FnOnce<Args>>::call_once::h69aa08ddb6adb8b6
[INFO] [stdout]                                at /rustc/df4ca44d3fbc9301ee17f30f4d474e6ae4b05252/library/alloc/src/boxed.rs:2454:9
[INFO] [stdout]   43:     0x5be202ed4e3b - <alloc::boxed::Box<F,A> as core::ops::function::FnOnce<Args>>::call_once::h5aa36efdb79c806f
[INFO] [stdout]                                at /rustc/df4ca44d3fbc9301ee17f30f4d474e6ae4b05252/library/alloc/src/boxed.rs:2454:9
[INFO] [stdout]   44:     0x5be202ed4e3b - std::sys::pal::unix::thread::Thread::new::thread_start::h6cd80a1b4be5158d
[INFO] [stdout]                                at /rustc/df4ca44d3fbc9301ee17f30f4d474e6ae4b05252/library/std/src/sys/pal/unix/thread.rs:105:17
[INFO] [stdout]   45:     0x7dbc8d841ac3 - <unknown>
[INFO] [stdout]   46:     0x7dbc8d8d2a04 - clone
[INFO] [stdout]   47:                0x0 - <unknown>
[INFO] [stdout] 
[INFO] [stdout] 
[INFO] [stdout] failures:
[INFO] [stdout]     test_images_matches_with_libraw
[INFO] [stdout] 
[INFO] [stdout] test result: FAILED. 0 passed; 1 failed; 0 ignored; 0 measured; 0 filtered out; finished in 0.08s
[INFO] [stdout] 
[INFO] [stderr] error: test failed, to rerun pass `--test tests`
[INFO] running `Command { std: "docker" "inspect" "614d3d7a8e80b34565ba13629a3e3064e4a05d8007c4d7aa3f99bd913322ac9a", kill_on_drop: false }`
[INFO] running `Command { std: "docker" "rm" "-f" "614d3d7a8e80b34565ba13629a3e3064e4a05d8007c4d7aa3f99bd913322ac9a", kill_on_drop: false }`
[INFO] [stdout] 614d3d7a8e80b34565ba13629a3e3064e4a05d8007c4d7aa3f99bd913322ac9a
