[INFO] fetching crate rave_rtsp 0.1.1...
[INFO] testing rave_rtsp-0.1.1 against nightly-2024-10-28 for randomize-layout
[INFO] extracting crate rave_rtsp 0.1.1 into /workspace/builds/worker-7-tc1/source
[INFO] validating manifest of crates.io crate rave_rtsp 0.1.1 on toolchain nightly-2024-10-28
[INFO] running `Command { std: CARGO_HOME="/workspace/cargo-home" RUSTUP_HOME="/workspace/rustup-home" "/workspace/cargo-home/bin/cargo" "+nightly-2024-10-28" "metadata" "--manifest-path" "Cargo.toml" "--no-deps", kill_on_drop: false }`
[INFO] started tweaking crates.io crate rave_rtsp 0.1.1
[INFO] finished tweaking crates.io crate rave_rtsp 0.1.1
[INFO] tweaked toml for crates.io crate rave_rtsp 0.1.1 written to /workspace/builds/worker-7-tc1/source/Cargo.toml
[INFO] running `Command { std: CARGO_HOME="/workspace/cargo-home" RUSTUP_HOME="/workspace/rustup-home" "/workspace/cargo-home/bin/cargo" "+nightly-2024-10-28" "generate-lockfile" "--manifest-path" "Cargo.toml", kill_on_drop: false }`
[INFO] [stderr]     Updating crates.io index
[INFO] [stderr]      Locking 29 packages to latest compatible versions
[INFO] [stderr]       Adding base64 v0.21.7 (available: v0.22.1)
[INFO] [stderr]       Adding http v0.2.12 (available: v1.1.0)
[INFO] running `Command { std: CARGO_HOME="/workspace/cargo-home" RUSTUP_HOME="/workspace/rustup-home" "/workspace/cargo-home/bin/cargo" "+nightly-2024-10-28" "fetch" "--manifest-path" "Cargo.toml", kill_on_drop: false }`
[INFO] running `Command { std: "docker" "create" "-v" "/var/lib/crater-agent-workspace/builds/worker-7-tc1/target:/opt/rustwide/target:rw,Z" "-v" "/var/lib/crater-agent-workspace/builds/worker-7-tc1/source:/opt/rustwide/workdir:ro,Z" "-v" "/var/lib/crater-agent-workspace/cargo-home:/opt/rustwide/cargo-home:ro,Z" "-v" "/var/lib/crater-agent-workspace/rustup-home:/opt/rustwide/rustup-home:ro,Z" "-e" "SOURCE_DIR=/opt/rustwide/workdir" "-e" "CARGO_TARGET_DIR=/opt/rustwide/target" "-e" "CARGO_HOME=/opt/rustwide/cargo-home" "-e" "RUSTUP_HOME=/opt/rustwide/rustup-home" "-w" "/opt/rustwide/workdir" "-m" "1610612736" "--user" "0:0" "--network" "none" "ghcr.io/rust-lang/crates-build-env/linux@sha256:4a844ea9eb2546a2d2c7022eacef16ef2e8229c7fbb2c7d4d55a9ceca922f72d" "/opt/rustwide/cargo-home/bin/cargo" "+nightly-2024-10-28" "metadata" "--no-deps" "--format-version=1", kill_on_drop: false }`
[INFO] [stdout] 7f7b853be12fd01746484921bcb53c684466c28166daf4075d033f7a960d98ce
[INFO] running `Command { std: "docker" "start" "-a" "7f7b853be12fd01746484921bcb53c684466c28166daf4075d033f7a960d98ce", kill_on_drop: false }`
[INFO] running `Command { std: "docker" "inspect" "7f7b853be12fd01746484921bcb53c684466c28166daf4075d033f7a960d98ce", kill_on_drop: false }`
[INFO] running `Command { std: "docker" "rm" "-f" "7f7b853be12fd01746484921bcb53c684466c28166daf4075d033f7a960d98ce", kill_on_drop: false }`
[INFO] [stdout] 7f7b853be12fd01746484921bcb53c684466c28166daf4075d033f7a960d98ce
[INFO] running `Command { std: "docker" "create" "-v" "/var/lib/crater-agent-workspace/builds/worker-7-tc1/target:/opt/rustwide/target:rw,Z" "-v" "/var/lib/crater-agent-workspace/builds/worker-7-tc1/source:/opt/rustwide/workdir:ro,Z" "-v" "/var/lib/crater-agent-workspace/cargo-home:/opt/rustwide/cargo-home:ro,Z" "-v" "/var/lib/crater-agent-workspace/rustup-home:/opt/rustwide/rustup-home:ro,Z" "-e" "SOURCE_DIR=/opt/rustwide/workdir" "-e" "CARGO_TARGET_DIR=/opt/rustwide/target" "-e" "CARGO_INCREMENTAL=0" "-e" "RUST_BACKTRACE=full" "-e" "RUSTFLAGS=--cap-lints=forbid" "-e" "RUSTDOCFLAGS=--cap-lints=forbid" "-e" "CARGO_HOME=/opt/rustwide/cargo-home" "-e" "RUSTUP_HOME=/opt/rustwide/rustup-home" "-w" "/opt/rustwide/workdir" "-m" "1610612736" "--user" "0:0" "--network" "none" "ghcr.io/rust-lang/crates-build-env/linux@sha256:4a844ea9eb2546a2d2c7022eacef16ef2e8229c7fbb2c7d4d55a9ceca922f72d" "/opt/rustwide/cargo-home/bin/cargo" "+nightly-2024-10-28" "build" "--frozen" "--message-format=json", kill_on_drop: false }`
[INFO] [stdout] f71fd1f4f350e57ad5879529620f82c0064450fd222247454c3ae03ff4729e3a
[INFO] running `Command { std: "docker" "start" "-a" "f71fd1f4f350e57ad5879529620f82c0064450fd222247454c3ae03ff4729e3a", kill_on_drop: false }`
[INFO] [stderr]    Compiling tokio v1.41.0
[INFO] [stderr]    Compiling base64 v0.21.7
[INFO] [stderr]    Compiling http v0.2.12
[INFO] [stderr]    Compiling tokio-util v0.7.12
[INFO] [stderr]    Compiling rave_rtsp v0.1.1 (/opt/rustwide/workdir)
[INFO] [stderr]     Finished `dev` profile [unoptimized + debuginfo] target(s) in 1.29s
[INFO] running `Command { std: "docker" "inspect" "f71fd1f4f350e57ad5879529620f82c0064450fd222247454c3ae03ff4729e3a", kill_on_drop: false }`
[INFO] running `Command { std: "docker" "rm" "-f" "f71fd1f4f350e57ad5879529620f82c0064450fd222247454c3ae03ff4729e3a", kill_on_drop: false }`
[INFO] [stdout] f71fd1f4f350e57ad5879529620f82c0064450fd222247454c3ae03ff4729e3a
[INFO] running `Command { std: "docker" "create" "-v" "/var/lib/crater-agent-workspace/builds/worker-7-tc1/target:/opt/rustwide/target:rw,Z" "-v" "/var/lib/crater-agent-workspace/builds/worker-7-tc1/source:/opt/rustwide/workdir:ro,Z" "-v" "/var/lib/crater-agent-workspace/cargo-home:/opt/rustwide/cargo-home:ro,Z" "-v" "/var/lib/crater-agent-workspace/rustup-home:/opt/rustwide/rustup-home:ro,Z" "-e" "SOURCE_DIR=/opt/rustwide/workdir" "-e" "CARGO_TARGET_DIR=/opt/rustwide/target" "-e" "CARGO_INCREMENTAL=0" "-e" "RUST_BACKTRACE=full" "-e" "RUSTFLAGS=--cap-lints=forbid" "-e" "RUSTDOCFLAGS=--cap-lints=forbid" "-e" "CARGO_HOME=/opt/rustwide/cargo-home" "-e" "RUSTUP_HOME=/opt/rustwide/rustup-home" "-w" "/opt/rustwide/workdir" "-m" "1610612736" "--user" "0:0" "--network" "none" "ghcr.io/rust-lang/crates-build-env/linux@sha256:4a844ea9eb2546a2d2c7022eacef16ef2e8229c7fbb2c7d4d55a9ceca922f72d" "/opt/rustwide/cargo-home/bin/cargo" "+nightly-2024-10-28" "test" "--frozen" "--no-run" "--message-format=json", kill_on_drop: false }`
[INFO] [stdout] c074a0527fdad8d8471c54c1a29a4fcaa276038a8314cc06b9cf185746a58ddf
[INFO] running `Command { std: "docker" "start" "-a" "c074a0527fdad8d8471c54c1a29a4fcaa276038a8314cc06b9cf185746a58ddf", kill_on_drop: false }`
[INFO] [stderr]    Compiling rave_rtsp v0.1.1 (/opt/rustwide/workdir)
[INFO] [stderr]     Finished `test` profile [unoptimized + debuginfo] target(s) in 0.59s
[INFO] running `Command { std: "docker" "inspect" "c074a0527fdad8d8471c54c1a29a4fcaa276038a8314cc06b9cf185746a58ddf", kill_on_drop: false }`
[INFO] running `Command { std: "docker" "rm" "-f" "c074a0527fdad8d8471c54c1a29a4fcaa276038a8314cc06b9cf185746a58ddf", kill_on_drop: false }`
[INFO] [stdout] c074a0527fdad8d8471c54c1a29a4fcaa276038a8314cc06b9cf185746a58ddf
[INFO] running `Command { std: "docker" "create" "-v" "/var/lib/crater-agent-workspace/builds/worker-7-tc1/target:/opt/rustwide/target:rw,Z" "-v" "/var/lib/crater-agent-workspace/builds/worker-7-tc1/source:/opt/rustwide/workdir:ro,Z" "-v" "/var/lib/crater-agent-workspace/cargo-home:/opt/rustwide/cargo-home:ro,Z" "-v" "/var/lib/crater-agent-workspace/rustup-home:/opt/rustwide/rustup-home:ro,Z" "-e" "SOURCE_DIR=/opt/rustwide/workdir" "-e" "CARGO_TARGET_DIR=/opt/rustwide/target" "-e" "CARGO_INCREMENTAL=0" "-e" "RUST_BACKTRACE=full" "-e" "RUSTFLAGS=--cap-lints=forbid" "-e" "RUSTDOCFLAGS=--cap-lints=forbid" "-e" "CARGO_HOME=/opt/rustwide/cargo-home" "-e" "RUSTUP_HOME=/opt/rustwide/rustup-home" "-w" "/opt/rustwide/workdir" "-m" "1610612736" "--user" "0:0" "--network" "none" "ghcr.io/rust-lang/crates-build-env/linux@sha256:4a844ea9eb2546a2d2c7022eacef16ef2e8229c7fbb2c7d4d55a9ceca922f72d" "/opt/rustwide/cargo-home/bin/cargo" "+nightly-2024-10-28" "test" "--frozen", kill_on_drop: false }`
[INFO] [stdout] 04d391c768231516182a082de253c3b076b2c20c299bf2c8388f838cebe0dddb
[INFO] running `Command { std: "docker" "start" "-a" "04d391c768231516182a082de253c3b076b2c20c299bf2c8388f838cebe0dddb", kill_on_drop: false }`
[INFO] [stderr]     Finished `test` profile [unoptimized + debuginfo] target(s) in 0.01s
[INFO] [stderr]      Running unittests src/lib.rs (/opt/rustwide/target/debug/deps/rave_rtsp-cb449e6f43261a15)
[INFO] [stdout] 
[INFO] [stdout] running 55 tests
[INFO] [stdout] test parse::tests::parse_describe_request_v2 ... ok
[INFO] [stdout] test parse::tests::parse_describe_request ... ok
[INFO] [stdout] test parse::tests::parse_describe_request_v3 ... ok
[INFO] [stdout] test parse::tests::parse_options_request ... ok
[INFO] [stdout] test parse::tests::parse_describe_response ... ok
[INFO] [stdout] test parse::tests::parse_options_request_any ... ok
[INFO] [stdout] test parse::tests::parse_options_response ... ok
[INFO] [stdout] test parse::tests::parse_options_response_error ... ok
[INFO] [stdout] test parse::tests::parse_pipelined_requests ... ok
[INFO] [stdout] test parse::tests::parse_play_request ... ok
[INFO] [stdout] test parse::tests::parse_pipelined_requests_pieces_varying ... ok
[INFO] [stdout] test parse::tests::parse_play_request_partial_piece1_cr ... ok
[INFO] [stdout] test parse::tests::parse_pipelined_requests_pieces1 ... ok
[INFO] [stdout] test parse::tests::parse_play_request_partial_piece1_crln ... ok
[INFO] [stdout] test parse::tests::parse_play_request_partial_piece1_ln ... ok
[INFO] [stdout] test parse::tests::parse_play_request_partial_piece2_cr ... ok
[INFO] [stdout] test parse::tests::parse_play_request_partial_piece2_crln ... ok
[INFO] [stdout] test parse::tests::parse_play_request_partial_piece_varying_cr ... ok
[INFO] [stdout] test parse::tests::parse_play_request_partial_piece3_ln ... ok
[INFO] [stdout] test parse::tests::parse_play_request_partial_piece3_crln ... ok
[INFO] [stdout] test serialize::tests::serialize_describe_request_v2 ... ok
[INFO] [stdout] test serialize::tests::serialize_describe_request_version_unknown_errors ... ok
[INFO] [stdout] test parse::tests::parse_play_request_partial_piece2_ln ... ok
[INFO] [stdout] test serialize::tests::serialize_options_request ... ok
[INFO] [stdout] test serialize::tests::serialize_options_request_any ... ok
[INFO] [stdout] test parse::tests::parse_play_request_partial_piece_varying_crln ... ok
[INFO] [stdout] test serialize::tests::serialize_options_response_error ... ok
[INFO] [stdout] test serialize::tests::serialize_play_request ... ok
[INFO] [stdout] test serialize::tests::serialize_options_request_headers_alphabetical ... ok
[INFO] [stdout] test parse::tests::parse_play_request_partial_piece3_cr ... ok
[INFO] [stdout] test serialize::tests::serialize_options_response ... ok
[INFO] [stdout] test serialize::tests::serialize_describe_request ... ok
[INFO] [stdout] test serialize::tests::serialize_describe_response ... ok
[INFO] [stdout] test transport::tests::format_lower_tcp ... ok
[INFO] [stdout] test transport::tests::format_lower_udp ... ok
[INFO] [stdout] test transport::tests::format_minimal ... ok
[INFO] [stdout] test transport::tests::format_rfc2326_section_12_39_examples ... ok
[INFO] [stdout] test parse::tests::parse_play_request_partial_piece_varying_ln ... ok
[INFO] [stdout] test transport::tests::parse_destination_missing_value ... ok
[INFO] [stdout] test transport::tests::parse_layers ... ok
[INFO] [stdout] test transport::tests::parse_destination_ip ... ok
[INFO] [stdout] test transport::tests::parse_lower_tcp ... ok
[INFO] [stdout] test transport::tests::format_unicast ... ok
[INFO] [stdout] test transport::tests::parse_lower_udp ... ok
[INFO] [stdout] test transport::tests::parse_minimal ... ok
[INFO] [stdout] test transport::tests::parse_mode_method_unknown ... ok
[INFO] [stdout] test transport::tests::parse_interleaved_invalid ... ok
[INFO] [stdout] test transport::tests::parse_port_single ... ok
[INFO] [stdout] test transport::tests::parse_interleaved_channel ... ok
[INFO] [stdout] test transport::tests::parse_mode_method ... ok
[INFO] [stdout] test transport::tests::parse_unicast ... ok
[INFO] [stdout] test transport::tests::parse_rfc2326_section_12_39_examples ... ok
[INFO] [stdout] test transport::tests::parse_server_port_range ... ok
[INFO] [stdout] test transport::tests::parse_ssrc ... ok
[INFO] [stdout] test transport::tests::format_all_parameters ... FAILED
[INFO] [stdout] 
[INFO] [stdout] failures:
[INFO] [stdout] 
[INFO] [stdout] ---- transport::tests::format_all_parameters stdout ----
[INFO] [stdout] thread 'transport::tests::format_all_parameters' panicked at src/transport.rs:638:9:
[INFO] [stdout] assertion `left == right` failed
[INFO] [stdout]   left: "RTP/AVP/TCP;unicast;multicast;destination=1.2.3.4;interleaved=12-13;append;ttl=999;layers=2;port=8;client_port=9-10;server_port=11-12;ssrc=01234ABCDEF;mode=\"DESCRIBE\""
[INFO] [stdout]  right: "RTP/AVP/TCP;unicast;multicast;destination=1.2.3.4;interleaved=1234-1235;append;ttl=999;layers=2;port=8;client_port=9-10;server_port=11-12;ssrc=01234ABCDEF;mode=\"DESCRIBE\""
[INFO] [stdout] stack backtrace:
[INFO] [stdout]    0:     0x5f01a198680a - std::backtrace_rs::backtrace::libunwind::trace::h207520d6e9873551
[INFO] [stdout]                                at /rustc/df4ca44d3fbc9301ee17f30f4d474e6ae4b05252/library/std/src/../../backtrace/src/backtrace/libunwind.rs:116:5
[INFO] [stdout]    1:     0x5f01a198680a - std::backtrace_rs::backtrace::trace_unsynchronized::h2ed7433f370e3eca
[INFO] [stdout]                                at /rustc/df4ca44d3fbc9301ee17f30f4d474e6ae4b05252/library/std/src/../../backtrace/src/backtrace/mod.rs:66:5
[INFO] [stdout]    2:     0x5f01a198680a - std::sys::backtrace::_print_fmt::h916fac51166b18d7
[INFO] [stdout]                                at /rustc/df4ca44d3fbc9301ee17f30f4d474e6ae4b05252/library/std/src/sys/backtrace.rs:66:9
[INFO] [stdout]    3:     0x5f01a198680a - <std::sys::backtrace::BacktraceLock::print::DisplayBacktrace as core::fmt::Display>::fmt::ha0a4c9b8ce3802e6
[INFO] [stdout]                                at /rustc/df4ca44d3fbc9301ee17f30f4d474e6ae4b05252/library/std/src/sys/backtrace.rs:39:26
[INFO] [stdout]    4:     0x5f01a19ae6a3 - core::fmt::rt::Argument::fmt::h4cfc8587d52b3eb5
[INFO] [stdout]                                at /rustc/df4ca44d3fbc9301ee17f30f4d474e6ae4b05252/library/core/src/fmt/rt.rs:177:76
[INFO] [stdout]    5:     0x5f01a19ae6a3 - core::fmt::write::h522cc39e5b36ae9f
[INFO] [stdout]                                at /rustc/df4ca44d3fbc9301ee17f30f4d474e6ae4b05252/library/core/src/fmt/mod.rs:1190:21
[INFO] [stdout]    6:     0x5f01a1983473 - std::io::Write::write_fmt::h7d3c26752da97734
[INFO] [stdout]                                at /rustc/df4ca44d3fbc9301ee17f30f4d474e6ae4b05252/library/std/src/io/mod.rs:1839:15
[INFO] [stdout]    7:     0x5f01a1986652 - std::sys::backtrace::BacktraceLock::print::h4b9e00b29e9c0942
[INFO] [stdout]                                at /rustc/df4ca44d3fbc9301ee17f30f4d474e6ae4b05252/library/std/src/sys/backtrace.rs:42:9
[INFO] [stdout]    8:     0x5f01a1987c9a - std::panicking::default_hook::{{closure}}::hb59b88280d0324d9
[INFO] [stdout]                                at /rustc/df4ca44d3fbc9301ee17f30f4d474e6ae4b05252/library/std/src/panicking.rs:268:22
[INFO] [stdout]    9:     0x5f01a1987aa4 - std::panicking::default_hook::he1dd496665be4a29
[INFO] [stdout]                                at /rustc/df4ca44d3fbc9301ee17f30f4d474e6ae4b05252/library/std/src/panicking.rs:292:9
[INFO] [stdout]   10:     0x5f01a193d149 - <alloc::boxed::Box<F,A> as core::ops::function::Fn<Args>>::call::h4ff71de18744e1dc
[INFO] [stdout]                                at /rustc/df4ca44d3fbc9301ee17f30f4d474e6ae4b05252/library/alloc/src/boxed.rs:2468:9
[INFO] [stdout]   11:     0x5f01a193d149 - test::test_main::{{closure}}::hcf7c055ce117aa81
[INFO] [stdout]                                at /rustc/df4ca44d3fbc9301ee17f30f4d474e6ae4b05252/library/test/src/lib.rs:133:21
[INFO] [stdout]   12:     0x5f01a1988398 - <alloc::boxed::Box<F,A> as core::ops::function::Fn<Args>>::call::h1d66c6bbd60c9692
[INFO] [stdout]                                at /rustc/df4ca44d3fbc9301ee17f30f4d474e6ae4b05252/library/alloc/src/boxed.rs:2468:9
[INFO] [stdout]   13:     0x5f01a1988398 - std::panicking::rust_panic_with_hook::h2ff17fe8f26dfcf8
[INFO] [stdout]                                at /rustc/df4ca44d3fbc9301ee17f30f4d474e6ae4b05252/library/std/src/panicking.rs:809:13
[INFO] [stdout]   14:     0x5f01a198815a - std::panicking::begin_panic_handler::{{closure}}::h4fad77951c07e101
[INFO] [stdout]                                at /rustc/df4ca44d3fbc9301ee17f30f4d474e6ae4b05252/library/std/src/panicking.rs:674:13
[INFO] [stdout]   15:     0x5f01a1986ce9 - std::sys::backtrace::__rust_end_short_backtrace::hb1a25b3da5d0ea08
[INFO] [stdout]                                at /rustc/df4ca44d3fbc9301ee17f30f4d474e6ae4b05252/library/std/src/sys/backtrace.rs:170:18
[INFO] [stdout]   16:     0x5f01a1987dec - rust_begin_unwind
[INFO] [stdout]                                at /rustc/df4ca44d3fbc9301ee17f30f4d474e6ae4b05252/library/std/src/panicking.rs:665:5
[INFO] [stdout]   17:     0x5f01a19ace80 - core::panicking::panic_fmt::ha9db07b529f9b256
[INFO] [stdout]                                at /rustc/df4ca44d3fbc9301ee17f30f4d474e6ae4b05252/library/core/src/panicking.rs:75:14
[INFO] [stdout]   18:     0x5f01a19ad24b - core::panicking::assert_failed_inner::h04f38944d74a80a8
[INFO] [stdout]   19:     0x5f01a18ed3b2 - core::panicking::assert_failed::heb960b218209cd09
[INFO] [stdout]                                at /rustc/df4ca44d3fbc9301ee17f30f4d474e6ae4b05252/library/core/src/panicking.rs:377:5
[INFO] [stdout]   20:     0x5f01a18f8c4d - rave_rtsp::transport::tests::format_all_parameters::hb2b16f90cdaa35d4
[INFO] [stdout]                                at /opt/rustwide/workdir/src/transport.rs:638:9
[INFO] [stdout]   21:     0x5f01a18f8707 - rave_rtsp::transport::tests::format_all_parameters::{{closure}}::hb4cd368610519844
[INFO] [stdout]                                at /opt/rustwide/workdir/src/transport.rs:637:31
[INFO] [stdout]   22:     0x5f01a18e1c66 - core::ops::function::FnOnce::call_once::h6db732b15dc7d3fc
[INFO] [stdout]                                at /rustc/df4ca44d3fbc9301ee17f30f4d474e6ae4b05252/library/core/src/ops/function.rs:250:5
[INFO] [stdout]   23:     0x5f01a1941a1b - core::ops::function::FnOnce::call_once::h22c3ba5715e93f05
[INFO] [stdout]                                at /rustc/df4ca44d3fbc9301ee17f30f4d474e6ae4b05252/library/core/src/ops/function.rs:250:5
[INFO] [stdout]   24:     0x5f01a1941a1b - test::__rust_begin_short_backtrace::h8e82d8113d0da17f
[INFO] [stdout]                                at /rustc/df4ca44d3fbc9301ee17f30f4d474e6ae4b05252/library/test/src/lib.rs:621:18
[INFO] [stdout]   25:     0x5f01a1941397 - test::run_test_in_process::{{closure}}::h33235f4f20b7b7c7
[INFO] [stdout]                                at /rustc/df4ca44d3fbc9301ee17f30f4d474e6ae4b05252/library/test/src/lib.rs:644:60
[INFO] [stdout]   26:     0x5f01a1941397 - <core::panic::unwind_safe::AssertUnwindSafe<F> as core::ops::function::FnOnce<()>>::call_once::hb5043206310c586f
[INFO] [stdout]                                at /rustc/df4ca44d3fbc9301ee17f30f4d474e6ae4b05252/library/core/src/panic/unwind_safe.rs:272:9
[INFO] [stdout]   27:     0x5f01a1941397 - std::panicking::try::do_call::h9ad4731a60ab23e2
[INFO] [stdout]                                at /rustc/df4ca44d3fbc9301ee17f30f4d474e6ae4b05252/library/std/src/panicking.rs:557:40
[INFO] [stdout]   28:     0x5f01a1941397 - std::panicking::try::h3824d23db772a716
[INFO] [stdout]                                at /rustc/df4ca44d3fbc9301ee17f30f4d474e6ae4b05252/library/std/src/panicking.rs:520:19
[INFO] [stdout]   29:     0x5f01a1941397 - std::panic::catch_unwind::h5afd514605fde46b
[INFO] [stdout]                                at /rustc/df4ca44d3fbc9301ee17f30f4d474e6ae4b05252/library/std/src/panic.rs:358:14
[INFO] [stdout]   30:     0x5f01a1941397 - test::run_test_in_process::h0d5cbfa7067d1720
[INFO] [stdout]                                at /rustc/df4ca44d3fbc9301ee17f30f4d474e6ae4b05252/library/test/src/lib.rs:644:27
[INFO] [stdout]   31:     0x5f01a1941397 - test::run_test::{{closure}}::h708eb8872708115d
[INFO] [stdout]                                at /rustc/df4ca44d3fbc9301ee17f30f4d474e6ae4b05252/library/test/src/lib.rs:565:43
[INFO] [stdout]   32:     0x5f01a1904ab4 - test::run_test::{{closure}}::h392c51cee94713ab
[INFO] [stdout]                                at /rustc/df4ca44d3fbc9301ee17f30f4d474e6ae4b05252/library/test/src/lib.rs:595:41
[INFO] [stdout]   33:     0x5f01a1904ab4 - std::sys::backtrace::__rust_begin_short_backtrace::h2f40290710935a8b
[INFO] [stdout]                                at /rustc/df4ca44d3fbc9301ee17f30f4d474e6ae4b05252/library/std/src/sys/backtrace.rs:154:18
[INFO] [stdout]   34:     0x5f01a190825e - std::thread::Builder::spawn_unchecked_::{{closure}}::{{closure}}::h3fd968d89053a903
[INFO] [stdout]                                at /rustc/df4ca44d3fbc9301ee17f30f4d474e6ae4b05252/library/std/src/thread/mod.rs:541:17
[INFO] [stdout]   35:     0x5f01a190825e - <core::panic::unwind_safe::AssertUnwindSafe<F> as core::ops::function::FnOnce<()>>::call_once::h743f637ba4229880
[INFO] [stdout]                                at /rustc/df4ca44d3fbc9301ee17f30f4d474e6ae4b05252/library/core/src/panic/unwind_safe.rs:272:9
[INFO] [stdout]   36:     0x5f01a190825e - std::panicking::try::do_call::h07440897322525a6
[INFO] [stdout]                                at /rustc/df4ca44d3fbc9301ee17f30f4d474e6ae4b05252/library/std/src/panicking.rs:557:40
[INFO] [stdout]   37:     0x5f01a190825e - std::panicking::try::he5a2e00188156637
[INFO] [stdout]                                at /rustc/df4ca44d3fbc9301ee17f30f4d474e6ae4b05252/library/std/src/panicking.rs:520:19
[INFO] [stdout]   38:     0x5f01a190825e - std::panic::catch_unwind::hbaf3cae49b3c6433
[INFO] [stdout]                                at /rustc/df4ca44d3fbc9301ee17f30f4d474e6ae4b05252/library/std/src/panic.rs:358:14
[INFO] [stdout]   39:     0x5f01a190825e - std::thread::Builder::spawn_unchecked_::{{closure}}::h8e141ea224820bce
[INFO] [stdout]                                at /rustc/df4ca44d3fbc9301ee17f30f4d474e6ae4b05252/library/std/src/thread/mod.rs:540:30
[INFO] [stdout]   40:     0x5f01a190825e - core::ops::function::FnOnce::call_once{{vtable.shim}}::h90d312fedd7b8ea8
[INFO] [stdout]                                at /rustc/df4ca44d3fbc9301ee17f30f4d474e6ae4b05252/library/core/src/ops/function.rs:250:5
[INFO] [stdout]   41:     0x5f01a198c18b - <alloc::boxed::Box<F,A> as core::ops::function::FnOnce<Args>>::call_once::h69aa08ddb6adb8b6
[INFO] [stdout]                                at /rustc/df4ca44d3fbc9301ee17f30f4d474e6ae4b05252/library/alloc/src/boxed.rs:2454:9
[INFO] [stdout]   42:     0x5f01a198c18b - <alloc::boxed::Box<F,A> as core::ops::function::FnOnce<Args>>::call_once::h5aa36efdb79c806f
[INFO] [stdout]                                at /rustc/df4ca44d3fbc9301ee17f30f4d474e6ae4b05252/library/alloc/src/boxed.rs:2454:9
[INFO] [stdout]   43:     0x5f01a198c18b - std::sys::pal::unix::thread::Thread::new::thread_start::h6cd80a1b4be5158d
[INFO] [stdout]                                at /rustc/df4ca44d3fbc9301ee17f30f4d474e6ae4b05252/library/std/src/sys/pal/unix/thread.rs:105:17
[INFO] [stdout]   44:     0x72199b555ac3 - <unknown>
[INFO] [stdout]   45:     0x72199b5e6a04 - clone
[INFO] [stdout]   46:                0x0 - <unknown>
[INFO] [stdout] 
[INFO] [stdout] 
[INFO] [stdout] failures:
[INFO] [stdout]     transport::tests::format_all_parameters
[INFO] [stdout] 
[INFO] [stdout] test result: FAILED. 54 passed; 1 failed; 0 ignored; 0 measured; 0 filtered out; finished in 0.02s
[INFO] [stdout] 
[INFO] [stderr] error: test failed, to rerun pass `--lib`
[INFO] running `Command { std: "docker" "inspect" "04d391c768231516182a082de253c3b076b2c20c299bf2c8388f838cebe0dddb", kill_on_drop: false }`
[INFO] running `Command { std: "docker" "rm" "-f" "04d391c768231516182a082de253c3b076b2c20c299bf2c8388f838cebe0dddb", kill_on_drop: false }`
[INFO] [stdout] 04d391c768231516182a082de253c3b076b2c20c299bf2c8388f838cebe0dddb
