[INFO] fetching crate ratatosk 0.1.0...
[INFO] testing ratatosk-0.1.0 against nightly-2024-10-28 for randomize-layout
[INFO] extracting crate ratatosk 0.1.0 into /workspace/builds/worker-6-tc1/source
[INFO] validating manifest of crates.io crate ratatosk 0.1.0 on toolchain nightly-2024-10-28
[INFO] running `Command { std: CARGO_HOME="/workspace/cargo-home" RUSTUP_HOME="/workspace/rustup-home" "/workspace/cargo-home/bin/cargo" "+nightly-2024-10-28" "metadata" "--manifest-path" "Cargo.toml" "--no-deps", kill_on_drop: false }`
[INFO] started tweaking crates.io crate ratatosk 0.1.0
[INFO] finished tweaking crates.io crate ratatosk 0.1.0
[INFO] tweaked toml for crates.io crate ratatosk 0.1.0 written to /workspace/builds/worker-6-tc1/source/Cargo.toml
[INFO] crate crates.io crate ratatosk 0.1.0 already has a lockfile, it will not be regenerated
[INFO] running `Command { std: CARGO_HOME="/workspace/cargo-home" RUSTUP_HOME="/workspace/rustup-home" "/workspace/cargo-home/bin/cargo" "+nightly-2024-10-28" "fetch" "--manifest-path" "Cargo.toml", kill_on_drop: false }`
[INFO] [stderr]     Updating crates.io index
[INFO] [stderr]     Blocking waiting for file lock on package cache
[INFO] [stderr]  Downloading crates ...
[INFO] [stderr]   Downloaded unleash-yggdrasil v0.7.0
[INFO] [stderr]   Downloaded unleash-types v0.10.5
[INFO] running `Command { std: "docker" "create" "-v" "/var/lib/crater-agent-workspace/builds/worker-6-tc1/target:/opt/rustwide/target:rw,Z" "-v" "/var/lib/crater-agent-workspace/builds/worker-6-tc1/source:/opt/rustwide/workdir:ro,Z" "-v" "/var/lib/crater-agent-workspace/cargo-home:/opt/rustwide/cargo-home:ro,Z" "-v" "/var/lib/crater-agent-workspace/rustup-home:/opt/rustwide/rustup-home:ro,Z" "-e" "SOURCE_DIR=/opt/rustwide/workdir" "-e" "CARGO_TARGET_DIR=/opt/rustwide/target" "-e" "CARGO_HOME=/opt/rustwide/cargo-home" "-e" "RUSTUP_HOME=/opt/rustwide/rustup-home" "-w" "/opt/rustwide/workdir" "-m" "1610612736" "--user" "0:0" "--network" "none" "ghcr.io/rust-lang/crates-build-env/linux@sha256:4a844ea9eb2546a2d2c7022eacef16ef2e8229c7fbb2c7d4d55a9ceca922f72d" "/opt/rustwide/cargo-home/bin/cargo" "+nightly-2024-10-28" "metadata" "--no-deps" "--format-version=1", kill_on_drop: false }`
[INFO] [stdout] a83f915909ab7e3129afe22a978c8f01f63cb7e2058951cb7b36b488980db583
[INFO] running `Command { std: "docker" "start" "-a" "a83f915909ab7e3129afe22a978c8f01f63cb7e2058951cb7b36b488980db583", kill_on_drop: false }`
[INFO] running `Command { std: "docker" "inspect" "a83f915909ab7e3129afe22a978c8f01f63cb7e2058951cb7b36b488980db583", kill_on_drop: false }`
[INFO] running `Command { std: "docker" "rm" "-f" "a83f915909ab7e3129afe22a978c8f01f63cb7e2058951cb7b36b488980db583", kill_on_drop: false }`
[INFO] [stdout] a83f915909ab7e3129afe22a978c8f01f63cb7e2058951cb7b36b488980db583
[INFO] running `Command { std: "docker" "create" "-v" "/var/lib/crater-agent-workspace/builds/worker-6-tc1/target:/opt/rustwide/target:rw,Z" "-v" "/var/lib/crater-agent-workspace/builds/worker-6-tc1/source:/opt/rustwide/workdir:ro,Z" "-v" "/var/lib/crater-agent-workspace/cargo-home:/opt/rustwide/cargo-home:ro,Z" "-v" "/var/lib/crater-agent-workspace/rustup-home:/opt/rustwide/rustup-home:ro,Z" "-e" "SOURCE_DIR=/opt/rustwide/workdir" "-e" "CARGO_TARGET_DIR=/opt/rustwide/target" "-e" "CARGO_INCREMENTAL=0" "-e" "RUST_BACKTRACE=full" "-e" "RUSTFLAGS=--cap-lints=forbid" "-e" "RUSTDOCFLAGS=--cap-lints=forbid" "-e" "CARGO_HOME=/opt/rustwide/cargo-home" "-e" "RUSTUP_HOME=/opt/rustwide/rustup-home" "-w" "/opt/rustwide/workdir" "-m" "1610612736" "--user" "0:0" "--network" "none" "ghcr.io/rust-lang/crates-build-env/linux@sha256:4a844ea9eb2546a2d2c7022eacef16ef2e8229c7fbb2c7d4d55a9ceca922f72d" "/opt/rustwide/cargo-home/bin/cargo" "+nightly-2024-10-28" "build" "--frozen" "--message-format=json", kill_on_drop: false }`
[INFO] [stdout] 7f4fc247b13cb7df4568feebe125228af37979f73673100fbcffe3c1dc22b577
[INFO] running `Command { std: "docker" "start" "-a" "7f4fc247b13cb7df4568feebe125228af37979f73673100fbcffe3c1dc22b577", kill_on_drop: false }`
[INFO] [stderr]    Compiling proc-macro2 v1.0.69
[INFO] [stderr]    Compiling unicode-ident v1.0.12
[INFO] [stderr]    Compiling syn v1.0.109
[INFO] [stderr]    Compiling libc v0.2.149
[INFO] [stderr]    Compiling thiserror v1.0.50
[INFO] [stderr]    Compiling serde v1.0.190
[INFO] [stderr]    Compiling once_cell v1.18.0
[INFO] [stderr]    Compiling memchr v2.6.4
[INFO] [stderr]    Compiling ucd-trie v0.1.6
[INFO] [stderr]    Compiling utf8parse v0.2.1
[INFO] [stderr]    Compiling parking_lot_core v0.9.9
[INFO] [stderr]    Compiling num-traits v0.2.17
[INFO] [stderr]    Compiling lock_api v0.4.11
[INFO] [stderr]    Compiling serde_json v1.0.108
[INFO] [stderr]    Compiling semver v1.0.20
[INFO] [stderr]    Compiling ryu v1.0.15
[INFO] [stderr]    Compiling anstyle-parse v0.2.2
[INFO] [stderr]    Compiling anstyle-query v1.0.0
[INFO] [stderr]    Compiling scopeguard v1.2.0
[INFO] [stderr]    Compiling itoa v1.0.9
[INFO] [stderr]    Compiling iana-time-zone v0.1.58
[INFO] [stderr]    Compiling smallvec v1.11.1
[INFO] [stderr]    Compiling ppv-lite86 v0.2.17
[INFO] [stderr]    Compiling colorchoice v1.0.0
[INFO] [stderr]    Compiling anstyle v1.0.4
[INFO] [stderr]    Compiling heck v0.4.1
[INFO] [stderr]    Compiling hashbrown v0.14.2
[INFO] [stderr]    Compiling clap_lex v0.6.0
[INFO] [stderr]    Compiling convert_case v0.6.0
[INFO] [stderr]    Compiling murmur3 v0.5.2
[INFO] [stderr]    Compiling ipnet v2.9.0
[INFO] [stderr]    Compiling lazy_static v1.4.0
[INFO] [stderr]    Compiling anstream v0.6.4
[INFO] [stderr]    Compiling clap_builder v4.4.7
[INFO] [stderr]    Compiling quote v1.0.33
[INFO] [stderr]    Compiling syn v2.0.38
[INFO] [stderr]    Compiling getrandom v0.2.10
[INFO] [stderr]    Compiling rand_core v0.6.4
[INFO] [stderr]    Compiling dashmap v5.5.3
[INFO] [stderr]    Compiling rand_chacha v0.3.1
[INFO] [stderr]    Compiling rand v0.8.5
[INFO] [stderr]    Compiling darling_core v0.14.4
[INFO] [stderr]    Compiling thiserror-impl v1.0.50
[INFO] [stderr]    Compiling serde_derive v1.0.190
[INFO] [stderr]    Compiling clap_derive v4.4.7
[INFO] [stderr]    Compiling pest v2.7.5
[INFO] [stderr]    Compiling clap v4.4.7
[INFO] [stderr]    Compiling darling_macro v0.14.4
[INFO] [stderr]    Compiling darling v0.14.4
[INFO] [stderr]    Compiling derive_builder_core v0.12.0
[INFO] [stderr]    Compiling pest_meta v2.7.5
[INFO] [stderr]    Compiling derive_builder_macro v0.12.0
[INFO] [stderr]    Compiling derive_builder v0.12.0
[INFO] [stderr]    Compiling pest_generator v2.7.5
[INFO] [stderr]    Compiling pest_derive v2.7.5
[INFO] [stderr]    Compiling chrono v0.4.31
[INFO] [stderr]    Compiling unleash-types v0.10.5
[INFO] [stderr]    Compiling unleash-yggdrasil v0.7.0
[INFO] [stderr]    Compiling ratatosk v0.1.0 (/opt/rustwide/workdir)
[INFO] [stdout] warning: unused imports: `ClientFeature`, `Constraint`, and `Strategy`
[INFO] [stdout]   --> src/main.rs:12:5
[INFO] [stdout]    |
[INFO] [stdout] 12 |     ClientFeature, ClientFeatures, Constraint, Segment, Strategy,
[INFO] [stdout]    |     ^^^^^^^^^^^^^                  ^^^^^^^^^^           ^^^^^^^^
[INFO] [stdout]    |
[INFO] [stdout]    = note: `#[warn(unused_imports)]` on by default
[INFO] [stdout] 
[INFO] [stdout] 
[INFO] [stdout] warning: unused imports: `RuleFragment`, `compile_rule`, and `state::EnrichedContext`
[INFO] [stdout]   --> src/main.rs:15:5
[INFO] [stdout]    |
[INFO] [stdout] 15 |     state::EnrichedContext,
[INFO] [stdout]    |     ^^^^^^^^^^^^^^^^^^^^^^
[INFO] [stdout] 16 |     strategy_parsing::{compile_rule, RuleFragment},
[INFO] [stdout]    |                        ^^^^^^^^^^^^  ^^^^^^^^^^^^
[INFO] [stdout] 
[INFO] [stdout] 
[INFO] [stdout] warning: unused variable: `strategy_without_constraints`
[INFO] [stdout]    --> src/compile.rs:110:9
[INFO] [stdout]     |
[INFO] [stdout] 110 |     let strategy_without_constraints = Strategy {
[INFO] [stdout]     |         ^^^^^^^^^^^^^^^^^^^^^^^^^^^^ help: if this is intentional, prefix it with an underscore: `_strategy_without_constraints`
[INFO] [stdout]     |
[INFO] [stdout]     = note: `#[warn(unused_variables)]` on by default
[INFO] [stdout] 
[INFO] [stdout] 
[INFO] [stdout] warning: unused variable: `segment_map`
[INFO] [stdout]    --> src/compile.rs:109:39
[INFO] [stdout]     |
[INFO] [stdout] 109 | fn strategy_node(strategy: &Strategy, segment_map: &HashMap<i32, Segment>) -> ExecutionNode {
[INFO] [stdout]     |                                       ^^^^^^^^^^^ help: if this is intentional, prefix it with an underscore: `_segment_map`
[INFO] [stdout] 
[INFO] [stdout] 
[INFO] [stdout] warning: unused variable: `explanation`
[INFO] [stdout]   --> src/main.rs:43:9
[INFO] [stdout]    |
[INFO] [stdout] 43 |     let explanation = build_execution_tree(&feature, &segment_map);
[INFO] [stdout]    |         ^^^^^^^^^^^ help: if this is intentional, prefix it with an underscore: `_explanation`
[INFO] [stdout] 
[INFO] [stdout] 
[INFO] [stdout] warning: fields `node_type` and `friendly_name` are never read
[INFO] [stdout]   --> src/compile.rs:77:16
[INFO] [stdout]    |
[INFO] [stdout] 76 | pub(crate) struct NodeMetaData {
[INFO] [stdout]    |                   ------------ fields in this struct
[INFO] [stdout] 77 |     pub(crate) node_type: NodeType,
[INFO] [stdout]    |                ^^^^^^^^^
[INFO] [stdout] 78 |     pub(crate) friendly_name: String,
[INFO] [stdout]    |                ^^^^^^^^^^^^^
[INFO] [stdout]    |
[INFO] [stdout]    = note: `NodeMetaData` has derived impls for the traits `Clone` and `Debug`, but these are intentionally ignored during dead code analysis
[INFO] [stdout]    = note: `#[warn(dead_code)]` on by default
[INFO] [stdout] 
[INFO] [stdout] 
[INFO] [stdout] warning: fields `metadata` and `compiled_rule` are never read
[INFO] [stdout]   --> src/compile.rs:91:16
[INFO] [stdout]    |
[INFO] [stdout] 90 | pub(crate) struct ExecutionNode {
[INFO] [stdout]    |                   ------------- fields in this struct
[INFO] [stdout] 91 |     pub(crate) metadata: NodeMetaData,
[INFO] [stdout]    |                ^^^^^^^^
[INFO] [stdout] 92 |     pub(crate) compiled_rule: RuleFragment,
[INFO] [stdout]    |                ^^^^^^^^^^^^^
[INFO] [stdout] 
[INFO] [stdout] 
[INFO] [stdout] warning: trait `RepresentDisabled` is never used
[INFO] [stdout]  --> src/explain.rs:5:7
[INFO] [stdout]   |
[INFO] [stdout] 5 | trait RepresentDisabled {
[INFO] [stdout]   |       ^^^^^^^^^^^^^^^^^
[INFO] [stdout] 
[INFO] [stdout] 
[INFO] [stdout] warning: trait `Executable` is never used
[INFO] [stdout]   --> src/explain.rs:19:18
[INFO] [stdout]    |
[INFO] [stdout] 19 | pub(crate) trait Executable {
[INFO] [stdout]    |                  ^^^^^^^^^^
[INFO] [stdout] 
[INFO] [stdout] 
[INFO] [stdout] warning: struct `ExecutionResult` is never constructed
[INFO] [stdout]   --> src/explain.rs:55:19
[INFO] [stdout]    |
[INFO] [stdout] 55 | pub(crate) struct ExecutionResult {
[INFO] [stdout]    |                   ^^^^^^^^^^^^^^^
[INFO] [stdout] 
[INFO] [stdout] 
[INFO] [stderr]     Finished `dev` profile [unoptimized + debuginfo] target(s) in 11.63s
[INFO] running `Command { std: "docker" "inspect" "7f4fc247b13cb7df4568feebe125228af37979f73673100fbcffe3c1dc22b577", kill_on_drop: false }`
[INFO] running `Command { std: "docker" "rm" "-f" "7f4fc247b13cb7df4568feebe125228af37979f73673100fbcffe3c1dc22b577", kill_on_drop: false }`
[INFO] [stdout] 7f4fc247b13cb7df4568feebe125228af37979f73673100fbcffe3c1dc22b577
[INFO] running `Command { std: "docker" "create" "-v" "/var/lib/crater-agent-workspace/builds/worker-6-tc1/target:/opt/rustwide/target:rw,Z" "-v" "/var/lib/crater-agent-workspace/builds/worker-6-tc1/source:/opt/rustwide/workdir:ro,Z" "-v" "/var/lib/crater-agent-workspace/cargo-home:/opt/rustwide/cargo-home:ro,Z" "-v" "/var/lib/crater-agent-workspace/rustup-home:/opt/rustwide/rustup-home:ro,Z" "-e" "SOURCE_DIR=/opt/rustwide/workdir" "-e" "CARGO_TARGET_DIR=/opt/rustwide/target" "-e" "CARGO_INCREMENTAL=0" "-e" "RUST_BACKTRACE=full" "-e" "RUSTFLAGS=--cap-lints=forbid" "-e" "RUSTDOCFLAGS=--cap-lints=forbid" "-e" "CARGO_HOME=/opt/rustwide/cargo-home" "-e" "RUSTUP_HOME=/opt/rustwide/rustup-home" "-w" "/opt/rustwide/workdir" "-m" "1610612736" "--user" "0:0" "--network" "none" "ghcr.io/rust-lang/crates-build-env/linux@sha256:4a844ea9eb2546a2d2c7022eacef16ef2e8229c7fbb2c7d4d55a9ceca922f72d" "/opt/rustwide/cargo-home/bin/cargo" "+nightly-2024-10-28" "test" "--frozen" "--no-run" "--message-format=json", kill_on_drop: false }`
[INFO] [stdout] e30ae478f6329c2965b9ff446d7556d09cd67de759b342ee5e152637ccadc39f
[INFO] running `Command { std: "docker" "start" "-a" "e30ae478f6329c2965b9ff446d7556d09cd67de759b342ee5e152637ccadc39f", kill_on_drop: false }`
[INFO] [stderr]    Compiling ratatosk v0.1.0 (/opt/rustwide/workdir)
[INFO] [stdout] warning: unused imports: `ClientFeature`, `Constraint`, and `Strategy`
[INFO] [stdout]   --> src/main.rs:12:5
[INFO] [stdout]    |
[INFO] [stdout] 12 |     ClientFeature, ClientFeatures, Constraint, Segment, Strategy,
[INFO] [stdout]    |     ^^^^^^^^^^^^^                  ^^^^^^^^^^           ^^^^^^^^
[INFO] [stdout]    |
[INFO] [stdout]    = note: `#[warn(unused_imports)]` on by default
[INFO] [stdout] 
[INFO] [stdout] 
[INFO] [stdout] warning: unused imports: `RuleFragment`, `compile_rule`, and `state::EnrichedContext`
[INFO] [stdout]   --> src/main.rs:15:5
[INFO] [stdout]    |
[INFO] [stdout] 15 |     state::EnrichedContext,
[INFO] [stdout]    |     ^^^^^^^^^^^^^^^^^^^^^^
[INFO] [stdout] 16 |     strategy_parsing::{compile_rule, RuleFragment},
[INFO] [stdout]    |                        ^^^^^^^^^^^^  ^^^^^^^^^^^^
[INFO] [stdout] 
[INFO] [stdout] 
[INFO] [stdout] warning: unused import: `Strategy`
[INFO] [stdout]   --> src/main.rs:50:82
[INFO] [stdout]    |
[INFO] [stdout] 50 |     use unleash_types::client_features::{ClientFeature, ClientFeatures, Segment, Strategy};
[INFO] [stdout]    |                                                                                  ^^^^^^^^
[INFO] [stdout] 
[INFO] [stdout] 
[INFO] [stdout] warning: unused import: `pest::error::Error`
[INFO] [stdout]   --> src/main.rs:55:9
[INFO] [stdout]    |
[INFO] [stdout] 55 |     use pest::error::Error;
[INFO] [stdout]    |         ^^^^^^^^^^^^^^^^^^
[INFO] [stdout] 
[INFO] [stdout] 
[INFO] [stdout] warning: unused imports: `Pair` and `Pairs`
[INFO] [stdout]   --> src/main.rs:56:23
[INFO] [stdout]    |
[INFO] [stdout] 56 | use pest::iterators::{Pair, Pairs};
[INFO] [stdout]    |                       ^^^^  ^^^^^
[INFO] [stdout] 
[INFO] [stdout] 
[INFO] [stdout] warning: unused imports: `Assoc`, `Op`, and `PrattParser`
[INFO] [stdout]   --> src/main.rs:57:26
[INFO] [stdout]    |
[INFO] [stdout] 57 | use pest::pratt_parser::{Assoc, Op, PrattParser};
[INFO] [stdout]    |                          ^^^^^  ^^  ^^^^^^^^^^^
[INFO] [stdout] 
[INFO] [stdout] 
[INFO] [stdout] warning: unused import: `pest::Parser`
[INFO] [stdout]   --> src/main.rs:58:5
[INFO] [stdout]    |
[INFO] [stdout] 58 | use pest::Parser;
[INFO] [stdout]    |     ^^^^^^^^^^^^
[INFO] [stdout] 
[INFO] [stdout] 
[INFO] [stdout] warning: unused variable: `strategy_without_constraints`
[INFO] [stdout]    --> src/compile.rs:110:9
[INFO] [stdout]     |
[INFO] [stdout] 110 |     let strategy_without_constraints = Strategy {
[INFO] [stdout]     |         ^^^^^^^^^^^^^^^^^^^^^^^^^^^^ help: if this is intentional, prefix it with an underscore: `_strategy_without_constraints`
[INFO] [stdout]     |
[INFO] [stdout]     = note: `#[warn(unused_variables)]` on by default
[INFO] [stdout] 
[INFO] [stdout] 
[INFO] [stdout] warning: unused variable: `segment_map`
[INFO] [stdout]    --> src/compile.rs:109:39
[INFO] [stdout]     |
[INFO] [stdout] 109 | fn strategy_node(strategy: &Strategy, segment_map: &HashMap<i32, Segment>) -> ExecutionNode {
[INFO] [stdout]     |                                       ^^^^^^^^^^^ help: if this is intentional, prefix it with an underscore: `_segment_map`
[INFO] [stdout] 
[INFO] [stdout] 
[INFO] [stdout] warning: unused variable: `explanation`
[INFO] [stdout]   --> src/main.rs:43:9
[INFO] [stdout]    |
[INFO] [stdout] 43 |     let explanation = build_execution_tree(&feature, &segment_map);
[INFO] [stdout]    |         ^^^^^^^^^^^ help: if this is intentional, prefix it with an underscore: `_explanation`
[INFO] [stdout] 
[INFO] [stdout] 
[INFO] [stdout] warning: unused variable: `rule`
[INFO] [stdout]   --> src/main.rs:86:13
[INFO] [stdout]    |
[INFO] [stdout] 86 |         let rule = "user_id == 7 and session_id == 6";
[INFO] [stdout]    |             ^^^^ help: if this is intentional, prefix it with an underscore: `_rule`
[INFO] [stdout] 
[INFO] [stdout] 
[INFO] [stdout] warning: trait `RepresentDisabled` is never used
[INFO] [stdout]  --> src/explain.rs:5:7
[INFO] [stdout]   |
[INFO] [stdout] 5 | trait RepresentDisabled {
[INFO] [stdout]   |       ^^^^^^^^^^^^^^^^^
[INFO] [stdout]   |
[INFO] [stdout]   = note: `#[warn(dead_code)]` on by default
[INFO] [stdout] 
[INFO] [stdout] 
[INFO] [stdout] warning: fields `children_result`, `node_type`, `node_name`, and `rule` are never read
[INFO] [stdout]   --> src/explain.rs:58:5
[INFO] [stdout]    |
[INFO] [stdout] 55 | pub(crate) struct ExecutionResult {
[INFO] [stdout]    |                   --------------- fields in this struct
[INFO] [stdout] ...
[INFO] [stdout] 58 |     children_result: Vec<ExecutionResult>,
[INFO] [stdout]    |     ^^^^^^^^^^^^^^^
[INFO] [stdout] 59 |     node_type: NodeType,
[INFO] [stdout]    |     ^^^^^^^^^
[INFO] [stdout] 60 |     node_name: String,
[INFO] [stdout]    |     ^^^^^^^^^
[INFO] [stdout] 61 |     rule: String,
[INFO] [stdout]    |     ^^^^
[INFO] [stdout]    |
[INFO] [stdout]    = note: `ExecutionResult` has a derived impl for the trait `Debug`, but this is intentionally ignored during dead code analysis
[INFO] [stdout] 
[INFO] [stdout] 
[INFO] [stderr]     Finished `test` profile [unoptimized + debuginfo] target(s) in 0.71s
[INFO] running `Command { std: "docker" "inspect" "e30ae478f6329c2965b9ff446d7556d09cd67de759b342ee5e152637ccadc39f", kill_on_drop: false }`
[INFO] running `Command { std: "docker" "rm" "-f" "e30ae478f6329c2965b9ff446d7556d09cd67de759b342ee5e152637ccadc39f", kill_on_drop: false }`
[INFO] [stdout] e30ae478f6329c2965b9ff446d7556d09cd67de759b342ee5e152637ccadc39f
[INFO] running `Command { std: "docker" "create" "-v" "/var/lib/crater-agent-workspace/builds/worker-6-tc1/target:/opt/rustwide/target:rw,Z" "-v" "/var/lib/crater-agent-workspace/builds/worker-6-tc1/source:/opt/rustwide/workdir:ro,Z" "-v" "/var/lib/crater-agent-workspace/cargo-home:/opt/rustwide/cargo-home:ro,Z" "-v" "/var/lib/crater-agent-workspace/rustup-home:/opt/rustwide/rustup-home:ro,Z" "-e" "SOURCE_DIR=/opt/rustwide/workdir" "-e" "CARGO_TARGET_DIR=/opt/rustwide/target" "-e" "CARGO_INCREMENTAL=0" "-e" "RUST_BACKTRACE=full" "-e" "RUSTFLAGS=--cap-lints=forbid" "-e" "RUSTDOCFLAGS=--cap-lints=forbid" "-e" "CARGO_HOME=/opt/rustwide/cargo-home" "-e" "RUSTUP_HOME=/opt/rustwide/rustup-home" "-w" "/opt/rustwide/workdir" "-m" "1610612736" "--user" "0:0" "--network" "none" "ghcr.io/rust-lang/crates-build-env/linux@sha256:4a844ea9eb2546a2d2c7022eacef16ef2e8229c7fbb2c7d4d55a9ceca922f72d" "/opt/rustwide/cargo-home/bin/cargo" "+nightly-2024-10-28" "test" "--frozen", kill_on_drop: false }`
[INFO] [stdout] fca9f03935e67ef981727a3dd5e3ecda693d9bca004c0e1932909928870ce50f
[INFO] running `Command { std: "docker" "start" "-a" "fca9f03935e67ef981727a3dd5e3ecda693d9bca004c0e1932909928870ce50f", kill_on_drop: false }`
[INFO] [stderr] warning: unused imports: `ClientFeature`, `Constraint`, and `Strategy`
[INFO] [stderr]   --> src/main.rs:12:5
[INFO] [stderr]    |
[INFO] [stderr] 12 |     ClientFeature, ClientFeatures, Constraint, Segment, Strategy,
[INFO] [stderr]    |     ^^^^^^^^^^^^^                  ^^^^^^^^^^           ^^^^^^^^
[INFO] [stderr]    |
[INFO] [stderr]    = note: `#[warn(unused_imports)]` on by default
[INFO] [stderr] 
[INFO] [stderr] warning: unused imports: `RuleFragment`, `compile_rule`, and `state::EnrichedContext`
[INFO] [stderr]   --> src/main.rs:15:5
[INFO] [stderr]    |
[INFO] [stderr] 15 |     state::EnrichedContext,
[INFO] [stderr]    |     ^^^^^^^^^^^^^^^^^^^^^^
[INFO] [stderr] 16 |     strategy_parsing::{compile_rule, RuleFragment},
[INFO] [stderr]    |                        ^^^^^^^^^^^^  ^^^^^^^^^^^^
[INFO] [stderr] 
[INFO] [stderr] warning: unused import: `Strategy`
[INFO] [stderr]   --> src/main.rs:50:82
[INFO] [stderr]    |
[INFO] [stderr] 50 |     use unleash_types::client_features::{ClientFeature, ClientFeatures, Segment, Strategy};
[INFO] [stderr]    |                                                                                  ^^^^^^^^
[INFO] [stderr] 
[INFO] [stderr] warning: unused import: `pest::error::Error`
[INFO] [stderr]   --> src/main.rs:55:9
[INFO] [stderr]    |
[INFO] [stderr] 55 |     use pest::error::Error;
[INFO] [stderr]    |         ^^^^^^^^^^^^^^^^^^
[INFO] [stderr] 
[INFO] [stderr] warning: unused imports: `Pair` and `Pairs`
[INFO] [stderr]   --> src/main.rs:56:23
[INFO] [stderr]    |
[INFO] [stderr] 56 | use pest::iterators::{Pair, Pairs};
[INFO] [stderr]    |                       ^^^^  ^^^^^
[INFO] [stderr] 
[INFO] [stderr] warning: unused imports: `Assoc`, `Op`, and `PrattParser`
[INFO] [stderr]   --> src/main.rs:57:26
[INFO] [stderr]    |
[INFO] [stderr] 57 | use pest::pratt_parser::{Assoc, Op, PrattParser};
[INFO] [stderr]    |                          ^^^^^  ^^  ^^^^^^^^^^^
[INFO] [stderr] 
[INFO] [stderr] warning: unused import: `pest::Parser`
[INFO] [stderr]   --> src/main.rs:58:5
[INFO] [stderr]    |
[INFO] [stderr] 58 | use pest::Parser;
[INFO] [stderr]    |     ^^^^^^^^^^^^
[INFO] [stderr] 
[INFO] [stderr] warning: unused variable: `strategy_without_constraints`
[INFO] [stderr]    --> src/compile.rs:110:9
[INFO] [stderr]     |
[INFO] [stderr] 110 |     let strategy_without_constraints = Strategy {
[INFO] [stderr]     |         ^^^^^^^^^^^^^^^^^^^^^^^^^^^^ help: if this is intentional, prefix it with an underscore: `_strategy_without_constraints`
[INFO] [stderr]     |
[INFO] [stderr]     = note: `#[warn(unused_variables)]` on by default
[INFO] [stderr] 
[INFO] [stderr] warning: unused variable: `segment_map`
[INFO] [stderr]    --> src/compile.rs:109:39
[INFO] [stderr]     |
[INFO] [stderr] 109 | fn strategy_node(strategy: &Strategy, segment_map: &HashMap<i32, Segment>) -> ExecutionNode {
[INFO] [stderr]     |                                       ^^^^^^^^^^^ help: if this is intentional, prefix it with an underscore: `_segment_map`
[INFO] [stderr] 
[INFO] [stderr] warning: unused variable: `explanation`
[INFO] [stderr]   --> src/main.rs:43:9
[INFO] [stderr]    |
[INFO] [stderr] 43 |     let explanation = build_execution_tree(&feature, &segment_map);
[INFO] [stderr]    |         ^^^^^^^^^^^ help: if this is intentional, prefix it with an underscore: `_explanation`
[INFO] [stderr] 
[INFO] [stderr] warning: unused variable: `rule`
[INFO] [stderr]   --> src/main.rs:86:13
[INFO] [stderr]    |
[INFO] [stderr] 86 |         let rule = "user_id == 7 and session_id == 6";
[INFO] [stderr]    |             ^^^^ help: if this is intentional, prefix it with an underscore: `_rule`
[INFO] [stderr] 
[INFO] [stderr] warning: trait `RepresentDisabled` is never used
[INFO] [stderr]  --> src/explain.rs:5:7
[INFO] [stderr]   |
[INFO] [stderr] 5 | trait RepresentDisabled {
[INFO] [stderr]   |       ^^^^^^^^^^^^^^^^^
[INFO] [stderr]   |
[INFO] [stderr]   = note: `#[warn(dead_code)]` on by default
[INFO] [stderr] 
[INFO] [stderr] warning: fields `children_result`, `node_type`, `node_name`, and `rule` are never read
[INFO] [stderr]   --> src/explain.rs:58:5
[INFO] [stderr]    |
[INFO] [stderr] 55 | pub(crate) struct ExecutionResult {
[INFO] [stderr]    |                   --------------- fields in this struct
[INFO] [stderr] ...
[INFO] [stderr] 58 |     children_result: Vec<ExecutionResult>,
[INFO] [stderr]    |     ^^^^^^^^^^^^^^^
[INFO] [stderr] 59 |     node_type: NodeType,
[INFO] [stderr]    |     ^^^^^^^^^
[INFO] [stderr] 60 |     node_name: String,
[INFO] [stderr]    |     ^^^^^^^^^
[INFO] [stderr] 61 |     rule: String,
[INFO] [stderr]    |     ^^^^
[INFO] [stderr]    |
[INFO] [stderr]    = note: `ExecutionResult` has a derived impl for the trait `Debug`, but this is intentionally ignored during dead code analysis
[INFO] [stderr] 
[INFO] [stderr] warning: `ratatosk` (bin "ratatosk" test) generated 13 warnings (run `cargo fix --bin "ratatosk" --tests` to apply 7 suggestions)
[INFO] [stderr]     Finished `test` profile [unoptimized + debuginfo] target(s) in 0.05s
[INFO] [stderr]      Running unittests src/main.rs (/opt/rustwide/target/debug/deps/ratatosk-cb76eb7f06ce40c9)
[INFO] [stdout] 
[INFO] [stdout] running 1 test
[INFO] [stdout] test test::does_the_thing ... FAILED
[INFO] [stdout] 
[INFO] [stdout] failures:
[INFO] [stdout] 
[INFO] [stdout] ---- test::does_the_thing stdout ----
[INFO] [stdout] thread 'test::does_the_thing' panicked at src/compile.rs:117:53:
[INFO] [stdout] Failed to compile rule: Error { variant: ParsingError { positives: [constraint], negatives: [] }, location: Pos(0), line_col: Pos((1, 1)), path: None, line: "this wont work", continued_line: None }
[INFO] [stdout] stack backtrace:
[INFO] [stdout]    0:     0x59b30765753a - std::backtrace_rs::backtrace::libunwind::trace::h207520d6e9873551
[INFO] [stdout]                                at /rustc/df4ca44d3fbc9301ee17f30f4d474e6ae4b05252/library/std/src/../../backtrace/src/backtrace/libunwind.rs:116:5
[INFO] [stdout]    1:     0x59b30765753a - std::backtrace_rs::backtrace::trace_unsynchronized::h2ed7433f370e3eca
[INFO] [stdout]                                at /rustc/df4ca44d3fbc9301ee17f30f4d474e6ae4b05252/library/std/src/../../backtrace/src/backtrace/mod.rs:66:5
[INFO] [stdout]    2:     0x59b30765753a - std::sys::backtrace::_print_fmt::h916fac51166b18d7
[INFO] [stdout]                                at /rustc/df4ca44d3fbc9301ee17f30f4d474e6ae4b05252/library/std/src/sys/backtrace.rs:66:9
[INFO] [stdout]    3:     0x59b30765753a - <std::sys::backtrace::BacktraceLock::print::DisplayBacktrace as core::fmt::Display>::fmt::ha0a4c9b8ce3802e6
[INFO] [stdout]                                at /rustc/df4ca44d3fbc9301ee17f30f4d474e6ae4b05252/library/std/src/sys/backtrace.rs:39:26
[INFO] [stdout]    4:     0x59b30767fdb3 - core::fmt::rt::Argument::fmt::h4cfc8587d52b3eb5
[INFO] [stdout]                                at /rustc/df4ca44d3fbc9301ee17f30f4d474e6ae4b05252/library/core/src/fmt/rt.rs:177:76
[INFO] [stdout]    5:     0x59b30767fdb3 - core::fmt::write::h522cc39e5b36ae9f
[INFO] [stdout]                                at /rustc/df4ca44d3fbc9301ee17f30f4d474e6ae4b05252/library/core/src/fmt/mod.rs:1190:21
[INFO] [stdout]    6:     0x59b3076541a3 - std::io::Write::write_fmt::h7d3c26752da97734
[INFO] [stdout]                                at /rustc/df4ca44d3fbc9301ee17f30f4d474e6ae4b05252/library/std/src/io/mod.rs:1839:15
[INFO] [stdout]    7:     0x59b307657382 - std::sys::backtrace::BacktraceLock::print::h4b9e00b29e9c0942
[INFO] [stdout]                                at /rustc/df4ca44d3fbc9301ee17f30f4d474e6ae4b05252/library/std/src/sys/backtrace.rs:42:9
[INFO] [stdout]    8:     0x59b3076589ca - std::panicking::default_hook::{{closure}}::hb59b88280d0324d9
[INFO] [stdout]                                at /rustc/df4ca44d3fbc9301ee17f30f4d474e6ae4b05252/library/std/src/panicking.rs:268:22
[INFO] [stdout]    9:     0x59b3076587d4 - std::panicking::default_hook::he1dd496665be4a29
[INFO] [stdout]                                at /rustc/df4ca44d3fbc9301ee17f30f4d474e6ae4b05252/library/std/src/panicking.rs:292:9
[INFO] [stdout]   10:     0x59b30752a619 - <alloc::boxed::Box<F,A> as core::ops::function::Fn<Args>>::call::h4ff71de18744e1dc
[INFO] [stdout]                                at /rustc/df4ca44d3fbc9301ee17f30f4d474e6ae4b05252/library/alloc/src/boxed.rs:2468:9
[INFO] [stdout]   11:     0x59b30752a619 - test::test_main::{{closure}}::hcf7c055ce117aa81
[INFO] [stdout]                                at /rustc/df4ca44d3fbc9301ee17f30f4d474e6ae4b05252/library/test/src/lib.rs:133:21
[INFO] [stdout]   12:     0x59b3076590c8 - <alloc::boxed::Box<F,A> as core::ops::function::Fn<Args>>::call::h1d66c6bbd60c9692
[INFO] [stdout]                                at /rustc/df4ca44d3fbc9301ee17f30f4d474e6ae4b05252/library/alloc/src/boxed.rs:2468:9
[INFO] [stdout]   13:     0x59b3076590c8 - std::panicking::rust_panic_with_hook::h2ff17fe8f26dfcf8
[INFO] [stdout]                                at /rustc/df4ca44d3fbc9301ee17f30f4d474e6ae4b05252/library/std/src/panicking.rs:809:13
[INFO] [stdout]   14:     0x59b307658e8a - std::panicking::begin_panic_handler::{{closure}}::h4fad77951c07e101
[INFO] [stdout]                                at /rustc/df4ca44d3fbc9301ee17f30f4d474e6ae4b05252/library/std/src/panicking.rs:674:13
[INFO] [stdout]   15:     0x59b307657a19 - std::sys::backtrace::__rust_end_short_backtrace::hb1a25b3da5d0ea08
[INFO] [stdout]                                at /rustc/df4ca44d3fbc9301ee17f30f4d474e6ae4b05252/library/std/src/sys/backtrace.rs:170:18
[INFO] [stdout]   16:     0x59b307658b1c - rust_begin_unwind
[INFO] [stdout]                                at /rustc/df4ca44d3fbc9301ee17f30f4d474e6ae4b05252/library/std/src/panicking.rs:665:5
[INFO] [stdout]   17:     0x59b30767e770 - core::panicking::panic_fmt::ha9db07b529f9b256
[INFO] [stdout]                                at /rustc/df4ca44d3fbc9301ee17f30f4d474e6ae4b05252/library/core/src/panicking.rs:75:14
[INFO] [stdout]   18:     0x59b30767ebf6 - core::result::unwrap_failed::h5e8218e4d4338b8a
[INFO] [stdout]                                at /rustc/df4ca44d3fbc9301ee17f30f4d474e6ae4b05252/library/core/src/result.rs:1698:5
[INFO] [stdout]   19:     0x59b3074cde06 - core::result::Result<T,E>::expect::h243d02a79d4fd97e
[INFO] [stdout]                                at /rustc/df4ca44d3fbc9301ee17f30f4d474e6ae4b05252/library/core/src/result.rs:1060:23
[INFO] [stdout]   20:     0x59b3074dd493 - ratatosk::compile::strategy_node::hf8ea74820d38afe1
[INFO] [stdout]                                at /opt/rustwide/workdir/src/compile.rs:117:25
[INFO] [stdout]   21:     0x59b3074dde1b - ratatosk::compile::toggle_node::{{closure}}::h3c81d4fbad93cd18
[INFO] [stdout]                                at /opt/rustwide/workdir/src/compile.rs:150:25
[INFO] [stdout]   22:     0x59b3074da7d8 - core::iter::adapters::map::map_fold::{{closure}}::h708ca469acce6cf9
[INFO] [stdout]                                at /rustc/df4ca44d3fbc9301ee17f30f4d474e6ae4b05252/library/core/src/iter/adapters/map.rs:88:28
[INFO] [stdout]   23:     0x59b3074d6a79 - <core::slice::iter::Iter<T> as core::iter::traits::iterator::Iterator>::fold::hf32a311f6fa1f926
[INFO] [stdout]                                at /rustc/df4ca44d3fbc9301ee17f30f4d474e6ae4b05252/library/core/src/slice/iter/macros.rs:232:27
[INFO] [stdout]   24:     0x59b3074d9673 - <core::iter::adapters::map::Map<I,F> as core::iter::traits::iterator::Iterator>::fold::he4c185c2af9316a7
[INFO] [stdout]                                at /rustc/df4ca44d3fbc9301ee17f30f4d474e6ae4b05252/library/core/src/iter/adapters/map.rs:128:9
[INFO] [stdout]   25:     0x59b3074da545 - core::iter::traits::iterator::Iterator::for_each::h332c1300db856cc2
[INFO] [stdout]                                at /rustc/df4ca44d3fbc9301ee17f30f4d474e6ae4b05252/library/core/src/iter/traits/iterator.rs:813:9
[INFO] [stdout]   26:     0x59b3074cebb8 - alloc::vec::Vec<T,A>::extend_trusted::ha2a39efbf8f3643a
[INFO] [stdout]                                at /rustc/df4ca44d3fbc9301ee17f30f4d474e6ae4b05252/library/alloc/src/vec/mod.rs:3551:17
[INFO] [stdout]   27:     0x59b3074d25da - <alloc::vec::Vec<T,A> as alloc::vec::spec_extend::SpecExtend<T,I>>::spec_extend::h95ce529b4ac68756
[INFO] [stdout]                                at /rustc/df4ca44d3fbc9301ee17f30f4d474e6ae4b05252/library/alloc/src/vec/spec_extend.rs:29:9
[INFO] [stdout]   28:     0x59b3074cc713 - <alloc::vec::Vec<T> as alloc::vec::spec_from_iter_nested::SpecFromIterNested<T,I>>::from_iter::h8ebdfcb55c04abed
[INFO] [stdout]                                at /rustc/df4ca44d3fbc9301ee17f30f4d474e6ae4b05252/library/alloc/src/vec/spec_from_iter_nested.rs:62:9
[INFO] [stdout]   29:     0x59b3074d261d - <alloc::vec::Vec<T> as alloc::vec::spec_from_iter::SpecFromIter<T,I>>::from_iter::h373d52716eabdc05
[INFO] [stdout]                                at /rustc/df4ca44d3fbc9301ee17f30f4d474e6ae4b05252/library/alloc/src/vec/spec_from_iter.rs:34:9
[INFO] [stdout]   30:     0x59b3074d2531 - <alloc::vec::Vec<T> as core::iter::traits::collect::FromIterator<T>>::from_iter::hba5358d7e154ab8f
[INFO] [stdout]                                at /rustc/df4ca44d3fbc9301ee17f30f4d474e6ae4b05252/library/alloc/src/vec/mod.rs:3410:9
[INFO] [stdout]   31:     0x59b3074da4b4 - core::iter::traits::iterator::Iterator::collect::h846be80d3d30339b
[INFO] [stdout]                                at /rustc/df4ca44d3fbc9301ee17f30f4d474e6ae4b05252/library/core/src/iter/traits/iterator.rs:2001:9
[INFO] [stdout]   32:     0x59b3074ddb01 - ratatosk::compile::toggle_node::hbbf2fb1894f9212b
[INFO] [stdout]                                at /opt/rustwide/workdir/src/compile.rs:145:40
[INFO] [stdout]   33:     0x59b3074dde4a - ratatosk::compile::build_execution_tree::haa27503ec4c2a3f8
[INFO] [stdout]                                at /opt/rustwide/workdir/src/compile.rs:165:5
[INFO] [stdout]   34:     0x59b3074de991 - ratatosk::test::does_the_thing::h6308d00ea0a602e9
[INFO] [stdout]                                at /opt/rustwide/workdir/src/main.rs:93:20
[INFO] [stdout]   35:     0x59b3074de7e7 - ratatosk::test::does_the_thing::{{closure}}::h1ac5cdaade270e87
[INFO] [stdout]                                at /opt/rustwide/workdir/src/main.rs:85:24
[INFO] [stdout]   36:     0x59b3074dfec6 - core::ops::function::FnOnce::call_once::he3d8cb6fe35f3946
[INFO] [stdout]                                at /rustc/df4ca44d3fbc9301ee17f30f4d474e6ae4b05252/library/core/src/ops/function.rs:250:5
[INFO] [stdout]   37:     0x59b30752eeeb - core::ops::function::FnOnce::call_once::h22c3ba5715e93f05
[INFO] [stdout]                                at /rustc/df4ca44d3fbc9301ee17f30f4d474e6ae4b05252/library/core/src/ops/function.rs:250:5
[INFO] [stdout]   38:     0x59b30752eeeb - test::__rust_begin_short_backtrace::h8e82d8113d0da17f
[INFO] [stdout]                                at /rustc/df4ca44d3fbc9301ee17f30f4d474e6ae4b05252/library/test/src/lib.rs:621:18
[INFO] [stdout]   39:     0x59b30752e867 - test::run_test_in_process::{{closure}}::h33235f4f20b7b7c7
[INFO] [stdout]                                at /rustc/df4ca44d3fbc9301ee17f30f4d474e6ae4b05252/library/test/src/lib.rs:644:60
[INFO] [stdout]   40:     0x59b30752e867 - <core::panic::unwind_safe::AssertUnwindSafe<F> as core::ops::function::FnOnce<()>>::call_once::hb5043206310c586f
[INFO] [stdout]                                at /rustc/df4ca44d3fbc9301ee17f30f4d474e6ae4b05252/library/core/src/panic/unwind_safe.rs:272:9
[INFO] [stdout]   41:     0x59b30752e867 - std::panicking::try::do_call::h9ad4731a60ab23e2
[INFO] [stdout]                                at /rustc/df4ca44d3fbc9301ee17f30f4d474e6ae4b05252/library/std/src/panicking.rs:557:40
[INFO] [stdout]   42:     0x59b30752e867 - std::panicking::try::h3824d23db772a716
[INFO] [stdout]                                at /rustc/df4ca44d3fbc9301ee17f30f4d474e6ae4b05252/library/std/src/panicking.rs:520:19
[INFO] [stdout]   43:     0x59b30752e867 - std::panic::catch_unwind::h5afd514605fde46b
[INFO] [stdout]                                at /rustc/df4ca44d3fbc9301ee17f30f4d474e6ae4b05252/library/std/src/panic.rs:358:14
[INFO] [stdout]   44:     0x59b30752e867 - test::run_test_in_process::h0d5cbfa7067d1720
[INFO] [stdout]                                at /rustc/df4ca44d3fbc9301ee17f30f4d474e6ae4b05252/library/test/src/lib.rs:644:27
[INFO] [stdout]   45:     0x59b30752e867 - test::run_test::{{closure}}::h708eb8872708115d
[INFO] [stdout]                                at /rustc/df4ca44d3fbc9301ee17f30f4d474e6ae4b05252/library/test/src/lib.rs:565:43
[INFO] [stdout]   46:     0x59b3074f1f84 - test::run_test::{{closure}}::h392c51cee94713ab
[INFO] [stdout]                                at /rustc/df4ca44d3fbc9301ee17f30f4d474e6ae4b05252/library/test/src/lib.rs:595:41
[INFO] [stdout]   47:     0x59b3074f1f84 - std::sys::backtrace::__rust_begin_short_backtrace::h2f40290710935a8b
[INFO] [stdout]                                at /rustc/df4ca44d3fbc9301ee17f30f4d474e6ae4b05252/library/std/src/sys/backtrace.rs:154:18
[INFO] [stdout]   48:     0x59b3074f572e - std::thread::Builder::spawn_unchecked_::{{closure}}::{{closure}}::h3fd968d89053a903
[INFO] [stdout]                                at /rustc/df4ca44d3fbc9301ee17f30f4d474e6ae4b05252/library/std/src/thread/mod.rs:541:17
[INFO] [stdout]   49:     0x59b3074f572e - <core::panic::unwind_safe::AssertUnwindSafe<F> as core::ops::function::FnOnce<()>>::call_once::h743f637ba4229880
[INFO] [stdout]                                at /rustc/df4ca44d3fbc9301ee17f30f4d474e6ae4b05252/library/core/src/panic/unwind_safe.rs:272:9
[INFO] [stdout]   50:     0x59b3074f572e - std::panicking::try::do_call::h07440897322525a6
[INFO] [stdout]                                at /rustc/df4ca44d3fbc9301ee17f30f4d474e6ae4b05252/library/std/src/panicking.rs:557:40
[INFO] [stdout]   51:     0x59b3074f572e - std::panicking::try::he5a2e00188156637
[INFO] [stdout]                                at /rustc/df4ca44d3fbc9301ee17f30f4d474e6ae4b05252/library/std/src/panicking.rs:520:19
[INFO] [stdout]   52:     0x59b3074f572e - std::panic::catch_unwind::hbaf3cae49b3c6433
[INFO] [stdout]                                at /rustc/df4ca44d3fbc9301ee17f30f4d474e6ae4b05252/library/std/src/panic.rs:358:14
[INFO] [stdout]   53:     0x59b3074f572e - std::thread::Builder::spawn_unchecked_::{{closure}}::h8e141ea224820bce
[INFO] [stdout]                                at /rustc/df4ca44d3fbc9301ee17f30f4d474e6ae4b05252/library/std/src/thread/mod.rs:540:30
[INFO] [stdout]   54:     0x59b3074f572e - core::ops::function::FnOnce::call_once{{vtable.shim}}::h90d312fedd7b8ea8
[INFO] [stdout]                                at /rustc/df4ca44d3fbc9301ee17f30f4d474e6ae4b05252/library/core/src/ops/function.rs:250:5
[INFO] [stdout]   55:     0x59b30765cebb - <alloc::boxed::Box<F,A> as core::ops::function::FnOnce<Args>>::call_once::h69aa08ddb6adb8b6
[INFO] [stdout]                                at /rustc/df4ca44d3fbc9301ee17f30f4d474e6ae4b05252/library/alloc/src/boxed.rs:2454:9
[INFO] [stdout]   56:     0x59b30765cebb - <alloc::boxed::Box<F,A> as core::ops::function::FnOnce<Args>>::call_once::h5aa36efdb79c806f
[INFO] [stdout]                                at /rustc/df4ca44d3fbc9301ee17f30f4d474e6ae4b05252/library/alloc/src/boxed.rs:2454:9
[INFO] [stdout]   57:     0x59b30765cebb - std::sys::pal::unix::thread::Thread::new::thread_start::h6cd80a1b4be5158d
[INFO] [stdout]                                at /rustc/df4ca44d3fbc9301ee17f30f4d474e6ae4b05252/library/std/src/sys/pal/unix/thread.rs:105:17
[INFO] [stdout]   58:     0x74aa9a603ac3 - <unknown>
[INFO] [stdout]   59:     0x74aa9a694a04 - clone
[INFO] [stdout]   60:                0x0 - <unknown>
[INFO] [stdout] 
[INFO] [stdout] 
[INFO] [stdout] failures:
[INFO] [stdout]     test::does_the_thing
[INFO] [stdout] 
[INFO] [stdout] test result: FAILED. 0 passed; 1 failed; 0 ignored; 0 measured; 0 filtered out; finished in 0.02s
[INFO] [stdout] 
[INFO] [stderr] error: test failed, to rerun pass `--bin ratatosk`
[INFO] running `Command { std: "docker" "inspect" "fca9f03935e67ef981727a3dd5e3ecda693d9bca004c0e1932909928870ce50f", kill_on_drop: false }`
[INFO] running `Command { std: "docker" "rm" "-f" "fca9f03935e67ef981727a3dd5e3ecda693d9bca004c0e1932909928870ce50f", kill_on_drop: false }`
[INFO] [stdout] fca9f03935e67ef981727a3dd5e3ecda693d9bca004c0e1932909928870ce50f
