[INFO] fetching crate rapid-web-codegen 0.2.8...
[INFO] testing rapid-web-codegen-0.2.8 against nightly-2024-10-28+rustflags=-Zrandomize-layout for randomize-layout
[INFO] extracting crate rapid-web-codegen 0.2.8 into /workspace/builds/worker-3-tc2/source
[INFO] validating manifest of crates.io crate rapid-web-codegen 0.2.8 on toolchain nightly-2024-10-28
[INFO] running `Command { std: CARGO_HOME="/workspace/cargo-home" RUSTUP_HOME="/workspace/rustup-home" "/workspace/cargo-home/bin/cargo" "+nightly-2024-10-28" "metadata" "--manifest-path" "Cargo.toml" "--no-deps", kill_on_drop: false }`
[INFO] started tweaking crates.io crate rapid-web-codegen 0.2.8
[INFO] finished tweaking crates.io crate rapid-web-codegen 0.2.8
[INFO] tweaked toml for crates.io crate rapid-web-codegen 0.2.8 written to /workspace/builds/worker-3-tc2/source/Cargo.toml
[INFO] running `Command { std: CARGO_HOME="/workspace/cargo-home" RUSTUP_HOME="/workspace/rustup-home" "/workspace/cargo-home/bin/cargo" "+nightly-2024-10-28" "generate-lockfile" "--manifest-path" "Cargo.toml", kill_on_drop: false }`
[INFO] [stderr]     Updating crates.io index
[INFO] [stderr]      Locking 11 packages to latest compatible versions
[INFO] running `Command { std: CARGO_HOME="/workspace/cargo-home" RUSTUP_HOME="/workspace/rustup-home" "/workspace/cargo-home/bin/cargo" "+nightly-2024-10-28" "fetch" "--manifest-path" "Cargo.toml", kill_on_drop: false }`
[INFO] running `Command { std: "docker" "create" "-v" "/var/lib/crater-agent-workspace/builds/worker-3-tc2/target:/opt/rustwide/target:rw,Z" "-v" "/var/lib/crater-agent-workspace/builds/worker-3-tc2/source:/opt/rustwide/workdir:ro,Z" "-v" "/var/lib/crater-agent-workspace/cargo-home:/opt/rustwide/cargo-home:ro,Z" "-v" "/var/lib/crater-agent-workspace/rustup-home:/opt/rustwide/rustup-home:ro,Z" "-e" "SOURCE_DIR=/opt/rustwide/workdir" "-e" "CARGO_TARGET_DIR=/opt/rustwide/target" "-e" "CARGO_HOME=/opt/rustwide/cargo-home" "-e" "RUSTUP_HOME=/opt/rustwide/rustup-home" "-w" "/opt/rustwide/workdir" "-m" "1610612736" "--user" "0:0" "--network" "none" "ghcr.io/rust-lang/crates-build-env/linux@sha256:4a844ea9eb2546a2d2c7022eacef16ef2e8229c7fbb2c7d4d55a9ceca922f72d" "/opt/rustwide/cargo-home/bin/cargo" "+nightly-2024-10-28" "metadata" "--no-deps" "--format-version=1", kill_on_drop: false }`
[INFO] [stdout] 8146e93ea3e793164dcd791656fe6ae53f2d029df4927f690696ef48fba40cde
[INFO] running `Command { std: "docker" "start" "-a" "8146e93ea3e793164dcd791656fe6ae53f2d029df4927f690696ef48fba40cde", kill_on_drop: false }`
[INFO] running `Command { std: "docker" "inspect" "8146e93ea3e793164dcd791656fe6ae53f2d029df4927f690696ef48fba40cde", kill_on_drop: false }`
[INFO] running `Command { std: "docker" "rm" "-f" "8146e93ea3e793164dcd791656fe6ae53f2d029df4927f690696ef48fba40cde", kill_on_drop: false }`
[INFO] [stdout] 8146e93ea3e793164dcd791656fe6ae53f2d029df4927f690696ef48fba40cde
[INFO] running `Command { std: "docker" "create" "-v" "/var/lib/crater-agent-workspace/builds/worker-3-tc2/target:/opt/rustwide/target:rw,Z" "-v" "/var/lib/crater-agent-workspace/builds/worker-3-tc2/source:/opt/rustwide/workdir:ro,Z" "-v" "/var/lib/crater-agent-workspace/cargo-home:/opt/rustwide/cargo-home:ro,Z" "-v" "/var/lib/crater-agent-workspace/rustup-home:/opt/rustwide/rustup-home:ro,Z" "-e" "SOURCE_DIR=/opt/rustwide/workdir" "-e" "CARGO_TARGET_DIR=/opt/rustwide/target" "-e" "CARGO_INCREMENTAL=0" "-e" "RUST_BACKTRACE=full" "-e" "RUSTFLAGS=--cap-lints=forbid -Zrandomize-layout" "-e" "RUSTDOCFLAGS=--cap-lints=forbid" "-e" "CARGO_HOME=/opt/rustwide/cargo-home" "-e" "RUSTUP_HOME=/opt/rustwide/rustup-home" "-w" "/opt/rustwide/workdir" "-m" "1610612736" "--user" "0:0" "--network" "none" "ghcr.io/rust-lang/crates-build-env/linux@sha256:4a844ea9eb2546a2d2c7022eacef16ef2e8229c7fbb2c7d4d55a9ceca922f72d" "/opt/rustwide/cargo-home/bin/cargo" "+nightly-2024-10-28" "build" "--frozen" "--message-format=json", kill_on_drop: false }`
[INFO] [stdout] a0436e5a60d524d148031cccdaf23677c2ec8666303f683a0479fbedcf626fd5
[INFO] running `Command { std: "docker" "start" "-a" "a0436e5a60d524d148031cccdaf23677c2ec8666303f683a0479fbedcf626fd5", kill_on_drop: false }`
[INFO] [stderr]    Compiling include_dir_macros v0.7.4
[INFO] [stderr]    Compiling syn v2.0.86
[INFO] [stderr]    Compiling include_dir v0.7.4
[INFO] [stderr]    Compiling rapid-web-codegen v0.2.8 (/opt/rustwide/workdir)
[INFO] [stderr]     Finished `dev` profile [unoptimized + debuginfo] target(s) in 3.49s
[INFO] running `Command { std: "docker" "inspect" "a0436e5a60d524d148031cccdaf23677c2ec8666303f683a0479fbedcf626fd5", kill_on_drop: false }`
[INFO] running `Command { std: "docker" "rm" "-f" "a0436e5a60d524d148031cccdaf23677c2ec8666303f683a0479fbedcf626fd5", kill_on_drop: false }`
[INFO] [stdout] a0436e5a60d524d148031cccdaf23677c2ec8666303f683a0479fbedcf626fd5
[INFO] running `Command { std: "docker" "create" "-v" "/var/lib/crater-agent-workspace/builds/worker-3-tc2/target:/opt/rustwide/target:rw,Z" "-v" "/var/lib/crater-agent-workspace/builds/worker-3-tc2/source:/opt/rustwide/workdir:ro,Z" "-v" "/var/lib/crater-agent-workspace/cargo-home:/opt/rustwide/cargo-home:ro,Z" "-v" "/var/lib/crater-agent-workspace/rustup-home:/opt/rustwide/rustup-home:ro,Z" "-e" "SOURCE_DIR=/opt/rustwide/workdir" "-e" "CARGO_TARGET_DIR=/opt/rustwide/target" "-e" "CARGO_INCREMENTAL=0" "-e" "RUST_BACKTRACE=full" "-e" "RUSTFLAGS=--cap-lints=forbid -Zrandomize-layout" "-e" "RUSTDOCFLAGS=--cap-lints=forbid" "-e" "CARGO_HOME=/opt/rustwide/cargo-home" "-e" "RUSTUP_HOME=/opt/rustwide/rustup-home" "-w" "/opt/rustwide/workdir" "-m" "1610612736" "--user" "0:0" "--network" "none" "ghcr.io/rust-lang/crates-build-env/linux@sha256:4a844ea9eb2546a2d2c7022eacef16ef2e8229c7fbb2c7d4d55a9ceca922f72d" "/opt/rustwide/cargo-home/bin/cargo" "+nightly-2024-10-28" "test" "--frozen" "--no-run" "--message-format=json", kill_on_drop: false }`
[INFO] [stdout] 39536da277f09cb345565cad99d91c08cc96a34ce017f0f17f97e3de5b2d8ac1
[INFO] running `Command { std: "docker" "start" "-a" "39536da277f09cb345565cad99d91c08cc96a34ce017f0f17f97e3de5b2d8ac1", kill_on_drop: false }`
[INFO] [stderr]    Compiling rapid-web-codegen v0.2.8 (/opt/rustwide/workdir)
[INFO] [stderr]     Finished `test` profile [unoptimized + debuginfo] target(s) in 0.44s
[INFO] running `Command { std: "docker" "inspect" "39536da277f09cb345565cad99d91c08cc96a34ce017f0f17f97e3de5b2d8ac1", kill_on_drop: false }`
[INFO] running `Command { std: "docker" "rm" "-f" "39536da277f09cb345565cad99d91c08cc96a34ce017f0f17f97e3de5b2d8ac1", kill_on_drop: false }`
[INFO] [stdout] 39536da277f09cb345565cad99d91c08cc96a34ce017f0f17f97e3de5b2d8ac1
[INFO] running `Command { std: "docker" "create" "-v" "/var/lib/crater-agent-workspace/builds/worker-3-tc2/target:/opt/rustwide/target:rw,Z" "-v" "/var/lib/crater-agent-workspace/builds/worker-3-tc2/source:/opt/rustwide/workdir:ro,Z" "-v" "/var/lib/crater-agent-workspace/cargo-home:/opt/rustwide/cargo-home:ro,Z" "-v" "/var/lib/crater-agent-workspace/rustup-home:/opt/rustwide/rustup-home:ro,Z" "-e" "SOURCE_DIR=/opt/rustwide/workdir" "-e" "CARGO_TARGET_DIR=/opt/rustwide/target" "-e" "CARGO_INCREMENTAL=0" "-e" "RUST_BACKTRACE=full" "-e" "RUSTFLAGS=--cap-lints=forbid -Zrandomize-layout" "-e" "RUSTDOCFLAGS=--cap-lints=forbid" "-e" "CARGO_HOME=/opt/rustwide/cargo-home" "-e" "RUSTUP_HOME=/opt/rustwide/rustup-home" "-w" "/opt/rustwide/workdir" "-m" "1610612736" "--user" "0:0" "--network" "none" "ghcr.io/rust-lang/crates-build-env/linux@sha256:4a844ea9eb2546a2d2c7022eacef16ef2e8229c7fbb2c7d4d55a9ceca922f72d" "/opt/rustwide/cargo-home/bin/cargo" "+nightly-2024-10-28" "test" "--frozen", kill_on_drop: false }`
[INFO] [stdout] 5b1dc8f0f50d38d263860400ac7d3a53a2c3bc823d16ed5b4f2f7a8b165df0be
[INFO] running `Command { std: "docker" "start" "-a" "5b1dc8f0f50d38d263860400ac7d3a53a2c3bc823d16ed5b4f2f7a8b165df0be", kill_on_drop: false }`
[INFO] [stderr]     Finished `test` profile [unoptimized + debuginfo] target(s) in 0.01s
[INFO] [stderr]      Running unittests src/lib.rs (/opt/rustwide/target/debug/deps/rapid_web_codegen-1932c94a177a3bed)
[INFO] [stdout] 
[INFO] [stdout] running 0 tests
[INFO] [stdout] 
[INFO] [stdout] test result: ok. 0 passed; 0 failed; 0 ignored; 0 measured; 0 filtered out; finished in 0.00s
[INFO] [stdout] 
[INFO] [stderr]    Doc-tests rapid_web_codegen
[INFO] [stdout] 
[INFO] [stdout] running 5 tests
[INFO] [stdout] test src/lib.rs - main (line 22) ... FAILED
[INFO] [stdout] test src/lib.rs - rapid_configure (line 248) ... FAILED
[INFO] [stdout] test src/lib.rs - routes (line 71) ... FAILED
[INFO] [stdout] test src/lib.rs - rapid_configure_remix (line 318) ... FAILED
[INFO] [stdout] test src/lib.rs - rapid_configure_nextjs (line 305) ... FAILED
[INFO] [stdout] 
[INFO] [stdout] failures:
[INFO] [stdout] 
[INFO] [stdout] ---- src/lib.rs - main (line 22) stdout ----
[INFO] [stdout] error[E0433]: failed to resolve: use of undeclared crate or module `rapid_web`
[INFO] [stdout]  --> src/lib.rs:23:3
[INFO] [stdout]   |
[INFO] [stdout] 2 | #[rapid_web::main]
[INFO] [stdout]   |   ^^^^^^^^^ use of undeclared crate or module `rapid_web`
[INFO] [stdout] 
[INFO] [stdout] error[E0752]: `main` function is not allowed to be `async`
[INFO] [stdout]  --> src/lib.rs:24:1
[INFO] [stdout]   |
[INFO] [stdout] 3 | async fn main() {
[INFO] [stdout]   | ^^^^^^^^^^^^^^^ `main` function is not allowed to be `async`
[INFO] [stdout] 
[INFO] [stdout] error: aborting due to 2 previous errors
[INFO] [stdout] 
[INFO] [stdout] Some errors have detailed explanations: E0433, E0752.
[INFO] [stdout] For more information about an error, try `rustc --explain E0433`.
[INFO] [stdout] Couldn't compile the test.
[INFO] [stdout] ---- src/lib.rs - rapid_configure (line 248) stdout ----
[INFO] [stdout] error: cannot find macro `rapid_configure` in this scope
[INFO] [stdout]  --> src/lib.rs:249:1
[INFO] [stdout]   |
[INFO] [stdout] 3 | rapid_configure!("src/routes")
[INFO] [stdout]   | ^^^^^^^^^^^^^^^
[INFO] [stdout]   |
[INFO] [stdout] help: consider importing this macro
[INFO] [stdout]   |
[INFO] [stdout] 2 + use rapid_web_codegen::rapid_configure;
[INFO] [stdout]   |
[INFO] [stdout] 
[INFO] [stdout] error: aborting due to 1 previous error
[INFO] [stdout] 
[INFO] [stdout] Couldn't compile the test.
[INFO] [stdout] ---- src/lib.rs - routes (line 71) stdout ----
[INFO] [stdout] error: cannot find macro `routes` in this scope
[INFO] [stdout]  --> src/lib.rs:72:1
[INFO] [stdout]   |
[INFO] [stdout] 3 | routes!("src/routes")
[INFO] [stdout]   | ^^^^^^
[INFO] [stdout]   |
[INFO] [stdout] help: consider importing this macro
[INFO] [stdout]   |
[INFO] [stdout] 2 + use rapid_web_codegen::routes;
[INFO] [stdout]   |
[INFO] [stdout] 
[INFO] [stdout] error: aborting due to 1 previous error
[INFO] [stdout] 
[INFO] [stdout] Couldn't compile the test.
[INFO] [stdout] ---- src/lib.rs - rapid_configure_remix (line 318) stdout ----
[INFO] [stdout] error: cannot find macro `rapid_configure_remix` in this scope
[INFO] [stdout]  --> src/lib.rs:319:1
[INFO] [stdout]   |
[INFO] [stdout] 3 | rapid_configure_remix!()
[INFO] [stdout]   | ^^^^^^^^^^^^^^^^^^^^^
[INFO] [stdout]   |
[INFO] [stdout] help: consider importing this macro
[INFO] [stdout]   |
[INFO] [stdout] 2 + use rapid_web_codegen::rapid_configure_remix;
[INFO] [stdout]   |
[INFO] [stdout] 
[INFO] [stdout] error: aborting due to 1 previous error
[INFO] [stdout] 
[INFO] [stdout] Couldn't compile the test.
[INFO] [stdout] ---- src/lib.rs - rapid_configure_nextjs (line 305) stdout ----
[INFO] [stdout] error: cannot find macro `rapid_configure_nextjs` in this scope
[INFO] [stdout]  --> src/lib.rs:306:1
[INFO] [stdout]   |
[INFO] [stdout] 3 | rapid_configure_nextjs!()
[INFO] [stdout]   | ^^^^^^^^^^^^^^^^^^^^^^
[INFO] [stdout]   |
[INFO] [stdout] help: consider importing this macro
[INFO] [stdout]   |
[INFO] [stdout] 2 + use rapid_web_codegen::rapid_configure_nextjs;
[INFO] [stdout]   |
[INFO] [stdout] 
[INFO] [stdout] error: aborting due to 1 previous error
[INFO] [stdout] 
[INFO] [stdout] Couldn't compile the test.
[INFO] [stdout] 
[INFO] [stdout] failures:
[INFO] [stdout]     src/lib.rs - main (line 22)
[INFO] [stdout]     src/lib.rs - rapid_configure (line 248)
[INFO] [stdout]     src/lib.rs - rapid_configure_nextjs (line 305)
[INFO] [stdout]     src/lib.rs - rapid_configure_remix (line 318)
[INFO] [stdout]     src/lib.rs - routes (line 71)
[INFO] [stdout] 
[INFO] [stdout] test result: FAILED. 0 passed; 5 failed; 0 ignored; 0 measured; 0 filtered out; finished in 0.05s
[INFO] [stdout] 
[INFO] [stderr] error: doctest failed, to rerun pass `--doc`
[INFO] running `Command { std: "docker" "inspect" "5b1dc8f0f50d38d263860400ac7d3a53a2c3bc823d16ed5b4f2f7a8b165df0be", kill_on_drop: false }`
[INFO] running `Command { std: "docker" "rm" "-f" "5b1dc8f0f50d38d263860400ac7d3a53a2c3bc823d16ed5b4f2f7a8b165df0be", kill_on_drop: false }`
[INFO] [stdout] 5b1dc8f0f50d38d263860400ac7d3a53a2c3bc823d16ed5b4f2f7a8b165df0be
