[INFO] fetching crate range-cmp 0.1.3...
[INFO] testing range-cmp-0.1.3 against nightly-2024-10-28+rustflags=-Zrandomize-layout for randomize-layout
[INFO] extracting crate range-cmp 0.1.3 into /workspace/builds/worker-1-tc2/source
[INFO] validating manifest of crates.io crate range-cmp 0.1.3 on toolchain nightly-2024-10-28
[INFO] running `Command { std: CARGO_HOME="/workspace/cargo-home" RUSTUP_HOME="/workspace/rustup-home" "/workspace/cargo-home/bin/cargo" "+nightly-2024-10-28" "metadata" "--manifest-path" "Cargo.toml" "--no-deps", kill_on_drop: false }`
[INFO] started tweaking crates.io crate range-cmp 0.1.3
[INFO] finished tweaking crates.io crate range-cmp 0.1.3
[INFO] tweaked toml for crates.io crate range-cmp 0.1.3 written to /workspace/builds/worker-1-tc2/source/Cargo.toml
[INFO] running `Command { std: CARGO_HOME="/workspace/cargo-home" RUSTUP_HOME="/workspace/rustup-home" "/workspace/cargo-home/bin/cargo" "+nightly-2024-10-28" "generate-lockfile" "--manifest-path" "Cargo.toml", kill_on_drop: false }`
[INFO] running `Command { std: CARGO_HOME="/workspace/cargo-home" RUSTUP_HOME="/workspace/rustup-home" "/workspace/cargo-home/bin/cargo" "+nightly-2024-10-28" "fetch" "--manifest-path" "Cargo.toml", kill_on_drop: false }`
[INFO] running `Command { std: "docker" "create" "-v" "/var/lib/crater-agent-workspace/builds/worker-1-tc2/target:/opt/rustwide/target:rw,Z" "-v" "/var/lib/crater-agent-workspace/builds/worker-1-tc2/source:/opt/rustwide/workdir:ro,Z" "-v" "/var/lib/crater-agent-workspace/cargo-home:/opt/rustwide/cargo-home:ro,Z" "-v" "/var/lib/crater-agent-workspace/rustup-home:/opt/rustwide/rustup-home:ro,Z" "-e" "SOURCE_DIR=/opt/rustwide/workdir" "-e" "CARGO_TARGET_DIR=/opt/rustwide/target" "-e" "CARGO_HOME=/opt/rustwide/cargo-home" "-e" "RUSTUP_HOME=/opt/rustwide/rustup-home" "-w" "/opt/rustwide/workdir" "-m" "1610612736" "--user" "0:0" "--network" "none" "ghcr.io/rust-lang/crates-build-env/linux@sha256:4a844ea9eb2546a2d2c7022eacef16ef2e8229c7fbb2c7d4d55a9ceca922f72d" "/opt/rustwide/cargo-home/bin/cargo" "+nightly-2024-10-28" "metadata" "--no-deps" "--format-version=1", kill_on_drop: false }`
[INFO] [stdout] 2009c10fee1d7b973e73f265dc5ce8fdb1d2ab325eb2adf7981173fa6a876653
[INFO] running `Command { std: "docker" "start" "-a" "2009c10fee1d7b973e73f265dc5ce8fdb1d2ab325eb2adf7981173fa6a876653", kill_on_drop: false }`
[INFO] running `Command { std: "docker" "inspect" "2009c10fee1d7b973e73f265dc5ce8fdb1d2ab325eb2adf7981173fa6a876653", kill_on_drop: false }`
[INFO] running `Command { std: "docker" "rm" "-f" "2009c10fee1d7b973e73f265dc5ce8fdb1d2ab325eb2adf7981173fa6a876653", kill_on_drop: false }`
[INFO] [stdout] 2009c10fee1d7b973e73f265dc5ce8fdb1d2ab325eb2adf7981173fa6a876653
[INFO] running `Command { std: "docker" "create" "-v" "/var/lib/crater-agent-workspace/builds/worker-1-tc2/target:/opt/rustwide/target:rw,Z" "-v" "/var/lib/crater-agent-workspace/builds/worker-1-tc2/source:/opt/rustwide/workdir:ro,Z" "-v" "/var/lib/crater-agent-workspace/cargo-home:/opt/rustwide/cargo-home:ro,Z" "-v" "/var/lib/crater-agent-workspace/rustup-home:/opt/rustwide/rustup-home:ro,Z" "-e" "SOURCE_DIR=/opt/rustwide/workdir" "-e" "CARGO_TARGET_DIR=/opt/rustwide/target" "-e" "CARGO_INCREMENTAL=0" "-e" "RUST_BACKTRACE=full" "-e" "RUSTFLAGS=--cap-lints=forbid -Zrandomize-layout" "-e" "RUSTDOCFLAGS=--cap-lints=forbid" "-e" "CARGO_HOME=/opt/rustwide/cargo-home" "-e" "RUSTUP_HOME=/opt/rustwide/rustup-home" "-w" "/opt/rustwide/workdir" "-m" "1610612736" "--user" "0:0" "--network" "none" "ghcr.io/rust-lang/crates-build-env/linux@sha256:4a844ea9eb2546a2d2c7022eacef16ef2e8229c7fbb2c7d4d55a9ceca922f72d" "/opt/rustwide/cargo-home/bin/cargo" "+nightly-2024-10-28" "build" "--frozen" "--message-format=json", kill_on_drop: false }`
[INFO] [stdout] a1ad5d320dc682e0324ee654a31ae878b2d6d65991f401555114674212d99fc3
[INFO] running `Command { std: "docker" "start" "-a" "a1ad5d320dc682e0324ee654a31ae878b2d6d65991f401555114674212d99fc3", kill_on_drop: false }`
[INFO] [stderr]    Compiling range-cmp v0.1.3 (/opt/rustwide/workdir)
[INFO] [stderr]     Finished `dev` profile [unoptimized + debuginfo] target(s) in 0.04s
[INFO] running `Command { std: "docker" "inspect" "a1ad5d320dc682e0324ee654a31ae878b2d6d65991f401555114674212d99fc3", kill_on_drop: false }`
[INFO] running `Command { std: "docker" "rm" "-f" "a1ad5d320dc682e0324ee654a31ae878b2d6d65991f401555114674212d99fc3", kill_on_drop: false }`
[INFO] [stdout] a1ad5d320dc682e0324ee654a31ae878b2d6d65991f401555114674212d99fc3
[INFO] running `Command { std: "docker" "create" "-v" "/var/lib/crater-agent-workspace/builds/worker-1-tc2/target:/opt/rustwide/target:rw,Z" "-v" "/var/lib/crater-agent-workspace/builds/worker-1-tc2/source:/opt/rustwide/workdir:ro,Z" "-v" "/var/lib/crater-agent-workspace/cargo-home:/opt/rustwide/cargo-home:ro,Z" "-v" "/var/lib/crater-agent-workspace/rustup-home:/opt/rustwide/rustup-home:ro,Z" "-e" "SOURCE_DIR=/opt/rustwide/workdir" "-e" "CARGO_TARGET_DIR=/opt/rustwide/target" "-e" "CARGO_INCREMENTAL=0" "-e" "RUST_BACKTRACE=full" "-e" "RUSTFLAGS=--cap-lints=forbid -Zrandomize-layout" "-e" "RUSTDOCFLAGS=--cap-lints=forbid" "-e" "CARGO_HOME=/opt/rustwide/cargo-home" "-e" "RUSTUP_HOME=/opt/rustwide/rustup-home" "-w" "/opt/rustwide/workdir" "-m" "1610612736" "--user" "0:0" "--network" "none" "ghcr.io/rust-lang/crates-build-env/linux@sha256:4a844ea9eb2546a2d2c7022eacef16ef2e8229c7fbb2c7d4d55a9ceca922f72d" "/opt/rustwide/cargo-home/bin/cargo" "+nightly-2024-10-28" "test" "--frozen" "--no-run" "--message-format=json", kill_on_drop: false }`
[INFO] [stdout] 69fdd3f3610778830f4677b274b74252aceac00f69a1cbe385e7c70e3f5a3097
[INFO] running `Command { std: "docker" "start" "-a" "69fdd3f3610778830f4677b274b74252aceac00f69a1cbe385e7c70e3f5a3097", kill_on_drop: false }`
[INFO] [stderr]    Compiling range-cmp v0.1.3 (/opt/rustwide/workdir)
[INFO] [stderr]     Finished `test` profile [unoptimized + debuginfo] target(s) in 0.16s
[INFO] running `Command { std: "docker" "inspect" "69fdd3f3610778830f4677b274b74252aceac00f69a1cbe385e7c70e3f5a3097", kill_on_drop: false }`
[INFO] running `Command { std: "docker" "rm" "-f" "69fdd3f3610778830f4677b274b74252aceac00f69a1cbe385e7c70e3f5a3097", kill_on_drop: false }`
[INFO] [stdout] 69fdd3f3610778830f4677b274b74252aceac00f69a1cbe385e7c70e3f5a3097
[INFO] running `Command { std: "docker" "create" "-v" "/var/lib/crater-agent-workspace/builds/worker-1-tc2/target:/opt/rustwide/target:rw,Z" "-v" "/var/lib/crater-agent-workspace/builds/worker-1-tc2/source:/opt/rustwide/workdir:ro,Z" "-v" "/var/lib/crater-agent-workspace/cargo-home:/opt/rustwide/cargo-home:ro,Z" "-v" "/var/lib/crater-agent-workspace/rustup-home:/opt/rustwide/rustup-home:ro,Z" "-e" "SOURCE_DIR=/opt/rustwide/workdir" "-e" "CARGO_TARGET_DIR=/opt/rustwide/target" "-e" "CARGO_INCREMENTAL=0" "-e" "RUST_BACKTRACE=full" "-e" "RUSTFLAGS=--cap-lints=forbid -Zrandomize-layout" "-e" "RUSTDOCFLAGS=--cap-lints=forbid" "-e" "CARGO_HOME=/opt/rustwide/cargo-home" "-e" "RUSTUP_HOME=/opt/rustwide/rustup-home" "-w" "/opt/rustwide/workdir" "-m" "1610612736" "--user" "0:0" "--network" "none" "ghcr.io/rust-lang/crates-build-env/linux@sha256:4a844ea9eb2546a2d2c7022eacef16ef2e8229c7fbb2c7d4d55a9ceca922f72d" "/opt/rustwide/cargo-home/bin/cargo" "+nightly-2024-10-28" "test" "--frozen", kill_on_drop: false }`
[INFO] [stdout] 4b8d4ec874ceb643683377753468b97b8b784e1786ef566ce09965560c3c071c
[INFO] running `Command { std: "docker" "start" "-a" "4b8d4ec874ceb643683377753468b97b8b784e1786ef566ce09965560c3c071c", kill_on_drop: false }`
[INFO] [stderr]     Finished `test` profile [unoptimized + debuginfo] target(s) in 0.00s
[INFO] [stderr]      Running unittests src/lib.rs (/opt/rustwide/target/debug/deps/range_cmp-680405c6bf3b1e58)
[INFO] [stdout] 
[INFO] [stdout] running 15 tests
[INFO] [stdout] test tests::bounds ... ok
[INFO] [stdout] test tests::bounds_as_reference ... ok
[INFO] [stdout] test tests::bounds_from ... ok
[INFO] [stdout] test tests::bounds_exclusive_inclusive ... ok
[INFO] [stdout] test tests::bounds_full ... ok
[INFO] [stdout] test tests::bounds_inclusive ... ok
[INFO] [stdout] test tests::bounds_to ... ok
[INFO] [stdout] test tests::bounds_to_inclusive ... ok
[INFO] [stdout] test tests::empty_ranges ... ok
[INFO] [stdout] test tests::range ... ok
[INFO] [stdout] test tests::range_from ... ok
[INFO] [stdout] test tests::range_full ... ok
[INFO] [stdout] test tests::range_inclusive ... ok
[INFO] [stdout] test tests::range_to_inclusive ... ok
[INFO] [stdout] test tests::range_to ... ok
[INFO] [stdout] 
[INFO] [stdout] test result: ok. 15 passed; 0 failed; 0 ignored; 0 measured; 0 filtered out; finished in 0.00s
[INFO] [stdout] 
[INFO] [stderr]    Doc-tests range_cmp
[INFO] [stdout] 
[INFO] [stdout] running 5 tests
[INFO] [stdout] test src/lib.rs - BorrowRange (line 64) - compile fail ... FAILED
[INFO] [stdout] test src/lib.rs - BorrowRange (line 52) ... ok
[INFO] [stdout] test src/lib.rs - BorrowRange (line 39) ... ok
[INFO] [stdout] test src/lib.rs - (line 13) ... ok
[INFO] [stdout] test src/lib.rs - RangeComparable::range_cmp (line 95) ... ok
[INFO] [stdout] 
[INFO] [stdout] failures:
[INFO] [stdout] 
[INFO] [stdout] ---- src/lib.rs - BorrowRange (line 64) stdout ----
[INFO] [stdout] error[E0283]: type annotations needed
[INFO] [stdout]  --> src/lib.rs:71:1
[INFO] [stdout]   |
[INFO] [stdout] 9 | f(&(0..42))
[INFO] [stdout]   | ^ cannot infer type of the type parameter `R` declared on the function `f`
[INFO] [stdout]   |
[INFO] [stdout]   = note: cannot satisfy `_: RangeBounds<i32>`
[INFO] [stdout] note: required by a bound in `f`
[INFO] [stdout]  --> src/lib.rs:67:9
[INFO] [stdout]   |
[INFO] [stdout] 5 | fn f<R: RangeBounds<i32>, B: Borrow<R>>(range: B) {
[INFO] [stdout]   |         ^^^^^^^^^^^^^^^^ required by this bound in `f`
[INFO] [stdout] help: consider specifying the generic arguments
[INFO] [stdout]   |
[INFO] [stdout] 9 | f::<R, &std::ops::Range<i32>>(&(0..42))
[INFO] [stdout]   |  ++++++++++++++++++++++++++++
[INFO] [stdout] 
[INFO] [stdout] error: aborting due to 1 previous error
[INFO] [stdout] 
[INFO] [stdout] For more information about this error, try `rustc --explain E0283`.
[INFO] [stdout] Some expected error codes were not found: ["E0282"]
[INFO] [stdout] 
[INFO] [stdout] failures:
[INFO] [stdout]     src/lib.rs - BorrowRange (line 64)
[INFO] [stdout] 
[INFO] [stdout] test result: FAILED. 4 passed; 1 failed; 0 ignored; 0 measured; 0 filtered out; finished in 0.08s
[INFO] [stdout] 
[INFO] [stderr] error: doctest failed, to rerun pass `--doc`
[INFO] running `Command { std: "docker" "inspect" "4b8d4ec874ceb643683377753468b97b8b784e1786ef566ce09965560c3c071c", kill_on_drop: false }`
[INFO] running `Command { std: "docker" "rm" "-f" "4b8d4ec874ceb643683377753468b97b8b784e1786ef566ce09965560c3c071c", kill_on_drop: false }`
[INFO] [stdout] 4b8d4ec874ceb643683377753468b97b8b784e1786ef566ce09965560c3c071c
