[INFO] fetching crate random_word 0.4.3...
[INFO] testing random_word-0.4.3 against nightly-2024-10-28+rustflags=-Zrandomize-layout for randomize-layout
[INFO] extracting crate random_word 0.4.3 into /workspace/builds/worker-3-tc2/source
[INFO] validating manifest of crates.io crate random_word 0.4.3 on toolchain nightly-2024-10-28
[INFO] running `Command { std: CARGO_HOME="/workspace/cargo-home" RUSTUP_HOME="/workspace/rustup-home" "/workspace/cargo-home/bin/cargo" "+nightly-2024-10-28" "metadata" "--manifest-path" "Cargo.toml" "--no-deps", kill_on_drop: false }`
[INFO] started tweaking crates.io crate random_word 0.4.3
[INFO] finished tweaking crates.io crate random_word 0.4.3
[INFO] tweaked toml for crates.io crate random_word 0.4.3 written to /workspace/builds/worker-3-tc2/source/Cargo.toml
[INFO] running `Command { std: CARGO_HOME="/workspace/cargo-home" RUSTUP_HOME="/workspace/rustup-home" "/workspace/cargo-home/bin/cargo" "+nightly-2024-10-28" "generate-lockfile" "--manifest-path" "Cargo.toml", kill_on_drop: false }`
[INFO] [stderr]     Updating crates.io index
[INFO] [stderr]      Locking 24 packages to latest compatible versions
[INFO] [stderr]       Adding brotli v3.5.0 (available: v7.0.0)
[INFO] running `Command { std: CARGO_HOME="/workspace/cargo-home" RUSTUP_HOME="/workspace/rustup-home" "/workspace/cargo-home/bin/cargo" "+nightly-2024-10-28" "fetch" "--manifest-path" "Cargo.toml", kill_on_drop: false }`
[INFO] running `Command { std: "docker" "create" "-v" "/var/lib/crater-agent-workspace/builds/worker-3-tc2/target:/opt/rustwide/target:rw,Z" "-v" "/var/lib/crater-agent-workspace/builds/worker-3-tc2/source:/opt/rustwide/workdir:ro,Z" "-v" "/var/lib/crater-agent-workspace/cargo-home:/opt/rustwide/cargo-home:ro,Z" "-v" "/var/lib/crater-agent-workspace/rustup-home:/opt/rustwide/rustup-home:ro,Z" "-e" "SOURCE_DIR=/opt/rustwide/workdir" "-e" "CARGO_TARGET_DIR=/opt/rustwide/target" "-e" "CARGO_HOME=/opt/rustwide/cargo-home" "-e" "RUSTUP_HOME=/opt/rustwide/rustup-home" "-w" "/opt/rustwide/workdir" "-m" "1610612736" "--user" "0:0" "--network" "none" "ghcr.io/rust-lang/crates-build-env/linux@sha256:4a844ea9eb2546a2d2c7022eacef16ef2e8229c7fbb2c7d4d55a9ceca922f72d" "/opt/rustwide/cargo-home/bin/cargo" "+nightly-2024-10-28" "metadata" "--no-deps" "--format-version=1", kill_on_drop: false }`
[INFO] [stdout] 714d9ea8464ec291cd51505ca13dee88080d3fbb2926623b1cd8d1862f081ee0
[INFO] running `Command { std: "docker" "start" "-a" "714d9ea8464ec291cd51505ca13dee88080d3fbb2926623b1cd8d1862f081ee0", kill_on_drop: false }`
[INFO] running `Command { std: "docker" "inspect" "714d9ea8464ec291cd51505ca13dee88080d3fbb2926623b1cd8d1862f081ee0", kill_on_drop: false }`
[INFO] running `Command { std: "docker" "rm" "-f" "714d9ea8464ec291cd51505ca13dee88080d3fbb2926623b1cd8d1862f081ee0", kill_on_drop: false }`
[INFO] [stdout] 714d9ea8464ec291cd51505ca13dee88080d3fbb2926623b1cd8d1862f081ee0
[INFO] running `Command { std: "docker" "create" "-v" "/var/lib/crater-agent-workspace/builds/worker-3-tc2/target:/opt/rustwide/target:rw,Z" "-v" "/var/lib/crater-agent-workspace/builds/worker-3-tc2/source:/opt/rustwide/workdir:ro,Z" "-v" "/var/lib/crater-agent-workspace/cargo-home:/opt/rustwide/cargo-home:ro,Z" "-v" "/var/lib/crater-agent-workspace/rustup-home:/opt/rustwide/rustup-home:ro,Z" "-e" "SOURCE_DIR=/opt/rustwide/workdir" "-e" "CARGO_TARGET_DIR=/opt/rustwide/target" "-e" "CARGO_INCREMENTAL=0" "-e" "RUST_BACKTRACE=full" "-e" "RUSTFLAGS=--cap-lints=forbid -Zrandomize-layout" "-e" "RUSTDOCFLAGS=--cap-lints=forbid" "-e" "CARGO_HOME=/opt/rustwide/cargo-home" "-e" "RUSTUP_HOME=/opt/rustwide/rustup-home" "-w" "/opt/rustwide/workdir" "-m" "1610612736" "--user" "0:0" "--network" "none" "ghcr.io/rust-lang/crates-build-env/linux@sha256:4a844ea9eb2546a2d2c7022eacef16ef2e8229c7fbb2c7d4d55a9ceca922f72d" "/opt/rustwide/cargo-home/bin/cargo" "+nightly-2024-10-28" "build" "--frozen" "--message-format=json", kill_on_drop: false }`
[INFO] [stdout] 36de83563ec1abfb498fca02c033d44e5b17bb766a38a4e4c03b7bc4818d9a8c
[INFO] running `Command { std: "docker" "start" "-a" "36de83563ec1abfb498fca02c033d44e5b17bb766a38a4e4c03b7bc4818d9a8c", kill_on_drop: false }`
[INFO] [stderr]    Compiling alloc-no-stdlib v2.0.4
[INFO] [stderr]    Compiling ahash v0.8.11
[INFO] [stderr]    Compiling alloc-stdlib v0.2.2
[INFO] [stderr]    Compiling brotli-decompressor v2.5.1
[INFO] [stderr]    Compiling brotli v3.5.0
[INFO] [stderr]    Compiling random_word v0.4.3 (/opt/rustwide/workdir)
[INFO] [stdout] warning: unused import: `ahash::AHashMap`
[INFO] [stdout]  --> src/words.rs:1:5
[INFO] [stdout]   |
[INFO] [stdout] 1 | use ahash::AHashMap;
[INFO] [stdout]   |     ^^^^^^^^^^^^^^^
[INFO] [stdout]   |
[INFO] [stdout]   = note: `#[warn(unused_imports)]` on by default
[INFO] [stdout] 
[INFO] [stdout] 
[INFO] [stdout] warning: unused import: `brotli::Decompressor`
[INFO] [stdout]  --> src/words.rs:2:5
[INFO] [stdout]   |
[INFO] [stdout] 2 | use brotli::Decompressor;
[INFO] [stdout]   |     ^^^^^^^^^^^^^^^^^^^^
[INFO] [stdout] 
[INFO] [stdout] 
[INFO] [stdout] warning: unused import: `once_cell::sync::Lazy`
[INFO] [stdout]  --> src/words.rs:3:5
[INFO] [stdout]   |
[INFO] [stdout] 3 | use once_cell::sync::Lazy;
[INFO] [stdout]   |     ^^^^^^^^^^^^^^^^^^^^^
[INFO] [stdout] 
[INFO] [stdout] 
[INFO] [stdout] warning: unused imports: `Cursor` and `Read`
[INFO] [stdout]  --> src/words.rs:4:15
[INFO] [stdout]   |
[INFO] [stdout] 4 | use std::io::{Cursor, Read};
[INFO] [stdout]   |               ^^^^^^  ^^^^
[INFO] [stdout] 
[INFO] [stdout] 
[INFO] [stdout] warning: unused macro definition: `generate_lazy_db_from_file`
[INFO] [stdout]   --> src/words.rs:10:14
[INFO] [stdout]    |
[INFO] [stdout] 10 | macro_rules! generate_lazy_db_from_file {
[INFO] [stdout]    |              ^^^^^^^^^^^^^^^^^^^^^^^^^^
[INFO] [stdout]    |
[INFO] [stdout]    = note: `#[warn(unused_macros)]` on by default
[INFO] [stdout] 
[INFO] [stdout] 
[INFO] [stdout] warning: unused variable: `len`
[INFO] [stdout]   --> src/words.rs:88:23
[INFO] [stdout]    |
[INFO] [stdout] 88 | pub(crate) fn get_len(len: usize, lang: Lang) -> Option<&'static Words> {
[INFO] [stdout]    |                       ^^^ help: if this is intentional, prefix it with an underscore: `_len`
[INFO] [stdout]    |
[INFO] [stdout]    = note: `#[warn(unused_variables)]` on by default
[INFO] [stdout] 
[INFO] [stdout] 
[INFO] [stdout] warning: unused variable: `char`
[INFO] [stdout]    --> src/words.rs:106:31
[INFO] [stdout]     |
[INFO] [stdout] 106 | pub(crate) fn get_starts_with(char: char, lang: Lang) -> Option<&'static Words> {
[INFO] [stdout]     |                               ^^^^ help: if this is intentional, prefix it with an underscore: `_char`
[INFO] [stdout] 
[INFO] [stdout] 
[INFO] [stderr]     Finished `dev` profile [unoptimized + debuginfo] target(s) in 4.17s
[INFO] running `Command { std: "docker" "inspect" "36de83563ec1abfb498fca02c033d44e5b17bb766a38a4e4c03b7bc4818d9a8c", kill_on_drop: false }`
[INFO] running `Command { std: "docker" "rm" "-f" "36de83563ec1abfb498fca02c033d44e5b17bb766a38a4e4c03b7bc4818d9a8c", kill_on_drop: false }`
[INFO] [stdout] 36de83563ec1abfb498fca02c033d44e5b17bb766a38a4e4c03b7bc4818d9a8c
[INFO] running `Command { std: "docker" "create" "-v" "/var/lib/crater-agent-workspace/builds/worker-3-tc2/target:/opt/rustwide/target:rw,Z" "-v" "/var/lib/crater-agent-workspace/builds/worker-3-tc2/source:/opt/rustwide/workdir:ro,Z" "-v" "/var/lib/crater-agent-workspace/cargo-home:/opt/rustwide/cargo-home:ro,Z" "-v" "/var/lib/crater-agent-workspace/rustup-home:/opt/rustwide/rustup-home:ro,Z" "-e" "SOURCE_DIR=/opt/rustwide/workdir" "-e" "CARGO_TARGET_DIR=/opt/rustwide/target" "-e" "CARGO_INCREMENTAL=0" "-e" "RUST_BACKTRACE=full" "-e" "RUSTFLAGS=--cap-lints=forbid -Zrandomize-layout" "-e" "RUSTDOCFLAGS=--cap-lints=forbid" "-e" "CARGO_HOME=/opt/rustwide/cargo-home" "-e" "RUSTUP_HOME=/opt/rustwide/rustup-home" "-w" "/opt/rustwide/workdir" "-m" "1610612736" "--user" "0:0" "--network" "none" "ghcr.io/rust-lang/crates-build-env/linux@sha256:4a844ea9eb2546a2d2c7022eacef16ef2e8229c7fbb2c7d4d55a9ceca922f72d" "/opt/rustwide/cargo-home/bin/cargo" "+nightly-2024-10-28" "test" "--frozen" "--no-run" "--message-format=json", kill_on_drop: false }`
[INFO] [stdout] ca3a51c6fc2e1bb9996009ffd9cea9448fe72028bb44240ae473bf31faf3d839
[INFO] running `Command { std: "docker" "start" "-a" "ca3a51c6fc2e1bb9996009ffd9cea9448fe72028bb44240ae473bf31faf3d839", kill_on_drop: false }`
[INFO] [stdout] warning: unused import: `ahash::AHashMap`
[INFO] [stdout]  --> src/words.rs:1:5
[INFO] [stdout]   |
[INFO] [stdout] 1 | use ahash::AHashMap;
[INFO] [stdout]   |     ^^^^^^^^^^^^^^^
[INFO] [stdout]   |
[INFO] [stdout]   = note: `#[warn(unused_imports)]` on by default
[INFO] [stdout] 
[INFO] [stdout] 
[INFO] [stdout] warning: unused import: `brotli::Decompressor`
[INFO] [stdout]  --> src/words.rs:2:5
[INFO] [stdout]   |
[INFO] [stdout] 2 | use brotli::Decompressor;
[INFO] [stdout]   |     ^^^^^^^^^^^^^^^^^^^^
[INFO] [stdout] 
[INFO] [stdout] 
[INFO] [stdout] warning: unused import: `once_cell::sync::Lazy`
[INFO] [stdout]  --> src/words.rs:3:5
[INFO] [stdout]   |
[INFO] [stdout] 3 | use once_cell::sync::Lazy;
[INFO] [stdout]   |     ^^^^^^^^^^^^^^^^^^^^^
[INFO] [stdout] 
[INFO] [stdout] 
[INFO] [stdout] warning: unused imports: `Cursor` and `Read`
[INFO] [stdout]  --> src/words.rs:4:15
[INFO] [stdout]   |
[INFO] [stdout] 4 | use std::io::{Cursor, Read};
[INFO] [stdout]   |               ^^^^^^  ^^^^
[INFO] [stdout] 
[INFO] [stdout] 
[INFO] [stdout] warning: unused macro definition: `generate_lazy_db_from_file`
[INFO] [stdout]   --> src/words.rs:10:14
[INFO] [stdout]    |
[INFO] [stdout] 10 | macro_rules! generate_lazy_db_from_file {
[INFO] [stdout]    |              ^^^^^^^^^^^^^^^^^^^^^^^^^^
[INFO] [stdout]    |
[INFO] [stdout]    = note: `#[warn(unused_macros)]` on by default
[INFO] [stdout] 
[INFO] [stdout] 
[INFO] [stdout] warning: unused variable: `len`
[INFO] [stdout]   --> src/words.rs:88:23
[INFO] [stdout]    |
[INFO] [stdout] 88 | pub(crate) fn get_len(len: usize, lang: Lang) -> Option<&'static Words> {
[INFO] [stdout]    |                       ^^^ help: if this is intentional, prefix it with an underscore: `_len`
[INFO] [stdout]    |
[INFO] [stdout]    = note: `#[warn(unused_variables)]` on by default
[INFO] [stdout] 
[INFO] [stdout] 
[INFO] [stdout] warning: unused variable: `char`
[INFO] [stdout]    --> src/words.rs:106:31
[INFO] [stdout]     |
[INFO] [stdout] 106 | pub(crate) fn get_starts_with(char: char, lang: Lang) -> Option<&'static Words> {
[INFO] [stdout]     |                               ^^^^ help: if this is intentional, prefix it with an underscore: `_char`
[INFO] [stdout] 
[INFO] [stdout] 
[INFO] [stderr]    Compiling random_word v0.4.3 (/opt/rustwide/workdir)
[INFO] [stdout] warning: unused import: `ahash::AHashMap`
[INFO] [stdout]  --> src/words.rs:1:5
[INFO] [stdout]   |
[INFO] [stdout] 1 | use ahash::AHashMap;
[INFO] [stdout]   |     ^^^^^^^^^^^^^^^
[INFO] [stdout]   |
[INFO] [stdout]   = note: `#[warn(unused_imports)]` on by default
[INFO] [stdout] 
[INFO] [stdout] 
[INFO] [stdout] warning: unused import: `brotli::Decompressor`
[INFO] [stdout]  --> src/words.rs:2:5
[INFO] [stdout]   |
[INFO] [stdout] 2 | use brotli::Decompressor;
[INFO] [stdout]   |     ^^^^^^^^^^^^^^^^^^^^
[INFO] [stdout] 
[INFO] [stdout] 
[INFO] [stdout] warning: unused import: `once_cell::sync::Lazy`
[INFO] [stdout]  --> src/words.rs:3:5
[INFO] [stdout]   |
[INFO] [stdout] 3 | use once_cell::sync::Lazy;
[INFO] [stdout]   |     ^^^^^^^^^^^^^^^^^^^^^
[INFO] [stdout] 
[INFO] [stdout] 
[INFO] [stdout] warning: unused imports: `Cursor` and `Read`
[INFO] [stdout]  --> src/words.rs:4:15
[INFO] [stdout]   |
[INFO] [stdout] 4 | use std::io::{Cursor, Read};
[INFO] [stdout]   |               ^^^^^^  ^^^^
[INFO] [stdout] 
[INFO] [stdout] 
[INFO] [stdout] warning: unused macro definition: `generate_lazy_db_from_file`
[INFO] [stdout]   --> src/words.rs:10:14
[INFO] [stdout]    |
[INFO] [stdout] 10 | macro_rules! generate_lazy_db_from_file {
[INFO] [stdout]    |              ^^^^^^^^^^^^^^^^^^^^^^^^^^
[INFO] [stdout]    |
[INFO] [stdout]    = note: `#[warn(unused_macros)]` on by default
[INFO] [stdout] 
[INFO] [stdout] 
[INFO] [stdout] warning: unused variable: `len`
[INFO] [stdout]   --> src/words.rs:88:23
[INFO] [stdout]    |
[INFO] [stdout] 88 | pub(crate) fn get_len(len: usize, lang: Lang) -> Option<&'static Words> {
[INFO] [stdout]    |                       ^^^ help: if this is intentional, prefix it with an underscore: `_len`
[INFO] [stdout]    |
[INFO] [stdout]    = note: `#[warn(unused_variables)]` on by default
[INFO] [stdout] 
[INFO] [stdout] 
[INFO] [stdout] warning: unused variable: `char`
[INFO] [stdout]    --> src/words.rs:106:31
[INFO] [stdout]     |
[INFO] [stdout] 106 | pub(crate) fn get_starts_with(char: char, lang: Lang) -> Option<&'static Words> {
[INFO] [stdout]     |                               ^^^^ help: if this is intentional, prefix it with an underscore: `_char`
[INFO] [stdout] 
[INFO] [stdout] 
[INFO] [stderr]     Finished `test` profile [unoptimized + debuginfo] target(s) in 0.16s
[INFO] running `Command { std: "docker" "inspect" "ca3a51c6fc2e1bb9996009ffd9cea9448fe72028bb44240ae473bf31faf3d839", kill_on_drop: false }`
[INFO] running `Command { std: "docker" "rm" "-f" "ca3a51c6fc2e1bb9996009ffd9cea9448fe72028bb44240ae473bf31faf3d839", kill_on_drop: false }`
[INFO] [stdout] ca3a51c6fc2e1bb9996009ffd9cea9448fe72028bb44240ae473bf31faf3d839
[INFO] running `Command { std: "docker" "create" "-v" "/var/lib/crater-agent-workspace/builds/worker-3-tc2/target:/opt/rustwide/target:rw,Z" "-v" "/var/lib/crater-agent-workspace/builds/worker-3-tc2/source:/opt/rustwide/workdir:ro,Z" "-v" "/var/lib/crater-agent-workspace/cargo-home:/opt/rustwide/cargo-home:ro,Z" "-v" "/var/lib/crater-agent-workspace/rustup-home:/opt/rustwide/rustup-home:ro,Z" "-e" "SOURCE_DIR=/opt/rustwide/workdir" "-e" "CARGO_TARGET_DIR=/opt/rustwide/target" "-e" "CARGO_INCREMENTAL=0" "-e" "RUST_BACKTRACE=full" "-e" "RUSTFLAGS=--cap-lints=forbid -Zrandomize-layout" "-e" "RUSTDOCFLAGS=--cap-lints=forbid" "-e" "CARGO_HOME=/opt/rustwide/cargo-home" "-e" "RUSTUP_HOME=/opt/rustwide/rustup-home" "-w" "/opt/rustwide/workdir" "-m" "1610612736" "--user" "0:0" "--network" "none" "ghcr.io/rust-lang/crates-build-env/linux@sha256:4a844ea9eb2546a2d2c7022eacef16ef2e8229c7fbb2c7d4d55a9ceca922f72d" "/opt/rustwide/cargo-home/bin/cargo" "+nightly-2024-10-28" "test" "--frozen", kill_on_drop: false }`
[INFO] [stdout] d5bb54d11e94b42820c4bd389039e9f1dd590a074165a7c8c8481e5b2b29e3c8
[INFO] running `Command { std: "docker" "start" "-a" "d5bb54d11e94b42820c4bd389039e9f1dd590a074165a7c8c8481e5b2b29e3c8", kill_on_drop: false }`
[INFO] [stderr] warning: unused import: `ahash::AHashMap`
[INFO] [stderr]  --> src/words.rs:1:5
[INFO] [stderr]   |
[INFO] [stderr] 1 | use ahash::AHashMap;
[INFO] [stderr]   |     ^^^^^^^^^^^^^^^
[INFO] [stderr]   |
[INFO] [stderr]   = note: `#[warn(unused_imports)]` on by default
[INFO] [stderr] 
[INFO] [stderr] warning: unused import: `brotli::Decompressor`
[INFO] [stderr]  --> src/words.rs:2:5
[INFO] [stderr]   |
[INFO] [stderr] 2 | use brotli::Decompressor;
[INFO] [stderr]   |     ^^^^^^^^^^^^^^^^^^^^
[INFO] [stderr] 
[INFO] [stderr] warning: unused import: `once_cell::sync::Lazy`
[INFO] [stderr]  --> src/words.rs:3:5
[INFO] [stderr]   |
[INFO] [stderr] 3 | use once_cell::sync::Lazy;
[INFO] [stderr]   |     ^^^^^^^^^^^^^^^^^^^^^
[INFO] [stderr] 
[INFO] [stderr] warning: unused imports: `Cursor` and `Read`
[INFO] [stderr]  --> src/words.rs:4:15
[INFO] [stderr]   |
[INFO] [stderr] 4 | use std::io::{Cursor, Read};
[INFO] [stderr]   |               ^^^^^^  ^^^^
[INFO] [stderr] 
[INFO] [stderr] warning: unused macro definition: `generate_lazy_db_from_file`
[INFO] [stderr]   --> src/words.rs:10:14
[INFO] [stderr]    |
[INFO] [stderr] 10 | macro_rules! generate_lazy_db_from_file {
[INFO] [stderr]    |              ^^^^^^^^^^^^^^^^^^^^^^^^^^
[INFO] [stderr]    |
[INFO] [stderr]    = note: `#[warn(unused_macros)]` on by default
[INFO] [stderr] 
[INFO] [stderr] warning: unused variable: `len`
[INFO] [stderr]   --> src/words.rs:88:23
[INFO] [stderr]    |
[INFO] [stderr] 88 | pub(crate) fn get_len(len: usize, lang: Lang) -> Option<&'static Words> {
[INFO] [stderr]    |                       ^^^ help: if this is intentional, prefix it with an underscore: `_len`
[INFO] [stderr]    |
[INFO] [stderr]    = note: `#[warn(unused_variables)]` on by default
[INFO] [stderr] 
[INFO] [stderr] warning: unused variable: `char`
[INFO] [stderr]    --> src/words.rs:106:31
[INFO] [stderr]     |
[INFO] [stderr] 106 | pub(crate) fn get_starts_with(char: char, lang: Lang) -> Option<&'static Words> {
[INFO] [stderr]     |                               ^^^^ help: if this is intentional, prefix it with an underscore: `_char`
[INFO] [stderr] 
[INFO] [stderr] warning: `random_word` (lib) generated 7 warnings (run `cargo fix --lib -p random_word` to apply 4 suggestions)
[INFO] [stderr] warning: `random_word` (lib test) generated 7 warnings (7 duplicates)
[INFO] [stderr]     Finished `test` profile [unoptimized + debuginfo] target(s) in 0.02s
[INFO] [stderr]      Running unittests src/lib.rs (/opt/rustwide/target/debug/deps/random_word-e5decc0b20e57bfa)
[INFO] [stdout] 
[INFO] [stdout] running 0 tests
[INFO] [stdout] 
[INFO] [stdout] test result: ok. 0 passed; 0 failed; 0 ignored; 0 measured; 0 filtered out; finished in 0.00s
[INFO] [stdout] 
[INFO] [stderr]    Doc-tests random_word
[INFO] [stdout] 
[INFO] [stdout] running 6 tests
[INFO] [stdout] test src/lib.rs - all_starts_with (line 120) ... FAILED
[INFO] [stdout] test src/lib.rs - gen_len (line 105) ... FAILED
[INFO] [stdout] test src/lib.rs - all_len (line 92) ... FAILED
[INFO] [stdout] test src/lib.rs - gen (line 77) ... FAILED
[INFO] [stdout] test src/lib.rs - all (line 64) ... FAILED
[INFO] [stdout] test src/lib.rs - gen_starts_with (line 133) ... FAILED
[INFO] [stdout] 
[INFO] [stdout] failures:
[INFO] [stdout] 
[INFO] [stdout] ---- src/lib.rs - all_starts_with (line 120) stdout ----
[INFO] [stdout] error[E0599]: no variant or associated item named `En` found for enum `Lang` in the current scope
[INFO] [stdout]  --> src/lib.rs:123:53
[INFO] [stdout]   |
[INFO] [stdout] 6 | let words = random_word::all_starts_with('c', Lang::En);
[INFO] [stdout]   |                                                     ^^ variant or associated item not found in `Lang`
[INFO] [stdout] 
[INFO] [stdout] error: aborting due to 1 previous error
[INFO] [stdout] 
[INFO] [stdout] For more information about this error, try `rustc --explain E0599`.
[INFO] [stdout] Couldn't compile the test.
[INFO] [stdout] ---- src/lib.rs - gen_len (line 105) stdout ----
[INFO] [stdout] error[E0599]: no variant or associated item named `En` found for enum `Lang` in the current scope
[INFO] [stdout]  --> src/lib.rs:108:42
[INFO] [stdout]   |
[INFO] [stdout] 6 | let word = random_word::gen_len(4, Lang::En);
[INFO] [stdout]   |                                          ^^ variant or associated item not found in `Lang`
[INFO] [stdout] 
[INFO] [stdout] error: aborting due to 1 previous error
[INFO] [stdout] 
[INFO] [stdout] For more information about this error, try `rustc --explain E0599`.
[INFO] [stdout] Couldn't compile the test.
[INFO] [stdout] ---- src/lib.rs - all_len (line 92) stdout ----
[INFO] [stdout] error[E0599]: no variant or associated item named `En` found for enum `Lang` in the current scope
[INFO] [stdout]  --> src/lib.rs:95:43
[INFO] [stdout]   |
[INFO] [stdout] 6 | let words = random_word::all_len(4, Lang::En);
[INFO] [stdout]   |                                           ^^ variant or associated item not found in `Lang`
[INFO] [stdout] 
[INFO] [stdout] error: aborting due to 1 previous error
[INFO] [stdout] 
[INFO] [stdout] For more information about this error, try `rustc --explain E0599`.
[INFO] [stdout] Couldn't compile the test.
[INFO] [stdout] ---- src/lib.rs - gen (line 77) stdout ----
[INFO] [stdout] error[E0599]: no variant or associated item named `En` found for enum `Lang` in the current scope
[INFO] [stdout]  --> src/lib.rs:80:35
[INFO] [stdout]   |
[INFO] [stdout] 6 | let word = random_word::gen(Lang::En);
[INFO] [stdout]   |                                   ^^ variant or associated item not found in `Lang`
[INFO] [stdout] 
[INFO] [stdout] error: aborting due to 1 previous error
[INFO] [stdout] 
[INFO] [stdout] For more information about this error, try `rustc --explain E0599`.
[INFO] [stdout] Couldn't compile the test.
[INFO] [stdout] ---- src/lib.rs - all (line 64) stdout ----
[INFO] [stdout] error[E0599]: no variant or associated item named `En` found for enum `Lang` in the current scope
[INFO] [stdout]  --> src/lib.rs:67:36
[INFO] [stdout]   |
[INFO] [stdout] 6 | let words = random_word::all(Lang::En);
[INFO] [stdout]   |                                    ^^ variant or associated item not found in `Lang`
[INFO] [stdout] 
[INFO] [stdout] error: aborting due to 1 previous error
[INFO] [stdout] 
[INFO] [stdout] For more information about this error, try `rustc --explain E0599`.
[INFO] [stdout] Couldn't compile the test.
[INFO] [stdout] ---- src/lib.rs - gen_starts_with (line 133) stdout ----
[INFO] [stdout] error[E0599]: no variant or associated item named `En` found for enum `Lang` in the current scope
[INFO] [stdout]  --> src/lib.rs:136:52
[INFO] [stdout]   |
[INFO] [stdout] 6 | let word = random_word::gen_starts_with('c', Lang::En);
[INFO] [stdout]   |                                                    ^^ variant or associated item not found in `Lang`
[INFO] [stdout] 
[INFO] [stdout] error: aborting due to 1 previous error
[INFO] [stdout] 
[INFO] [stdout] For more information about this error, try `rustc --explain E0599`.
[INFO] [stdout] Couldn't compile the test.
[INFO] [stdout] 
[INFO] [stdout] failures:
[INFO] [stdout]     src/lib.rs - all (line 64)
[INFO] [stdout]     src/lib.rs - all_len (line 92)
[INFO] [stdout]     src/lib.rs - all_starts_with (line 120)
[INFO] [stdout]     src/lib.rs - gen (line 77)
[INFO] [stdout]     src/lib.rs - gen_len (line 105)
[INFO] [stdout]     src/lib.rs - gen_starts_with (line 133)
[INFO] [stdout] 
[INFO] [stdout] test result: FAILED. 0 passed; 6 failed; 0 ignored; 0 measured; 0 filtered out; finished in 0.07s
[INFO] [stdout] 
[INFO] [stderr] error: doctest failed, to rerun pass `--doc`
[INFO] running `Command { std: "docker" "inspect" "d5bb54d11e94b42820c4bd389039e9f1dd590a074165a7c8c8481e5b2b29e3c8", kill_on_drop: false }`
[INFO] running `Command { std: "docker" "rm" "-f" "d5bb54d11e94b42820c4bd389039e9f1dd590a074165a7c8c8481e5b2b29e3c8", kill_on_drop: false }`
[INFO] [stdout] d5bb54d11e94b42820c4bd389039e9f1dd590a074165a7c8c8481e5b2b29e3c8
