[INFO] fetching crate ramlink 0.1.0...
[INFO] testing ramlink-0.1.0 against nightly-2024-10-28 for randomize-layout
[INFO] extracting crate ramlink 0.1.0 into /workspace/builds/worker-2-tc1/source
[INFO] validating manifest of crates.io crate ramlink 0.1.0 on toolchain nightly-2024-10-28
[INFO] running `Command { std: CARGO_HOME="/workspace/cargo-home" RUSTUP_HOME="/workspace/rustup-home" "/workspace/cargo-home/bin/cargo" "+nightly-2024-10-28" "metadata" "--manifest-path" "Cargo.toml" "--no-deps", kill_on_drop: false }`
[INFO] started tweaking crates.io crate ramlink 0.1.0
[INFO] finished tweaking crates.io crate ramlink 0.1.0
[INFO] tweaked toml for crates.io crate ramlink 0.1.0 written to /workspace/builds/worker-2-tc1/source/Cargo.toml
[INFO] running `Command { std: CARGO_HOME="/workspace/cargo-home" RUSTUP_HOME="/workspace/rustup-home" "/workspace/cargo-home/bin/cargo" "+nightly-2024-10-28" "generate-lockfile" "--manifest-path" "Cargo.toml", kill_on_drop: false }`
[INFO] [stderr]     Updating crates.io index
[INFO] [stderr]      Locking 1 package to latest compatible version
[INFO] running `Command { std: CARGO_HOME="/workspace/cargo-home" RUSTUP_HOME="/workspace/rustup-home" "/workspace/cargo-home/bin/cargo" "+nightly-2024-10-28" "fetch" "--manifest-path" "Cargo.toml", kill_on_drop: false }`
[INFO] [stderr]  Downloading crates ...
[INFO] [stderr]   Downloaded const-assert v1.0.1
[INFO] running `Command { std: "docker" "create" "-v" "/var/lib/crater-agent-workspace/builds/worker-2-tc1/target:/opt/rustwide/target:rw,Z" "-v" "/var/lib/crater-agent-workspace/builds/worker-2-tc1/source:/opt/rustwide/workdir:ro,Z" "-v" "/var/lib/crater-agent-workspace/cargo-home:/opt/rustwide/cargo-home:ro,Z" "-v" "/var/lib/crater-agent-workspace/rustup-home:/opt/rustwide/rustup-home:ro,Z" "-e" "SOURCE_DIR=/opt/rustwide/workdir" "-e" "CARGO_TARGET_DIR=/opt/rustwide/target" "-e" "CARGO_HOME=/opt/rustwide/cargo-home" "-e" "RUSTUP_HOME=/opt/rustwide/rustup-home" "-w" "/opt/rustwide/workdir" "-m" "1610612736" "--user" "0:0" "--network" "none" "ghcr.io/rust-lang/crates-build-env/linux@sha256:4a844ea9eb2546a2d2c7022eacef16ef2e8229c7fbb2c7d4d55a9ceca922f72d" "/opt/rustwide/cargo-home/bin/cargo" "+nightly-2024-10-28" "metadata" "--no-deps" "--format-version=1", kill_on_drop: false }`
[INFO] [stdout] 37145ff534d60904e664d775802ed41eb69ef1808506ba6ff535e4585e167e77
[INFO] running `Command { std: "docker" "start" "-a" "37145ff534d60904e664d775802ed41eb69ef1808506ba6ff535e4585e167e77", kill_on_drop: false }`
[INFO] running `Command { std: "docker" "inspect" "37145ff534d60904e664d775802ed41eb69ef1808506ba6ff535e4585e167e77", kill_on_drop: false }`
[INFO] running `Command { std: "docker" "rm" "-f" "37145ff534d60904e664d775802ed41eb69ef1808506ba6ff535e4585e167e77", kill_on_drop: false }`
[INFO] [stdout] 37145ff534d60904e664d775802ed41eb69ef1808506ba6ff535e4585e167e77
[INFO] running `Command { std: "docker" "create" "-v" "/var/lib/crater-agent-workspace/builds/worker-2-tc1/target:/opt/rustwide/target:rw,Z" "-v" "/var/lib/crater-agent-workspace/builds/worker-2-tc1/source:/opt/rustwide/workdir:ro,Z" "-v" "/var/lib/crater-agent-workspace/cargo-home:/opt/rustwide/cargo-home:ro,Z" "-v" "/var/lib/crater-agent-workspace/rustup-home:/opt/rustwide/rustup-home:ro,Z" "-e" "SOURCE_DIR=/opt/rustwide/workdir" "-e" "CARGO_TARGET_DIR=/opt/rustwide/target" "-e" "CARGO_INCREMENTAL=0" "-e" "RUST_BACKTRACE=full" "-e" "RUSTFLAGS=--cap-lints=forbid" "-e" "RUSTDOCFLAGS=--cap-lints=forbid" "-e" "CARGO_HOME=/opt/rustwide/cargo-home" "-e" "RUSTUP_HOME=/opt/rustwide/rustup-home" "-w" "/opt/rustwide/workdir" "-m" "1610612736" "--user" "0:0" "--network" "none" "ghcr.io/rust-lang/crates-build-env/linux@sha256:4a844ea9eb2546a2d2c7022eacef16ef2e8229c7fbb2c7d4d55a9ceca922f72d" "/opt/rustwide/cargo-home/bin/cargo" "+nightly-2024-10-28" "build" "--frozen" "--message-format=json", kill_on_drop: false }`
[INFO] [stdout] 8fa25c800770c39bf542a7745567f350130c58749aaa016f29bced8d06e84752
[INFO] running `Command { std: "docker" "start" "-a" "8fa25c800770c39bf542a7745567f350130c58749aaa016f29bced8d06e84752", kill_on_drop: false }`
[INFO] [stderr]    Compiling const-assert v1.0.1
[INFO] [stderr]    Compiling ramlink v0.1.0 (/opt/rustwide/workdir)
[INFO] [stderr]     Finished `dev` profile [unoptimized + debuginfo] target(s) in 0.05s
[INFO] running `Command { std: "docker" "inspect" "8fa25c800770c39bf542a7745567f350130c58749aaa016f29bced8d06e84752", kill_on_drop: false }`
[INFO] running `Command { std: "docker" "rm" "-f" "8fa25c800770c39bf542a7745567f350130c58749aaa016f29bced8d06e84752", kill_on_drop: false }`
[INFO] [stdout] 8fa25c800770c39bf542a7745567f350130c58749aaa016f29bced8d06e84752
[INFO] running `Command { std: "docker" "create" "-v" "/var/lib/crater-agent-workspace/builds/worker-2-tc1/target:/opt/rustwide/target:rw,Z" "-v" "/var/lib/crater-agent-workspace/builds/worker-2-tc1/source:/opt/rustwide/workdir:ro,Z" "-v" "/var/lib/crater-agent-workspace/cargo-home:/opt/rustwide/cargo-home:ro,Z" "-v" "/var/lib/crater-agent-workspace/rustup-home:/opt/rustwide/rustup-home:ro,Z" "-e" "SOURCE_DIR=/opt/rustwide/workdir" "-e" "CARGO_TARGET_DIR=/opt/rustwide/target" "-e" "CARGO_INCREMENTAL=0" "-e" "RUST_BACKTRACE=full" "-e" "RUSTFLAGS=--cap-lints=forbid" "-e" "RUSTDOCFLAGS=--cap-lints=forbid" "-e" "CARGO_HOME=/opt/rustwide/cargo-home" "-e" "RUSTUP_HOME=/opt/rustwide/rustup-home" "-w" "/opt/rustwide/workdir" "-m" "1610612736" "--user" "0:0" "--network" "none" "ghcr.io/rust-lang/crates-build-env/linux@sha256:4a844ea9eb2546a2d2c7022eacef16ef2e8229c7fbb2c7d4d55a9ceca922f72d" "/opt/rustwide/cargo-home/bin/cargo" "+nightly-2024-10-28" "test" "--frozen" "--no-run" "--message-format=json", kill_on_drop: false }`
[INFO] [stdout] 2904b33002b3210c14cfb48de18cbf1262d6cb9a00fa098818455cd53d1a5f0e
[INFO] running `Command { std: "docker" "start" "-a" "2904b33002b3210c14cfb48de18cbf1262d6cb9a00fa098818455cd53d1a5f0e", kill_on_drop: false }`
[INFO] [stderr]    Compiling ramlink v0.1.0 (/opt/rustwide/workdir)
[INFO] [stderr]     Finished `test` profile [unoptimized + debuginfo] target(s) in 0.09s
[INFO] running `Command { std: "docker" "inspect" "2904b33002b3210c14cfb48de18cbf1262d6cb9a00fa098818455cd53d1a5f0e", kill_on_drop: false }`
[INFO] running `Command { std: "docker" "rm" "-f" "2904b33002b3210c14cfb48de18cbf1262d6cb9a00fa098818455cd53d1a5f0e", kill_on_drop: false }`
[INFO] [stdout] 2904b33002b3210c14cfb48de18cbf1262d6cb9a00fa098818455cd53d1a5f0e
[INFO] running `Command { std: "docker" "create" "-v" "/var/lib/crater-agent-workspace/builds/worker-2-tc1/target:/opt/rustwide/target:rw,Z" "-v" "/var/lib/crater-agent-workspace/builds/worker-2-tc1/source:/opt/rustwide/workdir:ro,Z" "-v" "/var/lib/crater-agent-workspace/cargo-home:/opt/rustwide/cargo-home:ro,Z" "-v" "/var/lib/crater-agent-workspace/rustup-home:/opt/rustwide/rustup-home:ro,Z" "-e" "SOURCE_DIR=/opt/rustwide/workdir" "-e" "CARGO_TARGET_DIR=/opt/rustwide/target" "-e" "CARGO_INCREMENTAL=0" "-e" "RUST_BACKTRACE=full" "-e" "RUSTFLAGS=--cap-lints=forbid" "-e" "RUSTDOCFLAGS=--cap-lints=forbid" "-e" "CARGO_HOME=/opt/rustwide/cargo-home" "-e" "RUSTUP_HOME=/opt/rustwide/rustup-home" "-w" "/opt/rustwide/workdir" "-m" "1610612736" "--user" "0:0" "--network" "none" "ghcr.io/rust-lang/crates-build-env/linux@sha256:4a844ea9eb2546a2d2c7022eacef16ef2e8229c7fbb2c7d4d55a9ceca922f72d" "/opt/rustwide/cargo-home/bin/cargo" "+nightly-2024-10-28" "test" "--frozen", kill_on_drop: false }`
[INFO] [stdout] 50878b30543c5048563bfbd4dae22c3f01911dc2d0eb54b6fd269dbb0df2e7b1
[INFO] running `Command { std: "docker" "start" "-a" "50878b30543c5048563bfbd4dae22c3f01911dc2d0eb54b6fd269dbb0df2e7b1", kill_on_drop: false }`
[INFO] [stderr]     Finished `test` profile [unoptimized + debuginfo] target(s) in 0.01s
[INFO] [stderr]      Running unittests src/lib.rs (/opt/rustwide/target/debug/deps/ramlink-e26549add4b1eaec)
[INFO] [stdout] 
[INFO] [stdout] running 0 tests
[INFO] [stdout] 
[INFO] [stdout] test result: ok. 0 passed; 0 failed; 0 ignored; 0 measured; 0 filtered out; finished in 0.00s
[INFO] [stdout] 
[INFO] [stderr]    Doc-tests ramlink
[INFO] [stdout] 
[INFO] [stdout] running 5 tests
[INFO] [stdout] test src/lib.rs - (line 20) ... FAILED
[INFO] [stdout] test src/lib.rs - (line 69) ... FAILED
[INFO] [stdout] test src/lib.rs - (line 28) ... FAILED
[INFO] [stdout] test src/lib.rs - (line 42) ... FAILED
[INFO] [stdout] test src/lib.rs - (line 63) ... FAILED
[INFO] [stdout] 
[INFO] [stdout] failures:
[INFO] [stdout] 
[INFO] [stdout] ---- src/lib.rs - (line 20) stdout ----
[INFO] [stdout] error[E0433]: failed to resolve: use of undeclared crate or module `avr_device`
[INFO] [stdout]  --> src/lib.rs:22:5
[INFO] [stdout]   |
[INFO] [stdout] 5 | use avr_device::interrupt::{self, Mutex};
[INFO] [stdout]   |     ^^^^^^^^^^ use of undeclared crate or module `avr_device`
[INFO] [stdout] 
[INFO] [stdout] error[E0432]: unresolved import `avr_device`
[INFO] [stdout]  --> src/lib.rs:22:5
[INFO] [stdout]   |
[INFO] [stdout] 5 | use avr_device::interrupt::{self, Mutex};
[INFO] [stdout]   |     ^^^^^^^^^^ use of undeclared crate or module `avr_device`
[INFO] [stdout] 
[INFO] [stdout] error[E0432]: unresolved import `ramlink::producer`
[INFO] [stdout]   --> src/lib.rs:24:16
[INFO] [stdout]    |
[INFO] [stdout] 7  |   use ramlink::producer::RB;
[INFO] [stdout]    |                ^^^^^^^^ could not find `producer` in `ramlink`
[INFO] [stdout]    |
[INFO] [stdout] note: found an item that was configured out
[INFO] [stdout]   --> /opt/rustwide/workdir/src/lib.rs:89:9
[INFO] [stdout]    |
[INFO] [stdout] 89 | pub mod producer;
[INFO] [stdout]    |         ^^^^^^^^
[INFO] [stdout] note: the item is gated behind the `producer` feature
[INFO] [stdout]   --> /opt/rustwide/workdir/src/lib.rs:88:7
[INFO] [stdout]    |
[INFO] [stdout] 88 | #[cfg(feature = "producer")]
[INFO] [stdout]    |       ^^^^^^^^^^^^^^^^^^^^
[INFO] [stdout] 
[INFO] [stdout] error: aborting due to 3 previous errors
[INFO] [stdout] 
[INFO] [stdout] Some errors have detailed explanations: E0432, E0433.
[INFO] [stdout] For more information about an error, try `rustc --explain E0432`.
[INFO] [stdout] Couldn't compile the test.
[INFO] [stdout] ---- src/lib.rs - (line 69) stdout ----
[INFO] [stdout] error[E0425]: cannot find value `rb` in this scope
[INFO] [stdout]  --> src/lib.rs:71:16
[INFO] [stdout]   |
[INFO] [stdout] 4 |        let r = rb.read_bytes();
[INFO] [stdout]   |                ^^ not found in this scope
[INFO] [stdout] 
[INFO] [stdout] warning: denote infinite loops with `loop { ... }`
[INFO] [stdout]  --> src/lib.rs:70:1
[INFO] [stdout]   |
[INFO] [stdout] 3 | while true {
[INFO] [stdout]   | ^^^^^^^^^^ help: use `loop`
[INFO] [stdout]   |
[INFO] [stdout]   = note: `#[warn(while_true)]` on by default
[INFO] [stdout] 
[INFO] [stdout] error: aborting due to 1 previous error; 1 warning emitted
[INFO] [stdout] 
[INFO] [stdout] For more information about this error, try `rustc --explain E0425`.
[INFO] [stdout] Couldn't compile the test.
[INFO] [stdout] ---- src/lib.rs - (line 28) stdout ----
[INFO] [stdout] error[E0425]: cannot find value `RING_BUF` in this scope
[INFO] [stdout]  --> src/lib.rs:30:5
[INFO] [stdout]   |
[INFO] [stdout] 4 |     RING_BUF
[INFO] [stdout]   |     ^^^^^^^^ not found in this scope
[INFO] [stdout] 
[INFO] [stdout] error[E0425]: cannot find value `temperature` in this scope
[INFO] [stdout]  --> src/lib.rs:33:28
[INFO] [stdout]   |
[INFO] [stdout] 7 |     .send_bytes_blocking(&[temperature, current]);
[INFO] [stdout]   |                            ^^^^^^^^^^^ not found in this scope
[INFO] [stdout] 
[INFO] [stdout] error[E0425]: cannot find value `current` in this scope
[INFO] [stdout]  --> src/lib.rs:33:41
[INFO] [stdout]   |
[INFO] [stdout] 7 |     .send_bytes_blocking(&[temperature, current]);
[INFO] [stdout]   |                                         ^^^^^^^ not found in this scope
[INFO] [stdout]   |
[INFO] [stdout] help: consider importing this function
[INFO] [stdout]   |
[INFO] [stdout] 2 + use std::thread::current;
[INFO] [stdout]   |
[INFO] [stdout] 
[INFO] [stdout] error[E0433]: failed to resolve: use of undeclared crate or module `interrupt`
[INFO] [stdout]  --> src/lib.rs:29:1
[INFO] [stdout]   |
[INFO] [stdout] 3 | interrupt::free(|cs| {
[INFO] [stdout]   | ^^^^^^^^^ use of undeclared crate or module `interrupt`
[INFO] [stdout] 
[INFO] [stdout] error: aborting due to 4 previous errors
[INFO] [stdout] 
[INFO] [stdout] Some errors have detailed explanations: E0425, E0433.
[INFO] [stdout] For more information about an error, try `rustc --explain E0425`.
[INFO] [stdout] Couldn't compile the test.
[INFO] [stdout] ---- src/lib.rs - (line 42) stdout ----
[INFO] [stdout] error[E0433]: failed to resolve: could not find `consumer` in `ramlink`
[INFO] [stdout]   --> src/lib.rs:48:20
[INFO] [stdout]    |
[INFO] [stdout] 9  |  impl<'a> ramlink::consumer::MemoryReader for mk2<'a> {
[INFO] [stdout]    |                    ^^^^^^^^ could not find `consumer` in `ramlink`
[INFO] [stdout]    |
[INFO] [stdout] note: found an item that was configured out
[INFO] [stdout]   --> /opt/rustwide/workdir/src/lib.rs:86:9
[INFO] [stdout]    |
[INFO] [stdout] 86 | pub mod consumer;
[INFO] [stdout]    |         ^^^^^^^^
[INFO] [stdout] note: the item is gated behind the `consumer` feature
[INFO] [stdout]   --> /opt/rustwide/workdir/src/lib.rs:85:7
[INFO] [stdout]    |
[INFO] [stdout] 85 | #[cfg(feature = "consumer")]
[INFO] [stdout]    |       ^^^^^^^^^^^^^^^^^^^^
[INFO] [stdout] 
[INFO] [stdout] error[E0412]: cannot find type `JtagIceMkii` in this scope
[INFO] [stdout]  --> src/lib.rs:45:11
[INFO] [stdout]   |
[INFO] [stdout] 6 |      dev: JtagIceMkii<'a>,
[INFO] [stdout]   |           ^^^^^^^^^^^ not found in this scope
[INFO] [stdout] 
[INFO] [stdout] warning: type `mk2` should have an upper camel case name
[INFO] [stdout]  --> src/lib.rs:44:8
[INFO] [stdout]   |
[INFO] [stdout] 5 | struct mk2<'a> {
[INFO] [stdout]   |        ^^^ help: convert the identifier to upper camel case: `Mk2`
[INFO] [stdout]   |
[INFO] [stdout]   = note: `#[warn(non_camel_case_types)]` on by default
[INFO] [stdout] 
[INFO] [stdout] error: aborting due to 2 previous errors; 1 warning emitted
[INFO] [stdout] 
[INFO] [stdout] Some errors have detailed explanations: E0412, E0433.
[INFO] [stdout] For more information about an error, try `rustc --explain E0412`.
[INFO] [stdout] Couldn't compile the test.
[INFO] [stdout] ---- src/lib.rs - (line 63) stdout ----
[INFO] [stdout] error[E0433]: failed to resolve: could not find `consumer` in `ramlink`
[INFO] [stdout]   --> src/lib.rs:67:26
[INFO] [stdout]    |
[INFO] [stdout] 7  |    let mut rb = ramlink::consumer::ProducerDevice::new(Box::new(mm), 0x3f0e).unwrap();
[INFO] [stdout]    |                          ^^^^^^^^ could not find `consumer` in `ramlink`
[INFO] [stdout]    |
[INFO] [stdout] note: found an item that was configured out
[INFO] [stdout]   --> /opt/rustwide/workdir/src/lib.rs:86:9
[INFO] [stdout]    |
[INFO] [stdout] 86 | pub mod consumer;
[INFO] [stdout]    |         ^^^^^^^^
[INFO] [stdout] note: the item is gated behind the `consumer` feature
[INFO] [stdout]   --> /opt/rustwide/workdir/src/lib.rs:85:7
[INFO] [stdout]    |
[INFO] [stdout] 85 | #[cfg(feature = "consumer")]
[INFO] [stdout]    |       ^^^^^^^^^^^^^^^^^^^^
[INFO] [stdout] 
[INFO] [stdout] error[E0422]: cannot find struct, variant or union type `mk2` in this scope
[INFO] [stdout]  --> src/lib.rs:65:10
[INFO] [stdout]   |
[INFO] [stdout] 5 | let mm = mk2 { dev: dgr };
[INFO] [stdout]   |          ^^^ not found in this scope
[INFO] [stdout] 
[INFO] [stdout] error[E0425]: cannot find value `dgr` in this scope
[INFO] [stdout]  --> src/lib.rs:65:21
[INFO] [stdout]   |
[INFO] [stdout] 5 | let mm = mk2 { dev: dgr };
[INFO] [stdout]   |                     ^^^ not found in this scope
[INFO] [stdout] 
[INFO] [stdout] error: aborting due to 3 previous errors
[INFO] [stdout] 
[INFO] [stdout] Some errors have detailed explanations: E0422, E0425, E0433.
[INFO] [stdout] For more information about an error, try `rustc --explain E0422`.
[INFO] [stdout] Couldn't compile the test.
[INFO] [stdout] 
[INFO] [stdout] failures:
[INFO] [stdout]     src/lib.rs - (line 20)
[INFO] [stdout]     src/lib.rs - (line 28)
[INFO] [stdout]     src/lib.rs - (line 42)
[INFO] [stdout]     src/lib.rs - (line 63)
[INFO] [stdout]     src/lib.rs - (line 69)
[INFO] [stdout] 
[INFO] [stdout] test result: FAILED. 0 passed; 5 failed; 0 ignored; 0 measured; 0 filtered out; finished in 0.09s
[INFO] [stdout] 
[INFO] [stderr] error: doctest failed, to rerun pass `--doc`
[INFO] running `Command { std: "docker" "inspect" "50878b30543c5048563bfbd4dae22c3f01911dc2d0eb54b6fd269dbb0df2e7b1", kill_on_drop: false }`
[INFO] running `Command { std: "docker" "rm" "-f" "50878b30543c5048563bfbd4dae22c3f01911dc2d0eb54b6fd269dbb0df2e7b1", kill_on_drop: false }`
[INFO] [stdout] 50878b30543c5048563bfbd4dae22c3f01911dc2d0eb54b6fd269dbb0df2e7b1
