[INFO] fetching crate ral 0.2.0...
[INFO] testing ral-0.2.0 against nightly-2024-10-28 for randomize-layout
[INFO] extracting crate ral 0.2.0 into /workspace/builds/worker-5-tc1/source
[INFO] validating manifest of crates.io crate ral 0.2.0 on toolchain nightly-2024-10-28
[INFO] running `Command { std: CARGO_HOME="/workspace/cargo-home" RUSTUP_HOME="/workspace/rustup-home" "/workspace/cargo-home/bin/cargo" "+nightly-2024-10-28" "metadata" "--manifest-path" "Cargo.toml" "--no-deps", kill_on_drop: false }`
[INFO] started tweaking crates.io crate ral 0.2.0
[INFO] finished tweaking crates.io crate ral 0.2.0
[INFO] tweaked toml for crates.io crate ral 0.2.0 written to /workspace/builds/worker-5-tc1/source/Cargo.toml
[INFO] running `Command { std: CARGO_HOME="/workspace/cargo-home" RUSTUP_HOME="/workspace/rustup-home" "/workspace/cargo-home/bin/cargo" "+nightly-2024-10-28" "generate-lockfile" "--manifest-path" "Cargo.toml", kill_on_drop: false }`
[INFO] [stderr]     Updating crates.io index
[INFO] [stderr]      Locking 7 packages to latest compatible versions
[INFO] running `Command { std: CARGO_HOME="/workspace/cargo-home" RUSTUP_HOME="/workspace/rustup-home" "/workspace/cargo-home/bin/cargo" "+nightly-2024-10-28" "fetch" "--manifest-path" "Cargo.toml", kill_on_drop: false }`
[INFO] [stderr]  Downloading crates ...
[INFO] [stderr]   Downloaded ral-macro v0.2.0
[INFO] running `Command { std: "docker" "create" "-v" "/var/lib/crater-agent-workspace/builds/worker-5-tc1/target:/opt/rustwide/target:rw,Z" "-v" "/var/lib/crater-agent-workspace/builds/worker-5-tc1/source:/opt/rustwide/workdir:ro,Z" "-v" "/var/lib/crater-agent-workspace/cargo-home:/opt/rustwide/cargo-home:ro,Z" "-v" "/var/lib/crater-agent-workspace/rustup-home:/opt/rustwide/rustup-home:ro,Z" "-e" "SOURCE_DIR=/opt/rustwide/workdir" "-e" "CARGO_TARGET_DIR=/opt/rustwide/target" "-e" "CARGO_HOME=/opt/rustwide/cargo-home" "-e" "RUSTUP_HOME=/opt/rustwide/rustup-home" "-w" "/opt/rustwide/workdir" "-m" "1610612736" "--user" "0:0" "--network" "none" "ghcr.io/rust-lang/crates-build-env/linux@sha256:4a844ea9eb2546a2d2c7022eacef16ef2e8229c7fbb2c7d4d55a9ceca922f72d" "/opt/rustwide/cargo-home/bin/cargo" "+nightly-2024-10-28" "metadata" "--no-deps" "--format-version=1", kill_on_drop: false }`
[INFO] [stdout] a19f94b22bb5eafe64b38ba9d15b18c0c5385545b9b809ccd588e133f17a240c
[INFO] running `Command { std: "docker" "start" "-a" "a19f94b22bb5eafe64b38ba9d15b18c0c5385545b9b809ccd588e133f17a240c", kill_on_drop: false }`
[INFO] running `Command { std: "docker" "inspect" "a19f94b22bb5eafe64b38ba9d15b18c0c5385545b9b809ccd588e133f17a240c", kill_on_drop: false }`
[INFO] running `Command { std: "docker" "rm" "-f" "a19f94b22bb5eafe64b38ba9d15b18c0c5385545b9b809ccd588e133f17a240c", kill_on_drop: false }`
[INFO] [stdout] a19f94b22bb5eafe64b38ba9d15b18c0c5385545b9b809ccd588e133f17a240c
[INFO] running `Command { std: "docker" "create" "-v" "/var/lib/crater-agent-workspace/builds/worker-5-tc1/target:/opt/rustwide/target:rw,Z" "-v" "/var/lib/crater-agent-workspace/builds/worker-5-tc1/source:/opt/rustwide/workdir:ro,Z" "-v" "/var/lib/crater-agent-workspace/cargo-home:/opt/rustwide/cargo-home:ro,Z" "-v" "/var/lib/crater-agent-workspace/rustup-home:/opt/rustwide/rustup-home:ro,Z" "-e" "SOURCE_DIR=/opt/rustwide/workdir" "-e" "CARGO_TARGET_DIR=/opt/rustwide/target" "-e" "CARGO_INCREMENTAL=0" "-e" "RUST_BACKTRACE=full" "-e" "RUSTFLAGS=--cap-lints=forbid" "-e" "RUSTDOCFLAGS=--cap-lints=forbid" "-e" "CARGO_HOME=/opt/rustwide/cargo-home" "-e" "RUSTUP_HOME=/opt/rustwide/rustup-home" "-w" "/opt/rustwide/workdir" "-m" "1610612736" "--user" "0:0" "--network" "none" "ghcr.io/rust-lang/crates-build-env/linux@sha256:4a844ea9eb2546a2d2c7022eacef16ef2e8229c7fbb2c7d4d55a9ceca922f72d" "/opt/rustwide/cargo-home/bin/cargo" "+nightly-2024-10-28" "build" "--frozen" "--message-format=json", kill_on_drop: false }`
[INFO] [stdout] 4d7764740b4f42e4f3cddb6d6db2d5d76adc46760bea1747e545ede6d65e259a
[INFO] running `Command { std: "docker" "start" "-a" "4d7764740b4f42e4f3cddb6d6db2d5d76adc46760bea1747e545ede6d65e259a", kill_on_drop: false }`
[INFO] [stderr]    Compiling syn v1.0.109
[INFO] [stderr]    Compiling convert_case v0.4.0
[INFO] [stderr]    Compiling vcell v0.1.3
[INFO] [stderr]    Compiling ral-macro v0.2.0
[INFO] [stderr]    Compiling ral v0.2.0 (/opt/rustwide/workdir)
[INFO] [stderr]     Finished `dev` profile [unoptimized + debuginfo] target(s) in 2.79s
[INFO] running `Command { std: "docker" "inspect" "4d7764740b4f42e4f3cddb6d6db2d5d76adc46760bea1747e545ede6d65e259a", kill_on_drop: false }`
[INFO] running `Command { std: "docker" "rm" "-f" "4d7764740b4f42e4f3cddb6d6db2d5d76adc46760bea1747e545ede6d65e259a", kill_on_drop: false }`
[INFO] [stdout] 4d7764740b4f42e4f3cddb6d6db2d5d76adc46760bea1747e545ede6d65e259a
[INFO] running `Command { std: "docker" "create" "-v" "/var/lib/crater-agent-workspace/builds/worker-5-tc1/target:/opt/rustwide/target:rw,Z" "-v" "/var/lib/crater-agent-workspace/builds/worker-5-tc1/source:/opt/rustwide/workdir:ro,Z" "-v" "/var/lib/crater-agent-workspace/cargo-home:/opt/rustwide/cargo-home:ro,Z" "-v" "/var/lib/crater-agent-workspace/rustup-home:/opt/rustwide/rustup-home:ro,Z" "-e" "SOURCE_DIR=/opt/rustwide/workdir" "-e" "CARGO_TARGET_DIR=/opt/rustwide/target" "-e" "CARGO_INCREMENTAL=0" "-e" "RUST_BACKTRACE=full" "-e" "RUSTFLAGS=--cap-lints=forbid" "-e" "RUSTDOCFLAGS=--cap-lints=forbid" "-e" "CARGO_HOME=/opt/rustwide/cargo-home" "-e" "RUSTUP_HOME=/opt/rustwide/rustup-home" "-w" "/opt/rustwide/workdir" "-m" "1610612736" "--user" "0:0" "--network" "none" "ghcr.io/rust-lang/crates-build-env/linux@sha256:4a844ea9eb2546a2d2c7022eacef16ef2e8229c7fbb2c7d4d55a9ceca922f72d" "/opt/rustwide/cargo-home/bin/cargo" "+nightly-2024-10-28" "test" "--frozen" "--no-run" "--message-format=json", kill_on_drop: false }`
[INFO] [stdout] 3fba383f5f2f8442c8283cca76b2decc76bca71870191ba77e4632747c6e8664
[INFO] running `Command { std: "docker" "start" "-a" "3fba383f5f2f8442c8283cca76b2decc76bca71870191ba77e4632747c6e8664", kill_on_drop: false }`
[INFO] [stderr]    Compiling ral v0.2.0 (/opt/rustwide/workdir)
[INFO] [stderr]     Finished `test` profile [unoptimized + debuginfo] target(s) in 0.13s
[INFO] running `Command { std: "docker" "inspect" "3fba383f5f2f8442c8283cca76b2decc76bca71870191ba77e4632747c6e8664", kill_on_drop: false }`
[INFO] running `Command { std: "docker" "rm" "-f" "3fba383f5f2f8442c8283cca76b2decc76bca71870191ba77e4632747c6e8664", kill_on_drop: false }`
[INFO] [stdout] 3fba383f5f2f8442c8283cca76b2decc76bca71870191ba77e4632747c6e8664
[INFO] running `Command { std: "docker" "create" "-v" "/var/lib/crater-agent-workspace/builds/worker-5-tc1/target:/opt/rustwide/target:rw,Z" "-v" "/var/lib/crater-agent-workspace/builds/worker-5-tc1/source:/opt/rustwide/workdir:ro,Z" "-v" "/var/lib/crater-agent-workspace/cargo-home:/opt/rustwide/cargo-home:ro,Z" "-v" "/var/lib/crater-agent-workspace/rustup-home:/opt/rustwide/rustup-home:ro,Z" "-e" "SOURCE_DIR=/opt/rustwide/workdir" "-e" "CARGO_TARGET_DIR=/opt/rustwide/target" "-e" "CARGO_INCREMENTAL=0" "-e" "RUST_BACKTRACE=full" "-e" "RUSTFLAGS=--cap-lints=forbid" "-e" "RUSTDOCFLAGS=--cap-lints=forbid" "-e" "CARGO_HOME=/opt/rustwide/cargo-home" "-e" "RUSTUP_HOME=/opt/rustwide/rustup-home" "-w" "/opt/rustwide/workdir" "-m" "1610612736" "--user" "0:0" "--network" "none" "ghcr.io/rust-lang/crates-build-env/linux@sha256:4a844ea9eb2546a2d2c7022eacef16ef2e8229c7fbb2c7d4d55a9ceca922f72d" "/opt/rustwide/cargo-home/bin/cargo" "+nightly-2024-10-28" "test" "--frozen", kill_on_drop: false }`
[INFO] [stdout] 731a35049a474f72df21d4e2a7429255c85da00cef84cefc3a24151dd09d5dde
[INFO] running `Command { std: "docker" "start" "-a" "731a35049a474f72df21d4e2a7429255c85da00cef84cefc3a24151dd09d5dde", kill_on_drop: false }`
[INFO] [stderr]     Finished `test` profile [unoptimized + debuginfo] target(s) in 0.01s
[INFO] [stderr]      Running unittests src/lib.rs (/opt/rustwide/target/debug/deps/ral-29f2fee50a04ceb5)
[INFO] [stdout] 
[INFO] [stdout] running 5 tests
[INFO] [stdout] test tests::test_get ... ok
[INFO] [stdout] test tests::test_register_access ... ok
[INFO] [stdout] test tests::test_reset ... ok
[INFO] [stdout] test tests::test_set ... ok
[INFO] [stdout] test tests::test_update ... ok
[INFO] [stdout] 
[INFO] [stdout] test result: ok. 5 passed; 0 failed; 0 ignored; 0 measured; 0 filtered out; finished in 0.00s
[INFO] [stdout] 
[INFO] [stderr]    Doc-tests ral
[INFO] [stdout] 
[INFO] [stdout] running 7 tests
[INFO] [stdout] test src/lib.rs - (line 208) ... ignored
[INFO] [stdout] test src/lib.rs - (line 218) ... ignored
[INFO] [stdout] test src/lib.rs - (line 223) ... ignored
[INFO] [stdout] test src/lib.rs - (line 247) ... ignored
[INFO] [stdout] test src/lib.rs - (line 267) ... FAILED
[INFO] [stdout] test src/lib.rs - (line 12) ... FAILED
[INFO] [stdout] test src/lib.rs - (line 54) ... FAILED
[INFO] [stdout] 
[INFO] [stdout] failures:
[INFO] [stdout] 
[INFO] [stdout] ---- src/lib.rs - (line 267) stdout ----
[INFO] [stdout] error[E0433]: failed to resolve: use of undeclared crate or module `device_crate`
[INFO] [stdout]  --> src/lib.rs:269:5
[INFO] [stdout]   |
[INFO] [stdout] 5 | use device_crate::peripherals::peripheral;
[INFO] [stdout]   |     ^^^^^^^^^^^^ use of undeclared crate or module `device_crate`
[INFO] [stdout] 
[INFO] [stdout] error[E0412]: cannot find type `CustomType` in this scope
[INFO] [stdout]   --> src/lib.rs:277:13
[INFO] [stdout]    |
[INFO] [stdout] 13 | let field1: CustomType = reg0.get_field1().unwrap(); // Read field represented by `CustomType`
[INFO] [stdout]    |             ^^^^^^^^^^ not found in this scope
[INFO] [stdout] 
[INFO] [stdout] error[E0425]: cannot find value `Two` in this scope
[INFO] [stdout]   --> src/lib.rs:286:30
[INFO] [stdout]    |
[INFO] [stdout] 22 |     .set_field1(if field1 == Two { One } else { Three }).unwrap() // Set `CustomType` field
[INFO] [stdout]    |                              ^^^ not found in this scope
[INFO] [stdout] 
[INFO] [stdout] error[E0425]: cannot find value `One` in this scope
[INFO] [stdout]   --> src/lib.rs:286:36
[INFO] [stdout]    |
[INFO] [stdout] 22 |     .set_field1(if field1 == Two { One } else { Three }).unwrap() // Set `CustomType` field
[INFO] [stdout]    |                                    ^^^ not found in this scope
[INFO] [stdout] 
[INFO] [stdout] error[E0425]: cannot find value `Three` in this scope
[INFO] [stdout]   --> src/lib.rs:286:49
[INFO] [stdout]    |
[INFO] [stdout] 22 |     .set_field1(if field1 == Two { One } else { Three }).unwrap() // Set `CustomType` field
[INFO] [stdout]    |                                                 ^^^^^ not found in this scope
[INFO] [stdout] 
[INFO] [stdout] error: aborting due to 5 previous errors
[INFO] [stdout] 
[INFO] [stdout] Some errors have detailed explanations: E0412, E0425, E0433.
[INFO] [stdout] For more information about an error, try `rustc --explain E0412`.
[INFO] [stdout] Couldn't compile the test.
[INFO] [stdout] ---- src/lib.rs - (line 12) stdout ----
[INFO] [stdout] error[E0433]: failed to resolve: use of undeclared crate or module `crate_name`
[INFO] [stdout]  --> src/lib.rs:17:9
[INFO] [stdout]   |
[INFO] [stdout] 8 |     use crate_name::types::CustomType; // Use expressions for custom types used in field declarations
[INFO] [stdout]   |         ^^^^^^^^^^ use of undeclared crate or module `crate_name`
[INFO] [stdout] 
[INFO] [stdout] error[E0433]: failed to resolve: there are too many leading `super` keywords
[INFO] [stdout]   --> src/lib.rs:16:1
[INFO] [stdout]    |
[INFO] [stdout] 7  | / register! {
[INFO] [stdout] 8  | |     use crate_name::types::CustomType; // Use expressions for custom types used in field declarations
[INFO] [stdout] 9  | |
[INFO] [stdout] 10 | |     #[access = "read-write"] // Optional register wide access specifier
[INFO] [stdout] ...  |
[INFO] [stdout] 41 | |     }
[INFO] [stdout] 42 | | }
[INFO] [stdout]    | |_^ there are too many leading `super` keywords
[INFO] [stdout]    |
[INFO] [stdout]    = note: this error originates in the macro `register` (in Nightly builds, run with -Z macro-backtrace for more info)
[INFO] [stdout] 
[INFO] [stdout] error: aborting due to 2 previous errors
[INFO] [stdout] 
[INFO] [stdout] For more information about this error, try `rustc --explain E0433`.
[INFO] [stdout] Couldn't compile the test.
[INFO] [stdout] ---- src/lib.rs - (line 54) stdout ----
[INFO] [stdout] error: expected one of `!` or `[`, found `ty`
[INFO] [stdout]    --> src/lib.rs:176:89
[INFO] [stdout]     |
[INFO] [stdout] 125 |         value_write!(self, 0x00000003u32, 8, <<Self as Register>::ValueType as TryFrom<#ty>>::try_from(value)?);
[INFO] [stdout]     |                                                                                         ^^ expected one of `!` or `[`
[INFO] [stdout]     |
[INFO] [stdout]    ::: /opt/rustwide/workdir/src/lib.rs:421:36
[INFO] [stdout]     |
[INFO] [stdout] 421 |     ($r: expr, $m: expr, $o: expr, $v: expr) => {
[INFO] [stdout]     |                                    -------- while parsing argument for this `expr` macro fragment
[INFO] [stdout] 
[INFO] [stdout] error[E0433]: failed to resolve: use of undeclared crate or module `crate_name`
[INFO] [stdout]  --> src/lib.rs:60:5
[INFO] [stdout]   |
[INFO] [stdout] 9 | use crate_name::types::CustomType;
[INFO] [stdout]   |     ^^^^^^^^^^ use of undeclared crate or module `crate_name`
[INFO] [stdout] 
[INFO] [stdout] error[E0433]: failed to resolve: there are too many leading `super` keywords
[INFO] [stdout]   --> src/lib.rs:62:6
[INFO] [stdout]    |
[INFO] [stdout] 11 |     (super::BASE_ADDRESS /* Enclosing peripheral/cluster base address */ + 0x00 /* offset */) as *mut VolatileCell<<Reg0 as Register>::Va...
[INFO] [stdout]    |      ^^^^^ there are too many leading `super` keywords
[INFO] [stdout] 
[INFO] [stdout] error: aborting due to 3 previous errors
[INFO] [stdout] 
[INFO] [stdout] For more information about this error, try `rustc --explain E0433`.
[INFO] [stdout] Couldn't compile the test.
[INFO] [stdout] 
[INFO] [stdout] failures:
[INFO] [stdout]     src/lib.rs - (line 12)
[INFO] [stdout]     src/lib.rs - (line 267)
[INFO] [stdout]     src/lib.rs - (line 54)
[INFO] [stdout] 
[INFO] [stdout] test result: FAILED. 0 passed; 3 failed; 4 ignored; 0 measured; 0 filtered out; finished in 0.06s
[INFO] [stdout] 
[INFO] [stderr] error: doctest failed, to rerun pass `--doc`
[INFO] running `Command { std: "docker" "inspect" "731a35049a474f72df21d4e2a7429255c85da00cef84cefc3a24151dd09d5dde", kill_on_drop: false }`
[INFO] running `Command { std: "docker" "rm" "-f" "731a35049a474f72df21d4e2a7429255c85da00cef84cefc3a24151dd09d5dde", kill_on_drop: false }`
[INFO] [stdout] 731a35049a474f72df21d4e2a7429255c85da00cef84cefc3a24151dd09d5dde
