[INFO] fetching crate radicle-tui 0.5.1...
[INFO] testing radicle-tui-0.5.1 against nightly-2024-10-28+rustflags=-Zrandomize-layout for randomize-layout
[INFO] extracting crate radicle-tui 0.5.1 into /workspace/builds/worker-2-tc2/source
[INFO] validating manifest of crates.io crate radicle-tui 0.5.1 on toolchain nightly-2024-10-28
[INFO] running `Command { std: CARGO_HOME="/workspace/cargo-home" RUSTUP_HOME="/workspace/rustup-home" "/workspace/cargo-home/bin/cargo" "+nightly-2024-10-28" "metadata" "--manifest-path" "Cargo.toml" "--no-deps", kill_on_drop: false }`
[INFO] removed /workspace/builds/worker-2-tc2/source/.cargo/config.toml
[INFO] removed /workspace/builds/worker-2-tc2/source/rust-toolchain
[INFO] started tweaking crates.io crate radicle-tui 0.5.1
[INFO] removed 0 missing examples
[INFO] finished tweaking crates.io crate radicle-tui 0.5.1
[INFO] tweaked toml for crates.io crate radicle-tui 0.5.1 written to /workspace/builds/worker-2-tc2/source/Cargo.toml
[INFO] crate crates.io crate radicle-tui 0.5.1 already has a lockfile, it will not be regenerated
[INFO] running `Command { std: CARGO_HOME="/workspace/cargo-home" RUSTUP_HOME="/workspace/rustup-home" "/workspace/cargo-home/bin/cargo" "+nightly-2024-10-28" "fetch" "--manifest-path" "Cargo.toml", kill_on_drop: false }`
[INFO] running `Command { std: "docker" "create" "-v" "/var/lib/crater-agent-workspace/builds/worker-2-tc2/target:/opt/rustwide/target:rw,Z" "-v" "/var/lib/crater-agent-workspace/builds/worker-2-tc2/source:/opt/rustwide/workdir:ro,Z" "-v" "/var/lib/crater-agent-workspace/cargo-home:/opt/rustwide/cargo-home:ro,Z" "-v" "/var/lib/crater-agent-workspace/rustup-home:/opt/rustwide/rustup-home:ro,Z" "-e" "SOURCE_DIR=/opt/rustwide/workdir" "-e" "CARGO_TARGET_DIR=/opt/rustwide/target" "-e" "CARGO_HOME=/opt/rustwide/cargo-home" "-e" "RUSTUP_HOME=/opt/rustwide/rustup-home" "-w" "/opt/rustwide/workdir" "-m" "1610612736" "--user" "0:0" "--network" "none" "ghcr.io/rust-lang/crates-build-env/linux@sha256:4a844ea9eb2546a2d2c7022eacef16ef2e8229c7fbb2c7d4d55a9ceca922f72d" "/opt/rustwide/cargo-home/bin/cargo" "+nightly-2024-10-28" "metadata" "--no-deps" "--format-version=1", kill_on_drop: false }`
[INFO] [stdout] 6ab5f0d6039456156500843d123c0490be96899509d7a67eb213e98bb841e604
[INFO] running `Command { std: "docker" "start" "-a" "6ab5f0d6039456156500843d123c0490be96899509d7a67eb213e98bb841e604", kill_on_drop: false }`
[INFO] running `Command { std: "docker" "inspect" "6ab5f0d6039456156500843d123c0490be96899509d7a67eb213e98bb841e604", kill_on_drop: false }`
[INFO] running `Command { std: "docker" "rm" "-f" "6ab5f0d6039456156500843d123c0490be96899509d7a67eb213e98bb841e604", kill_on_drop: false }`
[INFO] [stdout] 6ab5f0d6039456156500843d123c0490be96899509d7a67eb213e98bb841e604
[INFO] running `Command { std: "docker" "create" "-v" "/var/lib/crater-agent-workspace/builds/worker-2-tc2/target:/opt/rustwide/target:rw,Z" "-v" "/var/lib/crater-agent-workspace/builds/worker-2-tc2/source:/opt/rustwide/workdir:ro,Z" "-v" "/var/lib/crater-agent-workspace/cargo-home:/opt/rustwide/cargo-home:ro,Z" "-v" "/var/lib/crater-agent-workspace/rustup-home:/opt/rustwide/rustup-home:ro,Z" "-e" "SOURCE_DIR=/opt/rustwide/workdir" "-e" "CARGO_TARGET_DIR=/opt/rustwide/target" "-e" "CARGO_INCREMENTAL=0" "-e" "RUST_BACKTRACE=full" "-e" "RUSTFLAGS=--cap-lints=forbid -Zrandomize-layout" "-e" "RUSTDOCFLAGS=--cap-lints=forbid" "-e" "CARGO_HOME=/opt/rustwide/cargo-home" "-e" "RUSTUP_HOME=/opt/rustwide/rustup-home" "-w" "/opt/rustwide/workdir" "-m" "1610612736" "--user" "0:0" "--network" "none" "ghcr.io/rust-lang/crates-build-env/linux@sha256:4a844ea9eb2546a2d2c7022eacef16ef2e8229c7fbb2c7d4d55a9ceca922f72d" "/opt/rustwide/cargo-home/bin/cargo" "+nightly-2024-10-28" "build" "--frozen" "--message-format=json", kill_on_drop: false }`
[INFO] [stdout] 687929e977bbf2fdc1964e2c0a7fb5a4a42f280450767c6b0779ba95f836210c
[INFO] running `Command { std: "docker" "start" "-a" "687929e977bbf2fdc1964e2c0a7fb5a4a42f280450767c6b0779ba95f836210c", kill_on_drop: false }`
[INFO] [stderr]    Compiling libc v0.2.153
[INFO] [stderr]    Compiling cfg-if v1.0.0
[INFO] [stderr]    Compiling version_check v0.9.4
[INFO] [stderr]    Compiling proc-macro2 v1.0.76
[INFO] [stderr]    Compiling unicode-ident v1.0.11
[INFO] [stderr]    Compiling typenum v1.17.0
[INFO] [stderr]    Compiling syn v1.0.109
[INFO] [stderr]    Compiling subtle v2.5.0
[INFO] [stderr]    Compiling memchr v2.5.0
[INFO] [stderr]    Compiling autocfg v1.1.0
[INFO] [stderr]    Compiling pkg-config v0.3.27
[INFO] [stderr]    Compiling bitflags v2.4.1
[INFO] [stderr]    Compiling thiserror v1.0.44
[INFO] [stderr]    Compiling log v0.4.19
[INFO] [stderr]    Compiling once_cell v1.18.0
[INFO] [stderr]    Compiling regex-syntax v0.7.5
[INFO] [stderr]    Compiling serde v1.0.195
[INFO] [stderr]    Compiling cpufeatures v0.2.9
[INFO] [stderr]    Compiling vcpkg v0.2.15
[INFO] [stderr]    Compiling tinyvec_macros v0.1.1
[INFO] [stderr]    Compiling zerocopy v0.7.32
[INFO] [stderr]    Compiling tinyvec v1.6.0
[INFO] [stderr]    Compiling allocator-api2 v0.2.16
[INFO] [stderr]    Compiling unicode-bidi v0.3.13
[INFO] [stderr]    Compiling percent-encoding v2.3.1
[INFO] [stderr]    Compiling byteorder v1.5.0
[INFO] [stderr]    Compiling opaque-debug v0.3.0
[INFO] [stderr]    Compiling signature v1.6.4
[INFO] [stderr]    Compiling generic-array v0.14.7
[INFO] [stderr]    Compiling ahash v0.8.8
[INFO] [stderr]    Compiling quote v1.0.35
[INFO] [stderr]    Compiling proc-macro-error-attr v1.0.4
[INFO] [stderr]    Compiling aho-corasick v1.1.3
[INFO] [stderr]    Compiling proc-macro-error v1.0.4
[INFO] [stderr]    Compiling form_urlencoded v1.2.1
[INFO] [stderr]    Compiling ed25519 v1.5.3
[INFO] [stderr]    Compiling ryu v1.0.16
[INFO] [stderr]    Compiling syn v2.0.48
[INFO] [stderr]    Compiling crc32fast v1.3.2
[INFO] [stderr]    Compiling jobserver v0.1.26
[INFO] [stderr]    Compiling hashbrown v0.14.3
[INFO] [stderr]    Compiling itoa v1.0.10
[INFO] [stderr]    Compiling ascii v1.1.0
[INFO] [stderr]    Compiling amplify_num v0.5.2
[INFO] [stderr]    Compiling anyhow v1.0.72
[INFO] [stderr]    Compiling ct-codecs v1.1.1
[INFO] [stderr]    Compiling cc v1.0.94
[INFO] [stderr]    Compiling unicode-normalization v0.1.22
[INFO] [stderr]    Compiling base64ct v1.6.0
[INFO] [stderr]    Compiling keccak v0.1.4
[INFO] [stderr]    Compiling rustversion v1.0.14
[INFO] [stderr]    Compiling numtoa v0.1.0
[INFO] [stderr]    Compiling unicode-segmentation v1.10.1
[INFO] [stderr]    Compiling adler v1.0.2
[INFO] [stderr]    Compiling fastrand v2.0.0
[INFO] [stderr]    Compiling miniz_oxide v0.7.1
[INFO] [stderr]    Compiling pem-rfc7468 v0.7.0
[INFO] [stderr]    Compiling idna v0.5.0
[INFO] [stderr]    Compiling crypto-common v0.1.6
[INFO] [stderr]    Compiling block-padding v0.3.3
[INFO] [stderr]    Compiling regex-automata v0.3.7
[INFO] [stderr]    Compiling block-buffer v0.10.4
[INFO] [stderr]    Compiling inout v0.1.3
[INFO] [stderr]    Compiling getrandom v0.2.10
[INFO] [stderr]    Compiling universal-hash v0.5.1
[INFO] [stderr]    Compiling digest v0.10.7
[INFO] [stderr]    Compiling aead v0.5.2
[INFO] [stderr]    Compiling cipher v0.4.4
[INFO] [stderr]    Compiling ec25519 v0.1.0
[INFO] [stderr]    Compiling polyval v0.6.1
[INFO] [stderr]    Compiling rand_core v0.6.4
[INFO] [stderr]    Compiling xattr v1.1.1
[INFO] [stderr]    Compiling filetime v0.2.21
[INFO] [stderr]    Compiling url v2.5.0
[INFO] [stderr]    Compiling sha2 v0.10.8
[INFO] [stderr]    Compiling aes v0.8.3
[INFO] [stderr]    Compiling ctr v0.9.2
[INFO] [stderr]    Compiling sha3 v0.10.8
[INFO] [stderr]    Compiling ghash v0.5.0
[INFO] [stderr]    Compiling amplify_syn v2.0.1
[INFO] [stderr]    Compiling base32 v0.4.0
[INFO] [stderr]    Compiling crossbeam-utils v0.8.17
[INFO] [stderr]    Compiling unicode-width v0.1.13
[INFO] [stderr]    Compiling rustix v0.38.6
[INFO] [stderr]    Compiling radicle-std-ext v0.1.0
[INFO] [stderr]    Compiling data-encoding v2.5.0
[INFO] [stderr]    Compiling zeroize v1.7.0
[INFO] [stderr]    Compiling aes-gcm v0.10.3
[INFO] [stderr]    Compiling ssh-encoding v0.2.0
[INFO] [stderr]    Compiling tar v0.4.40
[INFO] [stderr]    Compiling cbc v0.1.2
[INFO] [stderr]    Compiling chacha20 v0.9.1
[INFO] [stderr]    Compiling blowfish v0.9.1
[INFO] [stderr]    Compiling pbkdf2 v0.12.2
[INFO] [stderr]    Compiling flate2 v1.0.28
[INFO] [stderr]    Compiling poly1305 v0.8.0
[INFO] [stderr]    Compiling tree-sitter v0.20.10
[INFO] [stderr]    Compiling libz-sys v1.1.12
[INFO] [stderr]    Compiling libgit2-sys v0.16.1+1.7.1
[INFO] [stderr]    Compiling sqlite3-src v0.5.1
[INFO] [stderr]    Compiling lock_api v0.4.11
[INFO] [stderr]    Compiling num-traits v0.2.16
[INFO] [stderr]    Compiling linux-raw-sys v0.4.5
[INFO] [stderr]    Compiling equivalent v1.0.1
[INFO] [stderr]    Compiling serde_json v1.0.108
[INFO] [stderr]    Compiling parking_lot_core v0.9.9
[INFO] [stderr]    Compiling indexmap v2.1.0
[INFO] [stderr]    Compiling amplify_derive v4.0.0
[INFO] [stderr]    Compiling data-encoding-macro-internal v0.1.12
[INFO] [stderr]    Compiling ssh-cipher v0.2.0
[INFO] [stderr]    Compiling bcrypt-pbkdf v0.10.0
[INFO] [stderr]    Compiling rand v0.8.5
[INFO] [stderr]    Compiling regex v1.9.4
[INFO] [stderr]    Compiling signal-hook-registry v1.4.1
[INFO] [stderr]    Compiling base-x v0.2.11
[INFO] [stderr]    Compiling utf8parse v0.2.1
[INFO] [stderr]    Compiling data-encoding-macro v0.1.14
[INFO] [stderr]    Compiling anstyle-query v1.0.2
[INFO] [stderr]    Compiling signature v2.2.0
[INFO] [stderr]    Compiling scopeguard v1.2.0
[INFO] [stderr]    Compiling smallvec v1.11.0
[INFO] [stderr]    Compiling ssh-key v0.6.3
[INFO] [stderr]    Compiling qcheck v1.0.0
[INFO] [stderr]    Compiling crossbeam-channel v0.5.9
[INFO] [stderr]    Compiling multibase v0.9.1
[INFO] [stderr]    Compiling anstyle-parse v0.2.3
[INFO] [stderr]    Compiling mio v0.8.10
[INFO] [stderr]    Compiling time v0.1.45
[INFO] [stderr]    Compiling paste v1.0.14
[INFO] [stderr]    Compiling cfg_aliases v0.1.1
[INFO] [stderr]    Compiling iana-time-zone v0.1.57
[INFO] [stderr]    Compiling lazy_static v1.5.0
[INFO] [stderr]    Compiling siphasher v0.3.10
[INFO] [stderr]    Compiling anstyle v1.0.6
[INFO] [stderr]    Compiling powerfmt v0.2.0
[INFO] [stderr]    Compiling colorchoice v1.0.0
[INFO] [stderr]    Compiling either v1.9.0
[INFO] [stderr]    Compiling signal-hook v0.3.17
[INFO] [stderr]    Compiling heck v0.5.0
[INFO] [stderr]    Compiling deranged v0.3.11
[INFO] [stderr]    Compiling anstream v0.6.13
[INFO] [stderr]    Compiling chrono v0.4.26
[INFO] [stderr]    Compiling itertools v0.13.0
[INFO] [stderr]    Compiling phf_shared v0.11.2
[INFO] [stderr]    Compiling nix v0.28.0
[INFO] [stderr]    Compiling parking_lot v0.12.1
[INFO] [stderr]    Compiling castaway v0.2.2
[INFO] [stderr]    Compiling radicle-dag v0.9.0
[INFO] [stderr]    Compiling memoffset v0.7.1
[INFO] [stderr]    Compiling escargot v0.5.10
[INFO] [stderr]    Compiling time-core v0.1.2
[INFO] [stderr]    Compiling num-conv v0.1.0
[INFO] [stderr]    Compiling static_assertions v1.1.0
[INFO] [stderr]    Compiling num_threads v0.1.6
[INFO] [stderr]    Compiling compact_str v0.7.1
[INFO] [stderr]    Compiling tempfile v3.7.0
[INFO] [stderr]    Compiling snapbox-macros v0.3.8
[INFO] [stderr]    Compiling phf v0.11.2
[INFO] [stderr]    Compiling time v0.3.34
[INFO] [stderr]    Compiling colored v2.1.0
[INFO] [stderr]    Compiling thiserror-impl v1.0.44
[INFO] [stderr]    Compiling serde_derive v1.0.195
[INFO] [stderr]    Compiling amplify v4.6.0
[INFO] [stderr]    Compiling strum_macros v0.26.4
[INFO] [stderr]    Compiling stability v0.2.1
[INFO] [stderr]    Compiling radicle-surf v0.21.0
[INFO] [stderr]    Compiling tree-sitter-ruby v0.20.1
[INFO] [stderr]    Compiling tree-sitter-html v0.20.0
[INFO] [stderr]    Compiling tree-sitter-css v0.20.0
[INFO] [stderr]    Compiling tree-sitter-bash v0.20.5
[INFO] [stderr]    Compiling cyphergraphy v0.3.0
[INFO] [stderr]    Compiling tree-sitter-toml v0.20.0
[INFO] [stderr]    Compiling tree-sitter-md v0.1.7
[INFO] [stderr]    Compiling tree-sitter-go v0.20.0
[INFO] [stderr]    Compiling unicode-truncate v1.1.0
[INFO] [stderr]    Compiling tree-sitter-rust v0.20.4
[INFO] [stderr]    Compiling tree-sitter-python v0.20.4
[INFO] [stderr]    Compiling tree-sitter-typescript v0.20.5
[INFO] [stderr]    Compiling cypheraddr v0.4.0
[INFO] [stderr]    Compiling tree-sitter-c v0.20.8
[INFO] [stderr]    Compiling tree-sitter-json v0.20.2
[INFO] [stderr]    Compiling newline-converter v0.3.0
[INFO] [stderr]    Compiling termion v2.0.3
[INFO] [stderr]    Compiling termion v4.0.2
[INFO] [stderr]    Compiling lru v0.12.2
[INFO] [stderr]    Compiling fxhash v0.2.1
[INFO] [stderr]    Compiling yansi v0.5.1
[INFO] [stderr]    Compiling similar v2.5.0
[INFO] [stderr]    Compiling diff v0.1.13
[INFO] [stderr]    Compiling base64 v0.21.7
[INFO] [stderr]    Compiling cassowary v0.3.0
[INFO] [stderr]    Compiling dyn-clone v1.0.16
[INFO] [stderr]    Compiling siphasher v1.0.0
[INFO] [stderr]    Compiling socks5-client v0.4.1
[INFO] [stderr]    Compiling shlex v1.3.0
[INFO] [stderr]    Compiling base64 v0.13.1
[INFO] [stderr]    Compiling normalize-line-endings v0.3.0
[INFO] [stderr]    Compiling nonempty v0.5.0
[INFO] [stderr]    Compiling cyphernet v0.5.2
[INFO] [stderr]    Compiling inquire v0.7.5
[INFO] [stderr]    Compiling pretty_assertions v1.4.0
[INFO] [stderr]    Compiling git-ref-format-core v0.3.0
[INFO] [stderr]    Compiling radicle-ssh v0.9.0
[INFO] [stderr]    Compiling snapbox v0.4.17
[INFO] [stderr]    Compiling git-ref-format-macro v0.3.0
[INFO] [stderr]    Compiling strum v0.26.1
[INFO] [stderr]    Compiling ratatui v0.27.0
[INFO] [stderr]    Compiling signal-hook-mio v0.2.3
[INFO] [stderr]    Compiling tokio-macros v2.2.0
[INFO] [stderr]    Compiling isolang v2.3.0
[INFO] [stderr]    Compiling radicle-signals v0.9.0
[INFO] [stderr]    Compiling radicle-surf v0.18.0
[INFO] [stderr]    Compiling unicode-display-width v0.3.0
[INFO] [stderr]    Compiling termion v3.0.0
[INFO] [stderr]    Compiling num_cpus v1.16.0
[INFO] [stderr]    Compiling socket2 v0.5.5
[INFO] [stderr]    Compiling bitflags v1.3.2
[INFO] [stderr]    Compiling pin-utils v0.1.0
[INFO] [stderr]    Compiling bytes v1.5.0
[INFO] [stderr]    Compiling pin-project-lite v0.2.13
[INFO] [stderr]    Compiling radicle-cli v0.10.0
[INFO] [stderr]    Compiling nix v0.26.4
[INFO] [stderr]    Compiling xterm-query v0.4.0
[INFO] [stderr]    Compiling crossterm v0.27.0
[INFO] [stderr]    Compiling tokio v1.36.0
[INFO] [stderr]    Compiling tree-sitter-highlight v0.20.1
[INFO] [stderr]    Compiling thread-id v3.3.0
[INFO] [stderr]    Compiling thread_local v1.1.8
[INFO] [stderr]    Compiling lexopt v0.3.0
[INFO] [stderr]    Compiling minimal-lexical v0.2.1
[INFO] [stderr]    Compiling unicode-linebreak v0.1.5
[INFO] [stderr]    Compiling futures-core v0.3.30
[INFO] [stderr]    Compiling radicle-tui v0.5.1 (/opt/rustwide/workdir)
[INFO] [stderr]    Compiling smawk v0.3.1
[INFO] [stderr]    Compiling coolor v0.9.0
[INFO] [stderr]    Compiling nom v7.1.3
[INFO] [stderr]    Compiling fuzzy-matcher v0.3.7
[INFO] [stderr]    Compiling terminal-light v1.4.0
[INFO] [stderr]    Compiling tui-tree-widget v0.21.0
[INFO] [stderr]    Compiling tui-textarea v0.5.1
[INFO] [stderr]    Compiling textwrap v0.16.0
[INFO] [stderr]    Compiling simple-logging v2.0.2
[INFO] [stderr]    Compiling nonempty v0.9.0
[INFO] [stderr]    Compiling localtime v1.3.0
[INFO] [stderr]    Compiling homedir v0.3.3
[INFO] [stderr]    Compiling git-ref-format v0.3.0
[INFO] [stderr]    Compiling tokio-stream v0.1.14
[INFO] [stderr]    Compiling git2 v0.18.1
[INFO] [stderr]    Compiling sqlite3-sys v0.15.2
[INFO] [stderr]    Compiling sqlite v0.32.0
[INFO] [stderr]    Compiling radicle-git-ext v0.7.0
[INFO] [stderr]    Compiling radicle-term v0.10.0
[INFO] [stderr]    Compiling radicle-crypto v0.10.0
[INFO] [stderr]    Compiling radicle-cob v0.11.0
[INFO] [stderr]    Compiling radicle v0.11.0
[INFO] [stderr]    Compiling timeago v0.4.2
[INFO] [stderr]    Compiling radicle-cli-test v0.10.0
[INFO] [stderr]     Finished `dev` profile [unoptimized + debuginfo] target(s) in 38.83s
[INFO] running `Command { std: "docker" "inspect" "687929e977bbf2fdc1964e2c0a7fb5a4a42f280450767c6b0779ba95f836210c", kill_on_drop: false }`
[INFO] running `Command { std: "docker" "rm" "-f" "687929e977bbf2fdc1964e2c0a7fb5a4a42f280450767c6b0779ba95f836210c", kill_on_drop: false }`
[INFO] [stdout] 687929e977bbf2fdc1964e2c0a7fb5a4a42f280450767c6b0779ba95f836210c
[INFO] running `Command { std: "docker" "create" "-v" "/var/lib/crater-agent-workspace/builds/worker-2-tc2/target:/opt/rustwide/target:rw,Z" "-v" "/var/lib/crater-agent-workspace/builds/worker-2-tc2/source:/opt/rustwide/workdir:ro,Z" "-v" "/var/lib/crater-agent-workspace/cargo-home:/opt/rustwide/cargo-home:ro,Z" "-v" "/var/lib/crater-agent-workspace/rustup-home:/opt/rustwide/rustup-home:ro,Z" "-e" "SOURCE_DIR=/opt/rustwide/workdir" "-e" "CARGO_TARGET_DIR=/opt/rustwide/target" "-e" "CARGO_INCREMENTAL=0" "-e" "RUST_BACKTRACE=full" "-e" "RUSTFLAGS=--cap-lints=forbid -Zrandomize-layout" "-e" "RUSTDOCFLAGS=--cap-lints=forbid" "-e" "CARGO_HOME=/opt/rustwide/cargo-home" "-e" "RUSTUP_HOME=/opt/rustwide/rustup-home" "-w" "/opt/rustwide/workdir" "-m" "1610612736" "--user" "0:0" "--network" "none" "ghcr.io/rust-lang/crates-build-env/linux@sha256:4a844ea9eb2546a2d2c7022eacef16ef2e8229c7fbb2c7d4d55a9ceca922f72d" "/opt/rustwide/cargo-home/bin/cargo" "+nightly-2024-10-28" "test" "--frozen" "--no-run" "--message-format=json", kill_on_drop: false }`
[INFO] [stdout] d89a092e7347a47fdb9609b1b6a810e768c2991695384394b47639b912cd8096
[INFO] running `Command { std: "docker" "start" "-a" "d89a092e7347a47fdb9609b1b6a810e768c2991695384394b47639b912cd8096", kill_on_drop: false }`
[INFO] [stderr]    Compiling radicle-tui v0.5.1 (/opt/rustwide/workdir)
[INFO] [stderr]     Finished `test` profile [unoptimized + debuginfo] target(s) in 1.67s
[INFO] running `Command { std: "docker" "inspect" "d89a092e7347a47fdb9609b1b6a810e768c2991695384394b47639b912cd8096", kill_on_drop: false }`
[INFO] running `Command { std: "docker" "rm" "-f" "d89a092e7347a47fdb9609b1b6a810e768c2991695384394b47639b912cd8096", kill_on_drop: false }`
[INFO] [stdout] d89a092e7347a47fdb9609b1b6a810e768c2991695384394b47639b912cd8096
[INFO] running `Command { std: "docker" "create" "-v" "/var/lib/crater-agent-workspace/builds/worker-2-tc2/target:/opt/rustwide/target:rw,Z" "-v" "/var/lib/crater-agent-workspace/builds/worker-2-tc2/source:/opt/rustwide/workdir:ro,Z" "-v" "/var/lib/crater-agent-workspace/cargo-home:/opt/rustwide/cargo-home:ro,Z" "-v" "/var/lib/crater-agent-workspace/rustup-home:/opt/rustwide/rustup-home:ro,Z" "-e" "SOURCE_DIR=/opt/rustwide/workdir" "-e" "CARGO_TARGET_DIR=/opt/rustwide/target" "-e" "CARGO_INCREMENTAL=0" "-e" "RUST_BACKTRACE=full" "-e" "RUSTFLAGS=--cap-lints=forbid -Zrandomize-layout" "-e" "RUSTDOCFLAGS=--cap-lints=forbid" "-e" "CARGO_HOME=/opt/rustwide/cargo-home" "-e" "RUSTUP_HOME=/opt/rustwide/rustup-home" "-w" "/opt/rustwide/workdir" "-m" "1610612736" "--user" "0:0" "--network" "none" "ghcr.io/rust-lang/crates-build-env/linux@sha256:4a844ea9eb2546a2d2c7022eacef16ef2e8229c7fbb2c7d4d55a9ceca922f72d" "/opt/rustwide/cargo-home/bin/cargo" "+nightly-2024-10-28" "test" "--frozen", kill_on_drop: false }`
[INFO] [stdout] 2ea687d74f5a5675f67771b2cf7e887d59f264a0f81bac2231b02f15c53fefc4
[INFO] running `Command { std: "docker" "start" "-a" "2ea687d74f5a5675f67771b2cf7e887d59f264a0f81bac2231b02f15c53fefc4", kill_on_drop: false }`
[INFO] [stderr]     Finished `test` profile [unoptimized + debuginfo] target(s) in 0.18s
[INFO] [stderr]      Running unittests src/lib.rs (/opt/rustwide/target/debug/deps/radicle_tui-ed7a0800958547b5)
[INFO] [stdout] 
[INFO] [stdout] running 5 tests
[INFO] [stdout] test ui::test::state_value_apply_should_succeed ... ok
[INFO] [stdout] test ui::test::state_value_read_buffer_should_succeed ... ok
[INFO] [stdout] test ui::test::state_value_read_should_succeed ... ok
[INFO] [stdout] test ui::test::state_value_reset_after_apply_should_succeed ... ok
[INFO] [stdout] test ui::test::state_value_reset_should_succeed ... ok
[INFO] [stdout] 
[INFO] [stdout] test result: ok. 5 passed; 0 failed; 0 ignored; 0 measured; 0 filtered out; finished in 0.00s
[INFO] [stdout] 
[INFO] [stderr]      Running unittests bin/main.rs (/opt/rustwide/target/debug/deps/rad_tui-91c2654991b771a6)
[INFO] [stdout] 
[INFO] [stdout] running 9 tests
[INFO] [stdout] test cob::issue::tests::issue_filter_display_with_state_and_assigned_should_succeed ... ok
[INFO] [stdout] test cob::issue::tests::issue_filter_display_with_state_should_succeed ... ok
[INFO] [stdout] test cob::patch::tests::patch_filter_display_with_status_and_author_should_succeed ... ok
[INFO] [stdout] test cob::patch::tests::patch_filter_display_with_status_and_authored_should_succeed ... ok
[INFO] [stdout] test cob::issue::tests::issue_filter_display_with_status_and_author_should_succeed ... ok
[INFO] [stdout] test cob::patch::tests::patch_filter_display_with_status_should_succeed ... ok
[INFO] [stdout] test ui::items::tests::issue_item_filter_from_str_should_succeed ... ok
[INFO] [stdout] test ui::items::tests::notification_item_filter_from_str_should_succeed ... ok
[INFO] [stdout] test ui::items::tests::patch_item_filter_from_str_should_succeed ... ok
[INFO] [stdout] 
[INFO] [stdout] test result: ok. 9 passed; 0 failed; 0 ignored; 0 measured; 0 filtered out; finished in 0.00s
[INFO] [stdout] 
[INFO] [stderr]    Doc-tests radicle_tui
[INFO] [stdout] 
[INFO] [stdout] running 1 test
[INFO] [stdout] test src/ui/im/widget.rs - ui::im::widget::TextEdit<'a>::new (line 880) ... FAILED
[INFO] [stdout] 
[INFO] [stdout] failures:
[INFO] [stdout] 
[INFO] [stdout] ---- src/ui/im/widget.rs - ui::im::widget::TextEdit<'a>::new (line 880) stdout ----
[INFO] [stdout] error[E0433]: failed to resolve: use of undeclared type `TextEditState`
[INFO] [stdout]  --> src/ui/im/widget.rs:881:17
[INFO] [stdout]   |
[INFO] [stdout] 3 | let mut state = TextEditState::default();
[INFO] [stdout]   |                 ^^^^^^^^^^^^^ use of undeclared type `TextEditState`
[INFO] [stdout]   |
[INFO] [stdout] help: consider importing this struct
[INFO] [stdout]   |
[INFO] [stdout] 2 + use radicle_tui::ui::im::widget::TextEditState;
[INFO] [stdout]   |
[INFO] [stdout] 
[INFO] [stdout] error[E0433]: failed to resolve: use of undeclared crate or module `im`
[INFO] [stdout]  --> src/ui/im/widget.rs:882:14
[INFO] [stdout]   |
[INFO] [stdout] 4 | let output = im::widget::TextEdit::new(&mut text, &mut cursor).show(ui, frame);
[INFO] [stdout]   |              ^^ use of undeclared crate or module `im`
[INFO] [stdout]   |
[INFO] [stdout] help: consider importing this struct
[INFO] [stdout]   |
[INFO] [stdout] 2 + use radicle_tui::ui::im::widget::TextEdit;
[INFO] [stdout]   |
[INFO] [stdout] help: if you import `TextEdit`, refer to it directly
[INFO] [stdout]   |
[INFO] [stdout] 4 - let output = im::widget::TextEdit::new(&mut text, &mut cursor).show(ui, frame);
[INFO] [stdout] 4 + let output = TextEdit::new(&mut text, &mut cursor).show(ui, frame);
[INFO] [stdout]   |
[INFO] [stdout] 
[INFO] [stdout] error[E0425]: cannot find value `text` in this scope
[INFO] [stdout]  --> src/ui/im/widget.rs:882:45
[INFO] [stdout]   |
[INFO] [stdout] 4 | let output = im::widget::TextEdit::new(&mut text, &mut cursor).show(ui, frame);
[INFO] [stdout]   |                                             ^^^^ not found in this scope
[INFO] [stdout] 
[INFO] [stdout] error[E0425]: cannot find value `cursor` in this scope
[INFO] [stdout]  --> src/ui/im/widget.rs:882:56
[INFO] [stdout]   |
[INFO] [stdout] 4 | let output = im::widget::TextEdit::new(&mut text, &mut cursor).show(ui, frame);
[INFO] [stdout]   |                                                        ^^^^^^ not found in this scope
[INFO] [stdout] 
[INFO] [stdout] error[E0425]: cannot find value `ui` in this scope
[INFO] [stdout]  --> src/ui/im/widget.rs:882:69
[INFO] [stdout]   |
[INFO] [stdout] 4 | let output = im::widget::TextEdit::new(&mut text, &mut cursor).show(ui, frame);
[INFO] [stdout]   |                                                                     ^^ not found in this scope
[INFO] [stdout] 
[INFO] [stdout] error[E0425]: cannot find value `frame` in this scope
[INFO] [stdout]  --> src/ui/im/widget.rs:882:73
[INFO] [stdout]   |
[INFO] [stdout] 4 | let output = im::widget::TextEdit::new(&mut text, &mut cursor).show(ui, frame);
[INFO] [stdout]   |                                                                         ^^^^^ not found in this scope
[INFO] [stdout] 
[INFO] [stdout] error: aborting due to 6 previous errors
[INFO] [stdout] 
[INFO] [stdout] Some errors have detailed explanations: E0425, E0433.
[INFO] [stdout] For more information about an error, try `rustc --explain E0425`.
[INFO] [stdout] Couldn't compile the test.
[INFO] [stdout] 
[INFO] [stdout] failures:
[INFO] [stdout]     src/ui/im/widget.rs - ui::im::widget::TextEdit<'a>::new (line 880)
[INFO] [stdout] 
[INFO] [stdout] test result: FAILED. 0 passed; 1 failed; 0 ignored; 0 measured; 0 filtered out; finished in 0.12s
[INFO] [stdout] 
[INFO] [stderr] error: doctest failed, to rerun pass `--doc`
[INFO] running `Command { std: "docker" "inspect" "2ea687d74f5a5675f67771b2cf7e887d59f264a0f81bac2231b02f15c53fefc4", kill_on_drop: false }`
[INFO] running `Command { std: "docker" "rm" "-f" "2ea687d74f5a5675f67771b2cf7e887d59f264a0f81bac2231b02f15c53fefc4", kill_on_drop: false }`
[INFO] [stdout] 2ea687d74f5a5675f67771b2cf7e887d59f264a0f81bac2231b02f15c53fefc4
