[INFO] fetching crate racoon 0.1.7...
[INFO] testing racoon-0.1.7 against nightly-2024-10-28+rustflags=-Zrandomize-layout for randomize-layout
[INFO] extracting crate racoon 0.1.7 into /workspace/builds/worker-3-tc2/source
[INFO] validating manifest of crates.io crate racoon 0.1.7 on toolchain nightly-2024-10-28
[INFO] running `Command { std: CARGO_HOME="/workspace/cargo-home" RUSTUP_HOME="/workspace/rustup-home" "/workspace/cargo-home/bin/cargo" "+nightly-2024-10-28" "metadata" "--manifest-path" "Cargo.toml" "--no-deps", kill_on_drop: false }`
[INFO] started tweaking crates.io crate racoon 0.1.7
[INFO] finished tweaking crates.io crate racoon 0.1.7
[INFO] tweaked toml for crates.io crate racoon 0.1.7 written to /workspace/builds/worker-3-tc2/source/Cargo.toml
[INFO] crate crates.io crate racoon 0.1.7 already has a lockfile, it will not be regenerated
[INFO] running `Command { std: CARGO_HOME="/workspace/cargo-home" RUSTUP_HOME="/workspace/rustup-home" "/workspace/cargo-home/bin/cargo" "+nightly-2024-10-28" "fetch" "--manifest-path" "Cargo.toml", kill_on_drop: false }`
[INFO] running `Command { std: "docker" "create" "-v" "/var/lib/crater-agent-workspace/builds/worker-3-tc2/target:/opt/rustwide/target:rw,Z" "-v" "/var/lib/crater-agent-workspace/builds/worker-3-tc2/source:/opt/rustwide/workdir:ro,Z" "-v" "/var/lib/crater-agent-workspace/cargo-home:/opt/rustwide/cargo-home:ro,Z" "-v" "/var/lib/crater-agent-workspace/rustup-home:/opt/rustwide/rustup-home:ro,Z" "-e" "SOURCE_DIR=/opt/rustwide/workdir" "-e" "CARGO_TARGET_DIR=/opt/rustwide/target" "-e" "CARGO_HOME=/opt/rustwide/cargo-home" "-e" "RUSTUP_HOME=/opt/rustwide/rustup-home" "-w" "/opt/rustwide/workdir" "-m" "1610612736" "--user" "0:0" "--network" "none" "ghcr.io/rust-lang/crates-build-env/linux@sha256:4a844ea9eb2546a2d2c7022eacef16ef2e8229c7fbb2c7d4d55a9ceca922f72d" "/opt/rustwide/cargo-home/bin/cargo" "+nightly-2024-10-28" "metadata" "--no-deps" "--format-version=1", kill_on_drop: false }`
[INFO] [stdout] bf69f503c20db90673e440ffff4ec79980b1d014b6cac7a18f55a17077cd82f3
[INFO] running `Command { std: "docker" "start" "-a" "bf69f503c20db90673e440ffff4ec79980b1d014b6cac7a18f55a17077cd82f3", kill_on_drop: false }`
[INFO] running `Command { std: "docker" "inspect" "bf69f503c20db90673e440ffff4ec79980b1d014b6cac7a18f55a17077cd82f3", kill_on_drop: false }`
[INFO] running `Command { std: "docker" "rm" "-f" "bf69f503c20db90673e440ffff4ec79980b1d014b6cac7a18f55a17077cd82f3", kill_on_drop: false }`
[INFO] [stdout] bf69f503c20db90673e440ffff4ec79980b1d014b6cac7a18f55a17077cd82f3
[INFO] running `Command { std: "docker" "create" "-v" "/var/lib/crater-agent-workspace/builds/worker-3-tc2/target:/opt/rustwide/target:rw,Z" "-v" "/var/lib/crater-agent-workspace/builds/worker-3-tc2/source:/opt/rustwide/workdir:ro,Z" "-v" "/var/lib/crater-agent-workspace/cargo-home:/opt/rustwide/cargo-home:ro,Z" "-v" "/var/lib/crater-agent-workspace/rustup-home:/opt/rustwide/rustup-home:ro,Z" "-e" "SOURCE_DIR=/opt/rustwide/workdir" "-e" "CARGO_TARGET_DIR=/opt/rustwide/target" "-e" "CARGO_INCREMENTAL=0" "-e" "RUST_BACKTRACE=full" "-e" "RUSTFLAGS=--cap-lints=forbid -Zrandomize-layout" "-e" "RUSTDOCFLAGS=--cap-lints=forbid" "-e" "CARGO_HOME=/opt/rustwide/cargo-home" "-e" "RUSTUP_HOME=/opt/rustwide/rustup-home" "-w" "/opt/rustwide/workdir" "-m" "1610612736" "--user" "0:0" "--network" "none" "ghcr.io/rust-lang/crates-build-env/linux@sha256:4a844ea9eb2546a2d2c7022eacef16ef2e8229c7fbb2c7d4d55a9ceca922f72d" "/opt/rustwide/cargo-home/bin/cargo" "+nightly-2024-10-28" "build" "--frozen" "--message-format=json", kill_on_drop: false }`
[INFO] [stdout] ed90c6ce5a2a8457706ff9da0d9047d31eeef97f13a81b68012c57b0f909702e
[INFO] running `Command { std: "docker" "start" "-a" "ed90c6ce5a2a8457706ff9da0d9047d31eeef97f13a81b68012c57b0f909702e", kill_on_drop: false }`
[INFO] [stderr]    Compiling libc v0.2.153
[INFO] [stderr]    Compiling proc-macro2 v1.0.80
[INFO] [stderr]    Compiling autocfg v1.2.0
[INFO] [stderr]    Compiling pkg-config v0.3.30
[INFO] [stderr]    Compiling vcpkg v0.2.15
[INFO] [stderr]    Compiling scopeguard v1.2.0
[INFO] [stderr]    Compiling parking_lot_core v0.9.10
[INFO] [stderr]    Compiling zerocopy v0.7.34
[INFO] [stderr]    Compiling ahash v0.8.11
[INFO] [stderr]    Compiling futures-core v0.3.30
[INFO] [stderr]    Compiling serde v1.0.199
[INFO] [stderr]    Compiling allocator-api2 v0.2.18
[INFO] [stderr]    Compiling tinyvec_macros v0.1.1
[INFO] [stderr]    Compiling futures-sink v0.3.30
[INFO] [stderr]    Compiling crossbeam-utils v0.8.20
[INFO] [stderr]    Compiling tracing-core v0.1.32
[INFO] [stderr]    Compiling tinyvec v1.6.0
[INFO] [stderr]    Compiling dunce v1.0.4
[INFO] [stderr]    Compiling unicode-bidi v0.3.15
[INFO] [stderr]    Compiling serde_json v1.0.116
[INFO] [stderr]    Compiling futures-io v0.3.30
[INFO] [stderr]    Compiling fs_extra v1.3.0
[INFO] [stderr]    Compiling percent-encoding v2.3.1
[INFO] [stderr]    Compiling futures-task v0.3.30
[INFO] [stderr]    Compiling nom v7.1.3
[INFO] [stderr]    Compiling crc-catalog v2.4.0
[INFO] [stderr]    Compiling form_urlencoded v1.2.1
[INFO] [stderr]    Compiling lock_api v0.4.12
[INFO] [stderr]    Compiling slab v0.4.9
[INFO] [stderr]    Compiling num-traits v0.2.19
[INFO] [stderr]    Compiling unicode_categories v0.1.1
[INFO] [stderr]    Compiling ryu v1.0.17
[INFO] [stderr]    Compiling crc v3.2.1
[INFO] [stderr]    Compiling futures-channel v0.3.30
[INFO] [stderr]    Compiling event-listener v2.5.3
[INFO] [stderr]    Compiling byteorder v1.5.0
[INFO] [stderr]    Compiling futures-util v0.3.30
[INFO] [stderr]    Compiling rustix v0.38.32
[INFO] [stderr]    Compiling crossbeam-queue v0.3.11
[INFO] [stderr]    Compiling quote v1.0.36
[INFO] [stderr]    Compiling log v0.4.21
[INFO] [stderr]    Compiling spin v0.9.8
[INFO] [stderr]    Compiling aws-lc-rs v1.7.2
[INFO] [stderr]    Compiling sha2 v0.10.8
[INFO] [stderr]    Compiling syn v1.0.109
[INFO] [stderr]    Compiling syn v2.0.59
[INFO] [stderr]    Compiling urlencoding v2.1.3
[INFO] [stderr]    Compiling bitflags v2.5.0
[INFO] [stderr]    Compiling unicode-normalization v0.1.23
[INFO] [stderr]    Compiling flume v0.11.0
[INFO] [stderr]    Compiling linux-raw-sys v0.4.13
[INFO] [stderr]    Compiling foreign-types-shared v0.1.1
[INFO] [stderr]    Compiling mirai-annotations v1.12.0
[INFO] [stderr]    Compiling rustls-pki-types v1.7.0
[INFO] [stderr]    Compiling fastrand v2.0.2
[INFO] [stderr]    Compiling openssl v0.10.64
[INFO] [stderr]    Compiling unicode-segmentation v1.11.0
[INFO] [stderr]    Compiling foreign-types v0.3.2
[INFO] [stderr]    Compiling jobserver v0.1.31
[INFO] [stderr]    Compiling socket2 v0.5.7
[INFO] [stderr]    Compiling mio v0.8.11
[INFO] [stderr]    Compiling getrandom v0.2.14
[INFO] [stderr]    Compiling cc v1.0.94
[INFO] [stderr]    Compiling parking_lot v0.12.3
[INFO] [stderr]    Compiling idna v0.5.0
[INFO] [stderr]    Compiling signal-hook-registry v1.4.2
[INFO] [stderr]    Compiling num_cpus v1.16.0
[INFO] [stderr]    Compiling heck v0.4.1
[INFO] [stderr]    Compiling atoi v2.0.0
[INFO] [stderr]    Compiling tokio v1.38.0
[INFO] [stderr]    Compiling futures-intrusive v0.5.0
[INFO] [stderr]    Compiling hashbrown v0.14.5
[INFO] [stderr]    Compiling dotenvy v0.15.7
[INFO] [stderr]    Compiling untrusted v0.9.0
[INFO] [stderr]    Compiling url v2.5.0
[INFO] [stderr]    Compiling rustls v0.23.8
[INFO] [stderr]    Compiling native-tls v0.2.12
[INFO] [stderr]    Compiling utf8parse v0.2.1
[INFO] [stderr]    Compiling anstyle-parse v0.2.3
[INFO] [stderr]    Compiling rand_core v0.6.4
[INFO] [stderr]    Compiling regex v1.10.4
[INFO] [stderr]    Compiling cmake v0.1.50
[INFO] [stderr]    Compiling openssl-probe v0.1.5
[INFO] [stderr]    Compiling bytes v0.5.6
[INFO] [stderr]    Compiling colorchoice v1.0.0
[INFO] [stderr]    Compiling pin-project-lite v0.1.12
[INFO] [stderr]    Compiling httparse v1.8.0
[INFO] [stderr]    Compiling anstyle-query v1.0.2
[INFO] [stderr]    Compiling anstyle v1.0.6
[INFO] [stderr]    Compiling indexmap v2.2.6
[INFO] [stderr]    Compiling hashlink v0.8.4
[INFO] [stderr]    Compiling subtle v2.5.0
[INFO] [stderr]    Compiling rand_chacha v0.3.1
[INFO] [stderr]    Compiling tokio v0.2.25
[INFO] [stderr]    Compiling env_filter v0.1.0
[INFO] [stderr]    Compiling anstream v0.6.13
[INFO] [stderr]    Compiling base64 v0.22.0
[INFO] [stderr]    Compiling humantime v2.1.0
[INFO] [stderr]    Compiling chrono v0.4.38
[INFO] [stderr]    Compiling env_logger v0.11.3
[INFO] [stderr]    Compiling rustls-pemfile v2.1.2
[INFO] [stderr]    Compiling rand v0.8.5
[INFO] [stderr]    Compiling uuid v1.8.0
[INFO] [stderr]    Compiling sha1 v0.10.6
[INFO] [stderr]    Compiling matchit v0.8.0
[INFO] [stderr]    Compiling aws-lc-sys v0.17.0
[INFO] [stderr]    Compiling libsqlite3-sys v0.27.0
[INFO] [stderr]    Compiling openssl-sys v0.9.102
[INFO] [stderr]    Compiling futures-executor v0.3.30
[INFO] [stderr]    Compiling tempfile v3.10.1
[INFO] [stderr]    Compiling serde_derive v1.0.199
[INFO] [stderr]    Compiling tracing-attributes v0.1.27
[INFO] [stderr]    Compiling thiserror-impl v1.0.61
[INFO] [stderr]    Compiling tokio-macros v2.3.0
[INFO] [stderr]    Compiling zeroize_derive v1.4.2
[INFO] [stderr]    Compiling openssl-macros v0.1.1
[INFO] [stderr]    Compiling tokio-stream v0.1.15
[INFO] [stderr]    Compiling zeroize v1.8.1
[INFO] [stderr]    Compiling thiserror v1.0.61
[INFO] [stderr]    Compiling tracing v0.1.40
[INFO] [stderr]    Compiling tokio-tls v0.3.1
[INFO] [stderr]    Compiling async-tempfile v0.5.0
[INFO] [stderr]    Compiling either v1.12.0
[INFO] [stderr]    Compiling itertools v0.12.1
[INFO] [stderr]    Compiling rustls-webpki v0.102.4
[INFO] [stderr]    Compiling sqlformat v0.2.3
[INFO] [stderr]    Compiling tokio-rustls v0.26.0
[INFO] [stderr]    Compiling sqlx-core v0.7.4
[INFO] [stderr]    Compiling sqlx-sqlite v0.7.4
[INFO] [stderr]    Compiling sqlx-macros-core v0.7.4
[INFO] [stderr]    Compiling sqlx-macros v0.7.4
[INFO] [stderr]    Compiling sqlx v0.7.4
[INFO] [stderr]    Compiling racoon v0.1.7 (/opt/rustwide/workdir)
[INFO] [stdout] warning: elided lifetime has a name
[INFO] [stdout]   --> src/core/stream/mod.rs:23:67
[INFO] [stdout]    |
[INFO] [stdout] 23 |     fn restore_payload<'a>(&'a self, bytes: &[u8]) -> StreamResult<std::io::Result<()>>;
[INFO] [stdout]    |                        -- lifetime `'a` declared here             ^ this elided lifetime gets resolved as `'a`
[INFO] [stdout]    |
[INFO] [stdout]    = note: `#[warn(elided_named_lifetimes)]` on by default
[INFO] [stdout] 
[INFO] [stdout] 
[INFO] [stdout] warning: elided lifetime has a name
[INFO] [stdout]   --> src/core/stream/mod.rs:26:66
[INFO] [stdout]    |
[INFO] [stdout] 26 |     fn write_chunk<'a>(&'a self, bytes: &'a [u8]) -> StreamResult<std::io::Result<()>>;
[INFO] [stdout]    |                    -- lifetime `'a` declared here                ^ this elided lifetime gets resolved as `'a`
[INFO] [stdout] 
[INFO] [stdout] 
[INFO] [stdout] warning: elided lifetime has a name
[INFO] [stdout]   --> src/core/stream/mod.rs:91:67
[INFO] [stdout]    |
[INFO] [stdout] 91 |     fn restore_payload<'a>(&'a self, bytes: &[u8]) -> StreamResult<std::io::Result<()>> {
[INFO] [stdout]    |                        -- lifetime `'a` declared here             ^ this elided lifetime gets resolved as `'a`
[INFO] [stdout] 
[INFO] [stdout] 
[INFO] [stdout] warning: elided lifetime has a name
[INFO] [stdout]    --> src/core/stream/mod.rs:152:65
[INFO] [stdout]     |
[INFO] [stdout] 152 |     fn write_chunk<'a>(&'a self, data: &'a [u8]) -> StreamResult<std::io::Result<()>> {
[INFO] [stdout]     |                    -- lifetime `'a` declared here               ^ this elided lifetime gets resolved as `'a`
[INFO] [stdout] 
[INFO] [stdout] 
[INFO] [stderr]     Finished `dev` profile [unoptimized + debuginfo] target(s) in 32.20s
[INFO] running `Command { std: "docker" "inspect" "ed90c6ce5a2a8457706ff9da0d9047d31eeef97f13a81b68012c57b0f909702e", kill_on_drop: false }`
[INFO] running `Command { std: "docker" "rm" "-f" "ed90c6ce5a2a8457706ff9da0d9047d31eeef97f13a81b68012c57b0f909702e", kill_on_drop: false }`
[INFO] [stdout] ed90c6ce5a2a8457706ff9da0d9047d31eeef97f13a81b68012c57b0f909702e
[INFO] running `Command { std: "docker" "create" "-v" "/var/lib/crater-agent-workspace/builds/worker-3-tc2/target:/opt/rustwide/target:rw,Z" "-v" "/var/lib/crater-agent-workspace/builds/worker-3-tc2/source:/opt/rustwide/workdir:ro,Z" "-v" "/var/lib/crater-agent-workspace/cargo-home:/opt/rustwide/cargo-home:ro,Z" "-v" "/var/lib/crater-agent-workspace/rustup-home:/opt/rustwide/rustup-home:ro,Z" "-e" "SOURCE_DIR=/opt/rustwide/workdir" "-e" "CARGO_TARGET_DIR=/opt/rustwide/target" "-e" "CARGO_INCREMENTAL=0" "-e" "RUST_BACKTRACE=full" "-e" "RUSTFLAGS=--cap-lints=forbid -Zrandomize-layout" "-e" "RUSTDOCFLAGS=--cap-lints=forbid" "-e" "CARGO_HOME=/opt/rustwide/cargo-home" "-e" "RUSTUP_HOME=/opt/rustwide/rustup-home" "-w" "/opt/rustwide/workdir" "-m" "1610612736" "--user" "0:0" "--network" "none" "ghcr.io/rust-lang/crates-build-env/linux@sha256:4a844ea9eb2546a2d2c7022eacef16ef2e8229c7fbb2c7d4d55a9ceca922f72d" "/opt/rustwide/cargo-home/bin/cargo" "+nightly-2024-10-28" "test" "--frozen" "--no-run" "--message-format=json", kill_on_drop: false }`
[INFO] [stdout] 507f6d8e5618f917313471aa9c79e70f1725a7a820551a1716fef03ecfc14aba
[INFO] running `Command { std: "docker" "start" "-a" "507f6d8e5618f917313471aa9c79e70f1725a7a820551a1716fef03ecfc14aba", kill_on_drop: false }`
[INFO] [stdout] warning: elided lifetime has a name
[INFO] [stdout]   --> src/core/stream/mod.rs:23:67
[INFO] [stdout]    |
[INFO] [stdout] 23 |     fn restore_payload<'a>(&'a self, bytes: &[u8]) -> StreamResult<std::io::Result<()>>;
[INFO] [stdout]    |                        -- lifetime `'a` declared here             ^ this elided lifetime gets resolved as `'a`
[INFO] [stdout]    |
[INFO] [stdout]    = note: `#[warn(elided_named_lifetimes)]` on by default
[INFO] [stdout] 
[INFO] [stdout] 
[INFO] [stdout] warning: elided lifetime has a name
[INFO] [stdout]   --> src/core/stream/mod.rs:26:66
[INFO] [stdout]    |
[INFO] [stdout] 26 |     fn write_chunk<'a>(&'a self, bytes: &'a [u8]) -> StreamResult<std::io::Result<()>>;
[INFO] [stdout]    |                    -- lifetime `'a` declared here                ^ this elided lifetime gets resolved as `'a`
[INFO] [stdout] 
[INFO] [stdout] 
[INFO] [stdout] warning: elided lifetime has a name
[INFO] [stdout]   --> src/core/stream/mod.rs:91:67
[INFO] [stdout]    |
[INFO] [stdout] 91 |     fn restore_payload<'a>(&'a self, bytes: &[u8]) -> StreamResult<std::io::Result<()>> {
[INFO] [stdout]    |                        -- lifetime `'a` declared here             ^ this elided lifetime gets resolved as `'a`
[INFO] [stdout] 
[INFO] [stdout] 
[INFO] [stderr]    Compiling racoon v0.1.7 (/opt/rustwide/workdir)
[INFO] [stdout] warning: elided lifetime has a name
[INFO] [stdout]    --> src/core/stream/mod.rs:152:65
[INFO] [stdout]     |
[INFO] [stdout] 152 |     fn write_chunk<'a>(&'a self, data: &'a [u8]) -> StreamResult<std::io::Result<()>> {
[INFO] [stdout]     |                    -- lifetime `'a` declared here               ^ this elided lifetime gets resolved as `'a`
[INFO] [stdout] 
[INFO] [stdout] 
[INFO] [stdout] warning: elided lifetime has a name
[INFO] [stdout]   --> src/core/stream/mod.rs:23:67
[INFO] [stdout]    |
[INFO] [stdout] 23 |     fn restore_payload<'a>(&'a self, bytes: &[u8]) -> StreamResult<std::io::Result<()>>;
[INFO] [stdout]    |                        -- lifetime `'a` declared here             ^ this elided lifetime gets resolved as `'a`
[INFO] [stdout]    |
[INFO] [stdout]    = note: `#[warn(elided_named_lifetimes)]` on by default
[INFO] [stdout] 
[INFO] [stdout] 
[INFO] [stdout] warning: elided lifetime has a name
[INFO] [stdout]   --> src/core/stream/mod.rs:26:66
[INFO] [stdout]    |
[INFO] [stdout] 26 |     fn write_chunk<'a>(&'a self, bytes: &'a [u8]) -> StreamResult<std::io::Result<()>>;
[INFO] [stdout]    |                    -- lifetime `'a` declared here                ^ this elided lifetime gets resolved as `'a`
[INFO] [stdout] 
[INFO] [stdout] 
[INFO] [stdout] warning: elided lifetime has a name
[INFO] [stdout]   --> src/core/stream/mod.rs:91:67
[INFO] [stdout]    |
[INFO] [stdout] 91 |     fn restore_payload<'a>(&'a self, bytes: &[u8]) -> StreamResult<std::io::Result<()>> {
[INFO] [stdout]    |                        -- lifetime `'a` declared here             ^ this elided lifetime gets resolved as `'a`
[INFO] [stdout] 
[INFO] [stdout] 
[INFO] [stdout] warning: elided lifetime has a name
[INFO] [stdout]    --> src/core/stream/mod.rs:152:65
[INFO] [stdout]     |
[INFO] [stdout] 152 |     fn write_chunk<'a>(&'a self, data: &'a [u8]) -> StreamResult<std::io::Result<()>> {
[INFO] [stdout]     |                    -- lifetime `'a` declared here               ^ this elided lifetime gets resolved as `'a`
[INFO] [stdout] 
[INFO] [stdout] 
[INFO] [stderr]     Finished `test` profile [unoptimized + debuginfo] target(s) in 3.50s
[INFO] running `Command { std: "docker" "inspect" "507f6d8e5618f917313471aa9c79e70f1725a7a820551a1716fef03ecfc14aba", kill_on_drop: false }`
[INFO] running `Command { std: "docker" "rm" "-f" "507f6d8e5618f917313471aa9c79e70f1725a7a820551a1716fef03ecfc14aba", kill_on_drop: false }`
[INFO] [stdout] 507f6d8e5618f917313471aa9c79e70f1725a7a820551a1716fef03ecfc14aba
[INFO] running `Command { std: "docker" "create" "-v" "/var/lib/crater-agent-workspace/builds/worker-3-tc2/target:/opt/rustwide/target:rw,Z" "-v" "/var/lib/crater-agent-workspace/builds/worker-3-tc2/source:/opt/rustwide/workdir:ro,Z" "-v" "/var/lib/crater-agent-workspace/cargo-home:/opt/rustwide/cargo-home:ro,Z" "-v" "/var/lib/crater-agent-workspace/rustup-home:/opt/rustwide/rustup-home:ro,Z" "-e" "SOURCE_DIR=/opt/rustwide/workdir" "-e" "CARGO_TARGET_DIR=/opt/rustwide/target" "-e" "CARGO_INCREMENTAL=0" "-e" "RUST_BACKTRACE=full" "-e" "RUSTFLAGS=--cap-lints=forbid -Zrandomize-layout" "-e" "RUSTDOCFLAGS=--cap-lints=forbid" "-e" "CARGO_HOME=/opt/rustwide/cargo-home" "-e" "RUSTUP_HOME=/opt/rustwide/rustup-home" "-w" "/opt/rustwide/workdir" "-m" "1610612736" "--user" "0:0" "--network" "none" "ghcr.io/rust-lang/crates-build-env/linux@sha256:4a844ea9eb2546a2d2c7022eacef16ef2e8229c7fbb2c7d4d55a9ceca922f72d" "/opt/rustwide/cargo-home/bin/cargo" "+nightly-2024-10-28" "test" "--frozen", kill_on_drop: false }`
[INFO] [stdout] b8d953f2c440ca7b051a1af2600444084e4aa9e31ac459b04c11805437a17eeb
[INFO] running `Command { std: "docker" "start" "-a" "b8d953f2c440ca7b051a1af2600444084e4aa9e31ac459b04c11805437a17eeb", kill_on_drop: false }`
[INFO] [stderr] warning: elided lifetime has a name
[INFO] [stderr]   --> src/core/stream/mod.rs:23:67
[INFO] [stderr]    |
[INFO] [stderr] 23 |     fn restore_payload<'a>(&'a self, bytes: &[u8]) -> StreamResult<std::io::Result<()>>;
[INFO] [stderr]    |                        -- lifetime `'a` declared here             ^ this elided lifetime gets resolved as `'a`
[INFO] [stderr]    |
[INFO] [stderr]    = note: `#[warn(elided_named_lifetimes)]` on by default
[INFO] [stderr] 
[INFO] [stderr] warning: elided lifetime has a name
[INFO] [stderr]   --> src/core/stream/mod.rs:26:66
[INFO] [stderr]    |
[INFO] [stderr] 26 |     fn write_chunk<'a>(&'a self, bytes: &'a [u8]) -> StreamResult<std::io::Result<()>>;
[INFO] [stderr]    |                    -- lifetime `'a` declared here                ^ this elided lifetime gets resolved as `'a`
[INFO] [stderr] 
[INFO] [stderr] warning: elided lifetime has a name
[INFO] [stderr]   --> src/core/stream/mod.rs:91:67
[INFO] [stderr]    |
[INFO] [stderr] 91 |     fn restore_payload<'a>(&'a self, bytes: &[u8]) -> StreamResult<std::io::Result<()>> {
[INFO] [stderr]    |                        -- lifetime `'a` declared here             ^ this elided lifetime gets resolved as `'a`
[INFO] [stderr] 
[INFO] [stderr] warning: elided lifetime has a name
[INFO] [stderr]    --> src/core/stream/mod.rs:152:65
[INFO] [stderr]     |
[INFO] [stderr] 152 |     fn write_chunk<'a>(&'a self, data: &'a [u8]) -> StreamResult<std::io::Result<()>> {
[INFO] [stderr]     |                    -- lifetime `'a` declared here               ^ this elided lifetime gets resolved as `'a`
[INFO] [stderr] 
[INFO] [stderr] warning: `racoon` (lib) generated 4 warnings
[INFO] [stderr] warning: `racoon` (lib test) generated 4 warnings (4 duplicates)
[INFO] [stderr]     Finished `test` profile [unoptimized + debuginfo] target(s) in 0.19s
[INFO] [stderr]      Running unittests src/lib.rs (/opt/rustwide/target/debug/deps/racoon-d32f1ba02f765d27)
[INFO] [stdout] 
[INFO] [stdout] running 27 tests
[INFO] [stdout] test core::headers::tests::test_header_value ... ok
[INFO] [stdout] test core::headers::tests::test_multipart_boundary ... ok
[INFO] [stdout] test core::parser::urlencoded::test::test_no_content_length_parsing ... ok
[INFO] [stdout] test core::parser::urlencoded::test::test_url_encode_parser ... ok
[INFO] [stdout] test core::websocket::frame::reader::test::test_read_single_frame ... ok
[INFO] [stdout] test core::websocket::frame::reader::test::test_read_multiple_frames ... ok
[INFO] [stdout] test core::websocket::frame::builder::test::test_frame_build_server ... ok
[INFO] [stdout] test forms::fields::file_field::tests::test_file_empty ... ok
[INFO] [stdout] test forms::fields::file_field::tests::test_file_optional ... ok
[INFO] [stdout] test forms::fields::file_field::tests::test_file_validate_vec ... ok
[INFO] [stdout] test forms::fields::input_field::test::test_post_validate ... ok
[INFO] [stdout] test forms::fields::input_field::test::test_validate_string ... ok
[INFO] [stdout] test forms::fields::uuid_field::tests::test_uuid_optional_vec ... ok
[INFO] [stdout] test forms::fields::input_field::test::test_validate_vec ... ok
[INFO] [stdout] test forms::fields::input_field::test::test_empty_value_with_length ... ok
[INFO] [stdout] test forms::fields::uuid_field::tests::test_uuid_validate_required ... ok
[INFO] [stdout] test forms::fields::input_field::test::test_validate_optional ... ok
[INFO] [stdout] test forms::fields::input_field::test::test_validate_vec_optional ... ok
[INFO] [stdout] test forms::fields::file_field::tests::test_file_validate_vec_optional ... ok
[INFO] [stdout] test forms::fields::input_field::test::test_value_length ... ok
[INFO] [stdout] test forms::fields::uuid_field::tests::test_uuid_vec ... ok
[INFO] [stdout] test forms::fields::file_field::tests::test_post_validate ... ok
[INFO] [stdout] test forms::fields::file_field::tests::test_file_validate ... ok
[INFO] [stdout] test forms::fields::input_field::test::test_validate_default ... ok
[INFO] [stdout] test forms::fields::uuid_field::tests::test_uuid_optional ... ok
[INFO] [stdout] test core::parser::multipart::tests::test_multipart_parser ... ok
[INFO] [stdout] test core::session::managers::test::test_file_session ... FAILED
[INFO] [stdout] 
[INFO] [stdout] failures:
[INFO] [stdout] 
[INFO] [stdout] ---- core::session::managers::test::test_file_session stdout ----
[INFO] [stdout] thread 'core::session::managers::test::test_file_session' panicked at src/core/session/managers.rs:346:9:
[INFO] [stdout] assertion `left == right` failed
[INFO] [stdout]   left: true
[INFO] [stdout]  right: false
[INFO] [stdout] stack backtrace:
[INFO] [stdout]    0:     0x5cef6aabd6ba - std::backtrace_rs::backtrace::libunwind::trace::h207520d6e9873551
[INFO] [stdout]                                at /rustc/df4ca44d3fbc9301ee17f30f4d474e6ae4b05252/library/std/src/../../backtrace/src/backtrace/libunwind.rs:116:5
[INFO] [stdout]    1:     0x5cef6aabd6ba - std::backtrace_rs::backtrace::trace_unsynchronized::h2ed7433f370e3eca
[INFO] [stdout]                                at /rustc/df4ca44d3fbc9301ee17f30f4d474e6ae4b05252/library/std/src/../../backtrace/src/backtrace/mod.rs:66:5
[INFO] [stdout]    2:     0x5cef6aabd6ba - std::sys::backtrace::_print_fmt::h916fac51166b18d7
[INFO] [stdout]                                at /rustc/df4ca44d3fbc9301ee17f30f4d474e6ae4b05252/library/std/src/sys/backtrace.rs:66:9
[INFO] [stdout]    3:     0x5cef6aabd6ba - <std::sys::backtrace::BacktraceLock::print::DisplayBacktrace as core::fmt::Display>::fmt::ha0a4c9b8ce3802e6
[INFO] [stdout]                                at /rustc/df4ca44d3fbc9301ee17f30f4d474e6ae4b05252/library/std/src/sys/backtrace.rs:39:26
[INFO] [stdout]    4:     0x5cef6aae71d3 - core::fmt::rt::Argument::fmt::h4cfc8587d52b3eb5
[INFO] [stdout]                                at /rustc/df4ca44d3fbc9301ee17f30f4d474e6ae4b05252/library/core/src/fmt/rt.rs:177:76
[INFO] [stdout]    5:     0x5cef6aae71d3 - core::fmt::write::h522cc39e5b36ae9f
[INFO] [stdout]                                at /rustc/df4ca44d3fbc9301ee17f30f4d474e6ae4b05252/library/core/src/fmt/mod.rs:1190:21
[INFO] [stdout]    6:     0x5cef6aab9ee3 - std::io::Write::write_fmt::h7d3c26752da97734
[INFO] [stdout]                                at /rustc/df4ca44d3fbc9301ee17f30f4d474e6ae4b05252/library/std/src/io/mod.rs:1839:15
[INFO] [stdout]    7:     0x5cef6aabd502 - std::sys::backtrace::BacktraceLock::print::h4b9e00b29e9c0942
[INFO] [stdout]                                at /rustc/df4ca44d3fbc9301ee17f30f4d474e6ae4b05252/library/std/src/sys/backtrace.rs:42:9
[INFO] [stdout]    8:     0x5cef6aabeb4a - std::panicking::default_hook::{{closure}}::hb59b88280d0324d9
[INFO] [stdout]                                at /rustc/df4ca44d3fbc9301ee17f30f4d474e6ae4b05252/library/std/src/panicking.rs:268:22
[INFO] [stdout]    9:     0x5cef6aabe954 - std::panicking::default_hook::he1dd496665be4a29
[INFO] [stdout]                                at /rustc/df4ca44d3fbc9301ee17f30f4d474e6ae4b05252/library/std/src/panicking.rs:292:9
[INFO] [stdout]   10:     0x5cef6a42fbd9 - <alloc::boxed::Box<F,A> as core::ops::function::Fn<Args>>::call::h4ff71de18744e1dc
[INFO] [stdout]                                at /rustc/df4ca44d3fbc9301ee17f30f4d474e6ae4b05252/library/alloc/src/boxed.rs:2468:9
[INFO] [stdout]   11:     0x5cef6a42fbd9 - test::test_main::{{closure}}::hcf7c055ce117aa81
[INFO] [stdout]                                at /rustc/df4ca44d3fbc9301ee17f30f4d474e6ae4b05252/library/test/src/lib.rs:133:21
[INFO] [stdout]   12:     0x5cef6aabf248 - <alloc::boxed::Box<F,A> as core::ops::function::Fn<Args>>::call::h1d66c6bbd60c9692
[INFO] [stdout]                                at /rustc/df4ca44d3fbc9301ee17f30f4d474e6ae4b05252/library/alloc/src/boxed.rs:2468:9
[INFO] [stdout]   13:     0x5cef6aabf248 - std::panicking::rust_panic_with_hook::h2ff17fe8f26dfcf8
[INFO] [stdout]                                at /rustc/df4ca44d3fbc9301ee17f30f4d474e6ae4b05252/library/std/src/panicking.rs:809:13
[INFO] [stdout]   14:     0x5cef6aabf00a - std::panicking::begin_panic_handler::{{closure}}::h4fad77951c07e101
[INFO] [stdout]                                at /rustc/df4ca44d3fbc9301ee17f30f4d474e6ae4b05252/library/std/src/panicking.rs:674:13
[INFO] [stdout]   15:     0x5cef6aabdb99 - std::sys::backtrace::__rust_end_short_backtrace::hb1a25b3da5d0ea08
[INFO] [stdout]                                at /rustc/df4ca44d3fbc9301ee17f30f4d474e6ae4b05252/library/std/src/sys/backtrace.rs:170:18
[INFO] [stdout]   16:     0x5cef6aabec9c - rust_begin_unwind
[INFO] [stdout]                                at /rustc/df4ca44d3fbc9301ee17f30f4d474e6ae4b05252/library/std/src/panicking.rs:665:5
[INFO] [stdout]   17:     0x5cef6aae4f50 - core::panicking::panic_fmt::ha9db07b529f9b256
[INFO] [stdout]                                at /rustc/df4ca44d3fbc9301ee17f30f4d474e6ae4b05252/library/core/src/panicking.rs:75:14
[INFO] [stdout]   18:     0x5cef6aae53b5 - core::panicking::assert_failed_inner::h04f38944d74a80a8
[INFO] [stdout]   19:     0x5cef6a6daf67 - core::panicking::assert_failed::hf5e3eb90b3a99057
[INFO] [stdout]                                at /rustc/df4ca44d3fbc9301ee17f30f4d474e6ae4b05252/library/core/src/panicking.rs:377:5
[INFO] [stdout]   20:     0x5cef6a3a6767 - racoon::core::session::managers::test::test_file_session::{{closure}}::h43286fc9914bb304
[INFO] [stdout]                                at /opt/rustwide/workdir/src/core/session/managers.rs:346:9
[INFO] [stdout]   21:     0x5cef6a399e42 - <core::pin::Pin<P> as core::future::future::Future>::poll::he68ea16ecb16c33f
[INFO] [stdout]                                at /rustc/df4ca44d3fbc9301ee17f30f4d474e6ae4b05252/library/core/src/future/future.rs:123:9
[INFO] [stdout]   22:     0x5cef6a399ebd - <core::pin::Pin<P> as core::future::future::Future>::poll::hf4f96c6dbec08c4a
[INFO] [stdout]                                at /rustc/df4ca44d3fbc9301ee17f30f4d474e6ae4b05252/library/core/src/future/future.rs:123:9
[INFO] [stdout]   23:     0x5cef6a34fbef - tokio::runtime::scheduler::current_thread::CoreGuard::block_on::{{closure}}::{{closure}}::{{closure}}::h9b7d08b2c284203c
[INFO] [stdout]                                at /opt/rustwide/cargo-home/registry/src/index.crates.io-6f17d22bba15001f/tokio-1.38.0/src/runtime/scheduler/current_thread/mod.rs:659:57
[INFO] [stdout]   24:     0x5cef6a34fb35 - tokio::runtime::coop::with_budget::h1bde82a6944590b3
[INFO] [stdout]                                at /opt/rustwide/cargo-home/registry/src/index.crates.io-6f17d22bba15001f/tokio-1.38.0/src/runtime/coop.rs:107:5
[INFO] [stdout]   25:     0x5cef6a34fb35 - tokio::runtime::coop::budget::h95bc3fe29e8d877e
[INFO] [stdout]                                at /opt/rustwide/cargo-home/registry/src/index.crates.io-6f17d22bba15001f/tokio-1.38.0/src/runtime/coop.rs:73:5
[INFO] [stdout]   26:     0x5cef6a34fb35 - tokio::runtime::scheduler::current_thread::CoreGuard::block_on::{{closure}}::{{closure}}::he6609d41b9fbf228
[INFO] [stdout]                                at /opt/rustwide/cargo-home/registry/src/index.crates.io-6f17d22bba15001f/tokio-1.38.0/src/runtime/scheduler/current_thread/mod.rs:659:25
[INFO] [stdout]   27:     0x5cef6a34e90c - tokio::runtime::scheduler::current_thread::Context::enter::hccfc8c8246b913ab
[INFO] [stdout]                                at /opt/rustwide/cargo-home/registry/src/index.crates.io-6f17d22bba15001f/tokio-1.38.0/src/runtime/scheduler/current_thread/mod.rs:404:19
[INFO] [stdout]   28:     0x5cef6a34f3ab - tokio::runtime::scheduler::current_thread::CoreGuard::block_on::{{closure}}::h2dda62631ef1474c
[INFO] [stdout]                                at /opt/rustwide/cargo-home/registry/src/index.crates.io-6f17d22bba15001f/tokio-1.38.0/src/runtime/scheduler/current_thread/mod.rs:658:36
[INFO] [stdout]   29:     0x5cef6a34f114 - tokio::runtime::scheduler::current_thread::CoreGuard::enter::{{closure}}::haddd3238a0b1cfee
[INFO] [stdout]                                at /opt/rustwide/cargo-home/registry/src/index.crates.io-6f17d22bba15001f/tokio-1.38.0/src/runtime/scheduler/current_thread/mod.rs:737:68
[INFO] [stdout]   30:     0x5cef6a36aa5b - tokio::runtime::context::scoped::Scoped<T>::set::hf8c7b5919929cdfa
[INFO] [stdout]                                at /opt/rustwide/cargo-home/registry/src/index.crates.io-6f17d22bba15001f/tokio-1.38.0/src/runtime/context/scoped.rs:40:9
[INFO] [stdout]   31:     0x5cef6a36a859 - tokio::runtime::context::set_scheduler::{{closure}}::he5196d35d8617832
[INFO] [stdout]                                at /opt/rustwide/cargo-home/registry/src/index.crates.io-6f17d22bba15001f/tokio-1.38.0/src/runtime/context.rs:180:26
[INFO] [stdout]   32:     0x5cef6a3647fd - std::thread::local::LocalKey<T>::try_with::h190375c61e29c425
[INFO] [stdout]                                at /rustc/df4ca44d3fbc9301ee17f30f4d474e6ae4b05252/library/std/src/thread/local.rs:283:12
[INFO] [stdout]   33:     0x5cef6a3644aa - std::thread::local::LocalKey<T>::with::h0553a32e44087b1b
[INFO] [stdout]                                at /rustc/df4ca44d3fbc9301ee17f30f4d474e6ae4b05252/library/std/src/thread/local.rs:260:9
[INFO] [stdout]   34:     0x5cef6a36a80d - tokio::runtime::context::set_scheduler::h87a797b80b33e8c3
[INFO] [stdout]                                at /opt/rustwide/cargo-home/registry/src/index.crates.io-6f17d22bba15001f/tokio-1.38.0/src/runtime/context.rs:180:9
[INFO] [stdout]   35:     0x5cef6a34eecc - tokio::runtime::scheduler::current_thread::CoreGuard::enter::h20376a18f2c745e0
[INFO] [stdout]                                at /opt/rustwide/cargo-home/registry/src/index.crates.io-6f17d22bba15001f/tokio-1.38.0/src/runtime/scheduler/current_thread/mod.rs:737:27
[INFO] [stdout]   36:     0x5cef6a34f133 - tokio::runtime::scheduler::current_thread::CoreGuard::block_on::hcc5bb8f1a6c5cd96
[INFO] [stdout]                                at /opt/rustwide/cargo-home/registry/src/index.crates.io-6f17d22bba15001f/tokio-1.38.0/src/runtime/scheduler/current_thread/mod.rs:646:19
[INFO] [stdout]   37:     0x5cef6a34dbed - tokio::runtime::scheduler::current_thread::CurrentThread::block_on::{{closure}}::h34607f88f6ada5ff
[INFO] [stdout]                                at /opt/rustwide/cargo-home/registry/src/index.crates.io-6f17d22bba15001f/tokio-1.38.0/src/runtime/scheduler/current_thread/mod.rs:175:28
[INFO] [stdout]   38:     0x5cef6a3dd396 - tokio::runtime::context::runtime::enter_runtime::h270ed30f26fc4e58
[INFO] [stdout]                                at /opt/rustwide/cargo-home/registry/src/index.crates.io-6f17d22bba15001f/tokio-1.38.0/src/runtime/context/runtime.rs:65:16
[INFO] [stdout]   39:     0x5cef6a34db01 - tokio::runtime::scheduler::current_thread::CurrentThread::block_on::h0f35bff376444948
[INFO] [stdout]                                at /opt/rustwide/cargo-home/registry/src/index.crates.io-6f17d22bba15001f/tokio-1.38.0/src/runtime/scheduler/current_thread/mod.rs:167:9
[INFO] [stdout]   40:     0x5cef6a393102 - tokio::runtime::runtime::Runtime::block_on::h20e250205210a8fc
[INFO] [stdout]                                at /opt/rustwide/cargo-home/registry/src/index.crates.io-6f17d22bba15001f/tokio-1.38.0/src/runtime/runtime.rs:347:47
[INFO] [stdout]   41:     0x5cef6a3a5803 - racoon::core::session::managers::test::test_file_session::h475041a09e583a6d
[INFO] [stdout]                                at /opt/rustwide/workdir/src/core/session/managers.rs:373:9
[INFO] [stdout]   42:     0x5cef6a3a56a7 - racoon::core::session::managers::test::test_file_session::{{closure}}::h0508d1e813c3016f
[INFO] [stdout]                                at /opt/rustwide/workdir/src/core/session/managers.rs:325:33
[INFO] [stdout]   43:     0x5cef6a326eb6 - core::ops::function::FnOnce::call_once::h14364ca179d2f3ec
[INFO] [stdout]                                at /rustc/df4ca44d3fbc9301ee17f30f4d474e6ae4b05252/library/core/src/ops/function.rs:250:5
[INFO] [stdout]   44:     0x5cef6a4344ab - core::ops::function::FnOnce::call_once::h22c3ba5715e93f05
[INFO] [stdout]                                at /rustc/df4ca44d3fbc9301ee17f30f4d474e6ae4b05252/library/core/src/ops/function.rs:250:5
[INFO] [stdout]   45:     0x5cef6a4344ab - test::__rust_begin_short_backtrace::h8e82d8113d0da17f
[INFO] [stdout]                                at /rustc/df4ca44d3fbc9301ee17f30f4d474e6ae4b05252/library/test/src/lib.rs:621:18
[INFO] [stdout]   46:     0x5cef6a433e27 - test::run_test_in_process::{{closure}}::h33235f4f20b7b7c7
[INFO] [stdout]                                at /rustc/df4ca44d3fbc9301ee17f30f4d474e6ae4b05252/library/test/src/lib.rs:644:60
[INFO] [stdout]   47:     0x5cef6a433e27 - <core::panic::unwind_safe::AssertUnwindSafe<F> as core::ops::function::FnOnce<()>>::call_once::hb5043206310c586f
[INFO] [stdout]                                at /rustc/df4ca44d3fbc9301ee17f30f4d474e6ae4b05252/library/core/src/panic/unwind_safe.rs:272:9
[INFO] [stdout]   48:     0x5cef6a433e27 - std::panicking::try::do_call::h9ad4731a60ab23e2
[INFO] [stdout]                                at /rustc/df4ca44d3fbc9301ee17f30f4d474e6ae4b05252/library/std/src/panicking.rs:557:40
[INFO] [stdout]   49:     0x5cef6a433e27 - std::panicking::try::h3824d23db772a716
[INFO] [stdout]                                at /rustc/df4ca44d3fbc9301ee17f30f4d474e6ae4b05252/library/std/src/panicking.rs:520:19
[INFO] [stdout]   50:     0x5cef6a433e27 - std::panic::catch_unwind::h5afd514605fde46b
[INFO] [stdout]                                at /rustc/df4ca44d3fbc9301ee17f30f4d474e6ae4b05252/library/std/src/panic.rs:358:14
[INFO] [stdout]   51:     0x5cef6a433e27 - test::run_test_in_process::h0d5cbfa7067d1720
[INFO] [stdout]                                at /rustc/df4ca44d3fbc9301ee17f30f4d474e6ae4b05252/library/test/src/lib.rs:644:27
[INFO] [stdout]   52:     0x5cef6a433e27 - test::run_test::{{closure}}::h708eb8872708115d
[INFO] [stdout]                                at /rustc/df4ca44d3fbc9301ee17f30f4d474e6ae4b05252/library/test/src/lib.rs:565:43
[INFO] [stdout]   53:     0x5cef6a3f7544 - test::run_test::{{closure}}::h392c51cee94713ab
[INFO] [stdout]                                at /rustc/df4ca44d3fbc9301ee17f30f4d474e6ae4b05252/library/test/src/lib.rs:595:41
[INFO] [stdout]   54:     0x5cef6a3f7544 - std::sys::backtrace::__rust_begin_short_backtrace::h2f40290710935a8b
[INFO] [stdout]                                at /rustc/df4ca44d3fbc9301ee17f30f4d474e6ae4b05252/library/std/src/sys/backtrace.rs:154:18
[INFO] [stdout]   55:     0x5cef6a3facee - std::thread::Builder::spawn_unchecked_::{{closure}}::{{closure}}::h3fd968d89053a903
[INFO] [stdout]                                at /rustc/df4ca44d3fbc9301ee17f30f4d474e6ae4b05252/library/std/src/thread/mod.rs:541:17
[INFO] [stdout]   56:     0x5cef6a3facee - <core::panic::unwind_safe::AssertUnwindSafe<F> as core::ops::function::FnOnce<()>>::call_once::h743f637ba4229880
[INFO] [stdout]                                at /rustc/df4ca44d3fbc9301ee17f30f4d474e6ae4b05252/library/core/src/panic/unwind_safe.rs:272:9
[INFO] [stdout]   57:     0x5cef6a3facee - std::panicking::try::do_call::h07440897322525a6
[INFO] [stdout]                                at /rustc/df4ca44d3fbc9301ee17f30f4d474e6ae4b05252/library/std/src/panicking.rs:557:40
[INFO] [stdout]   58:     0x5cef6a3facee - std::panicking::try::he5a2e00188156637
[INFO] [stdout]                                at /rustc/df4ca44d3fbc9301ee17f30f4d474e6ae4b05252/library/std/src/panicking.rs:520:19
[INFO] [stdout]   59:     0x5cef6a3facee - std::panic::catch_unwind::hbaf3cae49b3c6433
[INFO] [stdout]                                at /rustc/df4ca44d3fbc9301ee17f30f4d474e6ae4b05252/library/std/src/panic.rs:358:14
[INFO] [stdout]   60:     0x5cef6a3facee - std::thread::Builder::spawn_unchecked_::{{closure}}::h8e141ea224820bce
[INFO] [stdout]                                at /rustc/df4ca44d3fbc9301ee17f30f4d474e6ae4b05252/library/std/src/thread/mod.rs:540:30
[INFO] [stdout]   61:     0x5cef6a3facee - core::ops::function::FnOnce::call_once{{vtable.shim}}::h90d312fedd7b8ea8
[INFO] [stdout]                                at /rustc/df4ca44d3fbc9301ee17f30f4d474e6ae4b05252/library/core/src/ops/function.rs:250:5
[INFO] [stdout]   62:     0x5cef6aac374b - <alloc::boxed::Box<F,A> as core::ops::function::FnOnce<Args>>::call_once::h69aa08ddb6adb8b6
[INFO] [stdout]                                at /rustc/df4ca44d3fbc9301ee17f30f4d474e6ae4b05252/library/alloc/src/boxed.rs:2454:9
[INFO] [stdout]   63:     0x5cef6aac374b - <alloc::boxed::Box<F,A> as core::ops::function::FnOnce<Args>>::call_once::h5aa36efdb79c806f
[INFO] [stdout]                                at /rustc/df4ca44d3fbc9301ee17f30f4d474e6ae4b05252/library/alloc/src/boxed.rs:2454:9
[INFO] [stdout]   64:     0x5cef6aac374b - std::sys::pal::unix::thread::Thread::new::thread_start::h6cd80a1b4be5158d
[INFO] [stdout]                                at /rustc/df4ca44d3fbc9301ee17f30f4d474e6ae4b05252/library/std/src/sys/pal/unix/thread.rs:105:17
[INFO] [stdout]   65:     0x7f0b6c463ac3 - <unknown>
[INFO] [stdout]   66:     0x7f0b6c4f4a04 - clone
[INFO] [stdout]   67:                0x0 - <unknown>
[INFO] [stdout] 
[INFO] [stdout] 
[INFO] [stdout] failures:
[INFO] [stdout]     core::session::managers::test::test_file_session
[INFO] [stdout] 
[INFO] [stdout] test result: FAILED. 26 passed; 1 failed; 0 ignored; 0 measured; 0 filtered out; finished in 0.06s
[INFO] [stdout] 
[INFO] [stderr] error: test failed, to rerun pass `--lib`
[INFO] running `Command { std: "docker" "inspect" "b8d953f2c440ca7b051a1af2600444084e4aa9e31ac459b04c11805437a17eeb", kill_on_drop: false }`
[INFO] running `Command { std: "docker" "rm" "-f" "b8d953f2c440ca7b051a1af2600444084e4aa9e31ac459b04c11805437a17eeb", kill_on_drop: false }`
[INFO] [stdout] b8d953f2c440ca7b051a1af2600444084e4aa9e31ac459b04c11805437a17eeb
