[INFO] fetching crate ra_ap_load-cargo 0.0.241...
[INFO] testing ra_ap_load-cargo-0.0.241 against nightly-2024-10-28 for randomize-layout
[INFO] extracting crate ra_ap_load-cargo 0.0.241 into /workspace/builds/worker-1-tc1/source
[INFO] validating manifest of crates.io crate ra_ap_load-cargo 0.0.241 on toolchain nightly-2024-10-28
[INFO] running `Command { std: CARGO_HOME="/workspace/cargo-home" RUSTUP_HOME="/workspace/rustup-home" "/workspace/cargo-home/bin/cargo" "+nightly-2024-10-28" "metadata" "--manifest-path" "Cargo.toml" "--no-deps", kill_on_drop: false }`
[INFO] started tweaking crates.io crate ra_ap_load-cargo 0.0.241
[INFO] finished tweaking crates.io crate ra_ap_load-cargo 0.0.241
[INFO] tweaked toml for crates.io crate ra_ap_load-cargo 0.0.241 written to /workspace/builds/worker-1-tc1/source/Cargo.toml
[INFO] running `Command { std: CARGO_HOME="/workspace/cargo-home" RUSTUP_HOME="/workspace/rustup-home" "/workspace/cargo-home/bin/cargo" "+nightly-2024-10-28" "generate-lockfile" "--manifest-path" "Cargo.toml", kill_on_drop: false }`
[INFO] [stderr]     Updating crates.io index
[INFO] [stderr]      Locking 153 packages to latest compatible versions
[INFO] [stderr]       Adding itertools v0.12.1 (available: v0.13.0)
[INFO] [stderr]       Adding perf-event v0.4.7 (available: v0.4.8)
[INFO] [stderr]       Adding rowan v0.15.15 (available: v0.15.16)
[INFO] running `Command { std: CARGO_HOME="/workspace/cargo-home" RUSTUP_HOME="/workspace/rustup-home" "/workspace/cargo-home/bin/cargo" "+nightly-2024-10-28" "fetch" "--manifest-path" "Cargo.toml", kill_on_drop: false }`
[INFO] [stderr]  Downloading crates ...
[INFO] [stderr]   Downloaded ra_ap_tt v0.0.241
[INFO] [stderr]   Downloaded ra_ap_paths v0.0.241
[INFO] [stderr]   Downloaded ra_ap_vfs-notify v0.0.241
[INFO] [stderr]   Downloaded ra_ap_intern v0.0.241
[INFO] [stderr]   Downloaded ra_ap_vfs v0.0.241
[INFO] [stderr]   Downloaded always-assert v0.2.0
[INFO] [stderr]   Downloaded ra-ap-rustc_index_macros v0.73.0
[INFO] [stderr]   Downloaded ra_ap_stdx v0.0.241
[INFO] [stderr]   Downloaded ra_ap_text_edit v0.0.241
[INFO] [stderr]   Downloaded ra_ap_limit v0.0.241
[INFO] [stderr]   Downloaded line-index v0.1.2
[INFO] [stderr]   Downloaded ra_ap_syntax-bridge v0.0.241
[INFO] [stderr]   Downloaded ra_ap_cfg v0.0.241
[INFO] [stderr]   Downloaded ra-ap-rustc_lexer v0.73.0
[INFO] [stderr]   Downloaded ra_ap_profile v0.0.241
[INFO] [stderr]   Downloaded chalk-derive v0.98.0
[INFO] [stderr]   Downloaded ra_ap_toolchain v0.0.241
[INFO] [stderr]   Downloaded ra_ap_salsa-macros v0.0.241
[INFO] [stderr]   Downloaded ra_ap_proc_macro_api v0.0.241
[INFO] [stderr]   Downloaded chalk-recursive v0.98.0
[INFO] [stderr]   Downloaded ra-ap-rustc_abi v0.73.0
[INFO] [stderr]   Downloaded ra_ap_mbe v0.0.241
[INFO] [stderr]   Downloaded ra_ap_span v0.0.241
[INFO] [stderr]   Downloaded ra-ap-rustc_index v0.73.0
[INFO] [stderr]   Downloaded ra_ap_project_model v0.0.241
[INFO] [stderr]   Downloaded ra-ap-rustc_pattern_analysis v0.73.0
[INFO] [stderr]   Downloaded chalk-ir v0.98.0
[INFO] [stderr]   Downloaded rustc_apfloat v0.2.1+llvm-462a31f5a5ab
[INFO] [stderr]   Downloaded ra_ap_hir v0.0.241
[INFO] [stderr]   Downloaded ra_ap_parser v0.0.241
[INFO] [stderr]   Downloaded ra_ap_syntax v0.0.241
[INFO] [stderr]   Downloaded chalk-solve v0.98.0
[INFO] [stderr]   Downloaded ra_ap_hir_expand v0.0.241
[INFO] [stderr]   Downloaded ra_ap_salsa v0.0.241
[INFO] [stderr]   Downloaded ra_ap_hir_def v0.0.241
[INFO] [stderr]   Downloaded ra_ap_ide_db v0.0.241
[INFO] [stderr]   Downloaded rowan v0.15.15
[INFO] [stderr]   Downloaded ra-ap-rustc_parse_format v0.73.0
[INFO] [stderr]   Downloaded ra_ap_base_db v0.0.241
[INFO] [stderr]   Downloaded ra_ap_hir_ty v0.0.241
[INFO] [stderr]   Downloaded fst v0.4.7
[INFO] running `Command { std: "docker" "create" "-v" "/var/lib/crater-agent-workspace/builds/worker-1-tc1/target:/opt/rustwide/target:rw,Z" "-v" "/var/lib/crater-agent-workspace/builds/worker-1-tc1/source:/opt/rustwide/workdir:ro,Z" "-v" "/var/lib/crater-agent-workspace/cargo-home:/opt/rustwide/cargo-home:ro,Z" "-v" "/var/lib/crater-agent-workspace/rustup-home:/opt/rustwide/rustup-home:ro,Z" "-e" "SOURCE_DIR=/opt/rustwide/workdir" "-e" "CARGO_TARGET_DIR=/opt/rustwide/target" "-e" "CARGO_HOME=/opt/rustwide/cargo-home" "-e" "RUSTUP_HOME=/opt/rustwide/rustup-home" "-w" "/opt/rustwide/workdir" "-m" "1610612736" "--user" "0:0" "--network" "none" "ghcr.io/rust-lang/crates-build-env/linux@sha256:4a844ea9eb2546a2d2c7022eacef16ef2e8229c7fbb2c7d4d55a9ceca922f72d" "/opt/rustwide/cargo-home/bin/cargo" "+nightly-2024-10-28" "metadata" "--no-deps" "--format-version=1", kill_on_drop: false }`
[INFO] [stdout] 55c30deb664b737605452658bf688b3e83539498210288aff7ca7657a28f43fc
[INFO] running `Command { std: "docker" "start" "-a" "55c30deb664b737605452658bf688b3e83539498210288aff7ca7657a28f43fc", kill_on_drop: false }`
[INFO] running `Command { std: "docker" "inspect" "55c30deb664b737605452658bf688b3e83539498210288aff7ca7657a28f43fc", kill_on_drop: false }`
[INFO] running `Command { std: "docker" "rm" "-f" "55c30deb664b737605452658bf688b3e83539498210288aff7ca7657a28f43fc", kill_on_drop: false }`
[INFO] [stdout] 55c30deb664b737605452658bf688b3e83539498210288aff7ca7657a28f43fc
[INFO] running `Command { std: "docker" "create" "-v" "/var/lib/crater-agent-workspace/builds/worker-1-tc1/target:/opt/rustwide/target:rw,Z" "-v" "/var/lib/crater-agent-workspace/builds/worker-1-tc1/source:/opt/rustwide/workdir:ro,Z" "-v" "/var/lib/crater-agent-workspace/cargo-home:/opt/rustwide/cargo-home:ro,Z" "-v" "/var/lib/crater-agent-workspace/rustup-home:/opt/rustwide/rustup-home:ro,Z" "-e" "SOURCE_DIR=/opt/rustwide/workdir" "-e" "CARGO_TARGET_DIR=/opt/rustwide/target" "-e" "CARGO_INCREMENTAL=0" "-e" "RUST_BACKTRACE=full" "-e" "RUSTFLAGS=--cap-lints=forbid" "-e" "RUSTDOCFLAGS=--cap-lints=forbid" "-e" "CARGO_HOME=/opt/rustwide/cargo-home" "-e" "RUSTUP_HOME=/opt/rustwide/rustup-home" "-w" "/opt/rustwide/workdir" "-m" "1610612736" "--user" "0:0" "--network" "none" "ghcr.io/rust-lang/crates-build-env/linux@sha256:4a844ea9eb2546a2d2c7022eacef16ef2e8229c7fbb2c7d4d55a9ceca922f72d" "/opt/rustwide/cargo-home/bin/cargo" "+nightly-2024-10-28" "build" "--frozen" "--message-format=json", kill_on_drop: false }`
[INFO] [stdout] f3a9c5579c77a3cfe65a8e8fa16f1797e65730cc002bd152811d76ecdfed5608
[INFO] running `Command { std: "docker" "start" "-a" "f3a9c5579c77a3cfe65a8e8fa16f1797e65730cc002bd152811d76ecdfed5608", kill_on_drop: false }`
[INFO] [stderr]    Compiling crossbeam-utils v0.8.20
[INFO] [stderr]    Compiling serde v1.0.214
[INFO] [stderr]    Compiling smallvec v1.13.2
[INFO] [stderr]    Compiling either v1.13.0
[INFO] [stderr]    Compiling lock_api v0.4.12
[INFO] [stderr]    Compiling syn v2.0.86
[INFO] [stderr]    Compiling parking_lot_core v0.9.10
[INFO] [stderr]    Compiling rustc-hash v2.0.0
[INFO] [stderr]    Compiling camino v1.1.9
[INFO] [stderr]    Compiling scopeguard v1.2.0
[INFO] [stderr]    Compiling hashbrown v0.14.5
[INFO] [stderr]    Compiling itertools v0.12.1
[INFO] [stderr]    Compiling unicode-xid v0.2.6
[INFO] [stderr]    Compiling text-size v1.1.1
[INFO] [stderr]    Compiling unicode-properties v0.1.3
[INFO] [stderr]    Compiling jod-thread v0.1.2
[INFO] [stderr]    Compiling stable_deref_trait v1.2.0
[INFO] [stderr]    Compiling ra-ap-rustc_lexer v0.73.0
[INFO] [stderr]    Compiling arrayvec v0.7.6
[INFO] [stderr]    Compiling rustc-hash v1.1.0
[INFO] [stderr]    Compiling fst v0.4.7
[INFO] [stderr]    Compiling memoffset v0.9.1
[INFO] [stderr]    Compiling nohash-hasher v0.2.0
[INFO] [stderr]    Compiling crossbeam-channel v0.5.13
[INFO] [stderr]    Compiling drop_bomb v0.1.5
[INFO] [stderr]    Compiling sptr v0.3.2
[INFO] [stderr]    Compiling dashmap v5.5.3
[INFO] [stderr]    Compiling ra_ap_limit v0.0.241
[INFO] [stderr]    Compiling countme v3.0.1
[INFO] [stderr]    Compiling parking_lot v0.12.3
[INFO] [stderr]    Compiling cov-mark v2.0.0
[INFO] [stderr]    Compiling rowan v0.15.15
[INFO] [stderr]    Compiling smol_str v0.3.2
[INFO] [stderr]    Compiling oorandom v11.1.4
[INFO] [stderr]    Compiling la-arena v0.3.1
[INFO] [stderr]    Compiling semver v1.0.23
[INFO] [stderr]    Compiling lz4_flex v0.11.3
[INFO] [stderr]    Compiling rustc_apfloat v0.2.1+llvm-462a31f5a5ab
[INFO] [stderr]    Compiling petgraph v0.6.5
[INFO] [stderr]    Compiling ena v0.14.3
[INFO] [stderr]    Compiling crossbeam-epoch v0.9.18
[INFO] [stderr]    Compiling rayon-core v1.12.1
[INFO] [stderr]    Compiling ra_ap_text_edit v0.0.241
[INFO] [stderr]    Compiling serde_json v1.0.132
[INFO] [stderr]    Compiling crossbeam-deque v0.8.5
[INFO] [stderr]    Compiling perf-event-open-sys v1.0.1
[INFO] [stderr]    Compiling inotify-sys v0.1.5
[INFO] [stderr]    Compiling scoped-tls v1.0.1
[INFO] [stderr]    Compiling typed-arena v2.0.2
[INFO] [stderr]    Compiling same-file v1.0.6
[INFO] [stderr]    Compiling perf-event v0.4.7
[INFO] [stderr]    Compiling inotify v0.9.6
[INFO] [stderr]    Compiling mio v0.8.11
[INFO] [stderr]    Compiling walkdir v2.5.0
[INFO] [stderr]    Compiling filetime v0.2.25
[INFO] [stderr]    Compiling home v0.5.9
[INFO] [stderr]    Compiling rayon v1.10.0
[INFO] [stderr]    Compiling ra_ap_profile v0.0.241
[INFO] [stderr]    Compiling line-index v0.1.2
[INFO] [stderr]    Compiling notify v6.1.1
[INFO] [stderr]    Compiling synstructure v0.13.1
[INFO] [stderr]    Compiling serde_derive v1.0.214
[INFO] [stderr]    Compiling tracing-attributes v0.1.27
[INFO] [stderr]    Compiling ra_ap_salsa-macros v0.0.241
[INFO] [stderr]    Compiling ra-ap-rustc_index_macros v0.73.0
[INFO] [stderr]    Compiling chalk-derive v0.98.0
[INFO] [stderr]    Compiling thiserror-impl v1.0.66
[INFO] [stderr]    Compiling ra-ap-rustc_index v0.73.0
[INFO] [stderr]    Compiling chalk-ir v0.98.0
[INFO] [stderr]    Compiling thiserror v1.0.66
[INFO] [stderr]    Compiling ra-ap-rustc_parse_format v0.73.0
[INFO] [stderr]    Compiling tracing v0.1.40
[INFO] [stderr]    Compiling always-assert v0.2.0
[INFO] [stderr]    Compiling ra_ap_parser v0.0.241
[INFO] [stderr]    Compiling ra-ap-rustc_abi v0.73.0
[INFO] [stderr]    Compiling ra_ap_stdx v0.0.241
[INFO] [stderr]    Compiling ra-ap-rustc_pattern_analysis v0.73.0
[INFO] [stderr]    Compiling chalk-solve v0.98.0
[INFO] [stderr]    Compiling chalk-recursive v0.98.0
[INFO] [stderr]    Compiling triomphe v0.1.14
[INFO] [stderr]    Compiling cargo-platform v0.1.8
[INFO] [stderr]    Compiling ra_ap_paths v0.0.241
[INFO] [stderr]    Compiling ra_ap_toolchain v0.0.241
[INFO] [stderr]    Compiling ra_ap_intern v0.0.241
[INFO] [stderr]    Compiling ra_ap_vfs v0.0.241
[INFO] [stderr]    Compiling ra_ap_salsa v0.0.241
[INFO] [stderr]    Compiling ra_ap_syntax v0.0.241
[INFO] [stderr]    Compiling ra_ap_vfs-notify v0.0.241
[INFO] [stderr]    Compiling cargo_metadata v0.18.1
[INFO] [stderr]    Compiling ra_ap_tt v0.0.241
[INFO] [stderr]    Compiling ra_ap_cfg v0.0.241
[INFO] [stderr]    Compiling ra_ap_span v0.0.241
[INFO] [stderr]    Compiling ra_ap_base_db v0.0.241
[INFO] [stderr]    Compiling ra_ap_syntax-bridge v0.0.241
[INFO] [stderr]    Compiling ra_ap_mbe v0.0.241
[INFO] [stderr]    Compiling ra_ap_project_model v0.0.241
[INFO] [stderr]    Compiling ra_ap_proc_macro_api v0.0.241
[INFO] [stderr]    Compiling ra_ap_hir_expand v0.0.241
[INFO] [stderr]    Compiling ra_ap_hir_def v0.0.241
[INFO] [stderr]    Compiling ra_ap_hir_ty v0.0.241
[INFO] [stderr]    Compiling ra_ap_hir v0.0.241
[INFO] [stderr]    Compiling ra_ap_ide_db v0.0.241
[INFO] [stderr]    Compiling ra_ap_load-cargo v0.0.241 (/opt/rustwide/workdir)
[INFO] [stderr]     Finished `dev` profile [unoptimized + debuginfo] target(s) in 1m 16s
[INFO] running `Command { std: "docker" "inspect" "f3a9c5579c77a3cfe65a8e8fa16f1797e65730cc002bd152811d76ecdfed5608", kill_on_drop: false }`
[INFO] running `Command { std: "docker" "rm" "-f" "f3a9c5579c77a3cfe65a8e8fa16f1797e65730cc002bd152811d76ecdfed5608", kill_on_drop: false }`
[INFO] [stdout] f3a9c5579c77a3cfe65a8e8fa16f1797e65730cc002bd152811d76ecdfed5608
[INFO] running `Command { std: "docker" "create" "-v" "/var/lib/crater-agent-workspace/builds/worker-1-tc1/target:/opt/rustwide/target:rw,Z" "-v" "/var/lib/crater-agent-workspace/builds/worker-1-tc1/source:/opt/rustwide/workdir:ro,Z" "-v" "/var/lib/crater-agent-workspace/cargo-home:/opt/rustwide/cargo-home:ro,Z" "-v" "/var/lib/crater-agent-workspace/rustup-home:/opt/rustwide/rustup-home:ro,Z" "-e" "SOURCE_DIR=/opt/rustwide/workdir" "-e" "CARGO_TARGET_DIR=/opt/rustwide/target" "-e" "CARGO_INCREMENTAL=0" "-e" "RUST_BACKTRACE=full" "-e" "RUSTFLAGS=--cap-lints=forbid" "-e" "RUSTDOCFLAGS=--cap-lints=forbid" "-e" "CARGO_HOME=/opt/rustwide/cargo-home" "-e" "RUSTUP_HOME=/opt/rustwide/rustup-home" "-w" "/opt/rustwide/workdir" "-m" "1610612736" "--user" "0:0" "--network" "none" "ghcr.io/rust-lang/crates-build-env/linux@sha256:4a844ea9eb2546a2d2c7022eacef16ef2e8229c7fbb2c7d4d55a9ceca922f72d" "/opt/rustwide/cargo-home/bin/cargo" "+nightly-2024-10-28" "test" "--frozen" "--no-run" "--message-format=json", kill_on_drop: false }`
[INFO] [stdout] 85282bdd9b721b8565f9519aa772be91b30a78bec35aec3915247983bbdf3f53
[INFO] running `Command { std: "docker" "start" "-a" "85282bdd9b721b8565f9519aa772be91b30a78bec35aec3915247983bbdf3f53", kill_on_drop: false }`
[INFO] [stderr]    Compiling ra_ap_load-cargo v0.0.241 (/opt/rustwide/workdir)
[INFO] [stderr]     Finished `test` profile [unoptimized + debuginfo] target(s) in 3.73s
[INFO] running `Command { std: "docker" "inspect" "85282bdd9b721b8565f9519aa772be91b30a78bec35aec3915247983bbdf3f53", kill_on_drop: false }`
[INFO] running `Command { std: "docker" "rm" "-f" "85282bdd9b721b8565f9519aa772be91b30a78bec35aec3915247983bbdf3f53", kill_on_drop: false }`
[INFO] [stdout] 85282bdd9b721b8565f9519aa772be91b30a78bec35aec3915247983bbdf3f53
[INFO] running `Command { std: "docker" "create" "-v" "/var/lib/crater-agent-workspace/builds/worker-1-tc1/target:/opt/rustwide/target:rw,Z" "-v" "/var/lib/crater-agent-workspace/builds/worker-1-tc1/source:/opt/rustwide/workdir:ro,Z" "-v" "/var/lib/crater-agent-workspace/cargo-home:/opt/rustwide/cargo-home:ro,Z" "-v" "/var/lib/crater-agent-workspace/rustup-home:/opt/rustwide/rustup-home:ro,Z" "-e" "SOURCE_DIR=/opt/rustwide/workdir" "-e" "CARGO_TARGET_DIR=/opt/rustwide/target" "-e" "CARGO_INCREMENTAL=0" "-e" "RUST_BACKTRACE=full" "-e" "RUSTFLAGS=--cap-lints=forbid" "-e" "RUSTDOCFLAGS=--cap-lints=forbid" "-e" "CARGO_HOME=/opt/rustwide/cargo-home" "-e" "RUSTUP_HOME=/opt/rustwide/rustup-home" "-w" "/opt/rustwide/workdir" "-m" "1610612736" "--user" "0:0" "--network" "none" "ghcr.io/rust-lang/crates-build-env/linux@sha256:4a844ea9eb2546a2d2c7022eacef16ef2e8229c7fbb2c7d4d55a9ceca922f72d" "/opt/rustwide/cargo-home/bin/cargo" "+nightly-2024-10-28" "test" "--frozen", kill_on_drop: false }`
[INFO] [stdout] 94244190ed9bc45e642a923185e80d35d71622b14d3f0c3d4c06100af37fa996
[INFO] running `Command { std: "docker" "start" "-a" "94244190ed9bc45e642a923185e80d35d71622b14d3f0c3d4c06100af37fa996", kill_on_drop: false }`
[INFO] [stderr]     Finished `test` profile [unoptimized + debuginfo] target(s) in 0.11s
[INFO] [stderr]      Running unittests src/lib.rs (/opt/rustwide/target/debug/deps/ra_ap_load_cargo-81f18b18d7aed69d)
[INFO] [stdout] 
[INFO] [stdout] running 12 tests
[INFO] [stdout] test tests::ancestor_can_be_parent ... ok
[INFO] [stdout] test tests::deep_sources_with_parent_missing ... ok
[INFO] [stdout] test tests::non_locals_are_skipped ... ok
[INFO] [stdout] test tests::ancestor_can_be_parent_2 ... ok
[INFO] [stdout] test tests::child_binds_ancestor_if_parent_nonlocal ... ok
[INFO] [stdout] test tests::basic_child_parent ... ok
[INFO] [stdout] test tests::unrelated_sources ... ok
[INFO] [stdout] test tests::unrelated_source_sharing_dirname ... ok
[INFO] [stdout] test tests::parents_with_identical_root_id ... ok
[INFO] [stdout] test tests::circular_reference ... ok
[INFO] [stdout] test tests::basic_child_parent_with_unrelated_parents_sib ... ok
[INFO] [stdout] test tests::test_loading_rust_analyzer ... FAILED
[INFO] [stdout] 
[INFO] [stdout] failures:
[INFO] [stdout] 
[INFO] [stdout] ---- tests::test_loading_rust_analyzer stdout ----
[INFO] [stdout] thread 'tests::test_loading_rust_analyzer' panicked at src/lib.rs:536:81:
[INFO] [stdout] called `Result::unwrap()` on an `Err` value: no projects
[INFO] [stdout] 
[INFO] [stdout] Stack backtrace:
[INFO] [stdout]    0: anyhow::error::<impl anyhow::Error>::msg
[INFO] [stdout]              at /opt/rustwide/cargo-home/registry/src/index.crates.io-6f17d22bba15001f/anyhow-1.0.92/src/backtrace.rs:27:14
[INFO] [stdout]    1: anyhow::__private::format_err
[INFO] [stdout]              at /opt/rustwide/cargo-home/registry/src/index.crates.io-6f17d22bba15001f/anyhow-1.0.92/src/lib.rs:691:13
[INFO] [stdout]    2: ra_ap_project_model::ProjectManifest::discover_single
[INFO] [stdout]              at /opt/rustwide/cargo-home/registry/src/index.crates.io-6f17d22bba15001f/ra_ap_project_model-0.0.241/src/lib.rs:93:21
[INFO] [stdout]    3: ra_ap_load_cargo::load_workspace_at
[INFO] [stdout]              at ./src/lib.rs:49:16
[INFO] [stdout]    4: ra_ap_load_cargo::tests::test_loading_rust_analyzer
[INFO] [stdout]              at ./src/lib.rs:536:13
[INFO] [stdout]    5: ra_ap_load_cargo::tests::test_loading_rust_analyzer::{{closure}}
[INFO] [stdout]              at ./src/lib.rs:527:36
[INFO] [stdout]    6: core::ops::function::FnOnce::call_once
[INFO] [stdout]              at /rustc/df4ca44d3fbc9301ee17f30f4d474e6ae4b05252/library/core/src/ops/function.rs:250:5
[INFO] [stdout]    7: core::ops::function::FnOnce::call_once
[INFO] [stdout]              at /rustc/df4ca44d3fbc9301ee17f30f4d474e6ae4b05252/library/core/src/ops/function.rs:250:5
[INFO] [stdout]    8: test::__rust_begin_short_backtrace
[INFO] [stdout]              at /rustc/df4ca44d3fbc9301ee17f30f4d474e6ae4b05252/library/test/src/lib.rs:621:18
[INFO] [stdout]    9: test::run_test_in_process::{{closure}}
[INFO] [stdout]              at /rustc/df4ca44d3fbc9301ee17f30f4d474e6ae4b05252/library/test/src/lib.rs:644:60
[INFO] [stdout]   10: <core::panic::unwind_safe::AssertUnwindSafe<F> as core::ops::function::FnOnce<()>>::call_once
[INFO] [stdout]              at /rustc/df4ca44d3fbc9301ee17f30f4d474e6ae4b05252/library/core/src/panic/unwind_safe.rs:272:9
[INFO] [stdout]   11: std::panicking::try::do_call
[INFO] [stdout]              at /rustc/df4ca44d3fbc9301ee17f30f4d474e6ae4b05252/library/std/src/panicking.rs:557:40
[INFO] [stdout]   12: std::panicking::try
[INFO] [stdout]              at /rustc/df4ca44d3fbc9301ee17f30f4d474e6ae4b05252/library/std/src/panicking.rs:520:19
[INFO] [stdout]   13: std::panic::catch_unwind
[INFO] [stdout]              at /rustc/df4ca44d3fbc9301ee17f30f4d474e6ae4b05252/library/std/src/panic.rs:358:14
[INFO] [stdout]   14: test::run_test_in_process
[INFO] [stdout]              at /rustc/df4ca44d3fbc9301ee17f30f4d474e6ae4b05252/library/test/src/lib.rs:644:27
[INFO] [stdout]   15: test::run_test::{{closure}}
[INFO] [stdout]              at /rustc/df4ca44d3fbc9301ee17f30f4d474e6ae4b05252/library/test/src/lib.rs:565:43
[INFO] [stdout]   16: test::run_test::{{closure}}
[INFO] [stdout]              at /rustc/df4ca44d3fbc9301ee17f30f4d474e6ae4b05252/library/test/src/lib.rs:595:41
[INFO] [stdout]   17: std::sys::backtrace::__rust_begin_short_backtrace
[INFO] [stdout]              at /rustc/df4ca44d3fbc9301ee17f30f4d474e6ae4b05252/library/std/src/sys/backtrace.rs:154:18
[INFO] [stdout]   18: std::thread::Builder::spawn_unchecked_::{{closure}}::{{closure}}
[INFO] [stdout]              at /rustc/df4ca44d3fbc9301ee17f30f4d474e6ae4b05252/library/std/src/thread/mod.rs:541:17
[INFO] [stdout]   19: <core::panic::unwind_safe::AssertUnwindSafe<F> as core::ops::function::FnOnce<()>>::call_once
[INFO] [stdout]              at /rustc/df4ca44d3fbc9301ee17f30f4d474e6ae4b05252/library/core/src/panic/unwind_safe.rs:272:9
[INFO] [stdout]   20: std::panicking::try::do_call
[INFO] [stdout]              at /rustc/df4ca44d3fbc9301ee17f30f4d474e6ae4b05252/library/std/src/panicking.rs:557:40
[INFO] [stdout]   21: std::panicking::try
[INFO] [stdout]              at /rustc/df4ca44d3fbc9301ee17f30f4d474e6ae4b05252/library/std/src/panicking.rs:520:19
[INFO] [stdout]   22: std::panic::catch_unwind
[INFO] [stdout]              at /rustc/df4ca44d3fbc9301ee17f30f4d474e6ae4b05252/library/std/src/panic.rs:358:14
[INFO] [stdout]   23: std::thread::Builder::spawn_unchecked_::{{closure}}
[INFO] [stdout]              at /rustc/df4ca44d3fbc9301ee17f30f4d474e6ae4b05252/library/std/src/thread/mod.rs:540:30
[INFO] [stdout]   24: core::ops::function::FnOnce::call_once{{vtable.shim}}
[INFO] [stdout]              at /rustc/df4ca44d3fbc9301ee17f30f4d474e6ae4b05252/library/core/src/ops/function.rs:250:5
[INFO] [stdout]   25: <alloc::boxed::Box<F,A> as core::ops::function::FnOnce<Args>>::call_once
[INFO] [stdout]              at /rustc/df4ca44d3fbc9301ee17f30f4d474e6ae4b05252/library/alloc/src/boxed.rs:2454:9
[INFO] [stdout]   26: <alloc::boxed::Box<F,A> as core::ops::function::FnOnce<Args>>::call_once
[INFO] [stdout]              at /rustc/df4ca44d3fbc9301ee17f30f4d474e6ae4b05252/library/alloc/src/boxed.rs:2454:9
[INFO] [stdout]   27: std::sys::pal::unix::thread::Thread::new::thread_start
[INFO] [stdout]              at /rustc/df4ca44d3fbc9301ee17f30f4d474e6ae4b05252/library/std/src/sys/pal/unix/thread.rs:105:17
[INFO] [stdout]   28: <unknown>
[INFO] [stdout]   29: clone
[INFO] [stdout] stack backtrace:
[INFO] [stdout]    0:     0x5b30244bb3ea - std::backtrace_rs::backtrace::libunwind::trace::h207520d6e9873551
[INFO] [stdout]                                at /rustc/df4ca44d3fbc9301ee17f30f4d474e6ae4b05252/library/std/src/../../backtrace/src/backtrace/libunwind.rs:116:5
[INFO] [stdout]    1:     0x5b30244bb3ea - std::backtrace_rs::backtrace::trace_unsynchronized::h2ed7433f370e3eca
[INFO] [stdout]                                at /rustc/df4ca44d3fbc9301ee17f30f4d474e6ae4b05252/library/std/src/../../backtrace/src/backtrace/mod.rs:66:5
[INFO] [stdout]    2:     0x5b30244bb3ea - std::sys::backtrace::_print_fmt::h916fac51166b18d7
[INFO] [stdout]                                at /rustc/df4ca44d3fbc9301ee17f30f4d474e6ae4b05252/library/std/src/sys/backtrace.rs:66:9
[INFO] [stdout]    3:     0x5b30244bb3ea - <std::sys::backtrace::BacktraceLock::print::DisplayBacktrace as core::fmt::Display>::fmt::ha0a4c9b8ce3802e6
[INFO] [stdout]                                at /rustc/df4ca44d3fbc9301ee17f30f4d474e6ae4b05252/library/std/src/sys/backtrace.rs:39:26
[INFO] [stdout]    4:     0x5b30244e7573 - core::fmt::rt::Argument::fmt::h4cfc8587d52b3eb5
[INFO] [stdout]                                at /rustc/df4ca44d3fbc9301ee17f30f4d474e6ae4b05252/library/core/src/fmt/rt.rs:177:76
[INFO] [stdout]    5:     0x5b30244e7573 - core::fmt::write::h522cc39e5b36ae9f
[INFO] [stdout]                                at /rustc/df4ca44d3fbc9301ee17f30f4d474e6ae4b05252/library/core/src/fmt/mod.rs:1190:21
[INFO] [stdout]    6:     0x5b30244b7203 - std::io::Write::write_fmt::h7d3c26752da97734
[INFO] [stdout]                                at /rustc/df4ca44d3fbc9301ee17f30f4d474e6ae4b05252/library/std/src/io/mod.rs:1839:15
[INFO] [stdout]    7:     0x5b30244bb232 - std::sys::backtrace::BacktraceLock::print::h4b9e00b29e9c0942
[INFO] [stdout]                                at /rustc/df4ca44d3fbc9301ee17f30f4d474e6ae4b05252/library/std/src/sys/backtrace.rs:42:9
[INFO] [stdout]    8:     0x5b30244bc94a - std::panicking::default_hook::{{closure}}::hb59b88280d0324d9
[INFO] [stdout]                                at /rustc/df4ca44d3fbc9301ee17f30f4d474e6ae4b05252/library/std/src/panicking.rs:268:22
[INFO] [stdout]    9:     0x5b30244bc754 - std::panicking::default_hook::he1dd496665be4a29
[INFO] [stdout]                                at /rustc/df4ca44d3fbc9301ee17f30f4d474e6ae4b05252/library/std/src/panicking.rs:292:9
[INFO] [stdout]   10:     0x5b3022b80259 - <alloc::boxed::Box<F,A> as core::ops::function::Fn<Args>>::call::h4ff71de18744e1dc
[INFO] [stdout]                                at /rustc/df4ca44d3fbc9301ee17f30f4d474e6ae4b05252/library/alloc/src/boxed.rs:2468:9
[INFO] [stdout]   11:     0x5b3022b80259 - test::test_main::{{closure}}::hcf7c055ce117aa81
[INFO] [stdout]                                at /rustc/df4ca44d3fbc9301ee17f30f4d474e6ae4b05252/library/test/src/lib.rs:133:21
[INFO] [stdout]   12:     0x5b30244bd048 - <alloc::boxed::Box<F,A> as core::ops::function::Fn<Args>>::call::h1d66c6bbd60c9692
[INFO] [stdout]                                at /rustc/df4ca44d3fbc9301ee17f30f4d474e6ae4b05252/library/alloc/src/boxed.rs:2468:9
[INFO] [stdout]   13:     0x5b30244bd048 - std::panicking::rust_panic_with_hook::h2ff17fe8f26dfcf8
[INFO] [stdout]                                at /rustc/df4ca44d3fbc9301ee17f30f4d474e6ae4b05252/library/std/src/panicking.rs:809:13
[INFO] [stdout]   14:     0x5b30244bce0a - std::panicking::begin_panic_handler::{{closure}}::h4fad77951c07e101
[INFO] [stdout]                                at /rustc/df4ca44d3fbc9301ee17f30f4d474e6ae4b05252/library/std/src/panicking.rs:674:13
[INFO] [stdout]   15:     0x5b30244bb8c9 - std::sys::backtrace::__rust_end_short_backtrace::hb1a25b3da5d0ea08
[INFO] [stdout]                                at /rustc/df4ca44d3fbc9301ee17f30f4d474e6ae4b05252/library/std/src/sys/backtrace.rs:170:18
[INFO] [stdout]   16:     0x5b30244bca9c - rust_begin_unwind
[INFO] [stdout]                                at /rustc/df4ca44d3fbc9301ee17f30f4d474e6ae4b05252/library/std/src/panicking.rs:665:5
[INFO] [stdout]   17:     0x5b30244e4980 - core::panicking::panic_fmt::ha9db07b529f9b256
[INFO] [stdout]                                at /rustc/df4ca44d3fbc9301ee17f30f4d474e6ae4b05252/library/core/src/panicking.rs:75:14
[INFO] [stdout]   18:     0x5b30244e4e66 - core::result::unwrap_failed::h5e8218e4d4338b8a
[INFO] [stdout]                                at /rustc/df4ca44d3fbc9301ee17f30f4d474e6ae4b05252/library/core/src/result.rs:1698:5
[INFO] [stdout]   19:     0x5b3022a88e11 - core::result::Result<T,E>::unwrap::h5b518aa68645e24e
[INFO] [stdout]                                at /rustc/df4ca44d3fbc9301ee17f30f4d474e6ae4b05252/library/core/src/result.rs:1103:23
[INFO] [stdout]   20:     0x5b3022a88e11 - ra_ap_load_cargo::tests::test_loading_rust_analyzer::h8abeb4dd344091bd
[INFO] [stdout]                                at /opt/rustwide/workdir/src/lib.rs:536:13
[INFO] [stdout]   21:     0x5b3022a88a47 - ra_ap_load_cargo::tests::test_loading_rust_analyzer::{{closure}}::ha943ccf759d46cbb
[INFO] [stdout]                                at /opt/rustwide/workdir/src/lib.rs:527:36
[INFO] [stdout]   22:     0x5b3022a77a66 - core::ops::function::FnOnce::call_once::h4d1658ea194df173
[INFO] [stdout]                                at /rustc/df4ca44d3fbc9301ee17f30f4d474e6ae4b05252/library/core/src/ops/function.rs:250:5
[INFO] [stdout]   23:     0x5b3022b84b2b - core::ops::function::FnOnce::call_once::h22c3ba5715e93f05
[INFO] [stdout]                                at /rustc/df4ca44d3fbc9301ee17f30f4d474e6ae4b05252/library/core/src/ops/function.rs:250:5
[INFO] [stdout]   24:     0x5b3022b84b2b - test::__rust_begin_short_backtrace::h8e82d8113d0da17f
[INFO] [stdout]                                at /rustc/df4ca44d3fbc9301ee17f30f4d474e6ae4b05252/library/test/src/lib.rs:621:18
[INFO] [stdout]   25:     0x5b3022b844a7 - test::run_test_in_process::{{closure}}::h33235f4f20b7b7c7
[INFO] [stdout]                                at /rustc/df4ca44d3fbc9301ee17f30f4d474e6ae4b05252/library/test/src/lib.rs:644:60
[INFO] [stdout]   26:     0x5b3022b844a7 - <core::panic::unwind_safe::AssertUnwindSafe<F> as core::ops::function::FnOnce<()>>::call_once::hb5043206310c586f
[INFO] [stdout]                                at /rustc/df4ca44d3fbc9301ee17f30f4d474e6ae4b05252/library/core/src/panic/unwind_safe.rs:272:9
[INFO] [stdout]   27:     0x5b3022b844a7 - std::panicking::try::do_call::h9ad4731a60ab23e2
[INFO] [stdout]                                at /rustc/df4ca44d3fbc9301ee17f30f4d474e6ae4b05252/library/std/src/panicking.rs:557:40
[INFO] [stdout]   28:     0x5b3022b844a7 - std::panicking::try::h3824d23db772a716
[INFO] [stdout]                                at /rustc/df4ca44d3fbc9301ee17f30f4d474e6ae4b05252/library/std/src/panicking.rs:520:19
[INFO] [stdout]   29:     0x5b3022b844a7 - std::panic::catch_unwind::h5afd514605fde46b
[INFO] [stdout]                                at /rustc/df4ca44d3fbc9301ee17f30f4d474e6ae4b05252/library/std/src/panic.rs:358:14
[INFO] [stdout]   30:     0x5b3022b844a7 - test::run_test_in_process::h0d5cbfa7067d1720
[INFO] [stdout]                                at /rustc/df4ca44d3fbc9301ee17f30f4d474e6ae4b05252/library/test/src/lib.rs:644:27
[INFO] [stdout]   31:     0x5b3022b844a7 - test::run_test::{{closure}}::h708eb8872708115d
[INFO] [stdout]                                at /rustc/df4ca44d3fbc9301ee17f30f4d474e6ae4b05252/library/test/src/lib.rs:565:43
[INFO] [stdout]   32:     0x5b3022b47bc4 - test::run_test::{{closure}}::h392c51cee94713ab
[INFO] [stdout]                                at /rustc/df4ca44d3fbc9301ee17f30f4d474e6ae4b05252/library/test/src/lib.rs:595:41
[INFO] [stdout]   33:     0x5b3022b47bc4 - std::sys::backtrace::__rust_begin_short_backtrace::h2f40290710935a8b
[INFO] [stdout]                                at /rustc/df4ca44d3fbc9301ee17f30f4d474e6ae4b05252/library/std/src/sys/backtrace.rs:154:18
[INFO] [stdout]   34:     0x5b3022b4b36e - std::thread::Builder::spawn_unchecked_::{{closure}}::{{closure}}::h3fd968d89053a903
[INFO] [stdout]                                at /rustc/df4ca44d3fbc9301ee17f30f4d474e6ae4b05252/library/std/src/thread/mod.rs:541:17
[INFO] [stdout]   35:     0x5b3022b4b36e - <core::panic::unwind_safe::AssertUnwindSafe<F> as core::ops::function::FnOnce<()>>::call_once::h743f637ba4229880
[INFO] [stdout]                                at /rustc/df4ca44d3fbc9301ee17f30f4d474e6ae4b05252/library/core/src/panic/unwind_safe.rs:272:9
[INFO] [stdout]   36:     0x5b3022b4b36e - std::panicking::try::do_call::h07440897322525a6
[INFO] [stdout]                                at /rustc/df4ca44d3fbc9301ee17f30f4d474e6ae4b05252/library/std/src/panicking.rs:557:40
[INFO] [stdout]   37:     0x5b3022b4b36e - std::panicking::try::he5a2e00188156637
[INFO] [stdout]                                at /rustc/df4ca44d3fbc9301ee17f30f4d474e6ae4b05252/library/std/src/panicking.rs:520:19
[INFO] [stdout]   38:     0x5b3022b4b36e - std::panic::catch_unwind::hbaf3cae49b3c6433
[INFO] [stdout]                                at /rustc/df4ca44d3fbc9301ee17f30f4d474e6ae4b05252/library/std/src/panic.rs:358:14
[INFO] [stdout]   39:     0x5b3022b4b36e - std::thread::Builder::spawn_unchecked_::{{closure}}::h8e141ea224820bce
[INFO] [stdout]                                at /rustc/df4ca44d3fbc9301ee17f30f4d474e6ae4b05252/library/std/src/thread/mod.rs:540:30
[INFO] [stdout]   40:     0x5b3022b4b36e - core::ops::function::FnOnce::call_once{{vtable.shim}}::h90d312fedd7b8ea8
[INFO] [stdout]                                at /rustc/df4ca44d3fbc9301ee17f30f4d474e6ae4b05252/library/core/src/ops/function.rs:250:5
[INFO] [stdout]   41:     0x5b30244c241b - <alloc::boxed::Box<F,A> as core::ops::function::FnOnce<Args>>::call_once::h69aa08ddb6adb8b6
[INFO] [stdout]                                at /rustc/df4ca44d3fbc9301ee17f30f4d474e6ae4b05252/library/alloc/src/boxed.rs:2454:9
[INFO] [stdout]   42:     0x5b30244c241b - <alloc::boxed::Box<F,A> as core::ops::function::FnOnce<Args>>::call_once::h5aa36efdb79c806f
[INFO] [stdout]                                at /rustc/df4ca44d3fbc9301ee17f30f4d474e6ae4b05252/library/alloc/src/boxed.rs:2454:9
[INFO] [stdout]   43:     0x5b30244c241b - std::sys::pal::unix::thread::Thread::new::thread_start::h6cd80a1b4be5158d
[INFO] [stdout]                                at /rustc/df4ca44d3fbc9301ee17f30f4d474e6ae4b05252/library/std/src/sys/pal/unix/thread.rs:105:17
[INFO] [stdout]   44:     0x77fb23a8fac3 - <unknown>
[INFO] [stdout]   45:     0x77fb23b20a04 - clone
[INFO] [stdout]   46:                0x0 - <unknown>
[INFO] [stdout] 
[INFO] [stdout] 
[INFO] [stdout] failures:
[INFO] [stdout]     tests::test_loading_rust_analyzer
[INFO] [stdout] 
[INFO] [stdout] test result: FAILED. 11 passed; 1 failed; 0 ignored; 0 measured; 0 filtered out; finished in 0.07s
[INFO] [stdout] 
[INFO] [stderr] error: test failed, to rerun pass `--lib`
[INFO] running `Command { std: "docker" "inspect" "94244190ed9bc45e642a923185e80d35d71622b14d3f0c3d4c06100af37fa996", kill_on_drop: false }`
[INFO] running `Command { std: "docker" "rm" "-f" "94244190ed9bc45e642a923185e80d35d71622b14d3f0c3d4c06100af37fa996", kill_on_drop: false }`
[INFO] [stdout] 94244190ed9bc45e642a923185e80d35d71622b14d3f0c3d4c06100af37fa996
