[INFO] fetching crate ra-ap-rustc_graphviz 0.28.0...
[INFO] testing ra-ap-rustc_graphviz-0.28.0 against nightly-2024-10-28+rustflags=-Zrandomize-layout for randomize-layout
[INFO] extracting crate ra-ap-rustc_graphviz 0.28.0 into /workspace/builds/worker-5-tc2/source
[INFO] validating manifest of crates.io crate ra-ap-rustc_graphviz 0.28.0 on toolchain nightly-2024-10-28
[INFO] running `Command { std: CARGO_HOME="/workspace/cargo-home" RUSTUP_HOME="/workspace/rustup-home" "/workspace/cargo-home/bin/cargo" "+nightly-2024-10-28" "metadata" "--manifest-path" "Cargo.toml" "--no-deps", kill_on_drop: false }`
[INFO] started tweaking crates.io crate ra-ap-rustc_graphviz 0.28.0
[INFO] finished tweaking crates.io crate ra-ap-rustc_graphviz 0.28.0
[INFO] tweaked toml for crates.io crate ra-ap-rustc_graphviz 0.28.0 written to /workspace/builds/worker-5-tc2/source/Cargo.toml
[INFO] running `Command { std: CARGO_HOME="/workspace/cargo-home" RUSTUP_HOME="/workspace/rustup-home" "/workspace/cargo-home/bin/cargo" "+nightly-2024-10-28" "generate-lockfile" "--manifest-path" "Cargo.toml", kill_on_drop: false }`
[INFO] running `Command { std: CARGO_HOME="/workspace/cargo-home" RUSTUP_HOME="/workspace/rustup-home" "/workspace/cargo-home/bin/cargo" "+nightly-2024-10-28" "fetch" "--manifest-path" "Cargo.toml", kill_on_drop: false }`
[INFO] running `Command { std: "docker" "create" "-v" "/var/lib/crater-agent-workspace/builds/worker-5-tc2/target:/opt/rustwide/target:rw,Z" "-v" "/var/lib/crater-agent-workspace/builds/worker-5-tc2/source:/opt/rustwide/workdir:ro,Z" "-v" "/var/lib/crater-agent-workspace/cargo-home:/opt/rustwide/cargo-home:ro,Z" "-v" "/var/lib/crater-agent-workspace/rustup-home:/opt/rustwide/rustup-home:ro,Z" "-e" "SOURCE_DIR=/opt/rustwide/workdir" "-e" "CARGO_TARGET_DIR=/opt/rustwide/target" "-e" "CARGO_HOME=/opt/rustwide/cargo-home" "-e" "RUSTUP_HOME=/opt/rustwide/rustup-home" "-w" "/opt/rustwide/workdir" "-m" "1610612736" "--user" "0:0" "--network" "none" "ghcr.io/rust-lang/crates-build-env/linux@sha256:4a844ea9eb2546a2d2c7022eacef16ef2e8229c7fbb2c7d4d55a9ceca922f72d" "/opt/rustwide/cargo-home/bin/cargo" "+nightly-2024-10-28" "metadata" "--no-deps" "--format-version=1", kill_on_drop: false }`
[INFO] [stdout] d2dba43fec479411b6ea210d436238a5dcf7364bc0d8f523ae57b1e4d7331154
[INFO] running `Command { std: "docker" "start" "-a" "d2dba43fec479411b6ea210d436238a5dcf7364bc0d8f523ae57b1e4d7331154", kill_on_drop: false }`
[INFO] running `Command { std: "docker" "inspect" "d2dba43fec479411b6ea210d436238a5dcf7364bc0d8f523ae57b1e4d7331154", kill_on_drop: false }`
[INFO] running `Command { std: "docker" "rm" "-f" "d2dba43fec479411b6ea210d436238a5dcf7364bc0d8f523ae57b1e4d7331154", kill_on_drop: false }`
[INFO] [stdout] d2dba43fec479411b6ea210d436238a5dcf7364bc0d8f523ae57b1e4d7331154
[INFO] running `Command { std: "docker" "create" "-v" "/var/lib/crater-agent-workspace/builds/worker-5-tc2/target:/opt/rustwide/target:rw,Z" "-v" "/var/lib/crater-agent-workspace/builds/worker-5-tc2/source:/opt/rustwide/workdir:ro,Z" "-v" "/var/lib/crater-agent-workspace/cargo-home:/opt/rustwide/cargo-home:ro,Z" "-v" "/var/lib/crater-agent-workspace/rustup-home:/opt/rustwide/rustup-home:ro,Z" "-e" "SOURCE_DIR=/opt/rustwide/workdir" "-e" "CARGO_TARGET_DIR=/opt/rustwide/target" "-e" "CARGO_INCREMENTAL=0" "-e" "RUST_BACKTRACE=full" "-e" "RUSTFLAGS=--cap-lints=forbid -Zrandomize-layout" "-e" "RUSTDOCFLAGS=--cap-lints=forbid" "-e" "CARGO_HOME=/opt/rustwide/cargo-home" "-e" "RUSTUP_HOME=/opt/rustwide/rustup-home" "-w" "/opt/rustwide/workdir" "-m" "1610612736" "--user" "0:0" "--network" "none" "ghcr.io/rust-lang/crates-build-env/linux@sha256:4a844ea9eb2546a2d2c7022eacef16ef2e8229c7fbb2c7d4d55a9ceca922f72d" "/opt/rustwide/cargo-home/bin/cargo" "+nightly-2024-10-28" "build" "--frozen" "--message-format=json", kill_on_drop: false }`
[INFO] [stdout] ac2a4ede7b7da3bad9ad494657e2ea82347c3624a0b7e221f8b93581d5799ad2
[INFO] running `Command { std: "docker" "start" "-a" "ac2a4ede7b7da3bad9ad494657e2ea82347c3624a0b7e221f8b93581d5799ad2", kill_on_drop: false }`
[INFO] [stderr]    Compiling ra-ap-rustc_graphviz v0.28.0 (/opt/rustwide/workdir)
[INFO] [stderr]     Finished `dev` profile [unoptimized + debuginfo] target(s) in 0.15s
[INFO] running `Command { std: "docker" "inspect" "ac2a4ede7b7da3bad9ad494657e2ea82347c3624a0b7e221f8b93581d5799ad2", kill_on_drop: false }`
[INFO] running `Command { std: "docker" "rm" "-f" "ac2a4ede7b7da3bad9ad494657e2ea82347c3624a0b7e221f8b93581d5799ad2", kill_on_drop: false }`
[INFO] [stdout] ac2a4ede7b7da3bad9ad494657e2ea82347c3624a0b7e221f8b93581d5799ad2
[INFO] running `Command { std: "docker" "create" "-v" "/var/lib/crater-agent-workspace/builds/worker-5-tc2/target:/opt/rustwide/target:rw,Z" "-v" "/var/lib/crater-agent-workspace/builds/worker-5-tc2/source:/opt/rustwide/workdir:ro,Z" "-v" "/var/lib/crater-agent-workspace/cargo-home:/opt/rustwide/cargo-home:ro,Z" "-v" "/var/lib/crater-agent-workspace/rustup-home:/opt/rustwide/rustup-home:ro,Z" "-e" "SOURCE_DIR=/opt/rustwide/workdir" "-e" "CARGO_TARGET_DIR=/opt/rustwide/target" "-e" "CARGO_INCREMENTAL=0" "-e" "RUST_BACKTRACE=full" "-e" "RUSTFLAGS=--cap-lints=forbid -Zrandomize-layout" "-e" "RUSTDOCFLAGS=--cap-lints=forbid" "-e" "CARGO_HOME=/opt/rustwide/cargo-home" "-e" "RUSTUP_HOME=/opt/rustwide/rustup-home" "-w" "/opt/rustwide/workdir" "-m" "1610612736" "--user" "0:0" "--network" "none" "ghcr.io/rust-lang/crates-build-env/linux@sha256:4a844ea9eb2546a2d2c7022eacef16ef2e8229c7fbb2c7d4d55a9ceca922f72d" "/opt/rustwide/cargo-home/bin/cargo" "+nightly-2024-10-28" "test" "--frozen" "--no-run" "--message-format=json", kill_on_drop: false }`
[INFO] [stdout] 441e8c18feafab080be8df808eae18677ec81983c794ede7b396b805ede6bde2
[INFO] running `Command { std: "docker" "start" "-a" "441e8c18feafab080be8df808eae18677ec81983c794ede7b396b805ede6bde2", kill_on_drop: false }`
[INFO] [stderr]    Compiling ra-ap-rustc_graphviz v0.28.0 (/opt/rustwide/workdir)
[INFO] [stderr]     Finished `test` profile [unoptimized + debuginfo] target(s) in 0.21s
[INFO] running `Command { std: "docker" "inspect" "441e8c18feafab080be8df808eae18677ec81983c794ede7b396b805ede6bde2", kill_on_drop: false }`
[INFO] running `Command { std: "docker" "rm" "-f" "441e8c18feafab080be8df808eae18677ec81983c794ede7b396b805ede6bde2", kill_on_drop: false }`
[INFO] [stdout] 441e8c18feafab080be8df808eae18677ec81983c794ede7b396b805ede6bde2
[INFO] running `Command { std: "docker" "create" "-v" "/var/lib/crater-agent-workspace/builds/worker-5-tc2/target:/opt/rustwide/target:rw,Z" "-v" "/var/lib/crater-agent-workspace/builds/worker-5-tc2/source:/opt/rustwide/workdir:ro,Z" "-v" "/var/lib/crater-agent-workspace/cargo-home:/opt/rustwide/cargo-home:ro,Z" "-v" "/var/lib/crater-agent-workspace/rustup-home:/opt/rustwide/rustup-home:ro,Z" "-e" "SOURCE_DIR=/opt/rustwide/workdir" "-e" "CARGO_TARGET_DIR=/opt/rustwide/target" "-e" "CARGO_INCREMENTAL=0" "-e" "RUST_BACKTRACE=full" "-e" "RUSTFLAGS=--cap-lints=forbid -Zrandomize-layout" "-e" "RUSTDOCFLAGS=--cap-lints=forbid" "-e" "CARGO_HOME=/opt/rustwide/cargo-home" "-e" "RUSTUP_HOME=/opt/rustwide/rustup-home" "-w" "/opt/rustwide/workdir" "-m" "1610612736" "--user" "0:0" "--network" "none" "ghcr.io/rust-lang/crates-build-env/linux@sha256:4a844ea9eb2546a2d2c7022eacef16ef2e8229c7fbb2c7d4d55a9ceca922f72d" "/opt/rustwide/cargo-home/bin/cargo" "+nightly-2024-10-28" "test" "--frozen", kill_on_drop: false }`
[INFO] [stdout] 467820ecca757120aba95bfefff56ec6cf9acc364144efc62031db60f2e30296
[INFO] running `Command { std: "docker" "start" "-a" "467820ecca757120aba95bfefff56ec6cf9acc364144efc62031db60f2e30296", kill_on_drop: false }`
[INFO] [stderr]     Finished `test` profile [unoptimized + debuginfo] target(s) in 0.00s
[INFO] [stderr]      Running unittests src/lib.rs (/opt/rustwide/target/debug/deps/ra_ap_rustc_graphviz-abf76940c9c6f577)
[INFO] [stdout] 
[INFO] [stdout] running 11 tests
[INFO] [stdout] test tests::empty_graph ... ok
[INFO] [stdout] test tests::badly_formatted_id ... ok
[INFO] [stdout] test tests::hasse_diagram ... ok
[INFO] [stdout] test tests::left_aligned_text ... ok
[INFO] [stdout] test tests::simple_id_construction ... ok
[INFO] [stdout] test tests::single_cyclic_node ... ok
[INFO] [stdout] test tests::single_edge ... ok
[INFO] [stdout] test tests::single_edge_with_style ... ok
[INFO] [stdout] test tests::single_node ... ok
[INFO] [stdout] test tests::single_node_with_style ... ok
[INFO] [stdout] test tests::test_some_labelled ... ok
[INFO] [stdout] 
[INFO] [stdout] test result: ok. 11 passed; 0 failed; 0 ignored; 0 measured; 0 filtered out; finished in 0.00s
[INFO] [stdout] 
[INFO] [stderr]    Doc-tests ra_ap_rustc_graphviz
[INFO] [stdout] 
[INFO] [stdout] running 6 tests
[INFO] [stdout] test src/lib.rs - (line 187) - compile ... ok
[INFO] [stdout] test src/lib.rs - (line 90) - compile ... ok
[INFO] [stdout] test src/lib.rs - (line 257) - compile ... ok
[INFO] [stdout] test src/lib.rs - (line 204) ... FAILED
[INFO] [stdout] test src/lib.rs - (line 142) ... FAILED
[INFO] [stdout] test src/lib.rs - (line 37) ... FAILED
[INFO] [stdout] 
[INFO] [stdout] failures:
[INFO] [stdout] 
[INFO] [stdout] ---- src/lib.rs - (line 204) stdout ----
[INFO] [stdout] error[E0432]: unresolved import `rustc_graphviz`
[INFO] [stdout]  --> src/lib.rs:208:5
[INFO] [stdout]   |
[INFO] [stdout] 6 | use rustc_graphviz as dot;
[INFO] [stdout]   |     ^^^^^^^^^^^^^^^^^^^^^ no external crate `rustc_graphviz`
[INFO] [stdout] 
[INFO] [stdout] error: aborting due to 1 previous error
[INFO] [stdout] 
[INFO] [stdout] For more information about this error, try `rustc --explain E0432`.
[INFO] [stdout] Couldn't compile the test.
[INFO] [stdout] ---- src/lib.rs - (line 142) stdout ----
[INFO] [stdout] error[E0432]: unresolved import `rustc_graphviz`
[INFO] [stdout]  --> src/lib.rs:146:5
[INFO] [stdout]   |
[INFO] [stdout] 6 | use rustc_graphviz as dot;
[INFO] [stdout]   |     ^^^^^^^^^^^^^^^^^^^^^ no external crate `rustc_graphviz`
[INFO] [stdout] 
[INFO] [stdout] error: aborting due to 1 previous error
[INFO] [stdout] 
[INFO] [stdout] For more information about this error, try `rustc --explain E0432`.
[INFO] [stdout] Couldn't compile the test.
[INFO] [stdout] ---- src/lib.rs - (line 37) stdout ----
[INFO] [stdout] error[E0432]: unresolved import `rustc_graphviz`
[INFO] [stdout]  --> src/lib.rs:41:5
[INFO] [stdout]   |
[INFO] [stdout] 6 | use rustc_graphviz as dot;
[INFO] [stdout]   |     ^^^^^^^^^^^^^^^^^^^^^ no external crate `rustc_graphviz`
[INFO] [stdout] 
[INFO] [stdout] error: aborting due to 1 previous error
[INFO] [stdout] 
[INFO] [stdout] For more information about this error, try `rustc --explain E0432`.
[INFO] [stdout] Couldn't compile the test.
[INFO] [stdout] 
[INFO] [stdout] failures:
[INFO] [stdout]     src/lib.rs - (line 142)
[INFO] [stdout]     src/lib.rs - (line 204)
[INFO] [stdout]     src/lib.rs - (line 37)
[INFO] [stdout] 
[INFO] [stdout] test result: FAILED. 3 passed; 3 failed; 0 ignored; 0 measured; 0 filtered out; finished in 0.03s
[INFO] [stdout] 
[INFO] [stderr] error: doctest failed, to rerun pass `--doc`
[INFO] running `Command { std: "docker" "inspect" "467820ecca757120aba95bfefff56ec6cf9acc364144efc62031db60f2e30296", kill_on_drop: false }`
[INFO] running `Command { std: "docker" "rm" "-f" "467820ecca757120aba95bfefff56ec6cf9acc364144efc62031db60f2e30296", kill_on_drop: false }`
[INFO] [stdout] 467820ecca757120aba95bfefff56ec6cf9acc364144efc62031db60f2e30296
