[INFO] fetching crate r621 0.2.4...
[INFO] testing r621-0.2.4 against nightly-2024-10-28+rustflags=-Zrandomize-layout for randomize-layout
[INFO] extracting crate r621 0.2.4 into /workspace/builds/worker-0-tc2/source
[INFO] validating manifest of crates.io crate r621 0.2.4 on toolchain nightly-2024-10-28
[INFO] running `Command { std: CARGO_HOME="/workspace/cargo-home" RUSTUP_HOME="/workspace/rustup-home" "/workspace/cargo-home/bin/cargo" "+nightly-2024-10-28" "metadata" "--manifest-path" "Cargo.toml" "--no-deps", kill_on_drop: false }`
[INFO] started tweaking crates.io crate r621 0.2.4
[INFO] finished tweaking crates.io crate r621 0.2.4
[INFO] tweaked toml for crates.io crate r621 0.2.4 written to /workspace/builds/worker-0-tc2/source/Cargo.toml
[INFO] running `Command { std: CARGO_HOME="/workspace/cargo-home" RUSTUP_HOME="/workspace/rustup-home" "/workspace/cargo-home/bin/cargo" "+nightly-2024-10-28" "generate-lockfile" "--manifest-path" "Cargo.toml", kill_on_drop: false }`
[INFO] [stderr]     Updating crates.io index
[INFO] [stderr]     Blocking waiting for file lock on package cache
[INFO] [stderr]      Locking 136 packages to latest compatible versions
[INFO] [stderr]       Adding base64 v0.21.7 (available: v0.22.1)
[INFO] [stderr]       Adding reqwest v0.11.27 (available: v0.12.9)
[INFO] running `Command { std: CARGO_HOME="/workspace/cargo-home" RUSTUP_HOME="/workspace/rustup-home" "/workspace/cargo-home/bin/cargo" "+nightly-2024-10-28" "fetch" "--manifest-path" "Cargo.toml", kill_on_drop: false }`
[INFO] [stderr]     Blocking waiting for file lock on package cache
[INFO] [stderr]     Blocking waiting for file lock on package cache
[INFO] running `Command { std: "docker" "create" "-v" "/var/lib/crater-agent-workspace/builds/worker-0-tc2/target:/opt/rustwide/target:rw,Z" "-v" "/var/lib/crater-agent-workspace/builds/worker-0-tc2/source:/opt/rustwide/workdir:ro,Z" "-v" "/var/lib/crater-agent-workspace/cargo-home:/opt/rustwide/cargo-home:ro,Z" "-v" "/var/lib/crater-agent-workspace/rustup-home:/opt/rustwide/rustup-home:ro,Z" "-e" "SOURCE_DIR=/opt/rustwide/workdir" "-e" "CARGO_TARGET_DIR=/opt/rustwide/target" "-e" "CARGO_HOME=/opt/rustwide/cargo-home" "-e" "RUSTUP_HOME=/opt/rustwide/rustup-home" "-w" "/opt/rustwide/workdir" "-m" "1610612736" "--user" "0:0" "--network" "none" "ghcr.io/rust-lang/crates-build-env/linux@sha256:4a844ea9eb2546a2d2c7022eacef16ef2e8229c7fbb2c7d4d55a9ceca922f72d" "/opt/rustwide/cargo-home/bin/cargo" "+nightly-2024-10-28" "metadata" "--no-deps" "--format-version=1", kill_on_drop: false }`
[INFO] [stdout] 1b596158f37742a896981cbdf60ec00d7a7066cf4a49cfa71e258a502d27e8dc
[INFO] running `Command { std: "docker" "start" "-a" "1b596158f37742a896981cbdf60ec00d7a7066cf4a49cfa71e258a502d27e8dc", kill_on_drop: false }`
[INFO] running `Command { std: "docker" "inspect" "1b596158f37742a896981cbdf60ec00d7a7066cf4a49cfa71e258a502d27e8dc", kill_on_drop: false }`
[INFO] running `Command { std: "docker" "rm" "-f" "1b596158f37742a896981cbdf60ec00d7a7066cf4a49cfa71e258a502d27e8dc", kill_on_drop: false }`
[INFO] [stdout] 1b596158f37742a896981cbdf60ec00d7a7066cf4a49cfa71e258a502d27e8dc
[INFO] running `Command { std: "docker" "create" "-v" "/var/lib/crater-agent-workspace/builds/worker-0-tc2/target:/opt/rustwide/target:rw,Z" "-v" "/var/lib/crater-agent-workspace/builds/worker-0-tc2/source:/opt/rustwide/workdir:ro,Z" "-v" "/var/lib/crater-agent-workspace/cargo-home:/opt/rustwide/cargo-home:ro,Z" "-v" "/var/lib/crater-agent-workspace/rustup-home:/opt/rustwide/rustup-home:ro,Z" "-e" "SOURCE_DIR=/opt/rustwide/workdir" "-e" "CARGO_TARGET_DIR=/opt/rustwide/target" "-e" "CARGO_INCREMENTAL=0" "-e" "RUST_BACKTRACE=full" "-e" "RUSTFLAGS=--cap-lints=forbid -Zrandomize-layout" "-e" "RUSTDOCFLAGS=--cap-lints=forbid" "-e" "CARGO_HOME=/opt/rustwide/cargo-home" "-e" "RUSTUP_HOME=/opt/rustwide/rustup-home" "-w" "/opt/rustwide/workdir" "-m" "1610612736" "--user" "0:0" "--network" "none" "ghcr.io/rust-lang/crates-build-env/linux@sha256:4a844ea9eb2546a2d2c7022eacef16ef2e8229c7fbb2c7d4d55a9ceca922f72d" "/opt/rustwide/cargo-home/bin/cargo" "+nightly-2024-10-28" "build" "--frozen" "--message-format=json", kill_on_drop: false }`
[INFO] [stdout] 9fb65825a57f53a565708d0e09ea7720568306d3721548c0c4bbe8a3f898d80b
[INFO] running `Command { std: "docker" "start" "-a" "9fb65825a57f53a565708d0e09ea7720568306d3721548c0c4bbe8a3f898d80b", kill_on_drop: false }`
[INFO] [stderr]    Compiling syn v2.0.86
[INFO] [stderr]    Compiling tokio-macros v2.4.0
[INFO] [stderr]    Compiling openssl-macros v0.1.1
[INFO] [stderr]    Compiling serde_derive v1.0.214
[INFO] [stderr]    Compiling thiserror-impl v1.0.66
[INFO] [stderr]    Compiling openssl v0.10.68
[INFO] [stderr]    Compiling tokio v1.41.0
[INFO] [stderr]    Compiling thiserror v1.0.66
[INFO] [stderr]    Compiling serde v1.0.214
[INFO] [stderr]    Compiling native-tls v0.2.12
[INFO] [stderr]    Compiling tokio-util v0.7.12
[INFO] [stderr]    Compiling tokio-native-tls v0.3.1
[INFO] [stderr]    Compiling serde_urlencoded v0.7.1
[INFO] [stderr]    Compiling serde_json v1.0.132
[INFO] [stderr]    Compiling h2 v0.3.26
[INFO] [stderr]    Compiling hyper v0.14.31
[INFO] [stderr]    Compiling hyper-tls v0.5.0
[INFO] [stderr]    Compiling reqwest v0.11.27
[INFO] [stderr]    Compiling r621 v0.2.4 (/opt/rustwide/workdir)
[INFO] [stdout] warning: unexpected `cfg` condition name: `debug`
[INFO] [stdout]   --> src/client.rs:84:17
[INFO] [stdout]    |
[INFO] [stdout] 84 |         if cfg!(debug) {
[INFO] [stdout]    |                 ^^^^^
[INFO] [stdout]    |
[INFO] [stdout]    = help: expected names are: `clippy`, `debug_assertions`, `doc`, `docsrs`, `doctest`, `feature`, `fmt_debug`, `miri`, `overflow_checks`, `panic`, `proc_macro`, `relocation_model`, `rustfmt`, `sanitize`, `sanitizer_cfi_generalize_pointers`, `sanitizer_cfi_normalize_integers`, `target_abi`, `target_arch`, `target_endian`, `target_env`, `target_family`, `target_feature`, `target_has_atomic`, `target_has_atomic_equal_alignment`, `target_has_atomic_load_store`, `target_os`, `target_pointer_width`, `target_thread_local`, `target_vendor`, `test`, `ub_checks`, `unix`, and `windows`
[INFO] [stdout]    = help: consider using a Cargo feature instead
[INFO] [stdout]    = help: or consider adding in `Cargo.toml` the `check-cfg` lint config for the lint:
[INFO] [stdout]             [lints.rust]
[INFO] [stdout]             unexpected_cfgs = { level = "warn", check-cfg = ['cfg(debug)'] }
[INFO] [stdout]    = help: or consider adding `println!("cargo::rustc-check-cfg=cfg(debug)");` to the top of the `build.rs`
[INFO] [stdout]    = note: see <https://doc.rust-lang.org/nightly/rustc/check-cfg/cargo-specifics.html> for more information about checking conditional configuration
[INFO] [stdout]    = note: `#[warn(unexpected_cfgs)]` on by default
[INFO] [stdout] 
[INFO] [stdout] 
[INFO] [stderr]     Finished `dev` profile [unoptimized + debuginfo] target(s) in 22.36s
[INFO] running `Command { std: "docker" "inspect" "9fb65825a57f53a565708d0e09ea7720568306d3721548c0c4bbe8a3f898d80b", kill_on_drop: false }`
[INFO] running `Command { std: "docker" "rm" "-f" "9fb65825a57f53a565708d0e09ea7720568306d3721548c0c4bbe8a3f898d80b", kill_on_drop: false }`
[INFO] [stdout] 9fb65825a57f53a565708d0e09ea7720568306d3721548c0c4bbe8a3f898d80b
[INFO] running `Command { std: "docker" "create" "-v" "/var/lib/crater-agent-workspace/builds/worker-0-tc2/target:/opt/rustwide/target:rw,Z" "-v" "/var/lib/crater-agent-workspace/builds/worker-0-tc2/source:/opt/rustwide/workdir:ro,Z" "-v" "/var/lib/crater-agent-workspace/cargo-home:/opt/rustwide/cargo-home:ro,Z" "-v" "/var/lib/crater-agent-workspace/rustup-home:/opt/rustwide/rustup-home:ro,Z" "-e" "SOURCE_DIR=/opt/rustwide/workdir" "-e" "CARGO_TARGET_DIR=/opt/rustwide/target" "-e" "CARGO_INCREMENTAL=0" "-e" "RUST_BACKTRACE=full" "-e" "RUSTFLAGS=--cap-lints=forbid -Zrandomize-layout" "-e" "RUSTDOCFLAGS=--cap-lints=forbid" "-e" "CARGO_HOME=/opt/rustwide/cargo-home" "-e" "RUSTUP_HOME=/opt/rustwide/rustup-home" "-w" "/opt/rustwide/workdir" "-m" "1610612736" "--user" "0:0" "--network" "none" "ghcr.io/rust-lang/crates-build-env/linux@sha256:4a844ea9eb2546a2d2c7022eacef16ef2e8229c7fbb2c7d4d55a9ceca922f72d" "/opt/rustwide/cargo-home/bin/cargo" "+nightly-2024-10-28" "test" "--frozen" "--no-run" "--message-format=json", kill_on_drop: false }`
[INFO] [stdout] e9dd8fafc27840598ed57f0703aae18cf563df558fe0af647e3f7a51312b29ba
[INFO] running `Command { std: "docker" "start" "-a" "e9dd8fafc27840598ed57f0703aae18cf563df558fe0af647e3f7a51312b29ba", kill_on_drop: false }`
[INFO] [stderr]    Compiling r621 v0.2.4 (/opt/rustwide/workdir)
[INFO] [stdout] warning: unexpected `cfg` condition name: `debug`
[INFO] [stdout]   --> src/client.rs:84:17
[INFO] [stdout]    |
[INFO] [stdout] 84 |         if cfg!(debug) {
[INFO] [stdout]    |                 ^^^^^
[INFO] [stdout]    |
[INFO] [stdout]    = help: expected names are: `clippy`, `debug_assertions`, `doc`, `docsrs`, `doctest`, `feature`, `fmt_debug`, `miri`, `overflow_checks`, `panic`, `proc_macro`, `relocation_model`, `rustfmt`, `sanitize`, `sanitizer_cfi_generalize_pointers`, `sanitizer_cfi_normalize_integers`, `target_abi`, `target_arch`, `target_endian`, `target_env`, `target_family`, `target_feature`, `target_has_atomic`, `target_has_atomic_equal_alignment`, `target_has_atomic_load_store`, `target_os`, `target_pointer_width`, `target_thread_local`, `target_vendor`, `test`, `ub_checks`, `unix`, and `windows`
[INFO] [stdout]    = help: consider using a Cargo feature instead
[INFO] [stdout]    = help: or consider adding in `Cargo.toml` the `check-cfg` lint config for the lint:
[INFO] [stdout]             [lints.rust]
[INFO] [stdout]             unexpected_cfgs = { level = "warn", check-cfg = ['cfg(debug)'] }
[INFO] [stdout]    = help: or consider adding `println!("cargo::rustc-check-cfg=cfg(debug)");` to the top of the `build.rs`
[INFO] [stdout]    = note: see <https://doc.rust-lang.org/nightly/rustc/check-cfg/cargo-specifics.html> for more information about checking conditional configuration
[INFO] [stdout]    = note: `#[warn(unexpected_cfgs)]` on by default
[INFO] [stdout] 
[INFO] [stdout] 
[INFO] [stdout] warning: unexpected `cfg` condition name: `debug`
[INFO] [stdout]   --> src/client.rs:84:17
[INFO] [stdout]    |
[INFO] [stdout] 84 |         if cfg!(debug) {
[INFO] [stdout]    |                 ^^^^^
[INFO] [stdout]    |
[INFO] [stdout]    = help: expected names are: `clippy`, `debug_assertions`, `doc`, `docsrs`, `doctest`, `feature`, `fmt_debug`, `miri`, `overflow_checks`, `panic`, `proc_macro`, `relocation_model`, `rustfmt`, `sanitize`, `sanitizer_cfi_generalize_pointers`, `sanitizer_cfi_normalize_integers`, `target_abi`, `target_arch`, `target_endian`, `target_env`, `target_family`, `target_feature`, `target_has_atomic`, `target_has_atomic_equal_alignment`, `target_has_atomic_load_store`, `target_os`, `target_pointer_width`, `target_thread_local`, `target_vendor`, `test`, `ub_checks`, `unix`, and `windows`
[INFO] [stdout]    = help: consider using a Cargo feature instead
[INFO] [stdout]    = help: or consider adding in `Cargo.toml` the `check-cfg` lint config for the lint:
[INFO] [stdout]             [lints.rust]
[INFO] [stdout]             unexpected_cfgs = { level = "warn", check-cfg = ['cfg(debug)'] }
[INFO] [stdout]    = help: or consider adding `println!("cargo::rustc-check-cfg=cfg(debug)");` to the top of the `build.rs`
[INFO] [stdout]    = note: see <https://doc.rust-lang.org/nightly/rustc/check-cfg/cargo-specifics.html> for more information about checking conditional configuration
[INFO] [stdout]    = note: `#[warn(unexpected_cfgs)]` on by default
[INFO] [stdout] 
[INFO] [stdout] 
[INFO] [stderr]     Finished `test` profile [unoptimized + debuginfo] target(s) in 0.83s
[INFO] running `Command { std: "docker" "inspect" "e9dd8fafc27840598ed57f0703aae18cf563df558fe0af647e3f7a51312b29ba", kill_on_drop: false }`
[INFO] running `Command { std: "docker" "rm" "-f" "e9dd8fafc27840598ed57f0703aae18cf563df558fe0af647e3f7a51312b29ba", kill_on_drop: false }`
[INFO] [stdout] e9dd8fafc27840598ed57f0703aae18cf563df558fe0af647e3f7a51312b29ba
[INFO] running `Command { std: "docker" "create" "-v" "/var/lib/crater-agent-workspace/builds/worker-0-tc2/target:/opt/rustwide/target:rw,Z" "-v" "/var/lib/crater-agent-workspace/builds/worker-0-tc2/source:/opt/rustwide/workdir:ro,Z" "-v" "/var/lib/crater-agent-workspace/cargo-home:/opt/rustwide/cargo-home:ro,Z" "-v" "/var/lib/crater-agent-workspace/rustup-home:/opt/rustwide/rustup-home:ro,Z" "-e" "SOURCE_DIR=/opt/rustwide/workdir" "-e" "CARGO_TARGET_DIR=/opt/rustwide/target" "-e" "CARGO_INCREMENTAL=0" "-e" "RUST_BACKTRACE=full" "-e" "RUSTFLAGS=--cap-lints=forbid -Zrandomize-layout" "-e" "RUSTDOCFLAGS=--cap-lints=forbid" "-e" "CARGO_HOME=/opt/rustwide/cargo-home" "-e" "RUSTUP_HOME=/opt/rustwide/rustup-home" "-w" "/opt/rustwide/workdir" "-m" "1610612736" "--user" "0:0" "--network" "none" "ghcr.io/rust-lang/crates-build-env/linux@sha256:4a844ea9eb2546a2d2c7022eacef16ef2e8229c7fbb2c7d4d55a9ceca922f72d" "/opt/rustwide/cargo-home/bin/cargo" "+nightly-2024-10-28" "test" "--frozen", kill_on_drop: false }`
[INFO] [stdout] dc566c0b27428d6801152c7796ad7c01f4d0523ae6eee408dd28fbdf6d4f82af
[INFO] running `Command { std: "docker" "start" "-a" "dc566c0b27428d6801152c7796ad7c01f4d0523ae6eee408dd28fbdf6d4f82af", kill_on_drop: false }`
[INFO] [stderr] warning: unexpected `cfg` condition name: `debug`
[INFO] [stderr]   --> src/client.rs:84:17
[INFO] [stderr]    |
[INFO] [stderr] 84 |         if cfg!(debug) {
[INFO] [stderr]    |                 ^^^^^
[INFO] [stderr]    |
[INFO] [stderr]    = help: expected names are: `clippy`, `debug_assertions`, `doc`, `docsrs`, `doctest`, `feature`, `fmt_debug`, `miri`, `overflow_checks`, `panic`, `proc_macro`, `relocation_model`, `rustfmt`, `sanitize`, `sanitizer_cfi_generalize_pointers`, `sanitizer_cfi_normalize_integers`, `target_abi`, `target_arch`, `target_endian`, `target_env`, `target_family`, `target_feature`, `target_has_atomic`, `target_has_atomic_equal_alignment`, `target_has_atomic_load_store`, `target_os`, `target_pointer_width`, `target_thread_local`, `target_vendor`, `test`, `ub_checks`, `unix`, and `windows`
[INFO] [stderr]    = help: consider using a Cargo feature instead
[INFO] [stderr]    = help: or consider adding in `Cargo.toml` the `check-cfg` lint config for the lint:
[INFO] [stderr]             [lints.rust]
[INFO] [stderr]             unexpected_cfgs = { level = "warn", check-cfg = ['cfg(debug)'] }
[INFO] [stderr]    = help: or consider adding `println!("cargo::rustc-check-cfg=cfg(debug)");` to the top of the `build.rs`
[INFO] [stderr]    = note: see <https://doc.rust-lang.org/nightly/rustc/check-cfg/cargo-specifics.html> for more information about checking conditional configuration
[INFO] [stderr]    = note: `#[warn(unexpected_cfgs)]` on by default
[INFO] [stderr] 
[INFO] [stderr] warning: `r621` (lib) generated 1 warning
[INFO] [stderr] warning: `r621` (lib test) generated 1 warning (1 duplicate)
[INFO] [stderr]     Finished `test` profile [unoptimized + debuginfo] target(s) in 0.07s
[INFO] [stderr]      Running unittests src/lib.rs (/opt/rustwide/target/debug/deps/r621-788008784a2abf01)
[INFO] [stdout] 
[INFO] [stdout] running 0 tests
[INFO] [stdout] 
[INFO] [stdout] test result: ok. 0 passed; 0 failed; 0 ignored; 0 measured; 0 filtered out; finished in 0.00s
[INFO] [stdout] 
[INFO] [stderr]    Doc-tests r621
[INFO] [stdout] 
[INFO] [stdout] running 3 tests
[INFO] [stdout] test src/client.rs - client::Client::new (line 23) ... FAILED
[INFO] [stdout] test src/client.rs - client::Client::list_posts (line 59) ... FAILED
[INFO] [stdout] test src/client.rs - client::Client::get_post (line 97) ... FAILED
[INFO] [stdout] 
[INFO] [stdout] failures:
[INFO] [stdout] 
[INFO] [stdout] ---- src/client.rs - client::Client::new (line 23) stdout ----
[INFO] [stdout] error[E0308]: mismatched types
[INFO] [stdout]   --> src/client.rs:35:4
[INFO] [stdout]    |
[INFO] [stdout] 8  | async fn main() -> Result<(), Box<dyn Error>> {
[INFO] [stdout]    |                    -------------------------- expected `Result<(), Box<(dyn std::error::Error + 'static)>>` because of return type
[INFO] [stdout] ...
[INFO] [stdout] 14 |    let mut esix_client = Client::new(auth, user_agent);
[INFO] [stdout]    |    ^^^^^^^^^^^^^^^^^^^^^^^^^^^^^^^^^^^^^^^^^^^^^^^^^^^^ expected `Result<(), Box<dyn Error>>`, found `()`
[INFO] [stdout]    |
[INFO] [stdout]    = note:   expected enum `Result<(), Box<(dyn std::error::Error + 'static)>>`
[INFO] [stdout]            found unit type `()`
[INFO] [stdout] help: try adding an expression at the end of the block
[INFO] [stdout]    |
[INFO] [stdout] 14 ~    let mut esix_client = Client::new(auth, user_agent);;
[INFO] [stdout] 15 +    Ok(())
[INFO] [stdout]    |
[INFO] [stdout] 
[INFO] [stdout] error: aborting due to 1 previous error
[INFO] [stdout] 
[INFO] [stdout] For more information about this error, try `rustc --explain E0308`.
[INFO] [stdout] Couldn't compile the test.
[INFO] [stdout] ---- src/client.rs - client::Client::list_posts (line 59) stdout ----
[INFO] [stdout] error[E0599]: no method named `list_posts` found for enum `Result` in the current scope
[INFO] [stdout]   --> src/client.rs:72:28
[INFO] [stdout]    |
[INFO] [stdout] 15 |    let posts = esix_client.list_posts(None, Some("lucario"), None).await?;
[INFO] [stdout]    |                            ^^^^^^^^^^ method not found in `Result<Client, Error>`
[INFO] [stdout]    |
[INFO] [stdout] note: the method `list_posts` exists on the type `r621::client::Client`
[INFO] [stdout]   --> /opt/rustwide/workdir/src/client.rs:74:5
[INFO] [stdout]    |
[INFO] [stdout] 74 | /     pub async fn list_posts(
[INFO] [stdout] 75 | |         &mut self,
[INFO] [stdout] 76 | |         limit: Option<u16>,
[INFO] [stdout] 77 | |         tags: Option<String>,
[INFO] [stdout] 78 | |         page: Option<u32>,
[INFO] [stdout] 79 | |     ) -> Result<Vec<Post>> {
[INFO] [stdout]    | |__________________________^
[INFO] [stdout] help: consider using `Result::expect` to unwrap the `r621::client::Client` value, panicking if the value is a `Result::Err`
[INFO] [stdout]    |
[INFO] [stdout] 15 |    let posts = esix_client.expect("REASON").list_posts(None, Some("lucario"), None).await?;
[INFO] [stdout]    |                           +++++++++++++++++
[INFO] [stdout] 
[INFO] [stdout] error[E0277]: the `?` operator can only be used in an async block that returns `Result` or `Option` (or another type that implements `FromResidual`)
[INFO] [stdout]   --> src/client.rs:72:73
[INFO] [stdout]    |
[INFO] [stdout] 7  | #[tokio::main]
[INFO] [stdout]    | -------------- this function should return `Result` or `Option` to accept `?`
[INFO] [stdout] ...
[INFO] [stdout] 15 |    let posts = esix_client.list_posts(None, Some("lucario"), None).await?;
[INFO] [stdout]    |                                                                         ^ cannot use the `?` operator in an async block that returns `()`
[INFO] [stdout]    |
[INFO] [stdout]    = help: the trait `FromResidual<_>` is not implemented for `()`
[INFO] [stdout] 
[INFO] [stdout] error[E0308]: mismatched types
[INFO] [stdout]   --> src/client.rs:72:4
[INFO] [stdout]    |
[INFO] [stdout] 8  | async fn main() -> Result<(), Box<dyn Error>> {
[INFO] [stdout]    |                    -------------------------- expected `Result<(), Box<(dyn std::error::Error + 'static)>>` because of return type
[INFO] [stdout] ...
[INFO] [stdout] 15 |    let posts = esix_client.list_posts(None, Some("lucario"), None).await?;
[INFO] [stdout]    |    ^^^^^^^^^^^^^^^^^^^^^^^^^^^^^^^^^^^^^^^^^^^^^^^^^^^^^^^^^^^^^^^^^^^^^^^ expected `Result<(), Box<dyn Error>>`, found `()`
[INFO] [stdout]    |
[INFO] [stdout]    = note:   expected enum `Result<(), Box<(dyn std::error::Error + 'static)>>`
[INFO] [stdout]            found unit type `()`
[INFO] [stdout] help: try adding an expression at the end of the block
[INFO] [stdout]    |
[INFO] [stdout] 15 ~    let posts = esix_client.list_posts(None, Some("lucario"), None).await?;;
[INFO] [stdout] 16 +    Ok(())
[INFO] [stdout]    |
[INFO] [stdout] 
[INFO] [stdout] error: aborting due to 3 previous errors
[INFO] [stdout] 
[INFO] [stdout] Some errors have detailed explanations: E0277, E0308, E0599.
[INFO] [stdout] For more information about an error, try `rustc --explain E0277`.
[INFO] [stdout] Couldn't compile the test.
[INFO] [stdout] ---- src/client.rs - client::Client::get_post (line 97) stdout ----
[INFO] [stdout] error[E0599]: no method named `get_post` found for enum `Result` in the current scope
[INFO] [stdout]    --> src/client.rs:110:27
[INFO] [stdout]     |
[INFO] [stdout] 15  |    let post = esix_client.get_post(1337).await?;
[INFO] [stdout]     |                           ^^^^^^^^ method not found in `Result<Client, Error>`
[INFO] [stdout]     |
[INFO] [stdout] note: the method `get_post` exists on the type `r621::client::Client`
[INFO] [stdout]    --> /opt/rustwide/workdir/src/client.rs:112:5
[INFO] [stdout]     |
[INFO] [stdout] 112 |     pub async fn get_post(&mut self, post_id: Id) -> Result<Post> {
[INFO] [stdout]     |     ^^^^^^^^^^^^^^^^^^^^^^^^^^^^^^^^^^^^^^^^^^^^^^^^^^^^^^^^^^^^^
[INFO] [stdout] help: consider using `Result::expect` to unwrap the `r621::client::Client` value, panicking if the value is a `Result::Err`
[INFO] [stdout]     |
[INFO] [stdout] 15  |    let post = esix_client.expect("REASON").get_post(1337).await?;
[INFO] [stdout]     |                          +++++++++++++++++
[INFO] [stdout] 
[INFO] [stdout] error[E0277]: the `?` operator can only be used in an async block that returns `Result` or `Option` (or another type that implements `FromResidual`)
[INFO] [stdout]   --> src/client.rs:110:47
[INFO] [stdout]    |
[INFO] [stdout] 7  | #[tokio::main]
[INFO] [stdout]    | -------------- this function should return `Result` or `Option` to accept `?`
[INFO] [stdout] ...
[INFO] [stdout] 15 |    let post = esix_client.get_post(1337).await?;
[INFO] [stdout]    |                                               ^ cannot use the `?` operator in an async block that returns `()`
[INFO] [stdout]    |
[INFO] [stdout]    = help: the trait `FromResidual<_>` is not implemented for `()`
[INFO] [stdout] 
[INFO] [stdout] error[E0308]: mismatched types
[INFO] [stdout]   --> src/client.rs:110:4
[INFO] [stdout]    |
[INFO] [stdout] 8  | async fn main() -> Result<(), Box<dyn Error>> {
[INFO] [stdout]    |                    -------------------------- expected `Result<(), Box<(dyn std::error::Error + 'static)>>` because of return type
[INFO] [stdout] ...
[INFO] [stdout] 15 |    let post = esix_client.get_post(1337).await?;
[INFO] [stdout]    |    ^^^^^^^^^^^^^^^^^^^^^^^^^^^^^^^^^^^^^^^^^^^^^ expected `Result<(), Box<dyn Error>>`, found `()`
[INFO] [stdout]    |
[INFO] [stdout]    = note:   expected enum `Result<(), Box<(dyn std::error::Error + 'static)>>`
[INFO] [stdout]            found unit type `()`
[INFO] [stdout] help: try adding an expression at the end of the block
[INFO] [stdout]    |
[INFO] [stdout] 15 ~    let post = esix_client.get_post(1337).await?;;
[INFO] [stdout] 16 +    Ok(())
[INFO] [stdout]    |
[INFO] [stdout] 
[INFO] [stdout] error: aborting due to 3 previous errors
[INFO] [stdout] 
[INFO] [stdout] Some errors have detailed explanations: E0277, E0308, E0599.
[INFO] [stdout] For more information about an error, try `rustc --explain E0277`.
[INFO] [stdout] Couldn't compile the test.
[INFO] [stdout] 
[INFO] [stdout] failures:
[INFO] [stdout]     src/client.rs - client::Client::get_post (line 97)
[INFO] [stdout]     src/client.rs - client::Client::list_posts (line 59)
[INFO] [stdout]     src/client.rs - client::Client::new (line 23)
[INFO] [stdout] 
[INFO] [stdout] test result: FAILED. 0 passed; 3 failed; 0 ignored; 0 measured; 0 filtered out; finished in 0.11s
[INFO] [stdout] 
[INFO] [stderr] error: doctest failed, to rerun pass `--doc`
[INFO] running `Command { std: "docker" "inspect" "dc566c0b27428d6801152c7796ad7c01f4d0523ae6eee408dd28fbdf6d4f82af", kill_on_drop: false }`
[INFO] running `Command { std: "docker" "rm" "-f" "dc566c0b27428d6801152c7796ad7c01f4d0523ae6eee408dd28fbdf6d4f82af", kill_on_drop: false }`
[INFO] [stdout] dc566c0b27428d6801152c7796ad7c01f4d0523ae6eee408dd28fbdf6d4f82af
