[INFO] fetching crate qwt 0.2.0...
[INFO] testing qwt-0.2.0 against nightly-2024-10-28 for randomize-layout
[INFO] extracting crate qwt 0.2.0 into /workspace/builds/worker-2-tc1/source
[INFO] validating manifest of crates.io crate qwt 0.2.0 on toolchain nightly-2024-10-28
[INFO] running `Command { std: CARGO_HOME="/workspace/cargo-home" RUSTUP_HOME="/workspace/rustup-home" "/workspace/cargo-home/bin/cargo" "+nightly-2024-10-28" "metadata" "--manifest-path" "Cargo.toml" "--no-deps", kill_on_drop: false }`
[INFO] started tweaking crates.io crate qwt 0.2.0
[INFO] finished tweaking crates.io crate qwt 0.2.0
[INFO] tweaked toml for crates.io crate qwt 0.2.0 written to /workspace/builds/worker-2-tc1/source/Cargo.toml
[INFO] crate crates.io crate qwt 0.2.0 already has a lockfile, it will not be regenerated
[INFO] running `Command { std: CARGO_HOME="/workspace/cargo-home" RUSTUP_HOME="/workspace/rustup-home" "/workspace/cargo-home/bin/cargo" "+nightly-2024-10-28" "fetch" "--manifest-path" "Cargo.toml", kill_on_drop: false }`
[INFO] [stderr]     Updating crates.io index
[INFO] [stderr]     Blocking waiting for file lock on package cache
[INFO] [stderr]  Downloading crates ...
[INFO] [stderr]   Downloaded generic-tests v0.1.2
[INFO] running `Command { std: "docker" "create" "-v" "/var/lib/crater-agent-workspace/builds/worker-2-tc1/target:/opt/rustwide/target:rw,Z" "-v" "/var/lib/crater-agent-workspace/builds/worker-2-tc1/source:/opt/rustwide/workdir:ro,Z" "-v" "/var/lib/crater-agent-workspace/cargo-home:/opt/rustwide/cargo-home:ro,Z" "-v" "/var/lib/crater-agent-workspace/rustup-home:/opt/rustwide/rustup-home:ro,Z" "-e" "SOURCE_DIR=/opt/rustwide/workdir" "-e" "CARGO_TARGET_DIR=/opt/rustwide/target" "-e" "CARGO_HOME=/opt/rustwide/cargo-home" "-e" "RUSTUP_HOME=/opt/rustwide/rustup-home" "-w" "/opt/rustwide/workdir" "-m" "1610612736" "--user" "0:0" "--network" "none" "ghcr.io/rust-lang/crates-build-env/linux@sha256:4a844ea9eb2546a2d2c7022eacef16ef2e8229c7fbb2c7d4d55a9ceca922f72d" "/opt/rustwide/cargo-home/bin/cargo" "+nightly-2024-10-28" "metadata" "--no-deps" "--format-version=1", kill_on_drop: false }`
[INFO] [stdout] 24453297ac78cfaa71cb82a90f5c2dd9d720641c433792af416fa20c23822692
[INFO] running `Command { std: "docker" "start" "-a" "24453297ac78cfaa71cb82a90f5c2dd9d720641c433792af416fa20c23822692", kill_on_drop: false }`
[INFO] running `Command { std: "docker" "inspect" "24453297ac78cfaa71cb82a90f5c2dd9d720641c433792af416fa20c23822692", kill_on_drop: false }`
[INFO] running `Command { std: "docker" "rm" "-f" "24453297ac78cfaa71cb82a90f5c2dd9d720641c433792af416fa20c23822692", kill_on_drop: false }`
[INFO] [stdout] 24453297ac78cfaa71cb82a90f5c2dd9d720641c433792af416fa20c23822692
[INFO] running `Command { std: "docker" "create" "-v" "/var/lib/crater-agent-workspace/builds/worker-2-tc1/target:/opt/rustwide/target:rw,Z" "-v" "/var/lib/crater-agent-workspace/builds/worker-2-tc1/source:/opt/rustwide/workdir:ro,Z" "-v" "/var/lib/crater-agent-workspace/cargo-home:/opt/rustwide/cargo-home:ro,Z" "-v" "/var/lib/crater-agent-workspace/rustup-home:/opt/rustwide/rustup-home:ro,Z" "-e" "SOURCE_DIR=/opt/rustwide/workdir" "-e" "CARGO_TARGET_DIR=/opt/rustwide/target" "-e" "CARGO_INCREMENTAL=0" "-e" "RUST_BACKTRACE=full" "-e" "RUSTFLAGS=--cap-lints=forbid" "-e" "RUSTDOCFLAGS=--cap-lints=forbid" "-e" "CARGO_HOME=/opt/rustwide/cargo-home" "-e" "RUSTUP_HOME=/opt/rustwide/rustup-home" "-w" "/opt/rustwide/workdir" "-m" "1610612736" "--user" "0:0" "--network" "none" "ghcr.io/rust-lang/crates-build-env/linux@sha256:4a844ea9eb2546a2d2c7022eacef16ef2e8229c7fbb2c7d4d55a9ceca922f72d" "/opt/rustwide/cargo-home/bin/cargo" "+nightly-2024-10-28" "build" "--frozen" "--message-format=json", kill_on_drop: false }`
[INFO] [stdout] b217d0c1fbde2835110f0bca5612f953cfe9ddd412a9c6964d07c1006321a2f8
[INFO] running `Command { std: "docker" "start" "-a" "b217d0c1fbde2835110f0bca5612f953cfe9ddd412a9c6964d07c1006321a2f8", kill_on_drop: false }`
[INFO] [stderr]    Compiling proc-macro2 v1.0.86
[INFO] [stderr]    Compiling unicode-ident v1.0.12
[INFO] [stderr]    Compiling libc v0.2.155
[INFO] [stderr]    Compiling utf8parse v0.2.2
[INFO] [stderr]    Compiling serde v1.0.203
[INFO] [stderr]    Compiling cfg-if v1.0.0
[INFO] [stderr]    Compiling syn v1.0.109
[INFO] [stderr]    Compiling anstyle-query v1.1.0
[INFO] [stderr]    Compiling anstyle v1.0.7
[INFO] [stderr]    Compiling autocfg v1.3.0
[INFO] [stderr]    Compiling is_terminal_polyfill v1.70.0
[INFO] [stderr]    Compiling colorchoice v1.0.1
[INFO] [stderr]    Compiling strsim v0.11.1
[INFO] [stderr]    Compiling heck v0.5.0
[INFO] [stderr]    Compiling clap_lex v0.7.1
[INFO] [stderr]    Compiling ppv-lite86 v0.2.17
[INFO] [stderr]    Compiling paste v1.0.15
[INFO] [stderr]    Compiling anstyle-parse v0.2.4
[INFO] [stderr]    Compiling anstream v0.6.14
[INFO] [stderr]    Compiling num-traits v0.2.19
[INFO] [stderr]    Compiling clap_builder v4.5.8
[INFO] [stderr]    Compiling quote v1.0.36
[INFO] [stderr]    Compiling syn v2.0.68
[INFO] [stderr]    Compiling getrandom v0.2.15
[INFO] [stderr]    Compiling rand_core v0.6.4
[INFO] [stderr]    Compiling rand_chacha v0.3.1
[INFO] [stderr]    Compiling rand v0.8.5
[INFO] [stderr]    Compiling serde_derive v1.0.203
[INFO] [stderr]    Compiling clap_derive v4.5.8
[INFO] [stderr]    Compiling generic-tests v0.1.2
[INFO] [stderr]    Compiling clap v4.5.8
[INFO] [stderr]    Compiling bincode v1.3.3
[INFO] [stderr]    Compiling serde-big-array v0.5.1
[INFO] [stderr]    Compiling qwt v0.2.0 (/opt/rustwide/workdir)
[INFO] [stderr]     Finished `dev` profile [unoptimized + debuginfo] target(s) in 8.43s
[INFO] running `Command { std: "docker" "inspect" "b217d0c1fbde2835110f0bca5612f953cfe9ddd412a9c6964d07c1006321a2f8", kill_on_drop: false }`
[INFO] running `Command { std: "docker" "rm" "-f" "b217d0c1fbde2835110f0bca5612f953cfe9ddd412a9c6964d07c1006321a2f8", kill_on_drop: false }`
[INFO] [stdout] b217d0c1fbde2835110f0bca5612f953cfe9ddd412a9c6964d07c1006321a2f8
[INFO] running `Command { std: "docker" "create" "-v" "/var/lib/crater-agent-workspace/builds/worker-2-tc1/target:/opt/rustwide/target:rw,Z" "-v" "/var/lib/crater-agent-workspace/builds/worker-2-tc1/source:/opt/rustwide/workdir:ro,Z" "-v" "/var/lib/crater-agent-workspace/cargo-home:/opt/rustwide/cargo-home:ro,Z" "-v" "/var/lib/crater-agent-workspace/rustup-home:/opt/rustwide/rustup-home:ro,Z" "-e" "SOURCE_DIR=/opt/rustwide/workdir" "-e" "CARGO_TARGET_DIR=/opt/rustwide/target" "-e" "CARGO_INCREMENTAL=0" "-e" "RUST_BACKTRACE=full" "-e" "RUSTFLAGS=--cap-lints=forbid" "-e" "RUSTDOCFLAGS=--cap-lints=forbid" "-e" "CARGO_HOME=/opt/rustwide/cargo-home" "-e" "RUSTUP_HOME=/opt/rustwide/rustup-home" "-w" "/opt/rustwide/workdir" "-m" "1610612736" "--user" "0:0" "--network" "none" "ghcr.io/rust-lang/crates-build-env/linux@sha256:4a844ea9eb2546a2d2c7022eacef16ef2e8229c7fbb2c7d4d55a9ceca922f72d" "/opt/rustwide/cargo-home/bin/cargo" "+nightly-2024-10-28" "test" "--frozen" "--no-run" "--message-format=json", kill_on_drop: false }`
[INFO] [stdout] 7eb05dc0f5814e7ea92ddfe10f8e8062f7bb20431c4fe958d117a8835a01fa6b
[INFO] running `Command { std: "docker" "start" "-a" "7eb05dc0f5814e7ea92ddfe10f8e8062f7bb20431c4fe958d117a8835a01fa6b", kill_on_drop: false }`
[INFO] [stderr]    Compiling qwt v0.2.0 (/opt/rustwide/workdir)
[INFO] [stderr]     Finished `test` profile [unoptimized + debuginfo] target(s) in 1.40s
[INFO] running `Command { std: "docker" "inspect" "7eb05dc0f5814e7ea92ddfe10f8e8062f7bb20431c4fe958d117a8835a01fa6b", kill_on_drop: false }`
[INFO] running `Command { std: "docker" "rm" "-f" "7eb05dc0f5814e7ea92ddfe10f8e8062f7bb20431c4fe958d117a8835a01fa6b", kill_on_drop: false }`
[INFO] [stdout] 7eb05dc0f5814e7ea92ddfe10f8e8062f7bb20431c4fe958d117a8835a01fa6b
[INFO] running `Command { std: "docker" "create" "-v" "/var/lib/crater-agent-workspace/builds/worker-2-tc1/target:/opt/rustwide/target:rw,Z" "-v" "/var/lib/crater-agent-workspace/builds/worker-2-tc1/source:/opt/rustwide/workdir:ro,Z" "-v" "/var/lib/crater-agent-workspace/cargo-home:/opt/rustwide/cargo-home:ro,Z" "-v" "/var/lib/crater-agent-workspace/rustup-home:/opt/rustwide/rustup-home:ro,Z" "-e" "SOURCE_DIR=/opt/rustwide/workdir" "-e" "CARGO_TARGET_DIR=/opt/rustwide/target" "-e" "CARGO_INCREMENTAL=0" "-e" "RUST_BACKTRACE=full" "-e" "RUSTFLAGS=--cap-lints=forbid" "-e" "RUSTDOCFLAGS=--cap-lints=forbid" "-e" "CARGO_HOME=/opt/rustwide/cargo-home" "-e" "RUSTUP_HOME=/opt/rustwide/rustup-home" "-w" "/opt/rustwide/workdir" "-m" "1610612736" "--user" "0:0" "--network" "none" "ghcr.io/rust-lang/crates-build-env/linux@sha256:4a844ea9eb2546a2d2c7022eacef16ef2e8229c7fbb2c7d4d55a9ceca922f72d" "/opt/rustwide/cargo-home/bin/cargo" "+nightly-2024-10-28" "test" "--frozen", kill_on_drop: false }`
[INFO] [stdout] 4e773d89cb504f762b0cca15c21ce0a42eb1e248eaf5f5d6157b7cf9fb3748cf
[INFO] running `Command { std: "docker" "start" "-a" "4e773d89cb504f762b0cca15c21ce0a42eb1e248eaf5f5d6157b7cf9fb3748cf", kill_on_drop: false }`
[INFO] [stderr]     Finished `test` profile [unoptimized + debuginfo] target(s) in 0.03s
[INFO] [stderr]      Running unittests src/lib.rs (/opt/rustwide/target/debug/deps/qwt-8d9501c2befb70ab)
[INFO] [stdout] 
[INFO] [stdout] running 56 tests
[INFO] [stdout] test bitvector::rs_narrow::tests::test_empty ... ok
[INFO] [stdout] test bitvector::rs_narrow::tests::test_l1_bound ... ok
[INFO] [stdout] test bitvector::rs_narrow::tests::test_l2_bound ... ok
[INFO] [stdout] test bitvector::rs_narrow::tests::test_n ... ok
[INFO] [stdout] test bitvector::rs_narrow::tests::test_select0 ... ok
[INFO] [stdout] test bitvector::rs_narrow::tests::test_select1 ... ok
[INFO] [stdout] test bitvector::rs_narrow::tests::test_select1_big ... ok
[INFO] [stdout] test bitvector::rs_wide::tests::test_select1 ... ok
[INFO] [stdout] test bitvector::tests::test_is_empty ... ok
[INFO] [stdout] test bitvector::tests::test_get_set_bits ... ok
[INFO] [stdout] test bitvector::tests::test_get ... ok
[INFO] [stdout] test bitvector::tests::test_from_iter ... ok
[INFO] [stdout] test bitvector::tests::test_set_symbol ... ok
[INFO] [stdout] test bitvector::tests::test_iter ... ok
[INFO] [stdout] test bitvector::tests::test_iter_zeros ... ok
[INFO] [stdout] test bitvector::rs_narrow::tests::test_select0_big ... ok
[INFO] [stdout] test quadwt::tests::test_from_iterator ... ok
[INFO] [stdout] test quadwt::tests::test_serialize ... ok
[INFO] [stdout] test quadwt::tests::test_small ... ok
[INFO] [stdout] test qvector::rs_qvector::tests::testp256::test_just_one_data_line ... ok
[INFO] [stdout] test bitvector::rs_wide::tests::test_select0 ... ok
[INFO] [stdout] test bitvector::rs_narrow::tests::test_large_random ... ok
[INFO] [stdout] test qvector::rs_qvector::tests::testp512::test_from_wt ... ok
[INFO] [stdout] test bitvector::rs_wide::tests::test_large_random_rank ... ok
[INFO] [stdout] test qvector::rs_qvector::tests::testp256::test_from_wt ... ok
[INFO] [stdout] test qvector::rs_qvector::tests::testp512::test_just_one_data_line ... ok
[INFO] [stdout] test qvector::tests::test_collect_and_iterator_i32 ... ok
[INFO] [stdout] test qvector::tests::test_collect_and_iterator_i128 ... ok
[INFO] [stdout] test bitvector::tests::test_iter_ones ... ok
[INFO] [stdout] test darray::tests::test_select1 ... ok
[INFO] [stdout] test qvector::tests::test_collect_and_iterator_i16 ... ok
[INFO] [stdout] test qvector::tests::test_collect_and_iterator_i64 ... ok
[INFO] [stdout] test qvector::tests::test_collect_and_iterator_i8 ... ok
[INFO] [stdout] test qvector::tests::test_collect_and_iterator_isize ... ok
[INFO] [stdout] test qvector::tests::test_collect_and_iterator_u16 ... ok
[INFO] [stdout] test qvector::tests::test_collect_and_iterator_u128 ... ok
[INFO] [stdout] test qvector::tests::test_collect_and_iterator_u32 ... ok
[INFO] [stdout] test qvector::tests::test_collect_and_iterator_u8 ... ok
[INFO] [stdout] test qvector::tests::test_collect_and_iterator_usize ... ok
[INFO] [stdout] test qvector::tests::test_collect_and_iterator_u64 ... ok
[INFO] [stdout] test qvector::tests::test_empty ... ok
[INFO] [stdout] test utils::tests::test_stable_partition_of_4 ... ok
[INFO] [stdout] test utils::tests::test_select_in_word ... ok
[INFO] [stdout] test qvector::tests::test_iterators ... ok
[INFO] [stdout] test qvector::tests::test_data_line ... ok
[INFO] [stdout] test qvector::rs_qvector::tests::testp256::test_small ... ok
[INFO] [stdout] test qvector::rs_qvector::tests::testp512::test_small ... ok
[INFO] [stdout] test qvector::rs_qvector::tests::testp256::test_boundaries ... ok
[INFO] [stdout] test bitvector::rs_narrow::tests::test_random_select1 ... ok
[INFO] [stdout] test qvector::rs_qvector::tests::testp512::test_boundaries ... ok
[INFO] [stdout] test quadwt::tests::test_get ... ok
[INFO] [stdout] test bitvector::rs_wide::tests::test_random_select1 ... ok
[INFO] [stdout] test quadwt::tests::test ... ok
[INFO] [stdout] test darray::tests::test_select0 ... ok
[INFO] [stdout] test bitvector::rs_narrow::tests::test_random_select0 ... ok
[INFO] [stdout] test bitvector::rs_wide::tests::test_random_select0 ... ok
[INFO] [stdout] 
[INFO] [stdout] test result: ok. 56 passed; 0 failed; 0 ignored; 0 measured; 0 filtered out; finished in 1.61s
[INFO] [stdout] 
[INFO] [stderr]      Running unittests src/bin/perf_darray.rs (/opt/rustwide/target/debug/deps/perf_darray-c84d71f5ad774e85)
[INFO] [stdout] 
[INFO] [stdout] running 0 tests
[INFO] [stdout] 
[INFO] [stdout] test result: ok. 0 passed; 0 failed; 0 ignored; 0 measured; 0 filtered out; finished in 0.00s
[INFO] [stdout] 
[INFO] [stderr]      Running unittests src/bin/perf_rs_narrow.rs (/opt/rustwide/target/debug/deps/perf_rs_narrow-34fc5027fea8dd94)
[INFO] [stdout] 
[INFO] [stdout] running 0 tests
[INFO] [stdout] 
[INFO] [stdout] test result: ok. 0 passed; 0 failed; 0 ignored; 0 measured; 0 filtered out; finished in 0.00s
[INFO] [stdout] 
[INFO] [stderr]      Running unittests src/bin/perf_rs_qvector.rs (/opt/rustwide/target/debug/deps/perf_rs_qvector-496ee4f89bd6397c)
[INFO] [stdout] 
[INFO] [stdout] running 0 tests
[INFO] [stdout] 
[INFO] [stdout] test result: ok. 0 passed; 0 failed; 0 ignored; 0 measured; 0 filtered out; finished in 0.00s
[INFO] [stdout] 
[INFO] [stderr]      Running unittests src/bin/perf_rs_wide.rs (/opt/rustwide/target/debug/deps/perf_rs_wide-2eb97f79a362af59)
[INFO] [stdout] 
[INFO] [stdout] running 0 tests
[INFO] [stdout] 
[INFO] [stdout] test result: ok. 0 passed; 0 failed; 0 ignored; 0 measured; 0 filtered out; finished in 0.00s
[INFO] [stdout] 
[INFO] [stderr]      Running unittests src/bin/perf_wavelet_tree.rs (/opt/rustwide/target/debug/deps/perf_wavelet_tree-9c22cf38c70c3fc8)
[INFO] [stdout] 
[INFO] [stdout] running 0 tests
[INFO] [stdout] 
[INFO] [stdout] test result: ok. 0 passed; 0 failed; 0 ignored; 0 measured; 0 filtered out; finished in 0.00s
[INFO] [stdout] 
[INFO] [stderr]    Doc-tests qwt
[INFO] [stdout] 
[INFO] [stdout] running 95 tests
[INFO] [stdout] test src/bitvector/mod.rs - bitvector::BitVector (line 553) ... ok
[INFO] [stdout] test src/bitvector/mod.rs - bitvector::BitVector (line 517) ... ok
[INFO] [stdout] test src/bitvector/mod.rs - bitvector::BitVector::count_zeros (line 405) ... ok
[INFO] [stdout] test src/bitvector/mod.rs - bitvector::BitVector (line 477) ... ok
[INFO] [stdout] test src/bitvector/mod.rs - bitvector::BitVector::get_bits_unchecked (line 221) ... ok
[INFO] [stdout] test src/bitvector/mod.rs - bitvector::BitVector::count_ones (line 389) ... ok
[INFO] [stdout] test src/bitvector/mod.rs - bitvector::BitVector::get (line 425) ... ok
[INFO] [stdout] test src/bitvector/mod.rs - bitvector::BitVector::get_unchecked (line 450) ... ok
[INFO] [stdout] test src/bitvector/mod.rs - bitvector::BitVector::get_bits (line 183) ... ok
[INFO] [stdout] test src/../README.md - (line 98) ... ok
[INFO] [stdout] test src/../README.md - (line 123) ... ok
[INFO] [stdout] test src/../README.md - (line 162) ... ok
[INFO] [stdout] test src/../README.md - (line 110) ... ok
[INFO] [stdout] test src/../README.md - (line 176) ... ok
[INFO] [stdout] test src/../README.md - (line 138) ... ok
[INFO] [stdout] test src/bitvector/mod.rs - bitvector::BitVector::iter (line 321) ... ok
[INFO] [stdout] test src/bitvector/mod.rs - bitvector::BitVector::is_empty (line 352) ... ok
[INFO] [stdout] test src/bitvector/mod.rs - bitvector::BitVector::len (line 373) ... ok
[INFO] [stdout] test src/bitvector/mod.rs - bitvector::BitVector::get_word (line 242) ... ok
[INFO] [stdout] test src/bitvector/mod.rs - bitvector::BitVector::ones (line 262) ... ok
[INFO] [stdout] test src/bitvector/mod.rs - bitvector::BitVector::zeros (line 296) ... ok
[INFO] [stdout] test src/bitvector/mod.rs - bitvector::BitVectorMut (line 1439) ... ok
[INFO] [stdout] test src/bitvector/mod.rs - bitvector::BitVectorMut (line 1414) ... ok
[INFO] [stdout] test src/bitvector/mod.rs - bitvector::BitVector::ones_with_pos (line 278) ... ok
[INFO] [stdout] test src/bitvector/mod.rs - bitvector::BitVectorMut (line 1464) ... ok
[INFO] [stdout] test src/bitvector/mod.rs - bitvector::BitVectorMut (line 581) ... ok
[INFO] [stdout] test src/bitvector/mod.rs - bitvector::BitVectorMut::count_ones (line 1305) ... ok
[INFO] [stdout] test src/bitvector/mod.rs - bitvector::BitVectorMut::append_bits (line 892) ... ok
[INFO] [stdout] test src/bitvector/mod.rs - bitvector::BitVectorMut::count_zeros (line 1323) ... ok
[INFO] [stdout] test src/bitvector/mod.rs - bitvector::BitVectorMut::extend_with_zeros (line 939) ... ok
[INFO] [stdout] test src/bitvector/mod.rs - bitvector::BitVectorMut::get_bits_unchecked (line 1039) ... ok
[INFO] [stdout] test src/bitvector/mod.rs - bitvector::BitVectorMut::get_bits (line 1001) ... ok
[INFO] [stdout] test src/bitvector/mod.rs - bitvector::BitVectorMut::get_unchecked (line 1368) ... ok
[INFO] [stdout] test src/bitvector/mod.rs - bitvector::BitVectorMut::len (line 1286) ... ok
[INFO] [stdout] test src/bitvector/mod.rs - bitvector::BitVectorMut::get (line 1345) ... ok
[INFO] [stdout] test src/bitvector/mod.rs - bitvector::BitVectorMut::get_word (line 1145) ... ok
[INFO] [stdout] test src/bitvector/mod.rs - bitvector::BitVectorMut::is_empty (line 1262) ... ok
[INFO] [stdout] test src/bitvector/mod.rs - bitvector::BitVectorMut::new (line 795) ... ok
[INFO] [stdout] test src/../README.md - (line 192) ... FAILED
[INFO] [stdout] test src/bitvector/mod.rs - bitvector::BitVectorMut::iter (line 1226) ... ok
[INFO] [stdout] test src/bitvector/mod.rs - bitvector::BitVectorMut::push (line 852) ... ok
[INFO] [stdout] test src/bitvector/mod.rs - bitvector::BitVectorMut::ones (line 1165) ... ok
[INFO] [stdout] test src/bitvector/mod.rs - bitvector::BitVectorMut::ones_with_pos (line 1183) ... ok
[INFO] [stdout] test src/bitvector/mod.rs - bitvector::BitVectorMut::with_capacity (line 810) ... ok
[INFO] [stdout] test src/bitvector/mod.rs - bitvector::BitVectorMut::set_bits (line 1099) ... ok
[INFO] [stdout] test src/bitvector/mod.rs - bitvector::BitVectorMut::set (line 962) ... ok
[INFO] [stdout] test src/bitvector/mod.rs - bitvector::BitVectorMut::with_zeros (line 829) ... ok
[INFO] [stdout] test src/bitvector/mod.rs - bitvector::BitVectorMut::zeros (line 1201) ... ok
[INFO] [stdout] test src/darray/mod.rs - darray::DArray<SELECT0_SUPPORT> (line 564) ... ok
[INFO] [stdout] test src/darray/mod.rs - darray::DArray<SELECT0_SUPPORT>::count_ones (line 303) ... ok
[INFO] [stdout] test src/darray/mod.rs - darray::DArray<SELECT0_SUPPORT> (line 589) ... ok
[INFO] [stdout] test src/darray/mod.rs - darray (line 21) ... ok
[INFO] [stdout] test src/darray/mod.rs - darray::DArray<SELECT0_SUPPORT>::count_zeros (line 320) ... ok
[INFO] [stdout] test src/bitvector/rs_wide.rs - bitvector::rs_wide::RSWide::select0 (line 345) ... ok
[INFO] [stdout] test src/bitvector/rs_wide.rs - bitvector::rs_wide::RSWide::select1 (line 300) ... ok
[INFO] [stdout] test src/darray/mod.rs - darray::DArray<SELECT0_SUPPORT>::is_empty (line 354) ... ok
[INFO] [stdout] test src/darray/mod.rs - darray::DArray<SELECT0_SUPPORT>::get (line 430) ... ok
[INFO] [stdout] test src/darray/mod.rs - darray::DArray<SELECT0_SUPPORT>::get_unchecked (line 452) ... ok
[INFO] [stdout] test src/darray/mod.rs - darray::DArray<SELECT0_SUPPORT>::new (line 190) ... ok
[INFO] [stdout] test src/darray/mod.rs - darray::DArray<SELECT0_SUPPORT>::iter (line 280) ... ok
[INFO] [stdout] test src/darray/mod.rs - darray::DArray<SELECT0_SUPPORT>::len (line 337) ... ok
[INFO] [stdout] test src/darray/mod.rs - darray::DArray<SELECT0_SUPPORT>::ones (line 219) ... ok
[INFO] [stdout] test src/darray/mod.rs - darray::DArray<SELECT0_SUPPORT>::ones_with_pos (line 237) ... ok
[INFO] [stdout] test src/darray/mod.rs - darray::DArray<SELECT0_SUPPORT>::select0 (line 516) ... ok
[INFO] [stdout] test src/darray/mod.rs - darray::DArray<SELECT0_SUPPORT>::select1 (line 473) ... ok
[INFO] [stdout] test src/quadwt/mod.rs - quadwt::QWaveletTree<T,RS,WITH_PREFETCH_SUPPORT>::is_empty (line 226) ... ok
[INFO] [stdout] test src/darray/mod.rs - darray::DArray<SELECT0_SUPPORT>::select0_unchecked (line 542) ... ok
[INFO] [stdout] test src/darray/mod.rs - darray::DArray<SELECT0_SUPPORT>::zeros (line 255) ... ok
[INFO] [stdout] test src/darray/mod.rs - darray::DArray<SELECT0_SUPPORT>::select1_unchecked (line 496) ... ok
[INFO] [stdout] test src/quadwt/mod.rs - quadwt::QWaveletTree<T,RS,WITH_PREFETCH_SUPPORT>::get (line 602) ... ok
[INFO] [stdout] test src/quadwt/mod.rs - quadwt::QWaveletTree<T,RS,WITH_PREFETCH_SUPPORT>::get_unchecked (line 632) ... ok
[INFO] [stdout] test src/quadwt/mod.rs - quadwt::QWaveletTree<T,RS,WITH_PREFETCH_SUPPORT>::len (line 184) ... ok
[INFO] [stdout] test src/quadwt/mod.rs - quadwt (line 26) ... ok
[INFO] [stdout] test src/quadwt/mod.rs - quadwt::QWaveletTree<T,RS,WITH_PREFETCH_SUPPORT>::iter (line 261) ... ok
[INFO] [stdout] test src/quadwt/mod.rs - quadwt::QWaveletTree<T,RS,WITH_PREFETCH_SUPPORT>::n_levels (line 243) ... ok
[INFO] [stdout] test src/quadwt/mod.rs - quadwt::QWaveletTree<T,RS,WITH_PREFETCH_SUPPORT>::new (line 113) ... ok
[INFO] [stdout] test src/quadwt/mod.rs - quadwt::QWaveletTree<T,RS,WITH_PREFETCH_SUPPORT>::rank (line 513) ... ok
[INFO] [stdout] test src/qvector/mod.rs - qvector::QVector::is_empty (line 147) ... ok
[INFO] [stdout] test src/qvector/mod.rs - qvector::QVector::get_unchecked (line 195) ... ok
[INFO] [stdout] test src/quadwt/mod.rs - quadwt::QWaveletTree<T,RS,WITH_PREFETCH_SUPPORT>::rank_prefetch_unchecked (line 412) ... ok
[INFO] [stdout] test src/quadwt/mod.rs - quadwt::QWaveletTree<T,RS,WITH_PREFETCH_SUPPORT>::rank_prefetch (line 376) ... ok
[INFO] [stdout] test src/qvector/mod.rs - qvector::QVector::get (line 218) ... ok
[INFO] [stdout] test src/quadwt/mod.rs - quadwt::QWaveletTree<T,RS,WITH_PREFETCH_SUPPORT>::rank_unchecked (line 549) ... ok
[INFO] [stdout] test src/qvector/mod.rs - qvector::QVector::iter (line 174) ... ok
[INFO] [stdout] test src/qvector/mod.rs - qvector::QVector::len (line 160) ... ok
[INFO] [stdout] test src/quadwt/mod.rs - quadwt::QWaveletTree<T,RS,WITH_PREFETCH_SUPPORT>::sigma (line 205) ... ok
[INFO] [stdout] test src/quadwt/mod.rs - quadwt::QWaveletTree<T,RS,WITH_PREFETCH_SUPPORT>::select (line 680) ... ok
[INFO] [stdout] test src/qvector/rs_qvector.rs - qvector::rs_qvector::RSQVector<S>::iter (line 37) ... ok
[INFO] [stdout] test src/qvector/rs_qvector.rs - qvector::rs_qvector::RSQVector<S>::from (line 63) ... ok
[INFO] [stdout] test src/qvector/rs_qvector.rs - qvector::rs_qvector::RSQVector<S>::get (line 269) ... ok
[INFO] [stdout] test src/utils/mod.rs - utils::select_in_word (line 112) ... ok
[INFO] [stdout] test src/qvector/rs_qvector.rs - qvector::rs_qvector::RSQVector<S>::get_unchecked (line 252) ... ok
[INFO] [stdout] test src/qvector/rs_qvector.rs - qvector::rs_qvector::RSQVector<S>::new (line 107) ... ok
[INFO] [stdout] test src/qvector/rs_qvector.rs - qvector::rs_qvector::RSQVector<S>::rank (line 289) ... ok
[INFO] [stdout] test src/qvector/rs_qvector.rs - qvector::rs_qvector::RSQVector<S>::select (line 328) ... ok
[INFO] [stdout] 
[INFO] [stdout] failures:
[INFO] [stdout] 
[INFO] [stdout] ---- src/../README.md - (line 192) stdout ----
[INFO] [stdout] Test executable failed (exit status: 101).
[INFO] [stdout] 
[INFO] [stdout] stderr:
[INFO] [stdout] thread 'main' panicked at src/../README.md:20:52:
[INFO] [stdout] called `Result::unwrap()` on an `Err` value: Os { code: 30, kind: ReadOnlyFilesystem, message: "Read-only file system" }
[INFO] [stdout] stack backtrace:
[INFO] [stdout]    0:     0x56046673dd1a - std::backtrace_rs::backtrace::libunwind::trace::h207520d6e9873551
[INFO] [stdout]                                at /rustc/df4ca44d3fbc9301ee17f30f4d474e6ae4b05252/library/std/src/../../backtrace/src/backtrace/libunwind.rs:116:5
[INFO] [stdout]    1:     0x56046673dd1a - std::backtrace_rs::backtrace::trace_unsynchronized::h2ed7433f370e3eca
[INFO] [stdout]                                at /rustc/df4ca44d3fbc9301ee17f30f4d474e6ae4b05252/library/std/src/../../backtrace/src/backtrace/mod.rs:66:5
[INFO] [stdout]    2:     0x56046673dd1a - std::sys::backtrace::_print_fmt::h916fac51166b18d7
[INFO] [stdout]                                at /rustc/df4ca44d3fbc9301ee17f30f4d474e6ae4b05252/library/std/src/sys/backtrace.rs:66:9
[INFO] [stdout]    3:     0x56046673dd1a - <std::sys::backtrace::BacktraceLock::print::DisplayBacktrace as core::fmt::Display>::fmt::ha0a4c9b8ce3802e6
[INFO] [stdout]                                at /rustc/df4ca44d3fbc9301ee17f30f4d474e6ae4b05252/library/std/src/sys/backtrace.rs:39:26
[INFO] [stdout]    4:     0x56046675e063 - core::fmt::rt::Argument::fmt::h4cfc8587d52b3eb5
[INFO] [stdout]                                at /rustc/df4ca44d3fbc9301ee17f30f4d474e6ae4b05252/library/core/src/fmt/rt.rs:177:76
[INFO] [stdout]    5:     0x56046675e063 - core::fmt::write::h522cc39e5b36ae9f
[INFO] [stdout]                                at /rustc/df4ca44d3fbc9301ee17f30f4d474e6ae4b05252/library/core/src/fmt/mod.rs:1190:21
[INFO] [stdout]    6:     0x56046673b783 - std::io::Write::write_fmt::hf1c1dcc8cc1287f0
[INFO] [stdout]                                at /rustc/df4ca44d3fbc9301ee17f30f4d474e6ae4b05252/library/std/src/io/mod.rs:1839:15
[INFO] [stdout]    7:     0x56046673db62 - std::sys::backtrace::BacktraceLock::print::h4b9e00b29e9c0942
[INFO] [stdout]                                at /rustc/df4ca44d3fbc9301ee17f30f4d474e6ae4b05252/library/std/src/sys/backtrace.rs:42:9
[INFO] [stdout]    8:     0x56046673eb2c - std::panicking::default_hook::{{closure}}::hb59b88280d0324d9
[INFO] [stdout]                                at /rustc/df4ca44d3fbc9301ee17f30f4d474e6ae4b05252/library/std/src/panicking.rs:268:22
[INFO] [stdout]    9:     0x56046673e972 - std::panicking::default_hook::he1dd496665be4a29
[INFO] [stdout]                                at /rustc/df4ca44d3fbc9301ee17f30f4d474e6ae4b05252/library/std/src/panicking.rs:295:9
[INFO] [stdout]   10:     0x56046673f127 - std::panicking::rust_panic_with_hook::h2ff17fe8f26dfcf8
[INFO] [stdout]                                at /rustc/df4ca44d3fbc9301ee17f30f4d474e6ae4b05252/library/std/src/panicking.rs:801:13
[INFO] [stdout]   11:     0x56046673efba - std::panicking::begin_panic_handler::{{closure}}::h4fad77951c07e101
[INFO] [stdout]                                at /rustc/df4ca44d3fbc9301ee17f30f4d474e6ae4b05252/library/std/src/panicking.rs:674:13
[INFO] [stdout]   12:     0x56046673e1f9 - std::sys::backtrace::__rust_end_short_backtrace::hb1a25b3da5d0ea08
[INFO] [stdout]                                at /rustc/df4ca44d3fbc9301ee17f30f4d474e6ae4b05252/library/std/src/sys/backtrace.rs:170:18
[INFO] [stdout]   13:     0x56046673ec4c - rust_begin_unwind
[INFO] [stdout]                                at /rustc/df4ca44d3fbc9301ee17f30f4d474e6ae4b05252/library/std/src/panicking.rs:665:5
[INFO] [stdout]   14:     0x56046675cb10 - core::panicking::panic_fmt::ha9db07b529f9b256
[INFO] [stdout]                                at /rustc/df4ca44d3fbc9301ee17f30f4d474e6ae4b05252/library/core/src/panicking.rs:75:14
[INFO] [stdout]   15:     0x56046675cf56 - core::result::unwrap_failed::h5e8218e4d4338b8a
[INFO] [stdout]                                at /rustc/df4ca44d3fbc9301ee17f30f4d474e6ae4b05252/library/core/src/result.rs:1698:5
[INFO] [stdout]   16:     0x5604667103e9 - rust_out::main::_doctest_main_src____README_md_192_0::he4adf76733988a30
[INFO] [stdout]   17:     0x56046670f9d6 - rust_out::main::ha213a30daa5df4da
[INFO] [stdout]   18:     0x5604666f9163 - core::ops::function::FnOnce::call_once::hf7edf7132571051c
[INFO] [stdout]   19:     0x5604666f8566 - std::sys::backtrace::__rust_begin_short_backtrace::h32fd822fd2ba4079
[INFO] [stdout]   20:     0x5604666f8509 - std::rt::lang_start::{{closure}}::h4039a1c394ed4f7c
[INFO] [stdout]   21:     0x560466739157 - core::ops::function::impls::<impl core::ops::function::FnOnce<A> for &F>::call_once::hd87d66b906e0ccaf
[INFO] [stdout]                                at /rustc/df4ca44d3fbc9301ee17f30f4d474e6ae4b05252/library/core/src/ops/function.rs:284:13
[INFO] [stdout]   22:     0x560466739157 - std::panicking::try::do_call::hae3703de71fc9e3a
[INFO] [stdout]                                at /rustc/df4ca44d3fbc9301ee17f30f4d474e6ae4b05252/library/std/src/panicking.rs:557:40
[INFO] [stdout]   23:     0x560466739157 - std::panicking::try::h1178330e9a2b2645
[INFO] [stdout]                                at /rustc/df4ca44d3fbc9301ee17f30f4d474e6ae4b05252/library/std/src/panicking.rs:520:19
[INFO] [stdout]   24:     0x560466739157 - std::panic::catch_unwind::h0acf49d2305d32ad
[INFO] [stdout]                                at /rustc/df4ca44d3fbc9301ee17f30f4d474e6ae4b05252/library/std/src/panic.rs:358:14
[INFO] [stdout]   25:     0x560466739157 - std::rt::lang_start_internal::{{closure}}::h2d95182d798177be
[INFO] [stdout]                                at /rustc/df4ca44d3fbc9301ee17f30f4d474e6ae4b05252/library/std/src/rt.rs:174:48
[INFO] [stdout]   26:     0x560466739157 - std::panicking::try::do_call::hb506f5bfe11fd30c
[INFO] [stdout]                                at /rustc/df4ca44d3fbc9301ee17f30f4d474e6ae4b05252/library/std/src/panicking.rs:557:40
[INFO] [stdout]   27:     0x560466739157 - std::panicking::try::h54d825c46bd0fa95
[INFO] [stdout]                                at /rustc/df4ca44d3fbc9301ee17f30f4d474e6ae4b05252/library/std/src/panicking.rs:520:19
[INFO] [stdout]   28:     0x560466739157 - std::panic::catch_unwind::hffbb0ad20c4e9fac
[INFO] [stdout]                                at /rustc/df4ca44d3fbc9301ee17f30f4d474e6ae4b05252/library/std/src/panic.rs:358:14
[INFO] [stdout]   29:     0x560466739157 - std::rt::lang_start_internal::h52c291ef1962c925
[INFO] [stdout]                                at /rustc/df4ca44d3fbc9301ee17f30f4d474e6ae4b05252/library/std/src/rt.rs:174:20
[INFO] [stdout]   30:     0x5604666f84e7 - std::rt::lang_start::h8c6075cd6f225ba1
[INFO] [stdout]   31:     0x560466710dd5 - main
[INFO] [stdout]   32:     0x7cc52cdb8d90 - <unknown>
[INFO] [stdout]   33:     0x7cc52cdb8e40 - __libc_start_main
[INFO] [stdout]   34:     0x5604666e8f25 - _start
[INFO] [stdout]   35:                0x0 - <unknown>
[INFO] [stdout] 
[INFO] [stdout] 
[INFO] [stdout] 
[INFO] [stdout] failures:
[INFO] [stdout]     src/../README.md - (line 192)
[INFO] [stdout] 
[INFO] [stdout] test result: FAILED. 94 passed; 1 failed; 0 ignored; 0 measured; 0 filtered out; finished in 1.31s
[INFO] [stdout] 
[INFO] [stderr] error: doctest failed, to rerun pass `--doc`
[INFO] running `Command { std: "docker" "inspect" "4e773d89cb504f762b0cca15c21ce0a42eb1e248eaf5f5d6157b7cf9fb3748cf", kill_on_drop: false }`
[INFO] running `Command { std: "docker" "rm" "-f" "4e773d89cb504f762b0cca15c21ce0a42eb1e248eaf5f5d6157b7cf9fb3748cf", kill_on_drop: false }`
[INFO] [stdout] 4e773d89cb504f762b0cca15c21ce0a42eb1e248eaf5f5d6157b7cf9fb3748cf
