[INFO] fetching crate qwiic-button-led 0.1.1...
[INFO] testing qwiic-button-led-0.1.1 against nightly-2024-10-28 for randomize-layout
[INFO] extracting crate qwiic-button-led 0.1.1 into /workspace/builds/worker-6-tc1/source
[INFO] validating manifest of crates.io crate qwiic-button-led 0.1.1 on toolchain nightly-2024-10-28
[INFO] running `Command { std: CARGO_HOME="/workspace/cargo-home" RUSTUP_HOME="/workspace/rustup-home" "/workspace/cargo-home/bin/cargo" "+nightly-2024-10-28" "metadata" "--manifest-path" "Cargo.toml" "--no-deps", kill_on_drop: false }`
[INFO] started tweaking crates.io crate qwiic-button-led 0.1.1
[INFO] finished tweaking crates.io crate qwiic-button-led 0.1.1
[INFO] tweaked toml for crates.io crate qwiic-button-led 0.1.1 written to /workspace/builds/worker-6-tc1/source/Cargo.toml
[INFO] running `Command { std: CARGO_HOME="/workspace/cargo-home" RUSTUP_HOME="/workspace/rustup-home" "/workspace/cargo-home/bin/cargo" "+nightly-2024-10-28" "generate-lockfile" "--manifest-path" "Cargo.toml", kill_on_drop: false }`
[INFO] [stderr]     Updating crates.io index
[INFO] [stderr]      Locking 4 packages to latest compatible versions
[INFO] [stderr]       Adding embedded-hal v0.2.7 (available: v1.0.0)
[INFO] running `Command { std: CARGO_HOME="/workspace/cargo-home" RUSTUP_HOME="/workspace/rustup-home" "/workspace/cargo-home/bin/cargo" "+nightly-2024-10-28" "fetch" "--manifest-path" "Cargo.toml", kill_on_drop: false }`
[INFO] running `Command { std: "docker" "create" "-v" "/var/lib/crater-agent-workspace/builds/worker-6-tc1/target:/opt/rustwide/target:rw,Z" "-v" "/var/lib/crater-agent-workspace/builds/worker-6-tc1/source:/opt/rustwide/workdir:ro,Z" "-v" "/var/lib/crater-agent-workspace/cargo-home:/opt/rustwide/cargo-home:ro,Z" "-v" "/var/lib/crater-agent-workspace/rustup-home:/opt/rustwide/rustup-home:ro,Z" "-e" "SOURCE_DIR=/opt/rustwide/workdir" "-e" "CARGO_TARGET_DIR=/opt/rustwide/target" "-e" "CARGO_HOME=/opt/rustwide/cargo-home" "-e" "RUSTUP_HOME=/opt/rustwide/rustup-home" "-w" "/opt/rustwide/workdir" "-m" "1610612736" "--user" "0:0" "--network" "none" "ghcr.io/rust-lang/crates-build-env/linux@sha256:4a844ea9eb2546a2d2c7022eacef16ef2e8229c7fbb2c7d4d55a9ceca922f72d" "/opt/rustwide/cargo-home/bin/cargo" "+nightly-2024-10-28" "metadata" "--no-deps" "--format-version=1", kill_on_drop: false }`
[INFO] [stdout] 266183c6a51086b3f830a043c9c9ddc112c89620c4878b315ec72b731f198699
[INFO] running `Command { std: "docker" "start" "-a" "266183c6a51086b3f830a043c9c9ddc112c89620c4878b315ec72b731f198699", kill_on_drop: false }`
[INFO] running `Command { std: "docker" "inspect" "266183c6a51086b3f830a043c9c9ddc112c89620c4878b315ec72b731f198699", kill_on_drop: false }`
[INFO] running `Command { std: "docker" "rm" "-f" "266183c6a51086b3f830a043c9c9ddc112c89620c4878b315ec72b731f198699", kill_on_drop: false }`
[INFO] [stdout] 266183c6a51086b3f830a043c9c9ddc112c89620c4878b315ec72b731f198699
[INFO] running `Command { std: "docker" "create" "-v" "/var/lib/crater-agent-workspace/builds/worker-6-tc1/target:/opt/rustwide/target:rw,Z" "-v" "/var/lib/crater-agent-workspace/builds/worker-6-tc1/source:/opt/rustwide/workdir:ro,Z" "-v" "/var/lib/crater-agent-workspace/cargo-home:/opt/rustwide/cargo-home:ro,Z" "-v" "/var/lib/crater-agent-workspace/rustup-home:/opt/rustwide/rustup-home:ro,Z" "-e" "SOURCE_DIR=/opt/rustwide/workdir" "-e" "CARGO_TARGET_DIR=/opt/rustwide/target" "-e" "CARGO_INCREMENTAL=0" "-e" "RUST_BACKTRACE=full" "-e" "RUSTFLAGS=--cap-lints=forbid" "-e" "RUSTDOCFLAGS=--cap-lints=forbid" "-e" "CARGO_HOME=/opt/rustwide/cargo-home" "-e" "RUSTUP_HOME=/opt/rustwide/rustup-home" "-w" "/opt/rustwide/workdir" "-m" "1610612736" "--user" "0:0" "--network" "none" "ghcr.io/rust-lang/crates-build-env/linux@sha256:4a844ea9eb2546a2d2c7022eacef16ef2e8229c7fbb2c7d4d55a9ceca922f72d" "/opt/rustwide/cargo-home/bin/cargo" "+nightly-2024-10-28" "build" "--frozen" "--message-format=json", kill_on_drop: false }`
[INFO] [stdout] 1f3eb95f958da7024f881e0f5e8bb5efee465ba02f33108100459f58671d8b14
[INFO] running `Command { std: "docker" "start" "-a" "1f3eb95f958da7024f881e0f5e8bb5efee465ba02f33108100459f58671d8b14", kill_on_drop: false }`
[INFO] [stderr]    Compiling nb v1.1.0
[INFO] [stderr]    Compiling void v1.0.2
[INFO] [stderr]    Compiling nb v0.1.3
[INFO] [stderr]    Compiling embedded-hal v0.2.7
[INFO] [stderr]    Compiling qwiic-button-led v0.1.1 (/opt/rustwide/workdir)
[INFO] [stderr]     Finished `dev` profile [unoptimized + debuginfo] target(s) in 0.19s
[INFO] running `Command { std: "docker" "inspect" "1f3eb95f958da7024f881e0f5e8bb5efee465ba02f33108100459f58671d8b14", kill_on_drop: false }`
[INFO] running `Command { std: "docker" "rm" "-f" "1f3eb95f958da7024f881e0f5e8bb5efee465ba02f33108100459f58671d8b14", kill_on_drop: false }`
[INFO] [stdout] 1f3eb95f958da7024f881e0f5e8bb5efee465ba02f33108100459f58671d8b14
[INFO] running `Command { std: "docker" "create" "-v" "/var/lib/crater-agent-workspace/builds/worker-6-tc1/target:/opt/rustwide/target:rw,Z" "-v" "/var/lib/crater-agent-workspace/builds/worker-6-tc1/source:/opt/rustwide/workdir:ro,Z" "-v" "/var/lib/crater-agent-workspace/cargo-home:/opt/rustwide/cargo-home:ro,Z" "-v" "/var/lib/crater-agent-workspace/rustup-home:/opt/rustwide/rustup-home:ro,Z" "-e" "SOURCE_DIR=/opt/rustwide/workdir" "-e" "CARGO_TARGET_DIR=/opt/rustwide/target" "-e" "CARGO_INCREMENTAL=0" "-e" "RUST_BACKTRACE=full" "-e" "RUSTFLAGS=--cap-lints=forbid" "-e" "RUSTDOCFLAGS=--cap-lints=forbid" "-e" "CARGO_HOME=/opt/rustwide/cargo-home" "-e" "RUSTUP_HOME=/opt/rustwide/rustup-home" "-w" "/opt/rustwide/workdir" "-m" "1610612736" "--user" "0:0" "--network" "none" "ghcr.io/rust-lang/crates-build-env/linux@sha256:4a844ea9eb2546a2d2c7022eacef16ef2e8229c7fbb2c7d4d55a9ceca922f72d" "/opt/rustwide/cargo-home/bin/cargo" "+nightly-2024-10-28" "test" "--frozen" "--no-run" "--message-format=json", kill_on_drop: false }`
[INFO] [stdout] 6e6cd51a9ce069dd65dfb228ce9bf6ad922da4012c0ff3b364d0989d9f3a9df7
[INFO] running `Command { std: "docker" "start" "-a" "6e6cd51a9ce069dd65dfb228ce9bf6ad922da4012c0ff3b364d0989d9f3a9df7", kill_on_drop: false }`
[INFO] [stderr]    Compiling qwiic-button-led v0.1.1 (/opt/rustwide/workdir)
[INFO] [stderr]     Finished `test` profile [unoptimized + debuginfo] target(s) in 0.11s
[INFO] running `Command { std: "docker" "inspect" "6e6cd51a9ce069dd65dfb228ce9bf6ad922da4012c0ff3b364d0989d9f3a9df7", kill_on_drop: false }`
[INFO] running `Command { std: "docker" "rm" "-f" "6e6cd51a9ce069dd65dfb228ce9bf6ad922da4012c0ff3b364d0989d9f3a9df7", kill_on_drop: false }`
[INFO] [stdout] 6e6cd51a9ce069dd65dfb228ce9bf6ad922da4012c0ff3b364d0989d9f3a9df7
[INFO] running `Command { std: "docker" "create" "-v" "/var/lib/crater-agent-workspace/builds/worker-6-tc1/target:/opt/rustwide/target:rw,Z" "-v" "/var/lib/crater-agent-workspace/builds/worker-6-tc1/source:/opt/rustwide/workdir:ro,Z" "-v" "/var/lib/crater-agent-workspace/cargo-home:/opt/rustwide/cargo-home:ro,Z" "-v" "/var/lib/crater-agent-workspace/rustup-home:/opt/rustwide/rustup-home:ro,Z" "-e" "SOURCE_DIR=/opt/rustwide/workdir" "-e" "CARGO_TARGET_DIR=/opt/rustwide/target" "-e" "CARGO_INCREMENTAL=0" "-e" "RUST_BACKTRACE=full" "-e" "RUSTFLAGS=--cap-lints=forbid" "-e" "RUSTDOCFLAGS=--cap-lints=forbid" "-e" "CARGO_HOME=/opt/rustwide/cargo-home" "-e" "RUSTUP_HOME=/opt/rustwide/rustup-home" "-w" "/opt/rustwide/workdir" "-m" "1610612736" "--user" "0:0" "--network" "none" "ghcr.io/rust-lang/crates-build-env/linux@sha256:4a844ea9eb2546a2d2c7022eacef16ef2e8229c7fbb2c7d4d55a9ceca922f72d" "/opt/rustwide/cargo-home/bin/cargo" "+nightly-2024-10-28" "test" "--frozen", kill_on_drop: false }`
[INFO] [stdout] 5fd03b30316281fd2ffa6ba4676fe34bb04509ad7cbdce6a74f11cd3515a2fda
[INFO] running `Command { std: "docker" "start" "-a" "5fd03b30316281fd2ffa6ba4676fe34bb04509ad7cbdce6a74f11cd3515a2fda", kill_on_drop: false }`
[INFO] [stderr]     Finished `test` profile [unoptimized + debuginfo] target(s) in 0.01s
[INFO] [stderr]      Running unittests src/lib.rs (/opt/rustwide/target/debug/deps/qwiic_button_led-0d272f0e17e5f0c1)
[INFO] [stdout] 
[INFO] [stdout] running 0 tests
[INFO] [stdout] 
[INFO] [stdout] test result: ok. 0 passed; 0 failed; 0 ignored; 0 measured; 0 filtered out; finished in 0.00s
[INFO] [stdout] 
[INFO] [stderr]    Doc-tests qwiic_button_led
[INFO] [stdout] 
[INFO] [stdout] running 2 tests
[INFO] [stdout] test src/lib.rs - (line 40) ... FAILED
[INFO] [stdout] test src/lib.rs - (line 8) ... FAILED
[INFO] [stdout] 
[INFO] [stdout] failures:
[INFO] [stdout] 
[INFO] [stdout] ---- src/lib.rs - (line 40) stdout ----
[INFO] [stdout] error[E0433]: failed to resolve: use of undeclared type `ButtonLED`
[INFO] [stdout]  --> src/lib.rs:41:18
[INFO] [stdout]   |
[INFO] [stdout] 3 | let mut button = ButtonLED::init(i2c, address);
[INFO] [stdout]   |                  ^^^^^^^^^ use of undeclared type `ButtonLED`
[INFO] [stdout]   |
[INFO] [stdout] help: consider importing this struct
[INFO] [stdout]   |
[INFO] [stdout] 2 + use qwiic_button_led::ButtonLED;
[INFO] [stdout]   |
[INFO] [stdout] 
[INFO] [stdout] error[E0425]: cannot find value `i2c` in this scope
[INFO] [stdout]  --> src/lib.rs:41:34
[INFO] [stdout]   |
[INFO] [stdout] 3 | let mut button = ButtonLED::init(i2c, address);
[INFO] [stdout]   |                                  ^^^ not found in this scope
[INFO] [stdout] 
[INFO] [stdout] error[E0425]: cannot find value `address` in this scope
[INFO] [stdout]  --> src/lib.rs:41:39
[INFO] [stdout]   |
[INFO] [stdout] 3 | let mut button = ButtonLED::init(i2c, address);
[INFO] [stdout]   |                                       ^^^^^^^ not found in this scope
[INFO] [stdout] 
[INFO] [stdout] error: aborting due to 3 previous errors
[INFO] [stdout] 
[INFO] [stdout] Some errors have detailed explanations: E0425, E0433.
[INFO] [stdout] For more information about an error, try `rustc --explain E0425`.
[INFO] [stdout] Couldn't compile the test.
[INFO] [stdout] ---- src/lib.rs - (line 8) stdout ----
[INFO] [stdout] error[E0432]: unresolved import `linux_embedded_hal`
[INFO] [stdout]  --> src/lib.rs:10:5
[INFO] [stdout]   |
[INFO] [stdout] 5 | use linux_embedded_hal as hal;
[INFO] [stdout]   |     ^^^^^^^^^^^^^^^^^^^^^^^^^ no external crate `linux_embedded_hal`
[INFO] [stdout] 
[INFO] [stdout] error: aborting due to 1 previous error
[INFO] [stdout] 
[INFO] [stdout] For more information about this error, try `rustc --explain E0432`.
[INFO] [stdout] Couldn't compile the test.
[INFO] [stdout] 
[INFO] [stdout] failures:
[INFO] [stdout]     src/lib.rs - (line 40)
[INFO] [stdout]     src/lib.rs - (line 8)
[INFO] [stdout] 
[INFO] [stdout] test result: FAILED. 0 passed; 2 failed; 0 ignored; 0 measured; 0 filtered out; finished in 0.04s
[INFO] [stdout] 
[INFO] [stderr] error: doctest failed, to rerun pass `--doc`
[INFO] running `Command { std: "docker" "inspect" "5fd03b30316281fd2ffa6ba4676fe34bb04509ad7cbdce6a74f11cd3515a2fda", kill_on_drop: false }`
[INFO] running `Command { std: "docker" "rm" "-f" "5fd03b30316281fd2ffa6ba4676fe34bb04509ad7cbdce6a74f11cd3515a2fda", kill_on_drop: false }`
[INFO] [stdout] 5fd03b30316281fd2ffa6ba4676fe34bb04509ad7cbdce6a74f11cd3515a2fda
