[INFO] fetching crate quote2-macros 0.9.0...
[INFO] testing quote2-macros-0.9.0 against nightly-2024-10-28+rustflags=-Zrandomize-layout for randomize-layout
[INFO] extracting crate quote2-macros 0.9.0 into /workspace/builds/worker-5-tc2/source
[INFO] validating manifest of crates.io crate quote2-macros 0.9.0 on toolchain nightly-2024-10-28
[INFO] running `Command { std: CARGO_HOME="/workspace/cargo-home" RUSTUP_HOME="/workspace/rustup-home" "/workspace/cargo-home/bin/cargo" "+nightly-2024-10-28" "metadata" "--manifest-path" "Cargo.toml" "--no-deps", kill_on_drop: false }`
[INFO] started tweaking crates.io crate quote2-macros 0.9.0
[INFO] finished tweaking crates.io crate quote2-macros 0.9.0
[INFO] tweaked toml for crates.io crate quote2-macros 0.9.0 written to /workspace/builds/worker-5-tc2/source/Cargo.toml
[INFO] running `Command { std: CARGO_HOME="/workspace/cargo-home" RUSTUP_HOME="/workspace/rustup-home" "/workspace/cargo-home/bin/cargo" "+nightly-2024-10-28" "generate-lockfile" "--manifest-path" "Cargo.toml", kill_on_drop: false }`
[INFO] running `Command { std: CARGO_HOME="/workspace/cargo-home" RUSTUP_HOME="/workspace/rustup-home" "/workspace/cargo-home/bin/cargo" "+nightly-2024-10-28" "fetch" "--manifest-path" "Cargo.toml", kill_on_drop: false }`
[INFO] running `Command { std: "docker" "create" "-v" "/var/lib/crater-agent-workspace/builds/worker-5-tc2/target:/opt/rustwide/target:rw,Z" "-v" "/var/lib/crater-agent-workspace/builds/worker-5-tc2/source:/opt/rustwide/workdir:ro,Z" "-v" "/var/lib/crater-agent-workspace/cargo-home:/opt/rustwide/cargo-home:ro,Z" "-v" "/var/lib/crater-agent-workspace/rustup-home:/opt/rustwide/rustup-home:ro,Z" "-e" "SOURCE_DIR=/opt/rustwide/workdir" "-e" "CARGO_TARGET_DIR=/opt/rustwide/target" "-e" "CARGO_HOME=/opt/rustwide/cargo-home" "-e" "RUSTUP_HOME=/opt/rustwide/rustup-home" "-w" "/opt/rustwide/workdir" "-m" "1610612736" "--user" "0:0" "--network" "none" "ghcr.io/rust-lang/crates-build-env/linux@sha256:4a844ea9eb2546a2d2c7022eacef16ef2e8229c7fbb2c7d4d55a9ceca922f72d" "/opt/rustwide/cargo-home/bin/cargo" "+nightly-2024-10-28" "metadata" "--no-deps" "--format-version=1", kill_on_drop: false }`
[INFO] [stdout] 3a66bd3f1b499454d882f83bfe3b537e36b492f02b1cf2b7f332d51dc921330f
[INFO] running `Command { std: "docker" "start" "-a" "3a66bd3f1b499454d882f83bfe3b537e36b492f02b1cf2b7f332d51dc921330f", kill_on_drop: false }`
[INFO] running `Command { std: "docker" "inspect" "3a66bd3f1b499454d882f83bfe3b537e36b492f02b1cf2b7f332d51dc921330f", kill_on_drop: false }`
[INFO] running `Command { std: "docker" "rm" "-f" "3a66bd3f1b499454d882f83bfe3b537e36b492f02b1cf2b7f332d51dc921330f", kill_on_drop: false }`
[INFO] [stdout] 3a66bd3f1b499454d882f83bfe3b537e36b492f02b1cf2b7f332d51dc921330f
[INFO] running `Command { std: "docker" "create" "-v" "/var/lib/crater-agent-workspace/builds/worker-5-tc2/target:/opt/rustwide/target:rw,Z" "-v" "/var/lib/crater-agent-workspace/builds/worker-5-tc2/source:/opt/rustwide/workdir:ro,Z" "-v" "/var/lib/crater-agent-workspace/cargo-home:/opt/rustwide/cargo-home:ro,Z" "-v" "/var/lib/crater-agent-workspace/rustup-home:/opt/rustwide/rustup-home:ro,Z" "-e" "SOURCE_DIR=/opt/rustwide/workdir" "-e" "CARGO_TARGET_DIR=/opt/rustwide/target" "-e" "CARGO_INCREMENTAL=0" "-e" "RUST_BACKTRACE=full" "-e" "RUSTFLAGS=--cap-lints=forbid -Zrandomize-layout" "-e" "RUSTDOCFLAGS=--cap-lints=forbid" "-e" "CARGO_HOME=/opt/rustwide/cargo-home" "-e" "RUSTUP_HOME=/opt/rustwide/rustup-home" "-w" "/opt/rustwide/workdir" "-m" "1610612736" "--user" "0:0" "--network" "none" "ghcr.io/rust-lang/crates-build-env/linux@sha256:4a844ea9eb2546a2d2c7022eacef16ef2e8229c7fbb2c7d4d55a9ceca922f72d" "/opt/rustwide/cargo-home/bin/cargo" "+nightly-2024-10-28" "build" "--frozen" "--message-format=json", kill_on_drop: false }`
[INFO] [stdout] 3ea07c11a84b4706f390d37b24d2531592c7bc448e17bcd2743af057f4c0a066
[INFO] running `Command { std: "docker" "start" "-a" "3ea07c11a84b4706f390d37b24d2531592c7bc448e17bcd2743af057f4c0a066", kill_on_drop: false }`
[INFO] [stderr]    Compiling quote2-macros v0.9.0 (/opt/rustwide/workdir)
[INFO] [stderr]     Finished `dev` profile [unoptimized + debuginfo] target(s) in 0.17s
[INFO] running `Command { std: "docker" "inspect" "3ea07c11a84b4706f390d37b24d2531592c7bc448e17bcd2743af057f4c0a066", kill_on_drop: false }`
[INFO] running `Command { std: "docker" "rm" "-f" "3ea07c11a84b4706f390d37b24d2531592c7bc448e17bcd2743af057f4c0a066", kill_on_drop: false }`
[INFO] [stdout] 3ea07c11a84b4706f390d37b24d2531592c7bc448e17bcd2743af057f4c0a066
[INFO] running `Command { std: "docker" "create" "-v" "/var/lib/crater-agent-workspace/builds/worker-5-tc2/target:/opt/rustwide/target:rw,Z" "-v" "/var/lib/crater-agent-workspace/builds/worker-5-tc2/source:/opt/rustwide/workdir:ro,Z" "-v" "/var/lib/crater-agent-workspace/cargo-home:/opt/rustwide/cargo-home:ro,Z" "-v" "/var/lib/crater-agent-workspace/rustup-home:/opt/rustwide/rustup-home:ro,Z" "-e" "SOURCE_DIR=/opt/rustwide/workdir" "-e" "CARGO_TARGET_DIR=/opt/rustwide/target" "-e" "CARGO_INCREMENTAL=0" "-e" "RUST_BACKTRACE=full" "-e" "RUSTFLAGS=--cap-lints=forbid -Zrandomize-layout" "-e" "RUSTDOCFLAGS=--cap-lints=forbid" "-e" "CARGO_HOME=/opt/rustwide/cargo-home" "-e" "RUSTUP_HOME=/opt/rustwide/rustup-home" "-w" "/opt/rustwide/workdir" "-m" "1610612736" "--user" "0:0" "--network" "none" "ghcr.io/rust-lang/crates-build-env/linux@sha256:4a844ea9eb2546a2d2c7022eacef16ef2e8229c7fbb2c7d4d55a9ceca922f72d" "/opt/rustwide/cargo-home/bin/cargo" "+nightly-2024-10-28" "test" "--frozen" "--no-run" "--message-format=json", kill_on_drop: false }`
[INFO] [stdout] cb5ab8b4915c4fdb5e35c03f6bcfd71eb635e1ba29e22cc033fa8c65c929c59c
[INFO] running `Command { std: "docker" "start" "-a" "cb5ab8b4915c4fdb5e35c03f6bcfd71eb635e1ba29e22cc033fa8c65c929c59c", kill_on_drop: false }`
[INFO] [stderr]    Compiling quote2-macros v0.9.0 (/opt/rustwide/workdir)
[INFO] [stderr]     Finished `test` profile [unoptimized + debuginfo] target(s) in 0.15s
[INFO] running `Command { std: "docker" "inspect" "cb5ab8b4915c4fdb5e35c03f6bcfd71eb635e1ba29e22cc033fa8c65c929c59c", kill_on_drop: false }`
[INFO] running `Command { std: "docker" "rm" "-f" "cb5ab8b4915c4fdb5e35c03f6bcfd71eb635e1ba29e22cc033fa8c65c929c59c", kill_on_drop: false }`
[INFO] [stdout] cb5ab8b4915c4fdb5e35c03f6bcfd71eb635e1ba29e22cc033fa8c65c929c59c
[INFO] running `Command { std: "docker" "create" "-v" "/var/lib/crater-agent-workspace/builds/worker-5-tc2/target:/opt/rustwide/target:rw,Z" "-v" "/var/lib/crater-agent-workspace/builds/worker-5-tc2/source:/opt/rustwide/workdir:ro,Z" "-v" "/var/lib/crater-agent-workspace/cargo-home:/opt/rustwide/cargo-home:ro,Z" "-v" "/var/lib/crater-agent-workspace/rustup-home:/opt/rustwide/rustup-home:ro,Z" "-e" "SOURCE_DIR=/opt/rustwide/workdir" "-e" "CARGO_TARGET_DIR=/opt/rustwide/target" "-e" "CARGO_INCREMENTAL=0" "-e" "RUST_BACKTRACE=full" "-e" "RUSTFLAGS=--cap-lints=forbid -Zrandomize-layout" "-e" "RUSTDOCFLAGS=--cap-lints=forbid" "-e" "CARGO_HOME=/opt/rustwide/cargo-home" "-e" "RUSTUP_HOME=/opt/rustwide/rustup-home" "-w" "/opt/rustwide/workdir" "-m" "1610612736" "--user" "0:0" "--network" "none" "ghcr.io/rust-lang/crates-build-env/linux@sha256:4a844ea9eb2546a2d2c7022eacef16ef2e8229c7fbb2c7d4d55a9ceca922f72d" "/opt/rustwide/cargo-home/bin/cargo" "+nightly-2024-10-28" "test" "--frozen", kill_on_drop: false }`
[INFO] [stdout] b89674b6250c99de1d6f2def67d1496ce6e8de74e089d2ce7a88df6ad4838e84
[INFO] running `Command { std: "docker" "start" "-a" "b89674b6250c99de1d6f2def67d1496ce6e8de74e089d2ce7a88df6ad4838e84", kill_on_drop: false }`
[INFO] [stderr]     Finished `test` profile [unoptimized + debuginfo] target(s) in 0.00s
[INFO] [stderr]      Running unittests src/lib.rs (/opt/rustwide/target/debug/deps/quote2_macros-3e1b5e7b253c08bc)
[INFO] [stdout] 
[INFO] [stdout] running 0 tests
[INFO] [stdout] 
[INFO] [stdout] test result: ok. 0 passed; 0 failed; 0 ignored; 0 measured; 0 filtered out; finished in 0.00s
[INFO] [stdout] 
[INFO] [stderr]    Doc-tests quote2_macros
[INFO] [stdout] 
[INFO] [stdout] running 3 tests
[INFO] [stdout] test src/lib.rs - quote_spanned (line 57) ... FAILED
[INFO] [stdout] test src/lib.rs - quote (line 5) ... FAILED
[INFO] [stdout] test src/lib.rs - quote (line 24) ... ok
[INFO] [stdout] 
[INFO] [stdout] failures:
[INFO] [stdout] 
[INFO] [stdout] ---- src/lib.rs - quote_spanned (line 57) stdout ----
[INFO] [stdout] error[E0433]: failed to resolve: use of undeclared crate or module `quote2`
[INFO] [stdout]  --> src/lib.rs:58:5
[INFO] [stdout]   |
[INFO] [stdout] 3 | use quote2::{
[INFO] [stdout]   |     ^^^^^^ use of undeclared crate or module `quote2`
[INFO] [stdout] 
[INFO] [stdout] error[E0432]: unresolved import `quote2`
[INFO] [stdout]  --> src/lib.rs:58:5
[INFO] [stdout]   |
[INFO] [stdout] 3 | use quote2::{
[INFO] [stdout]   |     ^^^^^^ use of undeclared crate or module `quote2`
[INFO] [stdout] 
[INFO] [stdout] error: aborting due to 2 previous errors
[INFO] [stdout] 
[INFO] [stdout] Some errors have detailed explanations: E0432, E0433.
[INFO] [stdout] For more information about an error, try `rustc --explain E0432`.
[INFO] [stdout] Couldn't compile the test.
[INFO] [stdout] ---- src/lib.rs - quote (line 5) stdout ----
[INFO] [stdout] error[E0433]: failed to resolve: use of undeclared crate or module `quote2`
[INFO] [stdout]  --> src/lib.rs:6:5
[INFO] [stdout]   |
[INFO] [stdout] 3 | use quote2::{proc_macro2::TokenStream, quote, Quote};
[INFO] [stdout]   |     ^^^^^^ use of undeclared crate or module `quote2`
[INFO] [stdout] 
[INFO] [stdout] error[E0432]: unresolved import `quote2`
[INFO] [stdout]  --> src/lib.rs:6:5
[INFO] [stdout]   |
[INFO] [stdout] 3 | use quote2::{proc_macro2::TokenStream, quote, Quote};
[INFO] [stdout]   |     ^^^^^^ use of undeclared crate or module `quote2`
[INFO] [stdout] 
[INFO] [stdout] error: aborting due to 2 previous errors
[INFO] [stdout] 
[INFO] [stdout] Some errors have detailed explanations: E0432, E0433.
[INFO] [stdout] For more information about an error, try `rustc --explain E0432`.
[INFO] [stdout] Couldn't compile the test.
[INFO] [stdout] 
[INFO] [stdout] failures:
[INFO] [stdout]     src/lib.rs - quote (line 5)
[INFO] [stdout]     src/lib.rs - quote_spanned (line 57)
[INFO] [stdout] 
[INFO] [stdout] test result: FAILED. 1 passed; 2 failed; 0 ignored; 0 measured; 0 filtered out; finished in 0.07s
[INFO] [stdout] 
[INFO] [stderr] error: doctest failed, to rerun pass `--doc`
[INFO] running `Command { std: "docker" "inspect" "b89674b6250c99de1d6f2def67d1496ce6e8de74e089d2ce7a88df6ad4838e84", kill_on_drop: false }`
[INFO] running `Command { std: "docker" "rm" "-f" "b89674b6250c99de1d6f2def67d1496ce6e8de74e089d2ce7a88df6ad4838e84", kill_on_drop: false }`
[INFO] [stdout] b89674b6250c99de1d6f2def67d1496ce6e8de74e089d2ce7a88df6ad4838e84
