[INFO] fetching crate quickner-core 0.0.1-alpha.20...
[INFO] testing quickner-core-0.0.1-alpha.20 against nightly-2024-10-28+rustflags=-Zrandomize-layout for randomize-layout
[INFO] extracting crate quickner-core 0.0.1-alpha.20 into /workspace/builds/worker-7-tc2/source
[INFO] validating manifest of crates.io crate quickner-core 0.0.1-alpha.20 on toolchain nightly-2024-10-28
[INFO] running `Command { std: CARGO_HOME="/workspace/cargo-home" RUSTUP_HOME="/workspace/rustup-home" "/workspace/cargo-home/bin/cargo" "+nightly-2024-10-28" "metadata" "--manifest-path" "Cargo.toml" "--no-deps", kill_on_drop: false }`
[INFO] started tweaking crates.io crate quickner-core 0.0.1-alpha.20
[INFO] finished tweaking crates.io crate quickner-core 0.0.1-alpha.20
[INFO] tweaked toml for crates.io crate quickner-core 0.0.1-alpha.20 written to /workspace/builds/worker-7-tc2/source/Cargo.toml
[INFO] running `Command { std: CARGO_HOME="/workspace/cargo-home" RUSTUP_HOME="/workspace/rustup-home" "/workspace/cargo-home/bin/cargo" "+nightly-2024-10-28" "generate-lockfile" "--manifest-path" "Cargo.toml", kill_on_drop: false }`
[INFO] [stderr]     Updating crates.io index
[INFO] [stderr]      Locking 81 packages to latest compatible versions
[INFO] [stderr]       Adding aho-corasick v0.7.20 (available: v1.1.3)
[INFO] [stderr]       Adding env_logger v0.10.2 (available: v0.11.5)
[INFO] [stderr]       Adding toml v0.7.8 (available: v0.8.19)
[INFO] running `Command { std: CARGO_HOME="/workspace/cargo-home" RUSTUP_HOME="/workspace/rustup-home" "/workspace/cargo-home/bin/cargo" "+nightly-2024-10-28" "fetch" "--manifest-path" "Cargo.toml", kill_on_drop: false }`
[INFO] running `Command { std: "docker" "create" "-v" "/var/lib/crater-agent-workspace/builds/worker-7-tc2/target:/opt/rustwide/target:rw,Z" "-v" "/var/lib/crater-agent-workspace/builds/worker-7-tc2/source:/opt/rustwide/workdir:ro,Z" "-v" "/var/lib/crater-agent-workspace/cargo-home:/opt/rustwide/cargo-home:ro,Z" "-v" "/var/lib/crater-agent-workspace/rustup-home:/opt/rustwide/rustup-home:ro,Z" "-e" "SOURCE_DIR=/opt/rustwide/workdir" "-e" "CARGO_TARGET_DIR=/opt/rustwide/target" "-e" "CARGO_HOME=/opt/rustwide/cargo-home" "-e" "RUSTUP_HOME=/opt/rustwide/rustup-home" "-w" "/opt/rustwide/workdir" "-m" "1610612736" "--user" "0:0" "--network" "none" "ghcr.io/rust-lang/crates-build-env/linux@sha256:4a844ea9eb2546a2d2c7022eacef16ef2e8229c7fbb2c7d4d55a9ceca922f72d" "/opt/rustwide/cargo-home/bin/cargo" "+nightly-2024-10-28" "metadata" "--no-deps" "--format-version=1", kill_on_drop: false }`
[INFO] [stdout] eaf4db3a342d795e08dd48c2da517685f46a3fe79b147bf9898f25032fc56ce7
[INFO] running `Command { std: "docker" "start" "-a" "eaf4db3a342d795e08dd48c2da517685f46a3fe79b147bf9898f25032fc56ce7", kill_on_drop: false }`
[INFO] running `Command { std: "docker" "inspect" "eaf4db3a342d795e08dd48c2da517685f46a3fe79b147bf9898f25032fc56ce7", kill_on_drop: false }`
[INFO] running `Command { std: "docker" "rm" "-f" "eaf4db3a342d795e08dd48c2da517685f46a3fe79b147bf9898f25032fc56ce7", kill_on_drop: false }`
[INFO] [stdout] eaf4db3a342d795e08dd48c2da517685f46a3fe79b147bf9898f25032fc56ce7
[INFO] running `Command { std: "docker" "create" "-v" "/var/lib/crater-agent-workspace/builds/worker-7-tc2/target:/opt/rustwide/target:rw,Z" "-v" "/var/lib/crater-agent-workspace/builds/worker-7-tc2/source:/opt/rustwide/workdir:ro,Z" "-v" "/var/lib/crater-agent-workspace/cargo-home:/opt/rustwide/cargo-home:ro,Z" "-v" "/var/lib/crater-agent-workspace/rustup-home:/opt/rustwide/rustup-home:ro,Z" "-e" "SOURCE_DIR=/opt/rustwide/workdir" "-e" "CARGO_TARGET_DIR=/opt/rustwide/target" "-e" "CARGO_INCREMENTAL=0" "-e" "RUST_BACKTRACE=full" "-e" "RUSTFLAGS=--cap-lints=forbid -Zrandomize-layout" "-e" "RUSTDOCFLAGS=--cap-lints=forbid" "-e" "CARGO_HOME=/opt/rustwide/cargo-home" "-e" "RUSTUP_HOME=/opt/rustwide/rustup-home" "-w" "/opt/rustwide/workdir" "-m" "1610612736" "--user" "0:0" "--network" "none" "ghcr.io/rust-lang/crates-build-env/linux@sha256:4a844ea9eb2546a2d2c7022eacef16ef2e8229c7fbb2c7d4d55a9ceca922f72d" "/opt/rustwide/cargo-home/bin/cargo" "+nightly-2024-10-28" "build" "--frozen" "--message-format=json", kill_on_drop: false }`
[INFO] [stdout] 4803f0bb88dded108c6d48cf55b3fa92e9b4d2df4d485d251ab513bcaac73421
[INFO] running `Command { std: "docker" "start" "-a" "4803f0bb88dded108c6d48cf55b3fa92e9b4d2df4d485d251ab513bcaac73421", kill_on_drop: false }`
[INFO] [stderr]    Compiling proc-macro2 v1.0.89
[INFO] [stderr]    Compiling crossbeam-utils v0.8.20
[INFO] [stderr]    Compiling libc v0.2.161
[INFO] [stderr]    Compiling aho-corasick v1.1.3
[INFO] [stderr]    Compiling anstyle-parse v0.2.6
[INFO] [stderr]    Compiling equivalent v1.0.1
[INFO] [stderr]    Compiling colorchoice v1.0.3
[INFO] [stderr]    Compiling anstyle-query v1.1.2
[INFO] [stderr]    Compiling regex-syntax v0.8.5
[INFO] [stderr]    Compiling anstyle v1.0.9
[INFO] [stderr]    Compiling hashbrown v0.15.0
[INFO] [stderr]    Compiling rayon-core v1.12.1
[INFO] [stderr]    Compiling anstream v0.6.17
[INFO] [stderr]    Compiling winnow v0.5.40
[INFO] [stderr]    Compiling clap_builder v4.5.20
[INFO] [stderr]    Compiling crossbeam-epoch v0.9.18
[INFO] [stderr]    Compiling quote v1.0.37
[INFO] [stderr]    Compiling crossbeam-deque v0.8.5
[INFO] [stderr]    Compiling indexmap v2.6.0
[INFO] [stderr]    Compiling console v0.15.8
[INFO] [stderr]    Compiling syn v2.0.86
[INFO] [stderr]    Compiling regex-automata v0.4.8
[INFO] [stderr]    Compiling is-terminal v0.4.13
[INFO] [stderr]    Compiling digest v0.10.7
[INFO] [stderr]    Compiling csv-core v0.1.11
[INFO] [stderr]    Compiling log v0.4.22
[INFO] [stderr]    Compiling either v1.13.0
[INFO] [stderr]    Compiling termcolor v1.4.1
[INFO] [stderr]    Compiling humantime v2.1.0
[INFO] [stderr]    Compiling sha2 v0.10.8
[INFO] [stderr]    Compiling rayon v1.10.0
[INFO] [stderr]    Compiling indicatif v0.17.8
[INFO] [stderr]    Compiling aho-corasick v0.7.20
[INFO] [stderr]    Compiling regex v1.11.1
[INFO] [stderr]    Compiling env_logger v0.10.2
[INFO] [stderr]    Compiling serde_derive v1.0.214
[INFO] [stderr]    Compiling clap_derive v4.5.18
[INFO] [stderr]    Compiling clap v4.5.20
[INFO] [stderr]    Compiling serde v1.0.214
[INFO] [stderr]    Compiling toml_datetime v0.6.8
[INFO] [stderr]    Compiling serde_spanned v0.6.8
[INFO] [stderr]    Compiling serde_json v1.0.132
[INFO] [stderr]    Compiling csv v1.3.0
[INFO] [stderr]    Compiling toml_edit v0.19.15
[INFO] [stderr]    Compiling toml v0.7.8
[INFO] [stderr]    Compiling quickner-core v0.0.1-alpha.20 (/opt/rustwide/workdir)
[INFO] [stdout] warning: associated function `find_index` is never used
[INFO] [stdout]   --> src/quickner.rs:68:19
[INFO] [stdout]    |
[INFO] [stdout] 50 | impl Quickner {
[INFO] [stdout]    | ------------- associated function in this implementation
[INFO] [stdout] ...
[INFO] [stdout] 68 |     pub(crate) fn find_index(
[INFO] [stdout]    |                   ^^^^^^^^^^
[INFO] [stdout]    |
[INFO] [stdout]    = note: `#[warn(dead_code)]` on by default
[INFO] [stdout] 
[INFO] [stdout] 
[INFO] [stderr]     Finished `dev` profile [unoptimized + debuginfo] target(s) in 10.68s
[INFO] running `Command { std: "docker" "inspect" "4803f0bb88dded108c6d48cf55b3fa92e9b4d2df4d485d251ab513bcaac73421", kill_on_drop: false }`
[INFO] running `Command { std: "docker" "rm" "-f" "4803f0bb88dded108c6d48cf55b3fa92e9b4d2df4d485d251ab513bcaac73421", kill_on_drop: false }`
[INFO] [stdout] 4803f0bb88dded108c6d48cf55b3fa92e9b4d2df4d485d251ab513bcaac73421
[INFO] running `Command { std: "docker" "create" "-v" "/var/lib/crater-agent-workspace/builds/worker-7-tc2/target:/opt/rustwide/target:rw,Z" "-v" "/var/lib/crater-agent-workspace/builds/worker-7-tc2/source:/opt/rustwide/workdir:ro,Z" "-v" "/var/lib/crater-agent-workspace/cargo-home:/opt/rustwide/cargo-home:ro,Z" "-v" "/var/lib/crater-agent-workspace/rustup-home:/opt/rustwide/rustup-home:ro,Z" "-e" "SOURCE_DIR=/opt/rustwide/workdir" "-e" "CARGO_TARGET_DIR=/opt/rustwide/target" "-e" "CARGO_INCREMENTAL=0" "-e" "RUST_BACKTRACE=full" "-e" "RUSTFLAGS=--cap-lints=forbid -Zrandomize-layout" "-e" "RUSTDOCFLAGS=--cap-lints=forbid" "-e" "CARGO_HOME=/opt/rustwide/cargo-home" "-e" "RUSTUP_HOME=/opt/rustwide/rustup-home" "-w" "/opt/rustwide/workdir" "-m" "1610612736" "--user" "0:0" "--network" "none" "ghcr.io/rust-lang/crates-build-env/linux@sha256:4a844ea9eb2546a2d2c7022eacef16ef2e8229c7fbb2c7d4d55a9ceca922f72d" "/opt/rustwide/cargo-home/bin/cargo" "+nightly-2024-10-28" "test" "--frozen" "--no-run" "--message-format=json", kill_on_drop: false }`
[INFO] [stdout] 4c093ba63f1248b9439ca017e524460a5190aa0a460f683b4e7f4b0a9212fe74
[INFO] running `Command { std: "docker" "start" "-a" "4c093ba63f1248b9439ca017e524460a5190aa0a460f683b4e7f4b0a9212fe74", kill_on_drop: false }`
[INFO] [stdout] warning: associated function `find_index` is never used
[INFO] [stdout]   --> src/quickner.rs:68:19
[INFO] [stdout]    |
[INFO] [stdout] 50 | impl Quickner {
[INFO] [stdout]    | ------------- associated function in this implementation
[INFO] [stdout] ...
[INFO] [stdout] 68 |     pub(crate) fn find_index(
[INFO] [stdout]    |                   ^^^^^^^^^^
[INFO] [stdout]    |
[INFO] [stdout]    = note: `#[warn(dead_code)]` on by default
[INFO] [stdout] 
[INFO] [stdout] 
[INFO] [stderr]    Compiling quickner-core v0.0.1-alpha.20 (/opt/rustwide/workdir)
[INFO] [stdout] warning: associated function `find_index` is never used
[INFO] [stdout]   --> src/quickner.rs:68:19
[INFO] [stdout]    |
[INFO] [stdout] 50 | impl Quickner {
[INFO] [stdout]    | ------------- associated function in this implementation
[INFO] [stdout] ...
[INFO] [stdout] 68 |     pub(crate) fn find_index(
[INFO] [stdout]    |                   ^^^^^^^^^^
[INFO] [stdout]    |
[INFO] [stdout]    = note: `#[warn(dead_code)]` on by default
[INFO] [stdout] 
[INFO] [stdout] 
[INFO] [stderr]     Finished `test` profile [unoptimized + debuginfo] target(s) in 0.41s
[INFO] running `Command { std: "docker" "inspect" "4c093ba63f1248b9439ca017e524460a5190aa0a460f683b4e7f4b0a9212fe74", kill_on_drop: false }`
[INFO] running `Command { std: "docker" "rm" "-f" "4c093ba63f1248b9439ca017e524460a5190aa0a460f683b4e7f4b0a9212fe74", kill_on_drop: false }`
[INFO] [stdout] 4c093ba63f1248b9439ca017e524460a5190aa0a460f683b4e7f4b0a9212fe74
[INFO] running `Command { std: "docker" "create" "-v" "/var/lib/crater-agent-workspace/builds/worker-7-tc2/target:/opt/rustwide/target:rw,Z" "-v" "/var/lib/crater-agent-workspace/builds/worker-7-tc2/source:/opt/rustwide/workdir:ro,Z" "-v" "/var/lib/crater-agent-workspace/cargo-home:/opt/rustwide/cargo-home:ro,Z" "-v" "/var/lib/crater-agent-workspace/rustup-home:/opt/rustwide/rustup-home:ro,Z" "-e" "SOURCE_DIR=/opt/rustwide/workdir" "-e" "CARGO_TARGET_DIR=/opt/rustwide/target" "-e" "CARGO_INCREMENTAL=0" "-e" "RUST_BACKTRACE=full" "-e" "RUSTFLAGS=--cap-lints=forbid -Zrandomize-layout" "-e" "RUSTDOCFLAGS=--cap-lints=forbid" "-e" "CARGO_HOME=/opt/rustwide/cargo-home" "-e" "RUSTUP_HOME=/opt/rustwide/rustup-home" "-w" "/opt/rustwide/workdir" "-m" "1610612736" "--user" "0:0" "--network" "none" "ghcr.io/rust-lang/crates-build-env/linux@sha256:4a844ea9eb2546a2d2c7022eacef16ef2e8229c7fbb2c7d4d55a9ceca922f72d" "/opt/rustwide/cargo-home/bin/cargo" "+nightly-2024-10-28" "test" "--frozen", kill_on_drop: false }`
[INFO] [stdout] 6dd6cdcc69d28f9497a72d717a4ed693dc9ae1b96ac307276eb46ab1dd06a375
[INFO] running `Command { std: "docker" "start" "-a" "6dd6cdcc69d28f9497a72d717a4ed693dc9ae1b96ac307276eb46ab1dd06a375", kill_on_drop: false }`
[INFO] [stderr] warning: associated function `find_index` is never used
[INFO] [stderr]   --> src/quickner.rs:68:19
[INFO] [stderr]    |
[INFO] [stderr] 50 | impl Quickner {
[INFO] [stderr]    | ------------- associated function in this implementation
[INFO] [stderr] ...
[INFO] [stderr] 68 |     pub(crate) fn find_index(
[INFO] [stderr]    |                   ^^^^^^^^^^
[INFO] [stderr]    |
[INFO] [stderr]    = note: `#[warn(dead_code)]` on by default
[INFO] [stderr] 
[INFO] [stderr] warning: `quickner-core` (lib) generated 1 warning
[INFO] [stderr] warning: `quickner-core` (lib test) generated 1 warning (1 duplicate)
[INFO] [stderr]     Finished `test` profile [unoptimized + debuginfo] target(s) in 0.04s
[INFO] [stderr]      Running unittests src/lib.rs (/opt/rustwide/target/debug/deps/quickner-6229fcd7f6e70886)
[INFO] [stdout] 
[INFO] [stdout] running 0 tests
[INFO] [stdout] 
[INFO] [stdout] test result: ok. 0 passed; 0 failed; 0 ignored; 0 measured; 0 filtered out; finished in 0.00s
[INFO] [stdout] 
[INFO] [stderr]    Doc-tests quickner
[INFO] [stdout] 
[INFO] [stdout] running 16 tests
[INFO] [stdout] test src/config.rs - config::Config (line 19) ... FAILED
[INFO] [stdout] test src/config.rs - config::Filters::is_valid (line 152) ... FAILED
[INFO] [stdout] test src/quickner.rs - quickner::Quickner::annotate (line 237) ... FAILED
[INFO] [stdout] test src/lib.rs - (line 66) - compile ... FAILED
[INFO] [stdout] test src/document.rs - document::Document::from_string (line 30) ... FAILED
[INFO] [stdout] test src/document.rs - document::Document::annotate (line 52) ... FAILED
[INFO] [stdout] test src/models.rs - models::Format::save (line 26) ... FAILED
[INFO] [stdout] test src/quickner.rs - quickner::Quickner::process (line 395) ... FAILED
[INFO] [stdout] test src/lib.rs - (line 78) - compile ... FAILED
[INFO] [stdout] test src/utils.rs - utils::contains_punctuation (line 28) ... FAILED
[INFO] [stdout] test src/quickner.rs - quickner::Quickner::find_index (line 58) ... FAILED
[INFO] [stdout] test src/utils.rs - utils::get_progress_bar (line 82) ... FAILED
[INFO] [stdout] test src/utils.rs - utils::is_alphanumeric (line 14) ... FAILED
[INFO] [stdout] test src/utils.rs - utils::contains_numbers (line 42) ... FAILED
[INFO] [stdout] test src/utils.rs - utils::contains_special_characters (line 62) ... FAILED
[INFO] [stdout] test src/quickner.rs - quickner::Quickner::new (line 297) ... ok
[INFO] [stdout] 
[INFO] [stdout] failures:
[INFO] [stdout] 
[INFO] [stdout] ---- src/config.rs - config::Config (line 19) stdout ----
[INFO] [stdout] error[E0432]: unresolved import `config`
[INFO] [stdout]  --> src/config.rs:20:5
[INFO] [stdout]   |
[INFO] [stdout] 3 | use config::Config;
[INFO] [stdout]   |     ^^^^^^ use of undeclared crate or module `config`
[INFO] [stdout] 
[INFO] [stdout] error: aborting due to 1 previous error
[INFO] [stdout] 
[INFO] [stdout] For more information about this error, try `rustc --explain E0432`.
[INFO] [stdout] Couldn't compile the test.
[INFO] [stdout] ---- src/config.rs - config::Filters::is_valid (line 152) stdout ----
[INFO] [stdout] error[E0432]: unresolved import `utils`
[INFO] [stdout]  --> src/config.rs:153:5
[INFO] [stdout]   |
[INFO] [stdout] 3 | use utils::is_valid;
[INFO] [stdout]   |     ^^^^^ use of undeclared crate or module `utils`
[INFO] [stdout] 
[INFO] [stdout] error[E0425]: cannot find value `config` in this scope
[INFO] [stdout]  --> src/config.rs:155:21
[INFO] [stdout]   |
[INFO] [stdout] 5 | assert_eq!(is_valid(config, text), true);
[INFO] [stdout]   |                     ^^^^^^ not found in this scope
[INFO] [stdout] 
[INFO] [stdout] error: aborting due to 2 previous errors
[INFO] [stdout] 
[INFO] [stdout] Some errors have detailed explanations: E0425, E0432.
[INFO] [stdout] For more information about an error, try `rustc --explain E0425`.
[INFO] [stdout] Couldn't compile the test.
[INFO] [stdout] ---- src/quickner.rs - quickner::Quickner::annotate (line 237) stdout ----
[INFO] [stdout] error[E0433]: failed to resolve: use of undeclared type `Annotations`
[INFO] [stdout]  --> src/quickner.rs:238:23
[INFO] [stdout]   |
[INFO] [stdout] 3 | let mut annotations = Annotations::new(entities, texts);
[INFO] [stdout]   |                       ^^^^^^^^^^^ use of undeclared type `Annotations`
[INFO] [stdout]   |
[INFO] [stdout] help: consider importing this struct
[INFO] [stdout]   |
[INFO] [stdout] 2 + use quickner::Annotations;
[INFO] [stdout]   |
[INFO] [stdout] 
[INFO] [stdout] error[E0425]: cannot find value `entities` in this scope
[INFO] [stdout]  --> src/quickner.rs:238:40
[INFO] [stdout]   |
[INFO] [stdout] 3 | let mut annotations = Annotations::new(entities, texts);
[INFO] [stdout]   |                                        ^^^^^^^^ not found in this scope
[INFO] [stdout] 
[INFO] [stdout] error[E0425]: cannot find value `texts` in this scope
[INFO] [stdout]  --> src/quickner.rs:238:50
[INFO] [stdout]   |
[INFO] [stdout] 3 | let mut annotations = Annotations::new(entities, texts);
[INFO] [stdout]   |                                                  ^^^^^ not found in this scope
[INFO] [stdout] 
[INFO] [stdout] error: aborting due to 3 previous errors
[INFO] [stdout] 
[INFO] [stdout] Some errors have detailed explanations: E0425, E0433.
[INFO] [stdout] For more information about an error, try `rustc --explain E0425`.
[INFO] [stdout] Couldn't compile the test.
[INFO] [stdout] ---- src/lib.rs - (line 66) stdout ----
[INFO] [stdout] error[E0432]: unresolved import `quickner::models::Quickner`
[INFO] [stdout]  --> src/lib.rs:68:5
[INFO] [stdout]   |
[INFO] [stdout] 5 | use quickner::models::Quickner;
[INFO] [stdout]   |     ^^^^^^^^^^^^^^^^^^^^^^^^^^ no `Quickner` in `models`
[INFO] [stdout]   |
[INFO] [stdout] help: consider importing this struct instead
[INFO] [stdout]   |
[INFO] [stdout] 5 | use quickner::Quickner;
[INFO] [stdout]   |     ~~~~~~~~~~~~~~~~~~
[INFO] [stdout] 
[INFO] [stdout] error[E0603]: module `models` is private
[INFO] [stdout]   --> src/lib.rs:68:15
[INFO] [stdout]    |
[INFO] [stdout] 5  | use quickner::models::Quickner;
[INFO] [stdout]    |               ^^^^^^ private module
[INFO] [stdout]    |
[INFO] [stdout] note: the module `models` is defined here
[INFO] [stdout]   --> /opt/rustwide/workdir/src/lib.rs:90:1
[INFO] [stdout]    |
[INFO] [stdout] 90 | mod models;
[INFO] [stdout]    | ^^^^^^^^^^
[INFO] [stdout] 
[INFO] [stdout] error: aborting due to 2 previous errors
[INFO] [stdout] 
[INFO] [stdout] Some errors have detailed explanations: E0432, E0603.
[INFO] [stdout] For more information about an error, try `rustc --explain E0432`.
[INFO] [stdout] Couldn't compile the test.
[INFO] [stdout] ---- src/document.rs - document::Document::from_string (line 30) stdout ----
[INFO] [stdout] error[E0432]: unresolved import `quickner::models::Annotation`
[INFO] [stdout]  --> src/document.rs:32:5
[INFO] [stdout]   |
[INFO] [stdout] 5 | use quickner::models::Annotation;
[INFO] [stdout]   |     ^^^^^^^^^^^^^^^^^^^^^^^^^^^^ no `Annotation` in `models`
[INFO] [stdout] 
[INFO] [stdout] error[E0603]: module `models` is private
[INFO] [stdout]   --> src/document.rs:32:15
[INFO] [stdout]    |
[INFO] [stdout] 5  | use quickner::models::Annotation;
[INFO] [stdout]    |               ^^^^^^ private module
[INFO] [stdout]    |
[INFO] [stdout] note: the module `models` is defined here
[INFO] [stdout]   --> /opt/rustwide/workdir/src/lib.rs:90:1
[INFO] [stdout]    |
[INFO] [stdout] 90 | mod models;
[INFO] [stdout]    | ^^^^^^^^^^
[INFO] [stdout] 
[INFO] [stdout] error: aborting due to 2 previous errors
[INFO] [stdout] 
[INFO] [stdout] Some errors have detailed explanations: E0432, E0603.
[INFO] [stdout] For more information about an error, try `rustc --explain E0432`.
[INFO] [stdout] Couldn't compile the test.
[INFO] [stdout] ---- src/document.rs - document::Document::annotate (line 52) stdout ----
[INFO] [stdout] error[E0432]: unresolved import `quickner::models::Entity`
[INFO] [stdout]  --> src/document.rs:55:5
[INFO] [stdout]   |
[INFO] [stdout] 6 | use quickner::models::Entity;
[INFO] [stdout]   |     ^^^^^^^^^^^^^^^^^^^^^^^^ no `Entity` in `models`
[INFO] [stdout]   |
[INFO] [stdout] help: consider importing this struct instead
[INFO] [stdout]   |
[INFO] [stdout] 6 | use quickner::Entity;
[INFO] [stdout]   |     ~~~~~~~~~~~~~~~~
[INFO] [stdout] 
[INFO] [stdout] error[E0603]: module `models` is private
[INFO] [stdout]   --> src/document.rs:54:15
[INFO] [stdout]    |
[INFO] [stdout] 5  | use quickner::models::Document;
[INFO] [stdout]    |               ^^^^^^ private module
[INFO] [stdout]    |
[INFO] [stdout] note: the module `models` is defined here
[INFO] [stdout]   --> /opt/rustwide/workdir/src/lib.rs:90:1
[INFO] [stdout]    |
[INFO] [stdout] 90 | mod models;
[INFO] [stdout]    | ^^^^^^^^^^
[INFO] [stdout] 
[INFO] [stdout] error[E0603]: module `models` is private
[INFO] [stdout]   --> src/document.rs:55:15
[INFO] [stdout]    |
[INFO] [stdout] 6  | use quickner::models::Entity;
[INFO] [stdout]    |               ^^^^^^ private module
[INFO] [stdout]    |
[INFO] [stdout] note: the module `models` is defined here
[INFO] [stdout]   --> /opt/rustwide/workdir/src/lib.rs:90:1
[INFO] [stdout]    |
[INFO] [stdout] 90 | mod models;
[INFO] [stdout]    | ^^^^^^^^^^
[INFO] [stdout] 
[INFO] [stdout] error[E0433]: failed to resolve: use of undeclared type `Annotation`
[INFO] [stdout]  --> src/document.rs:58:22
[INFO] [stdout]   |
[INFO] [stdout] 9 | let mut annotation = Annotation::from_string("Rust is developed by Mozilla".to_string());
[INFO] [stdout]   |                      ^^^^^^^^^^ use of undeclared type `Annotation`
[INFO] [stdout] 
[INFO] [stdout] error: aborting due to 4 previous errors
[INFO] [stdout] 
[INFO] [stdout] Some errors have detailed explanations: E0432, E0433, E0603.
[INFO] [stdout] For more information about an error, try `rustc --explain E0432`.
[INFO] [stdout] Couldn't compile the test.
[INFO] [stdout] ---- src/models.rs - models::Format::save (line 26) stdout ----
[INFO] [stdout] error[E0603]: module `models` is private
[INFO] [stdout]   --> src/models.rs:28:15
[INFO] [stdout]    |
[INFO] [stdout] 5  | use quickner::models::Format;
[INFO] [stdout]    |               ^^^^^^ private module
[INFO] [stdout]    |
[INFO] [stdout] note: the module `models` is defined here
[INFO] [stdout]   --> /opt/rustwide/workdir/src/lib.rs:90:1
[INFO] [stdout]    |
[INFO] [stdout] 90 | mod models;
[INFO] [stdout]    | ^^^^^^^^^^
[INFO] [stdout] help: consider importing this enum instead
[INFO] [stdout]    |
[INFO] [stdout] 5  | use quickner::Format;
[INFO] [stdout]    |     ~~~~~~~~~~~~~~~~
[INFO] [stdout] 
[INFO] [stdout] error[E0603]: module `models` is private
[INFO] [stdout]   --> src/models.rs:29:15
[INFO] [stdout]    |
[INFO] [stdout] 6  | use quickner::models::Document;
[INFO] [stdout]    |               ^^^^^^ private module
[INFO] [stdout]    |
[INFO] [stdout] note: the module `models` is defined here
[INFO] [stdout]   --> /opt/rustwide/workdir/src/lib.rs:90:1
[INFO] [stdout]    |
[INFO] [stdout] 90 | mod models;
[INFO] [stdout]    | ^^^^^^^^^^
[INFO] [stdout] 
[INFO] [stdout] error[E0433]: failed to resolve: use of undeclared type `Annotation`
[INFO] [stdout]  --> src/models.rs:31:24
[INFO] [stdout]   |
[INFO] [stdout] 8 | let annotations = vec![Annotation::from_string("Hello World".to_string())];
[INFO] [stdout]   |                        ^^^^^^^^^^ use of undeclared type `Annotation`
[INFO] [stdout] 
[INFO] [stdout] error: aborting due to 3 previous errors
[INFO] [stdout] 
[INFO] [stdout] Some errors have detailed explanations: E0433, E0603.
[INFO] [stdout] For more information about an error, try `rustc --explain E0433`.
[INFO] [stdout] Couldn't compile the test.
[INFO] [stdout] ---- src/quickner.rs - quickner::Quickner::process (line 395) stdout ----
[INFO] [stdout] error[E0596]: cannot borrow `quickner` as mutable, as it is not declared as mutable
[INFO] [stdout]  --> src/quickner.rs:399:1
[INFO] [stdout]   |
[INFO] [stdout] 7 | quickner.process(true);
[INFO] [stdout]   | ^^^^^^^^ cannot borrow as mutable
[INFO] [stdout]   |
[INFO] [stdout] help: consider changing this to be mutable
[INFO] [stdout]   |
[INFO] [stdout] 6 | let mut quickner = Quickner::new(Some("./config.toml"));
[INFO] [stdout]   |     +++
[INFO] [stdout] 
[INFO] [stdout] error: aborting due to 1 previous error
[INFO] [stdout] 
[INFO] [stdout] For more information about this error, try `rustc --explain E0596`.
[INFO] [stdout] Couldn't compile the test.
[INFO] [stdout] ---- src/lib.rs - (line 78) stdout ----
[INFO] [stdout] error[E0433]: failed to resolve: use of undeclared type `HashMap`
[INFO] [stdout]  --> src/lib.rs:83:16
[INFO] [stdout]   |
[INFO] [stdout] 8 | let entities = HashMap::new();
[INFO] [stdout]   |                ^^^^^^^ use of undeclared type `HashMap`
[INFO] [stdout]   |
[INFO] [stdout] help: consider importing this struct
[INFO] [stdout]   |
[INFO] [stdout] 2 + use std::collections::HashMap;
[INFO] [stdout]   |
[INFO] [stdout] 
[INFO] [stdout] error[E0308]: mismatched types
[INFO] [stdout]   --> src/lib.rs:82:40
[INFO] [stdout]    |
[INFO] [stdout] 7  | let annotation = Document::from_string("Rust is maintained by Mozilla");
[INFO] [stdout]    |                  --------------------- ^^^^^^^^^^^^^^^^^^^^^^^^^^^^^^^- help: try using a conversion method: `.to_string()`
[INFO] [stdout]    |                  |                     |
[INFO] [stdout]    |                  |                     expected `String`, found `&str`
[INFO] [stdout]    |                  arguments to this function are incorrect
[INFO] [stdout]    |
[INFO] [stdout] note: associated function defined here
[INFO] [stdout]   --> /opt/rustwide/workdir/src/document.rs:36:12
[INFO] [stdout]    |
[INFO] [stdout] 36 |     pub fn from_string(text: String) -> Self {
[INFO] [stdout]    |            ^^^^^^^^^^^
[INFO] [stdout] 
[INFO] [stdout] error[E0061]: this method takes 2 arguments but 1 argument was supplied
[INFO] [stdout]   --> src/lib.rs:86:12
[INFO] [stdout]    |
[INFO] [stdout] 11 | annotation.annotate(entities);
[INFO] [stdout]    |            ^^^^^^^^---------- argument #2 of type `bool` is missing
[INFO] [stdout]    |
[INFO] [stdout] note: method defined here
[INFO] [stdout]   --> /opt/rustwide/workdir/src/document.rs:65:12
[INFO] [stdout]    |
[INFO] [stdout] 65 |     pub fn annotate(&mut self, mut entities: Vec<Entity>, case_sensitive: bool) {
[INFO] [stdout]    |            ^^^^^^^^
[INFO] [stdout] help: provide the argument
[INFO] [stdout]    |
[INFO] [stdout] 11 | annotation.annotate(entities, /* bool */);
[INFO] [stdout]    |                    ~~~~~~~~~~~~~~~~~~~~~~
[INFO] [stdout] 
[INFO] [stdout] error: aborting due to 3 previous errors
[INFO] [stdout] 
[INFO] [stdout] Some errors have detailed explanations: E0061, E0308, E0433.
[INFO] [stdout] For more information about an error, try `rustc --explain E0061`.
[INFO] [stdout] Couldn't compile the test.
[INFO] [stdout] ---- src/utils.rs - utils::contains_punctuation (line 28) stdout ----
[INFO] [stdout] error[E0432]: unresolved import `utils`
[INFO] [stdout]  --> src/utils.rs:29:5
[INFO] [stdout]   |
[INFO] [stdout] 3 | use utils::contains_punctuation;
[INFO] [stdout]   |     ^^^^^ use of undeclared crate or module `utils`
[INFO] [stdout] 
[INFO] [stdout] error: aborting due to 1 previous error
[INFO] [stdout] 
[INFO] [stdout] For more information about this error, try `rustc --explain E0432`.
[INFO] [stdout] Couldn't compile the test.
[INFO] [stdout] ---- src/quickner.rs - quickner::Quickner::find_index (line 58) stdout ----
[INFO] [stdout] error[E0432]: unresolved import `quickner::models::Entity`
[INFO] [stdout]  --> src/quickner.rs:61:5
[INFO] [stdout]   |
[INFO] [stdout] 6 | use quickner::models::Entity;
[INFO] [stdout]   |     ^^^^^^^^^^^^^^^^^^^^^^^^ no `Entity` in `models`
[INFO] [stdout]   |
[INFO] [stdout] help: consider importing this struct instead
[INFO] [stdout]   |
[INFO] [stdout] 6 | use quickner::Entity;
[INFO] [stdout]   |     ~~~~~~~~~~~~~~~~
[INFO] [stdout] 
[INFO] [stdout] error[E0433]: failed to resolve: use of undeclared type `Annotations`
[INFO] [stdout]   --> src/quickner.rs:66:19
[INFO] [stdout]    |
[INFO] [stdout] 11 | let annotations = Annotations::find_index(text, entities);
[INFO] [stdout]    |                   ^^^^^^^^^^^ use of undeclared type `Annotations`
[INFO] [stdout]    |
[INFO] [stdout] help: consider importing this struct
[INFO] [stdout]    |
[INFO] [stdout] 2  + use quickner::Annotations;
[INFO] [stdout]    |
[INFO] [stdout] 
[INFO] [stdout] error[E0603]: module `models` is private
[INFO] [stdout]   --> src/quickner.rs:61:15
[INFO] [stdout]    |
[INFO] [stdout] 6  | use quickner::models::Entity;
[INFO] [stdout]    |               ^^^^^^ private module
[INFO] [stdout]    |
[INFO] [stdout] note: the module `models` is defined here
[INFO] [stdout]   --> /opt/rustwide/workdir/src/lib.rs:90:1
[INFO] [stdout]    |
[INFO] [stdout] 90 | mod models;
[INFO] [stdout]    | ^^^^^^^^^^
[INFO] [stdout] 
[INFO] [stdout] error: aborting due to 3 previous errors
[INFO] [stdout] 
[INFO] [stdout] Some errors have detailed explanations: E0432, E0433, E0603.
[INFO] [stdout] For more information about an error, try `rustc --explain E0432`.
[INFO] [stdout] Couldn't compile the test.
[INFO] [stdout] ---- src/utils.rs - utils::get_progress_bar (line 82) stdout ----
[INFO] [stdout] error[E0432]: unresolved import `utils`
[INFO] [stdout]  --> src/utils.rs:83:5
[INFO] [stdout]   |
[INFO] [stdout] 3 | use utils::get_progress_bar;
[INFO] [stdout]   |     ^^^^^ use of undeclared crate or module `utils`
[INFO] [stdout] 
[INFO] [stdout] error: aborting due to 1 previous error
[INFO] [stdout] 
[INFO] [stdout] For more information about this error, try `rustc --explain E0432`.
[INFO] [stdout] Couldn't compile the test.
[INFO] [stdout] ---- src/utils.rs - utils::is_alphanumeric (line 14) stdout ----
[INFO] [stdout] error[E0432]: unresolved import `utils`
[INFO] [stdout]  --> src/utils.rs:15:5
[INFO] [stdout]   |
[INFO] [stdout] 3 | use utils::is_alphanumeric;
[INFO] [stdout]   |     ^^^^^ use of undeclared crate or module `utils`
[INFO] [stdout] 
[INFO] [stdout] error: aborting due to 1 previous error
[INFO] [stdout] 
[INFO] [stdout] For more information about this error, try `rustc --explain E0432`.
[INFO] [stdout] Couldn't compile the test.
[INFO] [stdout] ---- src/utils.rs - utils::contains_numbers (line 42) stdout ----
[INFO] [stdout] error[E0432]: unresolved import `utils`
[INFO] [stdout]  --> src/utils.rs:43:5
[INFO] [stdout]   |
[INFO] [stdout] 3 | use utils::contains_numbers;
[INFO] [stdout]   |     ^^^^^ use of undeclared crate or module `utils`
[INFO] [stdout] 
[INFO] [stdout] error[E0425]: cannot find value `text` in this scope
[INFO] [stdout]  --> src/utils.rs:45:29
[INFO] [stdout]   |
[INFO] [stdout] 5 | assert_eq!(contains_numbers(text), false);
[INFO] [stdout]   |                             ^^^^ not found in this scope
[INFO] [stdout] 
[INFO] [stdout] error[E0425]: cannot find value `text` in this scope
[INFO] [stdout]  --> src/utils.rs:47:29
[INFO] [stdout]   |
[INFO] [stdout] 7 | assert_eq!(contains_numbers(text), true);
[INFO] [stdout]   |                             ^^^^ not found in this scope
[INFO] [stdout] 
[INFO] [stdout] error: aborting due to 3 previous errors
[INFO] [stdout] 
[INFO] [stdout] Some errors have detailed explanations: E0425, E0432.
[INFO] [stdout] For more information about an error, try `rustc --explain E0425`.
[INFO] [stdout] Couldn't compile the test.
[INFO] [stdout] ---- src/utils.rs - utils::contains_special_characters (line 62) stdout ----
[INFO] [stdout] error[E0432]: unresolved import `utils`
[INFO] [stdout]  --> src/utils.rs:63:5
[INFO] [stdout]   |
[INFO] [stdout] 3 | use utils::contains_special_characters;
[INFO] [stdout]   |     ^^^^^ use of undeclared crate or module `utils`
[INFO] [stdout] 
[INFO] [stdout] error[E0425]: cannot find value `text` in this scope
[INFO] [stdout]  --> src/utils.rs:65:40
[INFO] [stdout]   |
[INFO] [stdout] 5 | assert_eq!(contains_special_characters(text), false);
[INFO] [stdout]   |                                        ^^^^ not found in this scope
[INFO] [stdout] 
[INFO] [stdout] error[E0425]: cannot find value `text` in this scope
[INFO] [stdout]  --> src/utils.rs:67:40
[INFO] [stdout]   |
[INFO] [stdout] 7 | assert_eq!(contains_special_characters(text), true);
[INFO] [stdout]   |                                        ^^^^ not found in this scope
[INFO] [stdout] 
[INFO] [stdout] error: aborting due to 3 previous errors
[INFO] [stdout] 
[INFO] [stdout] Some errors have detailed explanations: E0425, E0432.
[INFO] [stdout] For more information about an error, try `rustc --explain E0425`.
[INFO] [stdout] Couldn't compile the test.
[INFO] [stdout] 
[INFO] [stdout] failures:
[INFO] [stdout]     src/config.rs - config::Config (line 19)
[INFO] [stdout]     src/config.rs - config::Filters::is_valid (line 152)
[INFO] [stdout]     src/document.rs - document::Document::annotate (line 52)
[INFO] [stdout]     src/document.rs - document::Document::from_string (line 30)
[INFO] [stdout]     src/lib.rs - (line 66)
[INFO] [stdout]     src/lib.rs - (line 78)
[INFO] [stdout]     src/models.rs - models::Format::save (line 26)
[INFO] [stdout]     src/quickner.rs - quickner::Quickner::annotate (line 237)
[INFO] [stdout]     src/quickner.rs - quickner::Quickner::find_index (line 58)
[INFO] [stdout]     src/quickner.rs - quickner::Quickner::process (line 395)
[INFO] [stdout]     src/utils.rs - utils::contains_numbers (line 42)
[INFO] [stdout]     src/utils.rs - utils::contains_punctuation (line 28)
[INFO] [stdout]     src/utils.rs - utils::contains_special_characters (line 62)
[INFO] [stdout]     src/utils.rs - utils::get_progress_bar (line 82)
[INFO] [stdout]     src/utils.rs - utils::is_alphanumeric (line 14)
[INFO] [stdout] 
[INFO] [stdout] test result: FAILED. 1 passed; 15 failed; 0 ignored; 0 measured; 0 filtered out; finished in 0.24s
[INFO] [stdout] 
[INFO] [stderr] error: doctest failed, to rerun pass `--doc`
[INFO] running `Command { std: "docker" "inspect" "6dd6cdcc69d28f9497a72d717a4ed693dc9ae1b96ac307276eb46ab1dd06a375", kill_on_drop: false }`
[INFO] running `Command { std: "docker" "rm" "-f" "6dd6cdcc69d28f9497a72d717a4ed693dc9ae1b96ac307276eb46ab1dd06a375", kill_on_drop: false }`
[INFO] [stdout] 6dd6cdcc69d28f9497a72d717a4ed693dc9ae1b96ac307276eb46ab1dd06a375
