[INFO] fetching crate questdb-rs 4.0.3...
[INFO] testing questdb-rs-4.0.3 against nightly-2024-10-28+rustflags=-Zrandomize-layout for randomize-layout
[INFO] extracting crate questdb-rs 4.0.3 into /workspace/builds/worker-7-tc2/source
[INFO] validating manifest of crates.io crate questdb-rs 4.0.3 on toolchain nightly-2024-10-28
[INFO] running `Command { std: CARGO_HOME="/workspace/cargo-home" RUSTUP_HOME="/workspace/rustup-home" "/workspace/cargo-home/bin/cargo" "+nightly-2024-10-28" "metadata" "--manifest-path" "Cargo.toml" "--no-deps", kill_on_drop: false }`
[INFO] started tweaking crates.io crate questdb-rs 4.0.3
[INFO] removed 0 missing examples
[INFO] finished tweaking crates.io crate questdb-rs 4.0.3
[INFO] tweaked toml for crates.io crate questdb-rs 4.0.3 written to /workspace/builds/worker-7-tc2/source/Cargo.toml
[INFO] crate crates.io crate questdb-rs 4.0.3 already has a lockfile, it will not be regenerated
[INFO] running `Command { std: CARGO_HOME="/workspace/cargo-home" RUSTUP_HOME="/workspace/rustup-home" "/workspace/cargo-home/bin/cargo" "+nightly-2024-10-28" "fetch" "--manifest-path" "Cargo.toml", kill_on_drop: false }`
[INFO] running `Command { std: "docker" "create" "-v" "/var/lib/crater-agent-workspace/builds/worker-7-tc2/target:/opt/rustwide/target:rw,Z" "-v" "/var/lib/crater-agent-workspace/builds/worker-7-tc2/source:/opt/rustwide/workdir:ro,Z" "-v" "/var/lib/crater-agent-workspace/cargo-home:/opt/rustwide/cargo-home:ro,Z" "-v" "/var/lib/crater-agent-workspace/rustup-home:/opt/rustwide/rustup-home:ro,Z" "-e" "SOURCE_DIR=/opt/rustwide/workdir" "-e" "CARGO_TARGET_DIR=/opt/rustwide/target" "-e" "CARGO_HOME=/opt/rustwide/cargo-home" "-e" "RUSTUP_HOME=/opt/rustwide/rustup-home" "-w" "/opt/rustwide/workdir" "-m" "1610612736" "--user" "0:0" "--network" "none" "ghcr.io/rust-lang/crates-build-env/linux@sha256:4a844ea9eb2546a2d2c7022eacef16ef2e8229c7fbb2c7d4d55a9ceca922f72d" "/opt/rustwide/cargo-home/bin/cargo" "+nightly-2024-10-28" "metadata" "--no-deps" "--format-version=1", kill_on_drop: false }`
[INFO] [stdout] 0527be6d0854afaf04417ee626bab9759335b51c62194def0d7d75b7cccb0c51
[INFO] running `Command { std: "docker" "start" "-a" "0527be6d0854afaf04417ee626bab9759335b51c62194def0d7d75b7cccb0c51", kill_on_drop: false }`
[INFO] running `Command { std: "docker" "inspect" "0527be6d0854afaf04417ee626bab9759335b51c62194def0d7d75b7cccb0c51", kill_on_drop: false }`
[INFO] running `Command { std: "docker" "rm" "-f" "0527be6d0854afaf04417ee626bab9759335b51c62194def0d7d75b7cccb0c51", kill_on_drop: false }`
[INFO] [stdout] 0527be6d0854afaf04417ee626bab9759335b51c62194def0d7d75b7cccb0c51
[INFO] running `Command { std: "docker" "create" "-v" "/var/lib/crater-agent-workspace/builds/worker-7-tc2/target:/opt/rustwide/target:rw,Z" "-v" "/var/lib/crater-agent-workspace/builds/worker-7-tc2/source:/opt/rustwide/workdir:ro,Z" "-v" "/var/lib/crater-agent-workspace/cargo-home:/opt/rustwide/cargo-home:ro,Z" "-v" "/var/lib/crater-agent-workspace/rustup-home:/opt/rustwide/rustup-home:ro,Z" "-e" "SOURCE_DIR=/opt/rustwide/workdir" "-e" "CARGO_TARGET_DIR=/opt/rustwide/target" "-e" "CARGO_INCREMENTAL=0" "-e" "RUST_BACKTRACE=full" "-e" "RUSTFLAGS=--cap-lints=forbid -Zrandomize-layout" "-e" "RUSTDOCFLAGS=--cap-lints=forbid" "-e" "CARGO_HOME=/opt/rustwide/cargo-home" "-e" "RUSTUP_HOME=/opt/rustwide/rustup-home" "-w" "/opt/rustwide/workdir" "-m" "1610612736" "--user" "0:0" "--network" "none" "ghcr.io/rust-lang/crates-build-env/linux@sha256:4a844ea9eb2546a2d2c7022eacef16ef2e8229c7fbb2c7d4d55a9ceca922f72d" "/opt/rustwide/cargo-home/bin/cargo" "+nightly-2024-10-28" "build" "--frozen" "--message-format=json", kill_on_drop: false }`
[INFO] [stdout] d1f3e970acbfe330615004ba1c3ca50bbb8788d8d7637880ed5db237207f4cbb
[INFO] running `Command { std: "docker" "start" "-a" "d1f3e970acbfe330615004ba1c3ca50bbb8788d8d7637880ed5db237207f4cbb", kill_on_drop: false }`
[INFO] [stderr]    Compiling libc v0.2.155
[INFO] [stderr]    Compiling proc-macro2 v1.0.86
[INFO] [stderr]    Compiling unicode-ident v1.0.12
[INFO] [stderr]    Compiling cc v1.0.106
[INFO] [stderr]    Compiling rustls-pki-types v1.7.0
[INFO] [stderr]    Compiling tinyvec_macros v0.1.1
[INFO] [stderr]    Compiling serde_json v1.0.120
[INFO] [stderr]    Compiling serde v1.0.204
[INFO] [stderr]    Compiling itoa v1.0.11
[INFO] [stderr]    Compiling untrusted v0.9.0
[INFO] [stderr]    Compiling ryu v1.0.18
[INFO] [stderr]    Compiling spin v0.9.8
[INFO] [stderr]    Compiling adler v1.0.2
[INFO] [stderr]    Compiling percent-encoding v2.3.1
[INFO] [stderr]    Compiling unidecode v0.3.0
[INFO] [stderr]    Compiling tinyvec v1.8.0
[INFO] [stderr]    Compiling rustls v0.22.4
[INFO] [stderr]    Compiling unicode-bidi v0.3.15
[INFO] [stderr]    Compiling miniz_oxide v0.7.4
[INFO] [stderr]    Compiling crc32fast v1.4.2
[INFO] [stderr]    Compiling subtle v2.6.1
[INFO] [stderr]    Compiling form_urlencoded v1.2.1
[INFO] [stderr]    Compiling indoc v2.0.5
[INFO] [stderr]    Compiling ppv-lite86 v0.2.17
[INFO] [stderr]    Compiling zeroize v1.8.1
[INFO] [stderr]    Compiling log v0.4.22
[INFO] [stderr]    Compiling base64 v0.22.1
[INFO] [stderr]    Compiling once_cell v1.19.0
[INFO] [stderr]    Compiling questdb-confstr v0.1.0
[INFO] [stderr]    Compiling webpki-roots v0.26.3
[INFO] [stderr]    Compiling base64ct v1.6.0
[INFO] [stderr]    Compiling slugify v0.1.0
[INFO] [stderr]    Compiling rustls-pemfile v2.1.2
[INFO] [stderr]    Compiling flate2 v1.0.30
[INFO] [stderr]    Compiling quote v1.0.36
[INFO] [stderr]    Compiling syn v2.0.70
[INFO] [stderr]    Compiling unicode-normalization v0.1.23
[INFO] [stderr]    Compiling getrandom v0.2.15
[INFO] [stderr]    Compiling socket2 v0.5.7
[INFO] [stderr]    Compiling ring v0.17.8
[INFO] [stderr]    Compiling rand_core v0.6.4
[INFO] [stderr]    Compiling dns-lookup v2.0.4
[INFO] [stderr]    Compiling rand_chacha v0.3.1
[INFO] [stderr]    Compiling idna v0.5.0
[INFO] [stderr]    Compiling rand v0.8.5
[INFO] [stderr]    Compiling url v2.5.2
[INFO] [stderr]    Compiling serde_derive v1.0.204
[INFO] [stderr]    Compiling rustls-webpki v0.102.5
[INFO] [stderr]    Compiling ureq v2.9.7
[INFO] [stderr]    Compiling questdb-rs v4.0.3 (/opt/rustwide/workdir)
[INFO] [stdout] warning: unexpected `cfg` condition value: `no-panic`
[INFO] [stdout]     --> src/ingress/mod.rs:2471:16
[INFO] [stdout]      |
[INFO] [stdout] 2471 |     #[cfg_attr(feature = "no-panic", inline)]
[INFO] [stdout]      |                ^^^^^^^^^^^^^^^^^^^^
[INFO] [stdout]      |
[INFO] [stdout]      = note: expected values for `feature` are: `chrono`, `chrono_timestamp`, `default`, `ilp-over-http`, `insecure-skip-verify`, `json_tests`, `tls-native-certs`, and `tls-webpki-certs`
[INFO] [stdout]      = help: consider adding `no-panic` as a feature in `Cargo.toml`
[INFO] [stdout]      = note: see <https://doc.rust-lang.org/nightly/rustc/check-cfg/cargo-specifics.html> for more information about checking conditional configuration
[INFO] [stdout]      = note: `#[warn(unexpected_cfgs)]` on by default
[INFO] [stdout] 
[INFO] [stdout] 
[INFO] [stderr]     Finished `dev` profile [unoptimized + debuginfo] target(s) in 14.54s
[INFO] running `Command { std: "docker" "inspect" "d1f3e970acbfe330615004ba1c3ca50bbb8788d8d7637880ed5db237207f4cbb", kill_on_drop: false }`
[INFO] running `Command { std: "docker" "rm" "-f" "d1f3e970acbfe330615004ba1c3ca50bbb8788d8d7637880ed5db237207f4cbb", kill_on_drop: false }`
[INFO] [stdout] d1f3e970acbfe330615004ba1c3ca50bbb8788d8d7637880ed5db237207f4cbb
[INFO] running `Command { std: "docker" "create" "-v" "/var/lib/crater-agent-workspace/builds/worker-7-tc2/target:/opt/rustwide/target:rw,Z" "-v" "/var/lib/crater-agent-workspace/builds/worker-7-tc2/source:/opt/rustwide/workdir:ro,Z" "-v" "/var/lib/crater-agent-workspace/cargo-home:/opt/rustwide/cargo-home:ro,Z" "-v" "/var/lib/crater-agent-workspace/rustup-home:/opt/rustwide/rustup-home:ro,Z" "-e" "SOURCE_DIR=/opt/rustwide/workdir" "-e" "CARGO_TARGET_DIR=/opt/rustwide/target" "-e" "CARGO_INCREMENTAL=0" "-e" "RUST_BACKTRACE=full" "-e" "RUSTFLAGS=--cap-lints=forbid -Zrandomize-layout" "-e" "RUSTDOCFLAGS=--cap-lints=forbid" "-e" "CARGO_HOME=/opt/rustwide/cargo-home" "-e" "RUSTUP_HOME=/opt/rustwide/rustup-home" "-w" "/opt/rustwide/workdir" "-m" "1610612736" "--user" "0:0" "--network" "none" "ghcr.io/rust-lang/crates-build-env/linux@sha256:4a844ea9eb2546a2d2c7022eacef16ef2e8229c7fbb2c7d4d55a9ceca922f72d" "/opt/rustwide/cargo-home/bin/cargo" "+nightly-2024-10-28" "test" "--frozen" "--no-run" "--message-format=json", kill_on_drop: false }`
[INFO] [stdout] 068de67dc8252a33792d2be6017af99cefb6a07eca895e5c92bdc8efd9346bfb
[INFO] running `Command { std: "docker" "start" "-a" "068de67dc8252a33792d2be6017af99cefb6a07eca895e5c92bdc8efd9346bfb", kill_on_drop: false }`
[INFO] [stderr]    Compiling autocfg v1.3.0
[INFO] [stderr]    Compiling rustix v0.38.34
[INFO] [stderr]    Compiling linux-raw-sys v0.4.14
[INFO] [stderr]    Compiling bitflags v2.6.0
[INFO] [stderr]    Compiling fastrand v2.1.0
[INFO] [stderr]    Compiling iana-time-zone v0.1.60
[INFO] [stderr]    Compiling mio v0.8.11
[INFO] [stdout] warning: unexpected `cfg` condition value: `no-panic`
[INFO] [stdout]     --> src/ingress/mod.rs:2471:16
[INFO] [stdout]      |
[INFO] [stdout] 2471 |     #[cfg_attr(feature = "no-panic", inline)]
[INFO] [stdout]      |                ^^^^^^^^^^^^^^^^^^^^
[INFO] [stdout]      |
[INFO] [stdout]      = note: expected values for `feature` are: `chrono`, `chrono_timestamp`, `default`, `ilp-over-http`, `insecure-skip-verify`, `json_tests`, `tls-native-certs`, and `tls-webpki-certs`
[INFO] [stdout]      = help: consider adding `no-panic` as a feature in `Cargo.toml`
[INFO] [stdout]      = note: see <https://doc.rust-lang.org/nightly/rustc/check-cfg/cargo-specifics.html> for more information about checking conditional configuration
[INFO] [stdout]      = note: `#[warn(unexpected_cfgs)]` on by default
[INFO] [stdout] 
[INFO] [stdout] 
[INFO] [stderr]    Compiling num-traits v0.2.19
[INFO] [stderr]    Compiling chrono v0.4.38
[INFO] [stderr]    Compiling tempfile v3.10.1
[INFO] [stderr]    Compiling questdb-rs v4.0.3 (/opt/rustwide/workdir)
[INFO] [stdout] warning: unexpected `cfg` condition value: `no-panic`
[INFO] [stdout]     --> src/ingress/mod.rs:2471:16
[INFO] [stdout]      |
[INFO] [stdout] 2471 |     #[cfg_attr(feature = "no-panic", inline)]
[INFO] [stdout]      |                ^^^^^^^^^^^^^^^^^^^^
[INFO] [stdout]      |
[INFO] [stdout]      = note: expected values for `feature` are: `chrono`, `chrono_timestamp`, `default`, `ilp-over-http`, `insecure-skip-verify`, `json_tests`, `tls-native-certs`, and `tls-webpki-certs`
[INFO] [stdout]      = help: consider adding `no-panic` as a feature in `Cargo.toml`
[INFO] [stdout]      = note: see <https://doc.rust-lang.org/nightly/rustc/check-cfg/cargo-specifics.html> for more information about checking conditional configuration
[INFO] [stdout]      = note: `#[warn(unexpected_cfgs)]` on by default
[INFO] [stdout] 
[INFO] [stdout] 
[INFO] [stderr]     Finished `test` profile [unoptimized + debuginfo] target(s) in 5.11s
[INFO] running `Command { std: "docker" "inspect" "068de67dc8252a33792d2be6017af99cefb6a07eca895e5c92bdc8efd9346bfb", kill_on_drop: false }`
[INFO] running `Command { std: "docker" "rm" "-f" "068de67dc8252a33792d2be6017af99cefb6a07eca895e5c92bdc8efd9346bfb", kill_on_drop: false }`
[INFO] [stdout] 068de67dc8252a33792d2be6017af99cefb6a07eca895e5c92bdc8efd9346bfb
[INFO] running `Command { std: "docker" "create" "-v" "/var/lib/crater-agent-workspace/builds/worker-7-tc2/target:/opt/rustwide/target:rw,Z" "-v" "/var/lib/crater-agent-workspace/builds/worker-7-tc2/source:/opt/rustwide/workdir:ro,Z" "-v" "/var/lib/crater-agent-workspace/cargo-home:/opt/rustwide/cargo-home:ro,Z" "-v" "/var/lib/crater-agent-workspace/rustup-home:/opt/rustwide/rustup-home:ro,Z" "-e" "SOURCE_DIR=/opt/rustwide/workdir" "-e" "CARGO_TARGET_DIR=/opt/rustwide/target" "-e" "CARGO_INCREMENTAL=0" "-e" "RUST_BACKTRACE=full" "-e" "RUSTFLAGS=--cap-lints=forbid -Zrandomize-layout" "-e" "RUSTDOCFLAGS=--cap-lints=forbid" "-e" "CARGO_HOME=/opt/rustwide/cargo-home" "-e" "RUSTUP_HOME=/opt/rustwide/rustup-home" "-w" "/opt/rustwide/workdir" "-m" "1610612736" "--user" "0:0" "--network" "none" "ghcr.io/rust-lang/crates-build-env/linux@sha256:4a844ea9eb2546a2d2c7022eacef16ef2e8229c7fbb2c7d4d55a9ceca922f72d" "/opt/rustwide/cargo-home/bin/cargo" "+nightly-2024-10-28" "test" "--frozen", kill_on_drop: false }`
[INFO] [stdout] 0f1102aeaa6f946a810133061edd516964f4d9197be8e7bc714f8b75634fd183
[INFO] running `Command { std: "docker" "start" "-a" "0f1102aeaa6f946a810133061edd516964f4d9197be8e7bc714f8b75634fd183", kill_on_drop: false }`
[INFO] [stderr] warning: unexpected `cfg` condition value: `no-panic`
[INFO] [stderr]     --> src/ingress/mod.rs:2471:16
[INFO] [stderr]      |
[INFO] [stderr] 2471 |     #[cfg_attr(feature = "no-panic", inline)]
[INFO] [stderr]      |                ^^^^^^^^^^^^^^^^^^^^
[INFO] [stderr]      |
[INFO] [stderr]      = note: expected values for `feature` are: `chrono`, `chrono_timestamp`, `default`, `ilp-over-http`, `insecure-skip-verify`, `json_tests`, `tls-native-certs`, and `tls-webpki-certs`
[INFO] [stderr]      = help: consider adding `no-panic` as a feature in `Cargo.toml`
[INFO] [stderr]      = note: see <https://doc.rust-lang.org/nightly/rustc/check-cfg/cargo-specifics.html> for more information about checking conditional configuration
[INFO] [stderr]      = note: `#[warn(unexpected_cfgs)]` on by default
[INFO] [stderr] 
[INFO] [stderr] warning: `questdb-rs` (lib) generated 1 warning
[INFO] [stderr] warning: `questdb-rs` (lib test) generated 1 warning (1 duplicate)
[INFO] [stderr]     Finished `test` profile [unoptimized + debuginfo] target(s) in 0.06s
[INFO] [stderr]      Running unittests src/lib.rs (/opt/rustwide/target/debug/deps/questdb-051990416e2ac804)
[INFO] [stdout] 
[INFO] [stdout] running 96 tests
[INFO] [stdout] test ingress::tests::auto_flush_bytes_unsupported ... ok
[INFO] [stdout] test ingress::tests::auto_flush_rows_unsupported ... ok
[INFO] [stdout] test ingress::tests::auto_flush_off ... ok
[INFO] [stdout] test ingress::tests::cant_use_basic_auth_with_tcp ... ok
[INFO] [stdout] test ingress::tests::cant_use_token_auth_with_tcp ... ok
[INFO] [stdout] test ingress::tests::cant_use_ecdsa_auth_with_http ... ok
[INFO] [stdout] test ingress::tests::auto_flush_unsupported ... ok
[INFO] [stdout] test ingress::tests::http_basic_auth ... ok
[INFO] [stdout] test ingress::tests::http_request_min_throughput ... ok
[INFO] [stdout] test ingress::tests::http_request_timeout ... ok
[INFO] [stdout] test ingress::tests::http_retry_timeout ... ok
[INFO] [stdout] test ingress::tests::http_simple ... ok
[INFO] [stdout] test ingress::tests::http_token_auth ... ok
[INFO] [stdout] test ingress::tests::https_simple ... ok
[INFO] [stdout] test ingress::tests::incomplete_basic_auth ... ok
[INFO] [stdout] test ingress::tests::inconsistent_http_auth ... ok
[INFO] [stdout] test ingress::tests::incomplete_tcp_ecdsa_auth ... ok
[INFO] [stdout] test ingress::tests::misspelled_basic_auth ... ok
[INFO] [stdout] test ingress::tests::specified_cant_change ... ok
[INFO] [stdout] test ingress::tests::set_net_interface_specifies_tcp ... ok
[INFO] [stdout] test ingress::tests::misspelled_tcp_ecdsa_auth ... ok
[INFO] [stdout] test ingress::tests::invalid_value ... ok
[INFO] [stdout] test ingress::tests::tcps_tls_roots_webpki ... ok
[INFO] [stdout] test ingress::tests::tcps_tls_verify_invalid ... ok
[INFO] [stdout] test ingress::tests::tcp_ecdsa_auth ... ok
[INFO] [stdout] test ingress::tests::tcps_tls_verify_on ... ok
[INFO] [stdout] test ingress::tests::unsupported_service ... ok
[INFO] [stdout] test tests::f64_serializer::test_f2s_0_0 ... ok
[INFO] [stdout] test ingress::tests::zero_timeout_forbidden ... ok
[INFO] [stdout] test ingress::tests::tcp_simple ... ok
[INFO] [stdout] test ingress::tests::tcps_simple ... ok
[INFO] [stdout] test ingress::tests::missing_addr ... ok
[INFO] [stdout] test ingress::tests::tcps_tls_roots_file_missing ... ok
[INFO] [stdout] test ingress::tests::set_auth_specifies_tcp ... ok
[INFO] [stdout] test tests::f64_serializer::test_f2s_0_000001 ... ok
[INFO] [stdout] test tests::f64_serializer::test_f2s_0_1 ... ok
[INFO] [stdout] test tests::f64_serializer::test_f2s_1000000000000000000000000_0 ... ok
[INFO] [stdout] test tests::f64_serializer::test_f2s_100_0 ... ok
[INFO] [stdout] test ingress::tests::tcps_tls_roots_file ... ok
[INFO] [stdout] test tests::f64_serializer::test_f2s_10_0 ... ok
[INFO] [stdout] test ingress::tests::tcps_tls_roots_file_with_password ... ok
[INFO] [stdout] test tests::f64_serializer::test_f2s_1234_5678 ... ok
[INFO] [stdout] test tests::f64_serializer::test_f2s_infinity ... ok
[INFO] [stdout] test tests::f64_serializer::test_f2s_0_01 ... ok
[INFO] [stdout] test tests::f64_serializer::test_f2s_max ... ok
[INFO] [stdout] test tests::f64_serializer::test_f2s_1_0 ... ok
[INFO] [stdout] test tests::f64_serializer::test_f2s_1_2345678901234567 ... ok
[INFO] [stdout] test tests::f64_serializer::test_f2s_min ... ok
[INFO] [stdout] test tests::f64_serializer::test_f2s_min_positive ... ok
[INFO] [stdout] test tests::f64_serializer::test_f2s_neg_0_0 ... ok
[INFO] [stdout] test tests::f64_serializer::test_f2s_1_2 ... ok
[INFO] [stdout] test tests::f64_serializer::test_f2s_neg_1_0 ... ok
[INFO] [stdout] test tests::f64_serializer::test_f2s_nan ... ok
[INFO] [stdout] test tests::f64_serializer::test_f2s_neg_0_000001 ... ok
[INFO] [stdout] test tests::f64_serializer::test_f2s_neg_min_positive ... ok
[INFO] [stdout] test tests::f64_serializer::test_f2s_neg_1000000000000000000000000_0 ... ok
[INFO] [stdout] test tests::f64_serializer::test_f2s_neg_1234_5678 ... ok
[INFO] [stdout] test tests::f64_serializer::test_f2s_neg_infinity ... ok
[INFO] [stdout] test tests::http::test_tls ... FAILED
[INFO] [stdout] test tests::http::test_bad_json_error ... ok
[INFO] [stdout] test tests::http::test_http_basic_auth ... ok
[INFO] [stdout] test tests::http::test_transactional ... ok
[INFO] [stdout] test tests::http::test_old_server_without_ilp_http_support ... ok
[INFO] [stdout] test tests::sender::bad_uppercase_addr ... ok
[INFO] [stdout] test tests::sender::bad_uppercase_protocol ... ok
[INFO] [stdout] test tests::http::test_json_error ... ok
[INFO] [stdout] test tests::http::test_unauthenticated ... ok
[INFO] [stdout] test tests::http::test_text_plain_error ... ok
[INFO] [stdout] test ingress::tests::connect_timeout_uses_request_timeout ... ok
[INFO] [stdout] test tests::http::test_token_auth ... ok
[INFO] [stdout] test tests::http::test_user_agent ... ok
[INFO] [stdout] test tests::http::test_two_lines ... ok
[INFO] [stdout] test tests::sender::test_bool_column_name_too_long ... ok
[INFO] [stdout] test tests::sender::test_f64_column_name_too_long ... ok
[INFO] [stdout] test tests::sender::test_i64_column_name_too_long ... ok
[INFO] [stdout] test tests::sender::test_row_count ... ok
[INFO] [stdout] test tests::sender::test_auth_public_key_y_too_long ... ok
[INFO] [stdout] test tests::sender::test_str_column_name_too_long ... ok
[INFO] [stdout] test tests::sender::test_auth_public_key_x_too_long ... ok
[INFO] [stdout] test tests::sender::test_auth_private_key_too_long ... ok
[INFO] [stdout] test tests::sender::test_auth_bad_base64_public_key_y ... ok
[INFO] [stdout] test tests::sender::test_auth_bad_base64_private_key ... ok
[INFO] [stdout] test tests::sender::test_table_name_too_long ... ok
[INFO] [stdout] test tests::sender::test_timestamp_overloads ... ok
[INFO] [stdout] test tests::sender::test_symbol_column_name_too_long ... ok
[INFO] [stdout] test tests::sender::test_tls_to_plain_server ... FAILED
[INFO] [stdout] test tests::sender::test_tls_with_file_ca ... FAILED
[INFO] [stdout] test tests::sender::test_auth_inconsistent_keys ... ok
[INFO] [stdout] test tests::sender::test_max_buf_size ... ok
[INFO] [stdout] test tests::sender::test_auth_bad_base64_public_key_x ... ok
[INFO] [stdout] test tests::http::test_two_retries ... ok
[INFO] [stdout] test tests::sender::test_plain_to_tls_server ... FAILED
[INFO] [stdout] test tests::sender::test_basics ... ok
[INFO] [stdout] test tests::http::test_one_retry ... ok
[INFO] [stdout] test tests::http::test_no_connection ... ok
[INFO] [stdout] test tests::http::test_request_timeout ... ok
[INFO] [stdout] 
[INFO] [stdout] failures:
[INFO] [stdout] 
[INFO] [stdout] ---- tests::http::test_tls stdout ----
[INFO] [stdout] Error: Error { code: ConfigError, msg: "Could not open root certificate file from path \"/opt/rustwide/tls_certs/server_rootCA.pem\": No such file or directory (os error 2)" }
[INFO] [stdout] 
[INFO] [stdout] ---- tests::sender::test_tls_to_plain_server stdout ----
[INFO] [stdout] Error: Error { code: ConfigError, msg: "Could not open root certificate file from path \"/opt/rustwide/tls_certs/server_rootCA.pem\": No such file or directory (os error 2)" }
[INFO] [stdout] 
[INFO] [stdout] ---- tests::sender::test_tls_with_file_ca stdout ----
[INFO] [stdout] Error: Error { code: ConfigError, msg: "Could not open root certificate file from path \"/opt/rustwide/tls_certs/server_rootCA.pem\": No such file or directory (os error 2)" }
[INFO] [stdout] 
[INFO] [stdout] ---- tests::sender::test_plain_to_tls_server stdout ----
[INFO] [stdout] thread '<unnamed>' panicked at src/tests/mock.rs:66:50:
[INFO] [stdout] cannot open certificate file: Os { code: 2, kind: NotFound, message: "No such file or directory" }
[INFO] [stdout] stack backtrace:
[INFO] [stdout]    0:     0x5b934b3e3f6a - std::backtrace_rs::backtrace::libunwind::trace::h207520d6e9873551
[INFO] [stdout]                                at /rustc/df4ca44d3fbc9301ee17f30f4d474e6ae4b05252/library/std/src/../../backtrace/src/backtrace/libunwind.rs:116:5
[INFO] [stdout]    1:     0x5b934b3e3f6a - std::backtrace_rs::backtrace::trace_unsynchronized::h2ed7433f370e3eca
[INFO] [stdout]                                at /rustc/df4ca44d3fbc9301ee17f30f4d474e6ae4b05252/library/std/src/../../backtrace/src/backtrace/mod.rs:66:5
[INFO] [stdout]    2:     0x5b934b3e3f6a - std::sys::backtrace::_print_fmt::h916fac51166b18d7
[INFO] [stdout]                                at /rustc/df4ca44d3fbc9301ee17f30f4d474e6ae4b05252/library/std/src/sys/backtrace.rs:66:9
[INFO] [stdout]    3:     0x5b934b3e3f6a - <std::sys::backtrace::BacktraceLock::print::DisplayBacktrace as core::fmt::Display>::fmt::ha0a4c9b8ce3802e6
[INFO] [stdout]                                at /rustc/df4ca44d3fbc9301ee17f30f4d474e6ae4b05252/library/std/src/sys/backtrace.rs:39:26
[INFO] [stdout]    4:     0x5b934b40ee23 - core::fmt::rt::Argument::fmt::h4cfc8587d52b3eb5
[INFO] [stdout]                                at /rustc/df4ca44d3fbc9301ee17f30f4d474e6ae4b05252/library/core/src/fmt/rt.rs:177:76
[INFO] [stdout]    5:     0x5b934b40ee23 - core::fmt::write::h522cc39e5b36ae9f
[INFO] [stdout]                                at /rustc/df4ca44d3fbc9301ee17f30f4d474e6ae4b05252/library/core/src/fmt/mod.rs:1190:21
[INFO] [stdout]    6:     0x5b934b3df813 - std::io::Write::write_fmt::h7d3c26752da97734
[INFO] [stdout]                                at /rustc/df4ca44d3fbc9301ee17f30f4d474e6ae4b05252/library/std/src/io/mod.rs:1839:15
[INFO] [stdout]    7:     0x5b934b3e3db2 - std::sys::backtrace::BacktraceLock::print::h4b9e00b29e9c0942
[INFO] [stdout]                                at /rustc/df4ca44d3fbc9301ee17f30f4d474e6ae4b05252/library/std/src/sys/backtrace.rs:42:9
[INFO] [stdout]    8:     0x5b934b3e53fa - std::panicking::default_hook::{{closure}}::hb59b88280d0324d9
[INFO] [stdout]                                at /rustc/df4ca44d3fbc9301ee17f30f4d474e6ae4b05252/library/std/src/panicking.rs:268:22
[INFO] [stdout]    9:     0x5b934b3e5204 - std::panicking::default_hook::he1dd496665be4a29
[INFO] [stdout]                                at /rustc/df4ca44d3fbc9301ee17f30f4d474e6ae4b05252/library/std/src/panicking.rs:292:9
[INFO] [stdout]   10:     0x5b934b0ba879 - <alloc::boxed::Box<F,A> as core::ops::function::Fn<Args>>::call::h4ff71de18744e1dc
[INFO] [stdout]                                at /rustc/df4ca44d3fbc9301ee17f30f4d474e6ae4b05252/library/alloc/src/boxed.rs:2468:9
[INFO] [stdout]   11:     0x5b934b0ba879 - test::test_main::{{closure}}::hcf7c055ce117aa81
[INFO] [stdout]                                at /rustc/df4ca44d3fbc9301ee17f30f4d474e6ae4b05252/library/test/src/lib.rs:133:21
[INFO] [stdout]   12:     0x5b934b3e5af8 - <alloc::boxed::Box<F,A> as core::ops::function::Fn<Args>>::call::h1d66c6bbd60c9692
[INFO] [stdout]                                at /rustc/df4ca44d3fbc9301ee17f30f4d474e6ae4b05252/library/alloc/src/boxed.rs:2468:9
[INFO] [stdout]   13:     0x5b934b3e5af8 - std::panicking::rust_panic_with_hook::h2ff17fe8f26dfcf8
[INFO] [stdout]                                at /rustc/df4ca44d3fbc9301ee17f30f4d474e6ae4b05252/library/std/src/panicking.rs:809:13
[INFO] [stdout]   14:     0x5b934b3e58ba - std::panicking::begin_panic_handler::{{closure}}::h4fad77951c07e101
[INFO] [stdout]                                at /rustc/df4ca44d3fbc9301ee17f30f4d474e6ae4b05252/library/std/src/panicking.rs:674:13
[INFO] [stdout]   15:     0x5b934b3e4449 - std::sys::backtrace::__rust_end_short_backtrace::hb1a25b3da5d0ea08
[INFO] [stdout]                                at /rustc/df4ca44d3fbc9301ee17f30f4d474e6ae4b05252/library/std/src/sys/backtrace.rs:170:18
[INFO] [stdout]   16:     0x5b934b3e554c - rust_begin_unwind
[INFO] [stdout]                                at /rustc/df4ca44d3fbc9301ee17f30f4d474e6ae4b05252/library/std/src/panicking.rs:665:5
[INFO] [stdout]   17:     0x5b934b40d050 - core::panicking::panic_fmt::ha9db07b529f9b256
[INFO] [stdout]                                at /rustc/df4ca44d3fbc9301ee17f30f4d474e6ae4b05252/library/core/src/panicking.rs:75:14
[INFO] [stdout]   18:     0x5b934b40d4d6 - core::result::unwrap_failed::h5e8218e4d4338b8a
[INFO] [stdout]                                at /rustc/df4ca44d3fbc9301ee17f30f4d474e6ae4b05252/library/core/src/result.rs:1698:5
[INFO] [stdout]   19:     0x5b934b0190bd - core::result::Result<T,E>::expect::h52ddf513cb548530
[INFO] [stdout]                                at /rustc/df4ca44d3fbc9301ee17f30f4d474e6ae4b05252/library/core/src/result.rs:1060:23
[INFO] [stdout]   20:     0x5b934b026202 - questdb::tests::mock::tls_config::hecaed60c7ab4d7d2
[INFO] [stdout]                                at /opt/rustwide/workdir/src/tests/mock.rs:66:9
[INFO] [stdout]   21:     0x5b934b028693 - questdb::tests::mock::MockServer::accept_tls_sync::h02280dc5363e2615
[INFO] [stdout]                                at /opt/rustwide/workdir/src/tests/mock.rs:233:50
[INFO] [stdout]   22:     0x5b934b028d53 - questdb::tests::mock::MockServer::accept_tls::{{closure}}::h2f3d2c0fa761c008
[INFO] [stdout]                                at /opt/rustwide/workdir/src/tests/mock.rs:260:13
[INFO] [stdout]   23:     0x5b934b0065a1 - std::sys::backtrace::__rust_begin_short_backtrace::hdf26b0cda16c353f
[INFO] [stdout]                                at /rustc/df4ca44d3fbc9301ee17f30f4d474e6ae4b05252/library/std/src/sys/backtrace.rs:154:18
[INFO] [stdout]   24:     0x5b934afc617f - std::thread::Builder::spawn_unchecked_::{{closure}}::{{closure}}::h2f7b4f472479c802
[INFO] [stdout]                                at /rustc/df4ca44d3fbc9301ee17f30f4d474e6ae4b05252/library/std/src/thread/mod.rs:541:17
[INFO] [stdout]   25:     0x5b934b00620f - <core::panic::unwind_safe::AssertUnwindSafe<F> as core::ops::function::FnOnce<()>>::call_once::h56ae5ef2d6ef1411
[INFO] [stdout]                                at /rustc/df4ca44d3fbc9301ee17f30f4d474e6ae4b05252/library/core/src/panic/unwind_safe.rs:272:9
[INFO] [stdout]   26:     0x5b934b02e84f - std::panicking::try::do_call::hb80538f5698f5c0d
[INFO] [stdout]                                at /rustc/df4ca44d3fbc9301ee17f30f4d474e6ae4b05252/library/std/src/panicking.rs:557:40
[INFO] [stdout]   27:     0x5b934afc820b - __rust_try
[INFO] [stdout]   28:     0x5b934afc527c - std::panicking::try::h3b56cac406aada8b
[INFO] [stdout]                                at /rustc/df4ca44d3fbc9301ee17f30f4d474e6ae4b05252/library/std/src/panicking.rs:520:19
[INFO] [stdout]   29:     0x5b934afc527c - std::panic::catch_unwind::h41f1bc749a1d3a4f
[INFO] [stdout]                                at /rustc/df4ca44d3fbc9301ee17f30f4d474e6ae4b05252/library/std/src/panic.rs:358:14
[INFO] [stdout]   30:     0x5b934afc527c - std::thread::Builder::spawn_unchecked_::{{closure}}::hcd511988634cc14c
[INFO] [stdout]                                at /rustc/df4ca44d3fbc9301ee17f30f4d474e6ae4b05252/library/std/src/thread/mod.rs:540:30
[INFO] [stdout]   31:     0x5b934b01d8ae - core::ops::function::FnOnce::call_once{{vtable.shim}}::h177ad3a38fefbb1c
[INFO] [stdout]                                at /rustc/df4ca44d3fbc9301ee17f30f4d474e6ae4b05252/library/core/src/ops/function.rs:250:5
[INFO] [stdout]   32:     0x5b934b3ea87b - <alloc::boxed::Box<F,A> as core::ops::function::FnOnce<Args>>::call_once::h69aa08ddb6adb8b6
[INFO] [stdout]                                at /rustc/df4ca44d3fbc9301ee17f30f4d474e6ae4b05252/library/alloc/src/boxed.rs:2454:9
[INFO] [stdout]   33:     0x5b934b3ea87b - <alloc::boxed::Box<F,A> as core::ops::function::FnOnce<Args>>::call_once::h5aa36efdb79c806f
[INFO] [stdout]                                at /rustc/df4ca44d3fbc9301ee17f30f4d474e6ae4b05252/library/alloc/src/boxed.rs:2454:9
[INFO] [stdout]   34:     0x5b934b3ea87b - std::sys::pal::unix::thread::Thread::new::thread_start::h6cd80a1b4be5158d
[INFO] [stdout]                                at /rustc/df4ca44d3fbc9301ee17f30f4d474e6ae4b05252/library/std/src/sys/pal/unix/thread.rs:105:17
[INFO] [stdout]   35:     0x758d1ecf8ac3 - <unknown>
[INFO] [stdout]   36:     0x758d1ed89a04 - clone
[INFO] [stdout]   37:                0x0 - <unknown>
[INFO] [stdout] thread 'tests::sender::test_plain_to_tls_server' panicked at src/tests/sender.rs:431:39:
[INFO] [stdout] called `Result::unwrap()` on an `Err` value: Any { .. }
[INFO] [stdout] stack backtrace:
[INFO] [stdout]    0:     0x5b934b3e3f6a - std::backtrace_rs::backtrace::libunwind::trace::h207520d6e9873551
[INFO] [stdout]                                at /rustc/df4ca44d3fbc9301ee17f30f4d474e6ae4b05252/library/std/src/../../backtrace/src/backtrace/libunwind.rs:116:5
[INFO] [stdout]    1:     0x5b934b3e3f6a - std::backtrace_rs::backtrace::trace_unsynchronized::h2ed7433f370e3eca
[INFO] [stdout]                                at /rustc/df4ca44d3fbc9301ee17f30f4d474e6ae4b05252/library/std/src/../../backtrace/src/backtrace/mod.rs:66:5
[INFO] [stdout]    2:     0x5b934b3e3f6a - std::sys::backtrace::_print_fmt::h916fac51166b18d7
[INFO] [stdout]                                at /rustc/df4ca44d3fbc9301ee17f30f4d474e6ae4b05252/library/std/src/sys/backtrace.rs:66:9
[INFO] [stdout]    3:     0x5b934b3e3f6a - <std::sys::backtrace::BacktraceLock::print::DisplayBacktrace as core::fmt::Display>::fmt::ha0a4c9b8ce3802e6
[INFO] [stdout]                                at /rustc/df4ca44d3fbc9301ee17f30f4d474e6ae4b05252/library/std/src/sys/backtrace.rs:39:26
[INFO] [stdout]    4:     0x5b934b40ee23 - core::fmt::rt::Argument::fmt::h4cfc8587d52b3eb5
[INFO] [stdout]                                at /rustc/df4ca44d3fbc9301ee17f30f4d474e6ae4b05252/library/core/src/fmt/rt.rs:177:76
[INFO] [stdout]    5:     0x5b934b40ee23 - core::fmt::write::h522cc39e5b36ae9f
[INFO] [stdout]                                at /rustc/df4ca44d3fbc9301ee17f30f4d474e6ae4b05252/library/core/src/fmt/mod.rs:1190:21
[INFO] [stdout]    6:     0x5b934b3df813 - std::io::Write::write_fmt::h7d3c26752da97734
[INFO] [stdout]                                at /rustc/df4ca44d3fbc9301ee17f30f4d474e6ae4b05252/library/std/src/io/mod.rs:1839:15
[INFO] [stdout]    7:     0x5b934b3e3db2 - std::sys::backtrace::BacktraceLock::print::h4b9e00b29e9c0942
[INFO] [stdout]                                at /rustc/df4ca44d3fbc9301ee17f30f4d474e6ae4b05252/library/std/src/sys/backtrace.rs:42:9
[INFO] [stdout]    8:     0x5b934b3e53fa - std::panicking::default_hook::{{closure}}::hb59b88280d0324d9
[INFO] [stdout]                                at /rustc/df4ca44d3fbc9301ee17f30f4d474e6ae4b05252/library/std/src/panicking.rs:268:22
[INFO] [stdout]    9:     0x5b934b3e5204 - std::panicking::default_hook::he1dd496665be4a29
[INFO] [stdout]                                at /rustc/df4ca44d3fbc9301ee17f30f4d474e6ae4b05252/library/std/src/panicking.rs:292:9
[INFO] [stdout]   10:     0x5b934b0ba879 - <alloc::boxed::Box<F,A> as core::ops::function::Fn<Args>>::call::h4ff71de18744e1dc
[INFO] [stdout]                                at /rustc/df4ca44d3fbc9301ee17f30f4d474e6ae4b05252/library/alloc/src/boxed.rs:2468:9
[INFO] [stdout]   11:     0x5b934b0ba879 - test::test_main::{{closure}}::hcf7c055ce117aa81
[INFO] [stdout]                                at /rustc/df4ca44d3fbc9301ee17f30f4d474e6ae4b05252/library/test/src/lib.rs:133:21
[INFO] [stdout]   12:     0x5b934b3e5af8 - <alloc::boxed::Box<F,A> as core::ops::function::Fn<Args>>::call::h1d66c6bbd60c9692
[INFO] [stdout]                                at /rustc/df4ca44d3fbc9301ee17f30f4d474e6ae4b05252/library/alloc/src/boxed.rs:2468:9
[INFO] [stdout]   13:     0x5b934b3e5af8 - std::panicking::rust_panic_with_hook::h2ff17fe8f26dfcf8
[INFO] [stdout]                                at /rustc/df4ca44d3fbc9301ee17f30f4d474e6ae4b05252/library/std/src/panicking.rs:809:13
[INFO] [stdout]   14:     0x5b934b3e58ba - std::panicking::begin_panic_handler::{{closure}}::h4fad77951c07e101
[INFO] [stdout]                                at /rustc/df4ca44d3fbc9301ee17f30f4d474e6ae4b05252/library/std/src/panicking.rs:674:13
[INFO] [stdout]   15:     0x5b934b3e4449 - std::sys::backtrace::__rust_end_short_backtrace::hb1a25b3da5d0ea08
[INFO] [stdout]                                at /rustc/df4ca44d3fbc9301ee17f30f4d474e6ae4b05252/library/std/src/sys/backtrace.rs:170:18
[INFO] [stdout]   16:     0x5b934b3e554c - rust_begin_unwind
[INFO] [stdout]                                at /rustc/df4ca44d3fbc9301ee17f30f4d474e6ae4b05252/library/std/src/panicking.rs:665:5
[INFO] [stdout]   17:     0x5b934b40d050 - core::panicking::panic_fmt::ha9db07b529f9b256
[INFO] [stdout]                                at /rustc/df4ca44d3fbc9301ee17f30f4d474e6ae4b05252/library/core/src/panicking.rs:75:14
[INFO] [stdout]   18:     0x5b934b40d4d6 - core::result::unwrap_failed::h5e8218e4d4338b8a
[INFO] [stdout]                                at /rustc/df4ca44d3fbc9301ee17f30f4d474e6ae4b05252/library/core/src/result.rs:1698:5
[INFO] [stdout]   19:     0x5b934b045fe3 - core::result::Result<T,E>::unwrap::hd362ab2bd7c6cf4b
[INFO] [stdout]                                at /rustc/df4ca44d3fbc9301ee17f30f4d474e6ae4b05252/library/core/src/result.rs:1103:23
[INFO] [stdout]   20:     0x5b934b045fe3 - questdb::tests::sender::test_plain_to_tls_server::h57bad3d57dc50943
[INFO] [stdout]                                at /opt/rustwide/workdir/src/tests/sender.rs:431:22
[INFO] [stdout]   21:     0x5b934b045bb7 - questdb::tests::sender::test_plain_to_tls_server::{{closure}}::h9c3af6a702f9693e
[INFO] [stdout]                                at /opt/rustwide/workdir/src/tests/sender.rs:426:34
[INFO] [stdout]   22:     0x5b934b01e836 - core::ops::function::FnOnce::call_once::h9b2aef1c3ac75ac7
[INFO] [stdout]                                at /rustc/df4ca44d3fbc9301ee17f30f4d474e6ae4b05252/library/core/src/ops/function.rs:250:5
[INFO] [stdout]   23:     0x5b934b0bf14b - core::ops::function::FnOnce::call_once::h22c3ba5715e93f05
[INFO] [stdout]                                at /rustc/df4ca44d3fbc9301ee17f30f4d474e6ae4b05252/library/core/src/ops/function.rs:250:5
[INFO] [stdout]   24:     0x5b934b0bf14b - test::__rust_begin_short_backtrace::h8e82d8113d0da17f
[INFO] [stdout]                                at /rustc/df4ca44d3fbc9301ee17f30f4d474e6ae4b05252/library/test/src/lib.rs:621:18
[INFO] [stdout]   25:     0x5b934b0beac7 - test::run_test_in_process::{{closure}}::h33235f4f20b7b7c7
[INFO] [stdout]                                at /rustc/df4ca44d3fbc9301ee17f30f4d474e6ae4b05252/library/test/src/lib.rs:644:60
[INFO] [stdout]   26:     0x5b934b0beac7 - <core::panic::unwind_safe::AssertUnwindSafe<F> as core::ops::function::FnOnce<()>>::call_once::hb5043206310c586f
[INFO] [stdout]                                at /rustc/df4ca44d3fbc9301ee17f30f4d474e6ae4b05252/library/core/src/panic/unwind_safe.rs:272:9
[INFO] [stdout]   27:     0x5b934b0beac7 - std::panicking::try::do_call::h9ad4731a60ab23e2
[INFO] [stdout]                                at /rustc/df4ca44d3fbc9301ee17f30f4d474e6ae4b05252/library/std/src/panicking.rs:557:40
[INFO] [stdout]   28:     0x5b934b0beac7 - std::panicking::try::h3824d23db772a716
[INFO] [stdout]                                at /rustc/df4ca44d3fbc9301ee17f30f4d474e6ae4b05252/library/std/src/panicking.rs:520:19
[INFO] [stdout]   29:     0x5b934b0beac7 - std::panic::catch_unwind::h5afd514605fde46b
[INFO] [stdout]                                at /rustc/df4ca44d3fbc9301ee17f30f4d474e6ae4b05252/library/std/src/panic.rs:358:14
[INFO] [stdout]   30:     0x5b934b0beac7 - test::run_test_in_process::h0d5cbfa7067d1720
[INFO] [stdout]                                at /rustc/df4ca44d3fbc9301ee17f30f4d474e6ae4b05252/library/test/src/lib.rs:644:27
[INFO] [stdout]   31:     0x5b934b0beac7 - test::run_test::{{closure}}::h708eb8872708115d
[INFO] [stdout]                                at /rustc/df4ca44d3fbc9301ee17f30f4d474e6ae4b05252/library/test/src/lib.rs:565:43
[INFO] [stdout]   32:     0x5b934b0821e4 - test::run_test::{{closure}}::h392c51cee94713ab
[INFO] [stdout]                                at /rustc/df4ca44d3fbc9301ee17f30f4d474e6ae4b05252/library/test/src/lib.rs:595:41
[INFO] [stdout]   33:     0x5b934b0821e4 - std::sys::backtrace::__rust_begin_short_backtrace::h2f40290710935a8b
[INFO] [stdout]                                at /rustc/df4ca44d3fbc9301ee17f30f4d474e6ae4b05252/library/std/src/sys/backtrace.rs:154:18
[INFO] [stdout]   34:     0x5b934b08598e - std::thread::Builder::spawn_unchecked_::{{closure}}::{{closure}}::h3fd968d89053a903
[INFO] [stdout]                                at /rustc/df4ca44d3fbc9301ee17f30f4d474e6ae4b05252/library/std/src/thread/mod.rs:541:17
[INFO] [stdout]   35:     0x5b934b08598e - <core::panic::unwind_safe::AssertUnwindSafe<F> as core::ops::function::FnOnce<()>>::call_once::h743f637ba4229880
[INFO] [stdout]                                at /rustc/df4ca44d3fbc9301ee17f30f4d474e6ae4b05252/library/core/src/panic/unwind_safe.rs:272:9
[INFO] [stdout]   36:     0x5b934b08598e - std::panicking::try::do_call::h07440897322525a6
[INFO] [stdout]                                at /rustc/df4ca44d3fbc9301ee17f30f4d474e6ae4b05252/library/std/src/panicking.rs:557:40
[INFO] [stdout]   37:     0x5b934b08598e - std::panicking::try::he5a2e00188156637
[INFO] [stdout]                                at /rustc/df4ca44d3fbc9301ee17f30f4d474e6ae4b05252/library/std/src/panicking.rs:520:19
[INFO] [stdout]   38:     0x5b934b08598e - std::panic::catch_unwind::hbaf3cae49b3c6433
[INFO] [stdout]                                at /rustc/df4ca44d3fbc9301ee17f30f4d474e6ae4b05252/library/std/src/panic.rs:358:14
[INFO] [stdout]   39:     0x5b934b08598e - std::thread::Builder::spawn_unchecked_::{{closure}}::h8e141ea224820bce
[INFO] [stdout]                                at /rustc/df4ca44d3fbc9301ee17f30f4d474e6ae4b05252/library/std/src/thread/mod.rs:540:30
[INFO] [stdout]   40:     0x5b934b08598e - core::ops::function::FnOnce::call_once{{vtable.shim}}::h90d312fedd7b8ea8
[INFO] [stdout]                                at /rustc/df4ca44d3fbc9301ee17f30f4d474e6ae4b05252/library/core/src/ops/function.rs:250:5
[INFO] [stdout]   41:     0x5b934b3ea87b - <alloc::boxed::Box<F,A> as core::ops::function::FnOnce<Args>>::call_once::h69aa08ddb6adb8b6
[INFO] [stdout]                                at /rustc/df4ca44d3fbc9301ee17f30f4d474e6ae4b05252/library/alloc/src/boxed.rs:2454:9
[INFO] [stdout]   42:     0x5b934b3ea87b - <alloc::boxed::Box<F,A> as core::ops::function::FnOnce<Args>>::call_once::h5aa36efdb79c806f
[INFO] [stdout]                                at /rustc/df4ca44d3fbc9301ee17f30f4d474e6ae4b05252/library/alloc/src/boxed.rs:2454:9
[INFO] [stdout]   43:     0x5b934b3ea87b - std::sys::pal::unix::thread::Thread::new::thread_start::h6cd80a1b4be5158d
[INFO] [stdout]                                at /rustc/df4ca44d3fbc9301ee17f30f4d474e6ae4b05252/library/std/src/sys/pal/unix/thread.rs:105:17
[INFO] [stdout]   44:     0x758d1ecf8ac3 - <unknown>
[INFO] [stdout]   45:     0x758d1ed89a04 - clone
[INFO] [stdout]   46:                0x0 - <unknown>
[INFO] [stdout] 
[INFO] [stdout] 
[INFO] [stdout] failures:
[INFO] [stdout]     tests::http::test_tls
[INFO] [stdout]     tests::sender::test_plain_to_tls_server
[INFO] [stdout]     tests::sender::test_tls_to_plain_server
[INFO] [stdout]     tests::sender::test_tls_with_file_ca
[INFO] [stdout] 
[INFO] [stdout] test result: FAILED. 92 passed; 4 failed; 0 ignored; 0 measured; 0 filtered out; finished in 10.08s
[INFO] [stdout] 
[INFO] [stderr] error: test failed, to rerun pass `--lib`
[INFO] running `Command { std: "docker" "inspect" "0f1102aeaa6f946a810133061edd516964f4d9197be8e7bc714f8b75634fd183", kill_on_drop: false }`
[INFO] running `Command { std: "docker" "rm" "-f" "0f1102aeaa6f946a810133061edd516964f4d9197be8e7bc714f8b75634fd183", kill_on_drop: false }`
[INFO] [stdout] 0f1102aeaa6f946a810133061edd516964f4d9197be8e7bc714f8b75634fd183
