[INFO] fetching crate quagga 0.1.3...
[INFO] testing quagga-0.1.3 against nightly-2024-10-28+rustflags=-Zrandomize-layout for randomize-layout
[INFO] extracting crate quagga 0.1.3 into /workspace/builds/worker-0-tc2/source
[INFO] validating manifest of crates.io crate quagga 0.1.3 on toolchain nightly-2024-10-28
[INFO] running `Command { std: CARGO_HOME="/workspace/cargo-home" RUSTUP_HOME="/workspace/rustup-home" "/workspace/cargo-home/bin/cargo" "+nightly-2024-10-28" "metadata" "--manifest-path" "Cargo.toml" "--no-deps", kill_on_drop: false }`
[INFO] started tweaking crates.io crate quagga 0.1.3
[INFO] removed 0 missing tests
[INFO] finished tweaking crates.io crate quagga 0.1.3
[INFO] tweaked toml for crates.io crate quagga 0.1.3 written to /workspace/builds/worker-0-tc2/source/Cargo.toml
[INFO] crate crates.io crate quagga 0.1.3 already has a lockfile, it will not be regenerated
[INFO] running `Command { std: CARGO_HOME="/workspace/cargo-home" RUSTUP_HOME="/workspace/rustup-home" "/workspace/cargo-home/bin/cargo" "+nightly-2024-10-28" "fetch" "--manifest-path" "Cargo.toml", kill_on_drop: false }`
[INFO] running `Command { std: "docker" "create" "-v" "/var/lib/crater-agent-workspace/builds/worker-0-tc2/target:/opt/rustwide/target:rw,Z" "-v" "/var/lib/crater-agent-workspace/builds/worker-0-tc2/source:/opt/rustwide/workdir:ro,Z" "-v" "/var/lib/crater-agent-workspace/cargo-home:/opt/rustwide/cargo-home:ro,Z" "-v" "/var/lib/crater-agent-workspace/rustup-home:/opt/rustwide/rustup-home:ro,Z" "-e" "SOURCE_DIR=/opt/rustwide/workdir" "-e" "CARGO_TARGET_DIR=/opt/rustwide/target" "-e" "CARGO_HOME=/opt/rustwide/cargo-home" "-e" "RUSTUP_HOME=/opt/rustwide/rustup-home" "-w" "/opt/rustwide/workdir" "-m" "1610612736" "--user" "0:0" "--network" "none" "ghcr.io/rust-lang/crates-build-env/linux@sha256:4a844ea9eb2546a2d2c7022eacef16ef2e8229c7fbb2c7d4d55a9ceca922f72d" "/opt/rustwide/cargo-home/bin/cargo" "+nightly-2024-10-28" "metadata" "--no-deps" "--format-version=1", kill_on_drop: false }`
[INFO] [stdout] 4418d5729f9b58302d606013b420333d07e1dd5bb0f7851631496c47ad6b3ae9
[INFO] running `Command { std: "docker" "start" "-a" "4418d5729f9b58302d606013b420333d07e1dd5bb0f7851631496c47ad6b3ae9", kill_on_drop: false }`
[INFO] running `Command { std: "docker" "inspect" "4418d5729f9b58302d606013b420333d07e1dd5bb0f7851631496c47ad6b3ae9", kill_on_drop: false }`
[INFO] running `Command { std: "docker" "rm" "-f" "4418d5729f9b58302d606013b420333d07e1dd5bb0f7851631496c47ad6b3ae9", kill_on_drop: false }`
[INFO] [stdout] 4418d5729f9b58302d606013b420333d07e1dd5bb0f7851631496c47ad6b3ae9
[INFO] running `Command { std: "docker" "create" "-v" "/var/lib/crater-agent-workspace/builds/worker-0-tc2/target:/opt/rustwide/target:rw,Z" "-v" "/var/lib/crater-agent-workspace/builds/worker-0-tc2/source:/opt/rustwide/workdir:ro,Z" "-v" "/var/lib/crater-agent-workspace/cargo-home:/opt/rustwide/cargo-home:ro,Z" "-v" "/var/lib/crater-agent-workspace/rustup-home:/opt/rustwide/rustup-home:ro,Z" "-e" "SOURCE_DIR=/opt/rustwide/workdir" "-e" "CARGO_TARGET_DIR=/opt/rustwide/target" "-e" "CARGO_INCREMENTAL=0" "-e" "RUST_BACKTRACE=full" "-e" "RUSTFLAGS=--cap-lints=forbid -Zrandomize-layout" "-e" "RUSTDOCFLAGS=--cap-lints=forbid" "-e" "CARGO_HOME=/opt/rustwide/cargo-home" "-e" "RUSTUP_HOME=/opt/rustwide/rustup-home" "-w" "/opt/rustwide/workdir" "-m" "1610612736" "--user" "0:0" "--network" "none" "ghcr.io/rust-lang/crates-build-env/linux@sha256:4a844ea9eb2546a2d2c7022eacef16ef2e8229c7fbb2c7d4d55a9ceca922f72d" "/opt/rustwide/cargo-home/bin/cargo" "+nightly-2024-10-28" "build" "--frozen" "--message-format=json", kill_on_drop: false }`
[INFO] [stdout] 7b33a61e797a97343216ea9ede595516811c217ebecc4afdcaabc7ad9c0f4b74
[INFO] running `Command { std: "docker" "start" "-a" "7b33a61e797a97343216ea9ede595516811c217ebecc4afdcaabc7ad9c0f4b74", kill_on_drop: false }`
[INFO] [stderr]    Compiling autocfg v1.3.0
[INFO] [stderr]    Compiling simd-adler32 v0.3.7
[INFO] [stderr]    Compiling proc-macro2 v1.0.86
[INFO] [stderr]    Compiling crossbeam-utils v0.8.20
[INFO] [stderr]    Compiling libc v0.2.158
[INFO] [stderr]    Compiling adler2 v2.0.0
[INFO] [stderr]    Compiling memchr v2.7.4
[INFO] [stderr]    Compiling crc32fast v1.4.2
[INFO] [stderr]    Compiling parking_lot_core v0.9.10
[INFO] [stderr]    Compiling miniz_oxide v0.8.0
[INFO] [stderr]    Compiling utf8parse v0.2.2
[INFO] [stderr]    Compiling rustix v0.38.37
[INFO] [stderr]    Compiling anstyle-parse v0.2.5
[INFO] [stderr]    Compiling num-traits v0.2.19
[INFO] [stderr]    Compiling lock_api v0.4.12
[INFO] [stderr]    Compiling fdeflate v0.3.5
[INFO] [stderr]    Compiling aho-corasick v1.1.3
[INFO] [stderr]    Compiling quote v1.0.37
[INFO] [stderr]    Compiling flate2 v1.0.34
[INFO] [stderr]    Compiling regex-syntax v0.8.4
[INFO] [stderr]    Compiling bitflags v2.6.0
[INFO] [stderr]    Compiling linux-raw-sys v0.4.14
[INFO] [stderr]    Compiling colorchoice v1.0.2
[INFO] [stderr]    Compiling scopeguard v1.2.0
[INFO] [stderr]    Compiling anstyle v1.0.8
[INFO] [stderr]    Compiling log v0.4.22
[INFO] [stderr]    Compiling is_terminal_polyfill v1.70.1
[INFO] [stderr]    Compiling anstyle-query v1.1.1
[INFO] [stderr]    Compiling anstream v0.6.15
[INFO] [stderr]    Compiling png v0.17.14
[INFO] [stderr]    Compiling syn v2.0.77
[INFO] [stderr]    Compiling crossbeam-epoch v0.9.18
[INFO] [stderr]    Compiling bstr v1.10.0
[INFO] [stderr]    Compiling bytemuck v1.18.0
[INFO] [stderr]    Compiling clap_lex v0.7.2
[INFO] [stderr]    Compiling x11rb-protocol v0.13.1
[INFO] [stderr]    Compiling same-file v1.0.6
[INFO] [stderr]    Compiling regex-automata v0.4.7
[INFO] [stderr]    Compiling byteorder-lite v0.1.0
[INFO] [stderr]    Compiling image v0.25.2
[INFO] [stderr]    Compiling walkdir v2.5.0
[INFO] [stderr]    Compiling clap_builder v4.5.17
[INFO] [stderr]    Compiling crossbeam-deque v0.8.5
[INFO] [stderr]    Compiling parking_lot v0.12.3
[INFO] [stderr]    Compiling iana-time-zone v0.1.61
[INFO] [stderr]    Compiling chrono v0.4.38
[INFO] [stderr]    Compiling globset v0.4.15
[INFO] [stderr]    Compiling clap_derive v4.5.13
[INFO] [stderr]    Compiling x11rb v0.13.1
[INFO] [stderr]    Compiling ignore v0.4.23
[INFO] [stderr]    Compiling arboard v3.4.1
[INFO] [stderr]    Compiling clap v4.5.17
[INFO] [stderr]    Compiling quagga v0.1.3 (/opt/rustwide/workdir)
[INFO] [stderr]     Finished `dev` profile [unoptimized + debuginfo] target(s) in 9.58s
[INFO] running `Command { std: "docker" "inspect" "7b33a61e797a97343216ea9ede595516811c217ebecc4afdcaabc7ad9c0f4b74", kill_on_drop: false }`
[INFO] running `Command { std: "docker" "rm" "-f" "7b33a61e797a97343216ea9ede595516811c217ebecc4afdcaabc7ad9c0f4b74", kill_on_drop: false }`
[INFO] [stdout] 7b33a61e797a97343216ea9ede595516811c217ebecc4afdcaabc7ad9c0f4b74
[INFO] running `Command { std: "docker" "create" "-v" "/var/lib/crater-agent-workspace/builds/worker-0-tc2/target:/opt/rustwide/target:rw,Z" "-v" "/var/lib/crater-agent-workspace/builds/worker-0-tc2/source:/opt/rustwide/workdir:ro,Z" "-v" "/var/lib/crater-agent-workspace/cargo-home:/opt/rustwide/cargo-home:ro,Z" "-v" "/var/lib/crater-agent-workspace/rustup-home:/opt/rustwide/rustup-home:ro,Z" "-e" "SOURCE_DIR=/opt/rustwide/workdir" "-e" "CARGO_TARGET_DIR=/opt/rustwide/target" "-e" "CARGO_INCREMENTAL=0" "-e" "RUST_BACKTRACE=full" "-e" "RUSTFLAGS=--cap-lints=forbid -Zrandomize-layout" "-e" "RUSTDOCFLAGS=--cap-lints=forbid" "-e" "CARGO_HOME=/opt/rustwide/cargo-home" "-e" "RUSTUP_HOME=/opt/rustwide/rustup-home" "-w" "/opt/rustwide/workdir" "-m" "1610612736" "--user" "0:0" "--network" "none" "ghcr.io/rust-lang/crates-build-env/linux@sha256:4a844ea9eb2546a2d2c7022eacef16ef2e8229c7fbb2c7d4d55a9ceca922f72d" "/opt/rustwide/cargo-home/bin/cargo" "+nightly-2024-10-28" "test" "--frozen" "--no-run" "--message-format=json", kill_on_drop: false }`
[INFO] [stdout] 6966dc8cb69f4e40773832d616442379f330dad852f13ef67c9989092445e9b2
[INFO] running `Command { std: "docker" "start" "-a" "6966dc8cb69f4e40773832d616442379f330dad852f13ef67c9989092445e9b2", kill_on_drop: false }`
[INFO] [stderr]    Compiling libc v0.2.158
[INFO] [stderr]    Compiling regex-syntax v0.8.4
[INFO] [stderr]    Compiling pin-utils v0.1.0
[INFO] [stderr]    Compiling slab v0.4.9
[INFO] [stderr]    Compiling memoffset v0.7.1
[INFO] [stderr]    Compiling futures-sink v0.3.31
[INFO] [stderr]    Compiling futures-core v0.3.31
[INFO] [stderr]    Compiling futures-io v0.3.31
[INFO] [stderr]    Compiling futures-task v0.3.31
[INFO] [stderr]    Compiling pin-project-lite v0.2.14
[INFO] [stderr]    Compiling futures-channel v0.3.31
[INFO] [stderr]    Compiling predicates-core v1.0.8
[INFO] [stderr]    Compiling doc-comment v0.3.3
[INFO] [stderr]    Compiling float-cmp v0.9.0
[INFO] [stderr]    Compiling assert_cmd v2.0.16
[INFO] [stderr]    Compiling normalize-line-endings v0.3.0
[INFO] [stderr]    Compiling termtree v0.4.1
[INFO] [stderr]    Compiling futures-util v0.3.31
[INFO] [stderr]    Compiling sdd v3.0.3
[INFO] [stderr]    Compiling difflib v0.4.0
[INFO] [stderr]    Compiling serial_test_derive v3.1.1
[INFO] [stderr]    Compiling predicates-tree v1.0.11
[INFO] [stderr]    Compiling once_cell v1.20.2
[INFO] [stderr]    Compiling scc v2.2.0
[INFO] [stderr]    Compiling parking_lot_core v0.9.10
[INFO] [stderr]    Compiling nix v0.26.4
[INFO] [stderr]    Compiling wait-timeout v0.2.0
[INFO] [stderr]    Compiling parking_lot v0.12.3
[INFO] [stderr]    Compiling arboard v3.4.1
[INFO] [stderr]    Compiling regex-automata v0.4.7
[INFO] [stderr]    Compiling futures-executor v0.3.31
[INFO] [stderr]    Compiling futures v0.3.31
[INFO] [stderr]    Compiling serial_test v3.1.1
[INFO] [stderr]    Compiling bstr v1.10.0
[INFO] [stderr]    Compiling regex v1.10.6
[INFO] [stderr]    Compiling ptyprocess v0.4.1
[INFO] [stderr]    Compiling predicates v3.1.2
[INFO] [stderr]    Compiling expectrl v0.7.1
[INFO] [stderr]    Compiling globset v0.4.15
[INFO] [stderr]    Compiling ignore v0.4.23
[INFO] [stderr]    Compiling quagga v0.1.3 (/opt/rustwide/workdir)
[INFO] [stderr]     Finished `test` profile [unoptimized + debuginfo] target(s) in 9.00s
[INFO] running `Command { std: "docker" "inspect" "6966dc8cb69f4e40773832d616442379f330dad852f13ef67c9989092445e9b2", kill_on_drop: false }`
[INFO] running `Command { std: "docker" "rm" "-f" "6966dc8cb69f4e40773832d616442379f330dad852f13ef67c9989092445e9b2", kill_on_drop: false }`
[INFO] [stdout] 6966dc8cb69f4e40773832d616442379f330dad852f13ef67c9989092445e9b2
[INFO] running `Command { std: "docker" "create" "-v" "/var/lib/crater-agent-workspace/builds/worker-0-tc2/target:/opt/rustwide/target:rw,Z" "-v" "/var/lib/crater-agent-workspace/builds/worker-0-tc2/source:/opt/rustwide/workdir:ro,Z" "-v" "/var/lib/crater-agent-workspace/cargo-home:/opt/rustwide/cargo-home:ro,Z" "-v" "/var/lib/crater-agent-workspace/rustup-home:/opt/rustwide/rustup-home:ro,Z" "-e" "SOURCE_DIR=/opt/rustwide/workdir" "-e" "CARGO_TARGET_DIR=/opt/rustwide/target" "-e" "CARGO_INCREMENTAL=0" "-e" "RUST_BACKTRACE=full" "-e" "RUSTFLAGS=--cap-lints=forbid -Zrandomize-layout" "-e" "RUSTDOCFLAGS=--cap-lints=forbid" "-e" "CARGO_HOME=/opt/rustwide/cargo-home" "-e" "RUSTUP_HOME=/opt/rustwide/rustup-home" "-w" "/opt/rustwide/workdir" "-m" "1610612736" "--user" "0:0" "--network" "none" "ghcr.io/rust-lang/crates-build-env/linux@sha256:4a844ea9eb2546a2d2c7022eacef16ef2e8229c7fbb2c7d4d55a9ceca922f72d" "/opt/rustwide/cargo-home/bin/cargo" "+nightly-2024-10-28" "test" "--frozen", kill_on_drop: false }`
[INFO] [stdout] 399d3096e26d4ffb8eb7621c4fc5c4a86ecbc1a83f08b047ed367581cb0f7d8a
[INFO] running `Command { std: "docker" "start" "-a" "399d3096e26d4ffb8eb7621c4fc5c4a86ecbc1a83f08b047ed367581cb0f7d8a", kill_on_drop: false }`
[INFO] [stderr]     Finished `test` profile [unoptimized + debuginfo] target(s) in 0.07s
[INFO] [stderr]      Running unittests src/lib.rs (/opt/rustwide/target/debug/deps/quagga-0dcf944c09cc31b8)
[INFO] [stdout] 
[INFO] [stdout] running 174 tests
[INFO] [stdout] test cli::tests::test_contain ... ok
[INFO] [stdout] test cli::tests::test_multiple_include_exclude ... ok
[INFO] [stdout] test cli::tests::test_single_include_exclude ... ok
[INFO] [stdout] test cli::tests::test_default_values ... ok
[INFO] [stdout] test file::file_reader::tests::test_force_read_text_file_valid_utf8 ... ok
[INFO] [stdout] test file::file_reader::tests::test_force_read_text_file_invalid_utf8 ... ok
[INFO] [stdout] test cli::tests::test_all_options ... ok
[INFO] [stdout] test file::file_reader::tests::test_force_read_text_file_empty_file ... ok
[INFO] [stdout] test file::file_reader::tests::test_read_files_with_invalid_utf8_force_false ... ok
[INFO] [stdout] test file::file_reader::tests::test_read_and_concatenate_files_no_files_error ... ok
[INFO] [stdout] test file::file_reader::tests::test_read_files_with_invalid_utf8_force_true ... ok
[INFO] [stdout] test file::file_reader::tests::test_read_and_concatenate_files_total_size_exceeds_limit ... ok
[INFO] [stdout] test file::file_reader::tests::test_read_text_file_non_existent ... ok
[INFO] [stdout] test file::file_reader::tests::test_read_and_concatenate_files_with_nonexistent_file ... ok
[INFO] [stdout] test file::file_reader::tests::test_read_text_file_empty_file ... ok
[INFO] [stdout] test file::file_reader::tests::test_read_and_concatenate_files ... ok
[INFO] [stdout] test file::size::tests::test_calculate_total_size_with_directory_path ... ok
[INFO] [stdout] test file::file_reader::tests::test_read_text_file_invalid_utf8_force_false ... ok
[INFO] [stdout] test file::file_reader::tests::test_read_text_file_valid_utf8_force_true ... ok
[INFO] [stdout] test file::size::tests::test_calculate_total_size_with_nonexistent_file ... ok
[INFO] [stdout] test file::file_reader::tests::test_read_text_file_valid_utf8_force_false ... ok
[INFO] [stdout] test file::size::tests::test_calculate_total_size_with_empty_files ... ok
[INFO] [stdout] test file::size::tests::test_calculate_total_size_with_nonexistent_file_error ... ok
[INFO] [stdout] test file::size::tests::test_human_readable_size ... ok
[INFO] [stdout] test info::file_sizes::tests::test_get_formatted_file_sizes_empty ... ok
[INFO] [stdout] test file::size::tests::test_check_total_size_within_limit ... ok
[INFO] [stdout] test file::file_reader::tests::test_read_text_file_invalid_utf8_force_true ... ok
[INFO] [stdout] test file::size::tests::test_check_total_size_exceeds_limit ... ok
[INFO] [stdout] test info::show_paths::tests::test_format_file_paths ... ok
[INFO] [stdout] test info::show_paths::tests::test_format_file_paths_no_paths ... ok
[INFO] [stdout] test file::size::tests::test_calculate_total_size_with_valid_files ... ok
[INFO] [stdout] test info::size::tests::test_get_total_size ... ok
[INFO] [stdout] test file::size::tests::test_check_total_size_equal_to_limit ... ok
[INFO] [stdout] test info::tree::tests::test_empty_paths ... ok
[INFO] [stdout] test info::tree::tests::test_deeply_nested_directory ... ok
[INFO] [stdout] test info::tree::tests::test_mixed_case_sensitivity ... ok
[INFO] [stdout] test info::tree::tests::test_root_directory_matches_some_of_the_paths ... ok
[INFO] [stdout] test info::info::tests::test_info_output_no_options ... ok
[INFO] [stdout] test info::tree::tests::test_file_paths_to_tree ... ok
[INFO] [stdout] test info::tree::tests::test_root_directory_mismatch_with_subdirs ... ok
[INFO] [stdout] test info::tree::tests::test_root_directory_mismatch ... ok
[INFO] [stdout] test info::info::tests::test_info_output_all_options ... ok
[INFO] [stdout] test info::tree::tests::test_root_directory_only ... ok
[INFO] [stdout] test info::info::tests::test_info_output_copy_template ... ok
[INFO] [stdout] test info::info::tests::test_info_output_partial_options ... ok
[INFO] [stdout] test info::tree::tests::test_single_file_in_root ... ok
[INFO] [stdout] test info::tree::tests::test_split_full_path_when_root_arg_is_missing ... ok
[INFO] [stdout] test info::tree::tests::test_special_characters_in_paths ... ok
[INFO] [stdout] test info::tree::tests::test_same_file_name_in_different_directories ... ok
[INFO] [stdout] test info::tree::tests::test_start_with_dot_dir ... ok
[INFO] [stdout] test info::file_sizes::tests::test_get_formatted_file_sizes ... ok
[INFO] [stdout] test output::file::tests::test_output_to_file_multiple_parts_force_into_one ... ok
[INFO] [stdout] test output::file::tests::test_combine_and_write_single_file ... ok
[INFO] [stdout] test output::file::tests::test_output_to_file_multiple_parts ... ok
[INFO] [stdout] test output::file::tests::test_output_to_file_return_success_when_no_content ... ok
[INFO] [stdout] test output::file::tests::test_output_to_file_one_part ... ok
[INFO] [stdout] test output::file::tests::test_output_to_file_replace_time_in_path ... ok
[INFO] [stdout] test output::file::tests::test_replace_time_tags_utc ... ok
[INFO] [stdout] test template::concatenate::tests::test_apply_file_template ... ok
[INFO] [stdout] test output::file::tests::test_write_parts_separately_multiple_files ... ok
[INFO] [stdout] test processor::tests::test_process_files_with_nonexistent_directory ... ok
[INFO] [stdout] test output::output::tests::test_process_output ... ok
[INFO] [stdout] test processor::tests::test_generate_prompt_show_paths ... ok
[INFO] [stdout] test template::copy::tests::test_copy_template_file_exists ... ok
[INFO] [stdout] test template::concatenate::tests::test_concatenate_files ... ok
[INFO] [stdout] test template::parse::tests::test_text_inside_tag_closing_before_opening ... ok
[INFO] [stdout] test template::parse::tests::test_parse_template_missing_tag ... ok
[INFO] [stdout] test template::parse::tests::test_parse_template_success ... ok
[INFO] [stdout] test processor::tests::test_generate_prompt_show_tree ... ok
[INFO] [stdout] test template::copy::tests::test_copy_template_success ... ok
[INFO] [stdout] test template::parse::tests::test_text_inside_tag_empty_content ... ok
[INFO] [stdout] test template::parse::tests::test_text_inside_tag_missing_closing ... ok
[INFO] [stdout] test template::parse::tests::test_text_inside_tag_missing_opening ... ok
[INFO] [stdout] test template::parse::tests::test_text_inside_tag_mixed_indentation ... ok
[INFO] [stdout] test template::parse::tests::test_text_inside_tag_multiple_tags ... ok
[INFO] [stdout] test template::concatenate::tests::test_concatenate_files_with_all_file_paths_tag ... ok
[INFO] [stdout] test template::parse::tests::test_text_inside_tag_success ... ok
[INFO] [stdout] test template::parse::tests::test_text_inside_tag_remove_indentation_spaces ... ok
[INFO] [stdout] test template::parse::tests::test_trim_indentation_uniform ... ok
[INFO] [stdout] test template::parse::tests::test_trim_indentation_varying ... ok
[INFO] [stdout] test template::quagga_template::tests::test_quagga_template_in_home_directory ... ok
[INFO] [stdout] test processor::tests::test_process_files_success ... ok
[INFO] [stdout] test template::quagga_template::tests::test_project_root_precedence_over_home_directory ... ok
[INFO] [stdout] test template::read::tests::test_path_to_custom_template_no_template_found ... ok
[INFO] [stdout] test template::quagga_template::tests::test_quagga_template_in_project_root ... ok
[INFO] [stdout] test template::read::tests::test_path_to_custom_template_quagga_template_in_project_directory ... ok
[INFO] [stdout] test template::read::tests::test_read_template_file_not_found ... ok
[INFO] [stdout] test template::read::tests::test_read_and_parse_template_with_default_template ... ok
[INFO] [stdout] test template::read::tests::test_path_to_custom_template_no_quagga_template_option_set ... ok
[INFO] [stdout] test template::quagga_template::tests::test_quagga_template_not_found ... ok
[INFO] [stdout] test template::read::tests::test_read_and_parse_template_with_invalid_template ... ok
[INFO] [stdout] test template::read::tests::test_read_and_parse_template_with_valid_custom_template ... ok
[INFO] [stdout] test template::read::tests::test_read_template_with_none ... ok
[INFO] [stdout] test template::split::tests::test_split_file_by_lines_all_empty_lines ... ok
[INFO] [stdout] test template::read::tests::test_read_template_with_invalid_path ... ok
[INFO] [stdout] test template::split::tests::test_split_file_by_lines_each_line_separate_chunks ... ok
[INFO] [stdout] test template::split::tests::test_split_file_by_lines_empty_content ... ok
[INFO] [stdout] test template::read::tests::test_path_to_custom_template_template_provided_via_cli ... ok
[INFO] [stdout] test template::split::tests::test_split_file_by_lines_lines_exactly_max_size ... ok
[INFO] [stdout] test template::read::tests::test_read_template_with_valid_path ... ok
[INFO] [stdout] test template::split::tests::test_split_file_by_lines_multiple_lines_fit_one_chunk ... ok
[INFO] [stdout] test template::split::tests::test_split_file_by_lines_max_chunk_smaller_than_any_line ... ok
[INFO] [stdout] test template::split::tests::test_split_file_by_lines_single_line_exceeds ... ok
[INFO] [stdout] test template::split::tests::test_split_file_by_lines_mixed_line_lengths ... ok
[INFO] [stdout] test template::split::tests::test_split_file_by_lines_single_line_fits ... ok
[INFO] [stdout] test template::split::tests::test_split_file_by_lines_multiple_consecutive_newlines ... ok
[INFO] [stdout] test template::split::tests::test_split_file_first_two_lines_fit_one_chunk_exactly ... ok
[INFO] [stdout] test template::split::tests::test_split_file_by_lines_zero_max_chunk_size ... ok
[INFO] [stdout] test template::split::tests::test_split_into_parts ... ok
[INFO] [stdout] test template::split::tests::test_split_into_parts_long_file_coming_after_long_header_and_footer ... ok
[INFO] [stdout] test template::split::tests::test_split_into_parts_no_files ... ok
[INFO] [stdout] test template::split::tests::test_split_into_parts_single_part_fit_exactly ... ok
[INFO] [stdout] test template::split::tests::test_split_into_parts_accounting_for_long_header ... ok
[INFO] [stdout] test template::tags::all_file_paths::tests::test_replace_all_file_paths_tag_missing ... ok
[INFO] [stdout] test template::split::tests::test_split_into_parts_split_long_between_parts ... ok
[INFO] [stdout] test template::tags::all_file_paths::tests::test_replace_all_file_paths_tag ... ok
[INFO] [stdout] test template::split::tests::test_split_into_parts_long_file_coming_after_small_files ... ok
[INFO] [stdout] test template::tags::total_file_size::tests::test_replace_total_file_size_tag_not_present ... ok
[INFO] [stdout] test template::tags::total_file_size::tests::test_replace_total_file_size_tag_with_error ... ok
[INFO] [stdout] test template::tags::tree::tests::test_replace_all_file_paths_tag ... ok
[INFO] [stdout] test output::file::tests::test_replace_time_tags_local ... ok
[INFO] [stdout] test template::tags::total_file_size::tests::test_replace_total_file_size_tag_present ... ok
[INFO] [stdout] test template::tags::tree::tests::test_replace_all_file_paths_tag_missing ... ok
[INFO] [stdout] test walk::binary_detector::tests::test_is_valid_text_file_with_directory_path ... ok
[INFO] [stdout] test template::tags::header_footer::tests::test_process_header_footer ... ok
[INFO] [stdout] test walk::binary_detector::tests::test_is_valid_text_file_with_empty_file ... ok
[INFO] [stdout] test walk::binary_detector::tests::test_is_valid_text_file_with_binary_file ... ok
[INFO] [stdout] test walk::binary_detector::tests::test_is_valid_text_with_binary_data ... ok
[INFO] [stdout] test walk::binary_detector::tests::test_is_valid_text_file_with_text_file ... ok
[INFO] [stdout] test walk::binary_detector::tests::test_is_valid_text_with_non_utf8_text ... ok
[INFO] [stdout] test walk::binary_detector::tests::test_is_valid_text_with_empty_buffer ... ok
[INFO] [stdout] test walk::binary_detector::tests::test_is_valid_utf8_with_continuation_bytes_only ... ok
[INFO] [stdout] test walk::binary_detector::tests::test_is_valid_text_with_utf8_text ... ok
[INFO] [stdout] test walk::binary_detector::tests::test_is_valid_utf8_with_empty_buffer ... ok
[INFO] [stdout] test walk::binary_detector::tests::test_is_valid_text_file_with_nonexistent_file ... ok
[INFO] [stdout] test walk::binary_detector::tests::test_is_valid_utf8_with_incomplete_multibyte_at_end ... ok
[INFO] [stdout] test walk::binary_detector::tests::test_is_valid_utf8_with_valid_single_multibyte_character ... ok
[INFO] [stdout] test walk::binary_detector::tests::test_is_valid_utf8_with_invalid_utf8 ... ok
[INFO] [stdout] test walk::binary_detector::tests::test_is_valid_utf8_with_valid_utf8 ... ok
[INFO] [stdout] test walk::binary_detector::tests::test_is_valid_utf8_with_valid_utf8_multibyte ... ok
[INFO] [stdout] test walk::binary_detector::tests::test_number_of_null_bytes_with_all_nulls ... ok
[INFO] [stdout] test walk::binary_detector::tests::test_number_of_null_bytes_with_nulls ... ok
[INFO] [stdout] test walk::binary_detector::tests::test_number_of_null_bytes_with_no_nulls ... ok
[INFO] [stdout] test walk::binary_detector::tests::test_number_of_null_bytes_with_empty_buffer ... ok
[INFO] [stdout] test walk::contain::tests::test_file_contains_text_invalid_utf8_force_true_text_not_found ... ok
[INFO] [stdout] test walk::contain::tests::test_file_contains_text_found ... ok
[INFO] [stdout] test walk::contain::tests::test_file_contains_text_not_found ... ok
[INFO] [stdout] test walk::contain::tests::test_file_contains_text_multiple_texts ... ok
[INFO] [stdout] test walk::contain::tests::test_file_contains_text_invalid_utf8_force_false ... ok
[INFO] [stdout] test walk::contain::tests::test_file_contains_text_invalid_utf8_force_true_text_found ... ok
[INFO] [stdout] test walk::file_walker::tests::test_get_all_files_filters_binary_files ... ok
[INFO] [stdout] test walk::file_walker::tests::test_get_all_files_ignores_quagga_ignore_when_flag_is_set ... ok
[INFO] [stdout] test walk::file_walker::tests::test_get_all_files_max_filesize ... ok
[INFO] [stdout] test walk::file_walker::tests::test_get_all_files ... ok
[INFO] [stdout] test walk::file_walker::tests::test_get_all_files_accept_hidden_with_cli_override ... ok
[INFO] [stdout] test walk::file_walker::tests::test_get_all_files_should_not_follow_symlink_by_default ... ok
[INFO] [stdout] test walk::file_walker::tests::test_get_all_files_no_gitignore ... ok
[INFO] [stdout] test walk::file_walker::tests::test_get_all_files_with_contain_option ... ok
[INFO] [stdout] test walk::file_walker::tests::test_get_all_files_respect_gitingore ... ok
[INFO] [stdout] test walk::file_walker::tests::test_get_all_files_max_depth ... ok
[INFO] [stdout] test walk::file_walker::tests::test_get_all_files_respects_quagga_ignore ... ok
[INFO] [stdout] test walk::file_walker::tests::test_get_all_files_with_nonexistent_directory ... ok
[INFO] [stdout] test walk::file_walker::tests::test_should_include_path_accept_binary_with_cli_override ... ok
[INFO] [stdout] test walk::file_walker::tests::test_get_all_files_with_follow_links ... ok
[INFO] [stdout] test walk::file_walker::tests::test_get_all_files_with_no_files ... ok
[INFO] [stdout] test walk::file_walker::tests::test_should_include_path_ignore_binary_files ... ok
[INFO] [stdout] test walk::walk_overrides::tests::test_invalid_pattern ... ok
[INFO] [stdout] test walk::quagga_ignore::tests::test_use_quagga_ignore_files_from_home_dir ... ok
[INFO] [stdout] test walk::quagga_ignore::tests::test_use_quagga_ignore_files_from_project_dir ... ok
[INFO] [stdout] test walk::walk_overrides::tests::test_add_exclude_patterns ... ok
[INFO] [stdout] test walk::quagga_ignore::tests::test_project_ignore_takes_precedence_over_home_ignore ... ok
[INFO] [stdout] test walk::walk_overrides::tests::test_build_overrides_with_include_and_exclude ... ok
[INFO] [stdout] test walk::walk_overrides::tests::test_add_include_patterns ... ok
[INFO] [stdout] test walk::file_walker::tests::test_get_all_files_with_file_read_error ... FAILED
[INFO] [stdout] 
[INFO] [stdout] failures:
[INFO] [stdout] 
[INFO] [stdout] ---- walk::file_walker::tests::test_get_all_files_with_file_read_error stdout ----
[INFO] [stdout] thread 'walk::file_walker::tests::test_get_all_files_with_file_read_error' panicked at src/walk/file_walker.rs:185:9:
[INFO] [stdout] assertion failed: result.is_err()
[INFO] [stdout] stack backtrace:
[INFO] [stdout]    0:     0x5f26a395d26a - std::backtrace_rs::backtrace::libunwind::trace::h207520d6e9873551
[INFO] [stdout]                                at /rustc/df4ca44d3fbc9301ee17f30f4d474e6ae4b05252/library/std/src/../../backtrace/src/backtrace/libunwind.rs:116:5
[INFO] [stdout]    1:     0x5f26a395d26a - std::backtrace_rs::backtrace::trace_unsynchronized::h2ed7433f370e3eca
[INFO] [stdout]                                at /rustc/df4ca44d3fbc9301ee17f30f4d474e6ae4b05252/library/std/src/../../backtrace/src/backtrace/mod.rs:66:5
[INFO] [stdout]    2:     0x5f26a395d26a - std::sys::backtrace::_print_fmt::h916fac51166b18d7
[INFO] [stdout]                                at /rustc/df4ca44d3fbc9301ee17f30f4d474e6ae4b05252/library/std/src/sys/backtrace.rs:66:9
[INFO] [stdout]    3:     0x5f26a395d26a - <std::sys::backtrace::BacktraceLock::print::DisplayBacktrace as core::fmt::Display>::fmt::ha0a4c9b8ce3802e6
[INFO] [stdout]                                at /rustc/df4ca44d3fbc9301ee17f30f4d474e6ae4b05252/library/std/src/sys/backtrace.rs:39:26
[INFO] [stdout]    4:     0x5f26a3987803 - core::fmt::rt::Argument::fmt::h4cfc8587d52b3eb5
[INFO] [stdout]                                at /rustc/df4ca44d3fbc9301ee17f30f4d474e6ae4b05252/library/core/src/fmt/rt.rs:177:76
[INFO] [stdout]    5:     0x5f26a3987803 - core::fmt::write::h522cc39e5b36ae9f
[INFO] [stdout]                                at /rustc/df4ca44d3fbc9301ee17f30f4d474e6ae4b05252/library/core/src/fmt/mod.rs:1190:21
[INFO] [stdout]    6:     0x5f26a39585c3 - std::io::Write::write_fmt::h7d3c26752da97734
[INFO] [stdout]                                at /rustc/df4ca44d3fbc9301ee17f30f4d474e6ae4b05252/library/std/src/io/mod.rs:1839:15
[INFO] [stdout]    7:     0x5f26a395d0b2 - std::sys::backtrace::BacktraceLock::print::h4b9e00b29e9c0942
[INFO] [stdout]                                at /rustc/df4ca44d3fbc9301ee17f30f4d474e6ae4b05252/library/std/src/sys/backtrace.rs:42:9
[INFO] [stdout]    8:     0x5f26a395e6fa - std::panicking::default_hook::{{closure}}::hb59b88280d0324d9
[INFO] [stdout]                                at /rustc/df4ca44d3fbc9301ee17f30f4d474e6ae4b05252/library/std/src/panicking.rs:268:22
[INFO] [stdout]    9:     0x5f26a395e504 - std::panicking::default_hook::he1dd496665be4a29
[INFO] [stdout]                                at /rustc/df4ca44d3fbc9301ee17f30f4d474e6ae4b05252/library/std/src/panicking.rs:292:9
[INFO] [stdout]   10:     0x5f26a3414a19 - <alloc::boxed::Box<F,A> as core::ops::function::Fn<Args>>::call::h4ff71de18744e1dc
[INFO] [stdout]                                at /rustc/df4ca44d3fbc9301ee17f30f4d474e6ae4b05252/library/alloc/src/boxed.rs:2468:9
[INFO] [stdout]   11:     0x5f26a3414a19 - test::test_main::{{closure}}::hcf7c055ce117aa81
[INFO] [stdout]                                at /rustc/df4ca44d3fbc9301ee17f30f4d474e6ae4b05252/library/test/src/lib.rs:133:21
[INFO] [stdout]   12:     0x5f26a395edf8 - <alloc::boxed::Box<F,A> as core::ops::function::Fn<Args>>::call::h1d66c6bbd60c9692
[INFO] [stdout]                                at /rustc/df4ca44d3fbc9301ee17f30f4d474e6ae4b05252/library/alloc/src/boxed.rs:2468:9
[INFO] [stdout]   13:     0x5f26a395edf8 - std::panicking::rust_panic_with_hook::h2ff17fe8f26dfcf8
[INFO] [stdout]                                at /rustc/df4ca44d3fbc9301ee17f30f4d474e6ae4b05252/library/std/src/panicking.rs:809:13
[INFO] [stdout]   14:     0x5f26a395eb86 - std::panicking::begin_panic_handler::{{closure}}::h4fad77951c07e101
[INFO] [stdout]                                at /rustc/df4ca44d3fbc9301ee17f30f4d474e6ae4b05252/library/std/src/panicking.rs:667:13
[INFO] [stdout]   15:     0x5f26a395d749 - std::sys::backtrace::__rust_end_short_backtrace::hb1a25b3da5d0ea08
[INFO] [stdout]                                at /rustc/df4ca44d3fbc9301ee17f30f4d474e6ae4b05252/library/std/src/sys/backtrace.rs:170:18
[INFO] [stdout]   16:     0x5f26a395e84c - rust_begin_unwind
[INFO] [stdout]                                at /rustc/df4ca44d3fbc9301ee17f30f4d474e6ae4b05252/library/std/src/panicking.rs:665:5
[INFO] [stdout]   17:     0x5f26a3985e30 - core::panicking::panic_fmt::ha9db07b529f9b256
[INFO] [stdout]                                at /rustc/df4ca44d3fbc9301ee17f30f4d474e6ae4b05252/library/core/src/panicking.rs:75:14
[INFO] [stdout]   18:     0x5f26a3985ebc - core::panicking::panic::h993086813d94accc
[INFO] [stdout]                                at /rustc/df4ca44d3fbc9301ee17f30f4d474e6ae4b05252/library/core/src/panicking.rs:152:5
[INFO] [stdout]   19:     0x5f26a33a671a - quagga::walk::file_walker::tests::test_get_all_files_with_file_read_error::h5d2786d4c0ca6b56
[INFO] [stdout]                                at /opt/rustwide/workdir/src/walk/file_walker.rs:185:9
[INFO] [stdout]   20:     0x5f26a33a6287 - quagga::walk::file_walker::tests::test_get_all_files_with_file_read_error::{{closure}}::h0d5de740c1cb03b1
[INFO] [stdout]                                at /opt/rustwide/workdir/src/walk/file_walker.rs:167:49
[INFO] [stdout]   21:     0x5f26a3368a36 - core::ops::function::FnOnce::call_once::h3d3e64f145402b27
[INFO] [stdout]                                at /rustc/df4ca44d3fbc9301ee17f30f4d474e6ae4b05252/library/core/src/ops/function.rs:250:5
[INFO] [stdout]   22:     0x5f26a34192eb - core::ops::function::FnOnce::call_once::h22c3ba5715e93f05
[INFO] [stdout]                                at /rustc/df4ca44d3fbc9301ee17f30f4d474e6ae4b05252/library/core/src/ops/function.rs:250:5
[INFO] [stdout]   23:     0x5f26a34192eb - test::__rust_begin_short_backtrace::h8e82d8113d0da17f
[INFO] [stdout]                                at /rustc/df4ca44d3fbc9301ee17f30f4d474e6ae4b05252/library/test/src/lib.rs:621:18
[INFO] [stdout]   24:     0x5f26a3418c67 - test::run_test_in_process::{{closure}}::h33235f4f20b7b7c7
[INFO] [stdout]                                at /rustc/df4ca44d3fbc9301ee17f30f4d474e6ae4b05252/library/test/src/lib.rs:644:60
[INFO] [stdout]   25:     0x5f26a3418c67 - <core::panic::unwind_safe::AssertUnwindSafe<F> as core::ops::function::FnOnce<()>>::call_once::hb5043206310c586f
[INFO] [stdout]                                at /rustc/df4ca44d3fbc9301ee17f30f4d474e6ae4b05252/library/core/src/panic/unwind_safe.rs:272:9
[INFO] [stdout]   26:     0x5f26a3418c67 - std::panicking::try::do_call::h9ad4731a60ab23e2
[INFO] [stdout]                                at /rustc/df4ca44d3fbc9301ee17f30f4d474e6ae4b05252/library/std/src/panicking.rs:557:40
[INFO] [stdout]   27:     0x5f26a3418c67 - std::panicking::try::h3824d23db772a716
[INFO] [stdout]                                at /rustc/df4ca44d3fbc9301ee17f30f4d474e6ae4b05252/library/std/src/panicking.rs:520:19
[INFO] [stdout]   28:     0x5f26a3418c67 - std::panic::catch_unwind::h5afd514605fde46b
[INFO] [stdout]                                at /rustc/df4ca44d3fbc9301ee17f30f4d474e6ae4b05252/library/std/src/panic.rs:358:14
[INFO] [stdout]   29:     0x5f26a3418c67 - test::run_test_in_process::h0d5cbfa7067d1720
[INFO] [stdout]                                at /rustc/df4ca44d3fbc9301ee17f30f4d474e6ae4b05252/library/test/src/lib.rs:644:27
[INFO] [stdout]   30:     0x5f26a3418c67 - test::run_test::{{closure}}::h708eb8872708115d
[INFO] [stdout]                                at /rustc/df4ca44d3fbc9301ee17f30f4d474e6ae4b05252/library/test/src/lib.rs:565:43
[INFO] [stdout]   31:     0x5f26a33dc384 - test::run_test::{{closure}}::h392c51cee94713ab
[INFO] [stdout]                                at /rustc/df4ca44d3fbc9301ee17f30f4d474e6ae4b05252/library/test/src/lib.rs:595:41
[INFO] [stdout]   32:     0x5f26a33dc384 - std::sys::backtrace::__rust_begin_short_backtrace::h2f40290710935a8b
[INFO] [stdout]                                at /rustc/df4ca44d3fbc9301ee17f30f4d474e6ae4b05252/library/std/src/sys/backtrace.rs:154:18
[INFO] [stdout]   33:     0x5f26a33dfb2e - std::thread::Builder::spawn_unchecked_::{{closure}}::{{closure}}::h3fd968d89053a903
[INFO] [stdout]                                at /rustc/df4ca44d3fbc9301ee17f30f4d474e6ae4b05252/library/std/src/thread/mod.rs:541:17
[INFO] [stdout]   34:     0x5f26a33dfb2e - <core::panic::unwind_safe::AssertUnwindSafe<F> as core::ops::function::FnOnce<()>>::call_once::h743f637ba4229880
[INFO] [stdout]                                at /rustc/df4ca44d3fbc9301ee17f30f4d474e6ae4b05252/library/core/src/panic/unwind_safe.rs:272:9
[INFO] [stdout]   35:     0x5f26a33dfb2e - std::panicking::try::do_call::h07440897322525a6
[INFO] [stdout]                                at /rustc/df4ca44d3fbc9301ee17f30f4d474e6ae4b05252/library/std/src/panicking.rs:557:40
[INFO] [stdout]   36:     0x5f26a33dfb2e - std::panicking::try::he5a2e00188156637
[INFO] [stdout]                                at /rustc/df4ca44d3fbc9301ee17f30f4d474e6ae4b05252/library/std/src/panicking.rs:520:19
[INFO] [stdout]   37:     0x5f26a33dfb2e - std::panic::catch_unwind::hbaf3cae49b3c6433
[INFO] [stdout]                                at /rustc/df4ca44d3fbc9301ee17f30f4d474e6ae4b05252/library/std/src/panic.rs:358:14
[INFO] [stdout]   38:     0x5f26a33dfb2e - std::thread::Builder::spawn_unchecked_::{{closure}}::h8e141ea224820bce
[INFO] [stdout]                                at /rustc/df4ca44d3fbc9301ee17f30f4d474e6ae4b05252/library/std/src/thread/mod.rs:540:30
[INFO] [stdout]   39:     0x5f26a33dfb2e - core::ops::function::FnOnce::call_once{{vtable.shim}}::h90d312fedd7b8ea8
[INFO] [stdout]                                at /rustc/df4ca44d3fbc9301ee17f30f4d474e6ae4b05252/library/core/src/ops/function.rs:250:5
[INFO] [stdout]   40:     0x5f26a3963deb - <alloc::boxed::Box<F,A> as core::ops::function::FnOnce<Args>>::call_once::h69aa08ddb6adb8b6
[INFO] [stdout]                                at /rustc/df4ca44d3fbc9301ee17f30f4d474e6ae4b05252/library/alloc/src/boxed.rs:2454:9
[INFO] [stdout]   41:     0x5f26a3963deb - <alloc::boxed::Box<F,A> as core::ops::function::FnOnce<Args>>::call_once::h5aa36efdb79c806f
[INFO] [stdout]                                at /rustc/df4ca44d3fbc9301ee17f30f4d474e6ae4b05252/library/alloc/src/boxed.rs:2454:9
[INFO] [stdout]   42:     0x5f26a3963deb - std::sys::pal::unix::thread::Thread::new::thread_start::h6cd80a1b4be5158d
[INFO] [stdout]                                at /rustc/df4ca44d3fbc9301ee17f30f4d474e6ae4b05252/library/std/src/sys/pal/unix/thread.rs:105:17
[INFO] [stdout]   43:     0x7e06b0883ac3 - <unknown>
[INFO] [stdout]   44:     0x7e06b0914a04 - clone
[INFO] [stdout]   45:                0x0 - <unknown>
[INFO] [stdout] 
[INFO] [stdout] 
[INFO] [stdout] failures:
[INFO] [stdout]     walk::file_walker::tests::test_get_all_files_with_file_read_error
[INFO] [stdout] 
[INFO] [stdout] test result: FAILED. 173 passed; 1 failed; 0 ignored; 0 measured; 0 filtered out; finished in 0.05s
[INFO] [stdout] 
[INFO] [stderr] error: test failed, to rerun pass `--lib`
[INFO] running `Command { std: "docker" "inspect" "399d3096e26d4ffb8eb7621c4fc5c4a86ecbc1a83f08b047ed367581cb0f7d8a", kill_on_drop: false }`
[INFO] running `Command { std: "docker" "rm" "-f" "399d3096e26d4ffb8eb7621c4fc5c4a86ecbc1a83f08b047ed367581cb0f7d8a", kill_on_drop: false }`
[INFO] [stdout] 399d3096e26d4ffb8eb7621c4fc5c4a86ecbc1a83f08b047ed367581cb0f7d8a
