[INFO] fetching crate qrt-log-utils 0.2.2...
[INFO] testing qrt-log-utils-0.2.2 against nightly-2024-10-28 for randomize-layout
[INFO] extracting crate qrt-log-utils 0.2.2 into /workspace/builds/worker-4-tc1/source
[INFO] validating manifest of crates.io crate qrt-log-utils 0.2.2 on toolchain nightly-2024-10-28
[INFO] running `Command { std: CARGO_HOME="/workspace/cargo-home" RUSTUP_HOME="/workspace/rustup-home" "/workspace/cargo-home/bin/cargo" "+nightly-2024-10-28" "metadata" "--manifest-path" "Cargo.toml" "--no-deps", kill_on_drop: false }`
[INFO] started tweaking crates.io crate qrt-log-utils 0.2.2
[INFO] finished tweaking crates.io crate qrt-log-utils 0.2.2
[INFO] tweaked toml for crates.io crate qrt-log-utils 0.2.2 written to /workspace/builds/worker-4-tc1/source/Cargo.toml
[INFO] running `Command { std: CARGO_HOME="/workspace/cargo-home" RUSTUP_HOME="/workspace/rustup-home" "/workspace/cargo-home/bin/cargo" "+nightly-2024-10-28" "generate-lockfile" "--manifest-path" "Cargo.toml", kill_on_drop: false }`
[INFO] [stderr]     Updating crates.io index
[INFO] [stderr]      Locking 233 packages to latest compatible versions
[INFO] [stderr]       Adding actix-web-opentelemetry v0.15.0 (available: v0.19.0)
[INFO] [stderr]       Adding opentelemetry v0.20.0 (available: v0.26.0)
[INFO] [stderr]       Adding opentelemetry-otlp v0.13.0 (available: v0.26.0)
[INFO] [stderr]       Adding opentelemetry-prometheus v0.13.0 (available: v0.17.0)
[INFO] [stderr]       Adding opentelemetry_sdk v0.20.0 (available: v0.26.0)
[INFO] [stderr]       Adding tonic v0.9.2 (available: v0.12.3)
[INFO] [stderr]       Adding tracing-opentelemetry v0.20.0 (available: v0.27.0)
[INFO] running `Command { std: CARGO_HOME="/workspace/cargo-home" RUSTUP_HOME="/workspace/rustup-home" "/workspace/cargo-home/bin/cargo" "+nightly-2024-10-28" "fetch" "--manifest-path" "Cargo.toml", kill_on_drop: false }`
[INFO] [stderr]  Downloading crates ...
[INFO] [stderr]   Downloaded tracing-opentelemetry v0.20.0
[INFO] [stderr]   Downloaded actix-web-opentelemetry v0.15.0
[INFO] [stderr]   Downloaded opentelemetry-prometheus v0.13.0
[INFO] running `Command { std: "docker" "create" "-v" "/var/lib/crater-agent-workspace/builds/worker-4-tc1/target:/opt/rustwide/target:rw,Z" "-v" "/var/lib/crater-agent-workspace/builds/worker-4-tc1/source:/opt/rustwide/workdir:ro,Z" "-v" "/var/lib/crater-agent-workspace/cargo-home:/opt/rustwide/cargo-home:ro,Z" "-v" "/var/lib/crater-agent-workspace/rustup-home:/opt/rustwide/rustup-home:ro,Z" "-e" "SOURCE_DIR=/opt/rustwide/workdir" "-e" "CARGO_TARGET_DIR=/opt/rustwide/target" "-e" "CARGO_HOME=/opt/rustwide/cargo-home" "-e" "RUSTUP_HOME=/opt/rustwide/rustup-home" "-w" "/opt/rustwide/workdir" "-m" "1610612736" "--user" "0:0" "--network" "none" "ghcr.io/rust-lang/crates-build-env/linux@sha256:4a844ea9eb2546a2d2c7022eacef16ef2e8229c7fbb2c7d4d55a9ceca922f72d" "/opt/rustwide/cargo-home/bin/cargo" "+nightly-2024-10-28" "metadata" "--no-deps" "--format-version=1", kill_on_drop: false }`
[INFO] [stdout] f369aeacbb488bece0294d262c0f1f8c5bf89cf82dbd0f611704e46b96041a5f
[INFO] running `Command { std: "docker" "start" "-a" "f369aeacbb488bece0294d262c0f1f8c5bf89cf82dbd0f611704e46b96041a5f", kill_on_drop: false }`
[INFO] running `Command { std: "docker" "inspect" "f369aeacbb488bece0294d262c0f1f8c5bf89cf82dbd0f611704e46b96041a5f", kill_on_drop: false }`
[INFO] running `Command { std: "docker" "rm" "-f" "f369aeacbb488bece0294d262c0f1f8c5bf89cf82dbd0f611704e46b96041a5f", kill_on_drop: false }`
[INFO] [stdout] f369aeacbb488bece0294d262c0f1f8c5bf89cf82dbd0f611704e46b96041a5f
[INFO] running `Command { std: "docker" "create" "-v" "/var/lib/crater-agent-workspace/builds/worker-4-tc1/target:/opt/rustwide/target:rw,Z" "-v" "/var/lib/crater-agent-workspace/builds/worker-4-tc1/source:/opt/rustwide/workdir:ro,Z" "-v" "/var/lib/crater-agent-workspace/cargo-home:/opt/rustwide/cargo-home:ro,Z" "-v" "/var/lib/crater-agent-workspace/rustup-home:/opt/rustwide/rustup-home:ro,Z" "-e" "SOURCE_DIR=/opt/rustwide/workdir" "-e" "CARGO_TARGET_DIR=/opt/rustwide/target" "-e" "CARGO_INCREMENTAL=0" "-e" "RUST_BACKTRACE=full" "-e" "RUSTFLAGS=--cap-lints=forbid" "-e" "RUSTDOCFLAGS=--cap-lints=forbid" "-e" "CARGO_HOME=/opt/rustwide/cargo-home" "-e" "RUSTUP_HOME=/opt/rustwide/rustup-home" "-w" "/opt/rustwide/workdir" "-m" "1610612736" "--user" "0:0" "--network" "none" "ghcr.io/rust-lang/crates-build-env/linux@sha256:4a844ea9eb2546a2d2c7022eacef16ef2e8229c7fbb2c7d4d55a9ceca922f72d" "/opt/rustwide/cargo-home/bin/cargo" "+nightly-2024-10-28" "build" "--frozen" "--message-format=json", kill_on_drop: false }`
[INFO] [stdout] 9e4f4fbf38b318f6b62e265d1ba9c221bedbcbc36d7465e48d7849bdc402c98c
[INFO] running `Command { std: "docker" "start" "-a" "9e4f4fbf38b318f6b62e265d1ba9c221bedbcbc36d7465e48d7849bdc402c98c", kill_on_drop: false }`
[INFO] [stderr]    Compiling log v0.4.22
[INFO] [stderr]    Compiling bytes v1.8.0
[INFO] [stderr]    Compiling futures-core v0.3.31
[INFO] [stderr]    Compiling parking_lot_core v0.9.10
[INFO] [stderr]    Compiling smallvec v1.13.2
[INFO] [stderr]    Compiling scopeguard v1.2.0
[INFO] [stderr]    Compiling futures-sink v0.3.31
[INFO] [stderr]    Compiling shlex v1.3.0
[INFO] [stderr]    Compiling lock_api v0.4.12
[INFO] [stderr]    Compiling tracing-core v0.1.32
[INFO] [stderr]    Compiling byteorder v1.5.0
[INFO] [stderr]    Compiling syn v2.0.86
[INFO] [stderr]    Compiling socket2 v0.5.7
[INFO] [stderr]    Compiling signal-hook-registry v1.4.2
[INFO] [stderr]    Compiling jobserver v0.1.32
[INFO] [stderr]    Compiling fnv v1.0.7
[INFO] [stderr]    Compiling percent-encoding v2.3.1
[INFO] [stderr]    Compiling indexmap v1.9.3
[INFO] [stderr]    Compiling futures-channel v0.3.31
[INFO] [stderr]    Compiling hashbrown v0.12.3
[INFO] [stderr]    Compiling mio v1.0.2
[INFO] [stderr]    Compiling equivalent v1.0.1
[INFO] [stderr]    Compiling crossbeam-utils v0.8.20
[INFO] [stderr]    Compiling hashbrown v0.15.0
[INFO] [stderr]    Compiling httparse v1.9.5
[INFO] [stderr]    Compiling rustversion v1.0.18
[INFO] [stderr]    Compiling cc v1.1.31
[INFO] [stderr]    Compiling serde_json v1.0.132
[INFO] [stderr]    Compiling parking_lot v0.12.3
[INFO] [stderr]    Compiling http v0.2.12
[INFO] [stderr]    Compiling generic-array v0.14.7
[INFO] [stderr]    Compiling httpdate v1.0.3
[INFO] [stderr]    Compiling urlencoding v2.1.3
[INFO] [stderr]    Compiling pkg-config v0.3.31
[INFO] [stderr]    Compiling ordered-float v3.9.2
[INFO] [stderr]    Compiling tower-service v0.3.3
[INFO] [stderr]    Compiling untrusted v0.9.0
[INFO] [stderr]    Compiling indexmap v2.6.0
[INFO] [stderr]    Compiling mime v0.3.17
[INFO] [stderr]    Compiling spin v0.9.8
[INFO] [stderr]    Compiling crossbeam-channel v0.5.13
[INFO] [stderr]    Compiling syn v1.0.109
[INFO] [stderr]    Compiling try-lock v0.2.5
[INFO] [stderr]    Compiling num-conv v0.1.0
[INFO] [stderr]    Compiling time-core v0.1.2
[INFO] [stderr]    Compiling powerfmt v0.2.0
[INFO] [stderr]    Compiling anyhow v1.0.92
[INFO] [stderr]    Compiling axum-core v0.3.4
[INFO] [stderr]    Compiling time-macros v0.2.18
[INFO] [stderr]    Compiling want v0.3.1
[INFO] [stderr]    Compiling tower-layer v0.3.3
[INFO] [stderr]    Compiling either v1.13.0
[INFO] [stderr]    Compiling deranged v0.3.11
[INFO] [stderr]    Compiling zstd-safe v7.2.1
[INFO] [stderr]    Compiling rustls v0.21.12
[INFO] [stderr]    Compiling local-waker v0.1.4
[INFO] [stderr]    Compiling alloc-no-stdlib v2.0.4
[INFO] [stderr]    Compiling http-body v0.4.6
[INFO] [stderr]    Compiling alloc-stdlib v0.2.2
[INFO] [stderr]    Compiling itertools v0.10.5
[INFO] [stderr]    Compiling axum v0.6.20
[INFO] [stderr]    Compiling ahash v0.8.11
[INFO] [stderr]    Compiling regex-lite v0.1.6
[INFO] [stderr]    Compiling base64 v0.21.7
[INFO] [stderr]    Compiling block-buffer v0.10.4
[INFO] [stderr]    Compiling crypto-common v0.1.6
[INFO] [stderr]    Compiling protobuf v2.28.0
[INFO] [stderr]    Compiling digest v0.10.7
[INFO] [stderr]    Compiling miniz_oxide v0.8.0
[INFO] [stderr]    Compiling brotli-decompressor v4.0.1
[INFO] [stderr]    Compiling rustls-pemfile v1.0.4
[INFO] [stderr]    Compiling tracing v0.1.40
[INFO] [stderr]    Compiling actix-service v2.0.2
[INFO] [stderr]    Compiling actix-utils v3.0.1
[INFO] [stderr]    Compiling unicode-normalization v0.1.24
[INFO] [stderr]    Compiling bytestring v1.3.1
[INFO] [stderr]    Compiling form_urlencoded v1.2.1
[INFO] [stderr]    Compiling cookie v0.16.2
[INFO] [stderr]    Compiling crc32fast v1.4.2
[INFO] [stderr]    Compiling regex-syntax v0.6.29
[INFO] [stderr]    Compiling convert_case v0.4.0
[INFO] [stderr]    Compiling bitflags v2.6.0
[INFO] [stderr]    Compiling matchit v0.7.3
[INFO] [stderr]    Compiling ring v0.17.8
[INFO] [stderr]    Compiling zstd-sys v2.0.13+zstd.1.5.6
[INFO] [stderr]    Compiling bitflags v1.3.2
[INFO] [stderr]    Compiling unicode-bidi v0.3.17
[INFO] [stderr]    Compiling openssl-probe v0.1.5
[INFO] [stderr]    Compiling prometheus v0.13.4
[INFO] [stderr]    Compiling sync_wrapper v0.1.2
[INFO] [stderr]    Compiling cpufeatures v0.2.14
[INFO] [stderr]    Compiling brotli v6.0.0
[INFO] [stderr]    Compiling sha1 v0.10.6
[INFO] [stderr]    Compiling rustls-native-certs v0.6.3
[INFO] [stderr]    Compiling flate2 v1.0.34
[INFO] [stderr]    Compiling actix-router v0.5.3
[INFO] [stderr]    Compiling local-channel v0.1.5
[INFO] [stderr]    Compiling time v0.3.36
[INFO] [stderr]    Compiling idna v0.5.0
[INFO] [stderr]    Compiling encoding_rs v0.8.35
[INFO] [stderr]    Compiling base64 v0.22.1
[INFO] [stderr]    Compiling language-tags v0.3.2
[INFO] [stderr]    Compiling overload v0.1.1
[INFO] [stderr]    Compiling serde_urlencoded v0.7.1
[INFO] [stderr]    Compiling nu-ansi-term v0.46.0
[INFO] [stderr]    Compiling url v2.5.2
[INFO] [stderr]    Compiling sharded-slab v0.1.7
[INFO] [stderr]    Compiling tracing-log v0.2.0
[INFO] [stderr]    Compiling thread_local v1.1.8
[INFO] [stderr]    Compiling impl-more v0.1.8
[INFO] [stderr]    Compiling tracing-log v0.1.4
[INFO] [stderr]    Compiling hostname v0.4.0
[INFO] [stderr]    Compiling regex-automata v0.1.10
[INFO] [stderr]    Compiling prost-derive v0.11.9
[INFO] [stderr]    Compiling tokio-macros v2.4.0
[INFO] [stderr]    Compiling futures-macro v0.3.31
[INFO] [stderr]    Compiling zerocopy-derive v0.7.35
[INFO] [stderr]    Compiling tracing-attributes v0.1.27
[INFO] [stderr]    Compiling async-trait v0.1.83
[INFO] [stderr]    Compiling thiserror-impl v1.0.66
[INFO] [stderr]    Compiling pin-project-internal v1.1.7
[INFO] [stderr]    Compiling async-stream-impl v0.3.6
[INFO] [stderr]    Compiling derive_more v0.99.18
[INFO] [stderr]    Compiling tokio v1.41.0
[INFO] [stderr]    Compiling matchers v0.1.0
[INFO] [stderr]    Compiling actix-web-codegen v4.3.0
[INFO] [stderr]    Compiling async-stream v0.3.6
[INFO] [stderr]    Compiling actix-macros v0.2.4
[INFO] [stderr]    Compiling zerocopy v0.7.35
[INFO] [stderr]    Compiling futures-util v0.3.31
[INFO] [stderr]    Compiling prost v0.11.9
[INFO] [stderr]    Compiling pin-project v1.1.7
[INFO] [stderr]    Compiling thiserror v1.0.66
[INFO] [stderr]    Compiling tracing-subscriber v0.3.18
[INFO] [stderr]    Compiling ppv-lite86 v0.2.20
[INFO] [stderr]    Compiling rand_chacha v0.3.1
[INFO] [stderr]    Compiling rand v0.8.5
[INFO] [stderr]    Compiling rustls-webpki v0.101.7
[INFO] [stderr]    Compiling sct v0.7.1
[INFO] [stderr]    Compiling opentelemetry_api v0.20.0
[INFO] [stderr]    Compiling futures-executor v0.3.31
[INFO] [stderr]    Compiling tokio-util v0.7.12
[INFO] [stderr]    Compiling tokio-stream v0.1.16
[INFO] [stderr]    Compiling tokio-io-timeout v1.2.0
[INFO] [stderr]    Compiling actix-rt v2.10.0
[INFO] [stderr]    Compiling actix-server v2.5.0
[INFO] [stderr]    Compiling h2 v0.3.26
[INFO] [stderr]    Compiling opentelemetry_sdk v0.20.0
[INFO] [stderr]    Compiling tower v0.4.13
[INFO] [stderr]    Compiling actix-codec v0.5.2
[INFO] [stderr]    Compiling zstd v0.13.2
[INFO] [stderr]    Compiling tokio-rustls v0.24.1
[INFO] [stderr]    Compiling opentelemetry v0.20.0
[INFO] [stderr]    Compiling opentelemetry-prometheus v0.13.0
[INFO] [stderr]    Compiling opentelemetry-semantic-conventions v0.12.0
[INFO] [stderr]    Compiling tracing-opentelemetry v0.20.0
[INFO] [stderr]    Compiling hyper v0.14.31
[INFO] [stderr]    Compiling actix-http v3.9.0
[INFO] [stderr]    Compiling actix-web v4.9.0
[INFO] [stderr]    Compiling hyper-timeout v0.4.1
[INFO] [stderr]    Compiling actix-web-opentelemetry v0.15.0
[INFO] [stderr]    Compiling tonic v0.9.2
[INFO] [stderr]    Compiling opentelemetry-proto v0.3.0
[INFO] [stderr]    Compiling opentelemetry-otlp v0.13.0
[INFO] [stderr]    Compiling qrt-log-utils v0.2.2 (/opt/rustwide/workdir)
[INFO] [stderr]     Finished `dev` profile [unoptimized + debuginfo] target(s) in 24.49s
[INFO] running `Command { std: "docker" "inspect" "9e4f4fbf38b318f6b62e265d1ba9c221bedbcbc36d7465e48d7849bdc402c98c", kill_on_drop: false }`
[INFO] running `Command { std: "docker" "rm" "-f" "9e4f4fbf38b318f6b62e265d1ba9c221bedbcbc36d7465e48d7849bdc402c98c", kill_on_drop: false }`
[INFO] [stdout] 9e4f4fbf38b318f6b62e265d1ba9c221bedbcbc36d7465e48d7849bdc402c98c
[INFO] running `Command { std: "docker" "create" "-v" "/var/lib/crater-agent-workspace/builds/worker-4-tc1/target:/opt/rustwide/target:rw,Z" "-v" "/var/lib/crater-agent-workspace/builds/worker-4-tc1/source:/opt/rustwide/workdir:ro,Z" "-v" "/var/lib/crater-agent-workspace/cargo-home:/opt/rustwide/cargo-home:ro,Z" "-v" "/var/lib/crater-agent-workspace/rustup-home:/opt/rustwide/rustup-home:ro,Z" "-e" "SOURCE_DIR=/opt/rustwide/workdir" "-e" "CARGO_TARGET_DIR=/opt/rustwide/target" "-e" "CARGO_INCREMENTAL=0" "-e" "RUST_BACKTRACE=full" "-e" "RUSTFLAGS=--cap-lints=forbid" "-e" "RUSTDOCFLAGS=--cap-lints=forbid" "-e" "CARGO_HOME=/opt/rustwide/cargo-home" "-e" "RUSTUP_HOME=/opt/rustwide/rustup-home" "-w" "/opt/rustwide/workdir" "-m" "1610612736" "--user" "0:0" "--network" "none" "ghcr.io/rust-lang/crates-build-env/linux@sha256:4a844ea9eb2546a2d2c7022eacef16ef2e8229c7fbb2c7d4d55a9ceca922f72d" "/opt/rustwide/cargo-home/bin/cargo" "+nightly-2024-10-28" "test" "--frozen" "--no-run" "--message-format=json", kill_on_drop: false }`
[INFO] [stdout] 98791ba8c2114f2e0862cf45f5b06751006d33f53ba01c3b45ec3f9ac421a9e6
[INFO] running `Command { std: "docker" "start" "-a" "98791ba8c2114f2e0862cf45f5b06751006d33f53ba01c3b45ec3f9ac421a9e6", kill_on_drop: false }`
[INFO] [stderr]    Compiling tokio v1.41.0
[INFO] [stderr]    Compiling tokio-util v0.7.12
[INFO] [stderr]    Compiling tokio-stream v0.1.16
[INFO] [stderr]    Compiling actix-rt v2.10.0
[INFO] [stderr]    Compiling tokio-io-timeout v1.2.0
[INFO] [stderr]    Compiling tokio-rustls v0.24.1
[INFO] [stderr]    Compiling actix-server v2.5.0
[INFO] [stderr]    Compiling opentelemetry_sdk v0.20.0
[INFO] [stderr]    Compiling h2 v0.3.26
[INFO] [stderr]    Compiling tower v0.4.13
[INFO] [stderr]    Compiling actix-codec v0.5.2
[INFO] [stderr]    Compiling opentelemetry v0.20.0
[INFO] [stderr]    Compiling opentelemetry-prometheus v0.13.0
[INFO] [stderr]    Compiling opentelemetry-semantic-conventions v0.12.0
[INFO] [stderr]    Compiling tracing-opentelemetry v0.20.0
[INFO] [stderr]    Compiling hyper v0.14.31
[INFO] [stderr]    Compiling actix-http v3.9.0
[INFO] [stderr]    Compiling actix-web v4.9.0
[INFO] [stderr]    Compiling axum v0.6.20
[INFO] [stderr]    Compiling hyper-timeout v0.4.1
[INFO] [stderr]    Compiling actix-web-opentelemetry v0.15.0
[INFO] [stderr]    Compiling tonic v0.9.2
[INFO] [stderr]    Compiling opentelemetry-proto v0.3.0
[INFO] [stderr]    Compiling opentelemetry-otlp v0.13.0
[INFO] [stderr]    Compiling qrt-log-utils v0.2.2 (/opt/rustwide/workdir)
[INFO] [stderr]     Finished `test` profile [unoptimized + debuginfo] target(s) in 18.36s
[INFO] running `Command { std: "docker" "inspect" "98791ba8c2114f2e0862cf45f5b06751006d33f53ba01c3b45ec3f9ac421a9e6", kill_on_drop: false }`
[INFO] running `Command { std: "docker" "rm" "-f" "98791ba8c2114f2e0862cf45f5b06751006d33f53ba01c3b45ec3f9ac421a9e6", kill_on_drop: false }`
[INFO] [stdout] 98791ba8c2114f2e0862cf45f5b06751006d33f53ba01c3b45ec3f9ac421a9e6
[INFO] running `Command { std: "docker" "create" "-v" "/var/lib/crater-agent-workspace/builds/worker-4-tc1/target:/opt/rustwide/target:rw,Z" "-v" "/var/lib/crater-agent-workspace/builds/worker-4-tc1/source:/opt/rustwide/workdir:ro,Z" "-v" "/var/lib/crater-agent-workspace/cargo-home:/opt/rustwide/cargo-home:ro,Z" "-v" "/var/lib/crater-agent-workspace/rustup-home:/opt/rustwide/rustup-home:ro,Z" "-e" "SOURCE_DIR=/opt/rustwide/workdir" "-e" "CARGO_TARGET_DIR=/opt/rustwide/target" "-e" "CARGO_INCREMENTAL=0" "-e" "RUST_BACKTRACE=full" "-e" "RUSTFLAGS=--cap-lints=forbid" "-e" "RUSTDOCFLAGS=--cap-lints=forbid" "-e" "CARGO_HOME=/opt/rustwide/cargo-home" "-e" "RUSTUP_HOME=/opt/rustwide/rustup-home" "-w" "/opt/rustwide/workdir" "-m" "1610612736" "--user" "0:0" "--network" "none" "ghcr.io/rust-lang/crates-build-env/linux@sha256:4a844ea9eb2546a2d2c7022eacef16ef2e8229c7fbb2c7d4d55a9ceca922f72d" "/opt/rustwide/cargo-home/bin/cargo" "+nightly-2024-10-28" "test" "--frozen", kill_on_drop: false }`
[INFO] [stdout] 4e429e92e98255de5002f56503a3db7d187c5865b751433b86bc006cc6792b20
[INFO] running `Command { std: "docker" "start" "-a" "4e429e92e98255de5002f56503a3db7d187c5865b751433b86bc006cc6792b20", kill_on_drop: false }`
[INFO] [stderr]     Finished `test` profile [unoptimized + debuginfo] target(s) in 0.23s
[INFO] [stderr]      Running unittests src/lib.rs (/opt/rustwide/target/debug/deps/qrt_log_utils-c73dbc9e9b35f08d)
[INFO] [stdout] 
[INFO] [stdout] running 1 test
[INFO] [stdout] test test::test_logger ... FAILED
[INFO] [stdout] 
[INFO] [stdout] failures:
[INFO] [stdout] 
[INFO] [stdout] ---- test::test_logger stdout ----
[INFO] [stdout] filter=test_logger=info,error
[INFO] [stdout] application name=test_logger
[INFO] [stdout] start to init honeycomb-log
[INFO] [stdout] thread 'test::test_logger' panicked at src/lib.rs:144:19:
[INFO] [stdout] api key not found
[INFO] [stdout] stack backtrace:
[INFO] [stdout]    0:     0x62e7b472a4ca - std::backtrace_rs::backtrace::libunwind::trace::h207520d6e9873551
[INFO] [stdout]                                at /rustc/df4ca44d3fbc9301ee17f30f4d474e6ae4b05252/library/std/src/../../backtrace/src/backtrace/libunwind.rs:116:5
[INFO] [stdout]    1:     0x62e7b472a4ca - std::backtrace_rs::backtrace::trace_unsynchronized::h2ed7433f370e3eca
[INFO] [stdout]                                at /rustc/df4ca44d3fbc9301ee17f30f4d474e6ae4b05252/library/std/src/../../backtrace/src/backtrace/mod.rs:66:5
[INFO] [stdout]    2:     0x62e7b472a4ca - std::sys::backtrace::_print_fmt::h916fac51166b18d7
[INFO] [stdout]                                at /rustc/df4ca44d3fbc9301ee17f30f4d474e6ae4b05252/library/std/src/sys/backtrace.rs:66:9
[INFO] [stdout]    3:     0x62e7b472a4ca - <std::sys::backtrace::BacktraceLock::print::DisplayBacktrace as core::fmt::Display>::fmt::ha0a4c9b8ce3802e6
[INFO] [stdout]                                at /rustc/df4ca44d3fbc9301ee17f30f4d474e6ae4b05252/library/std/src/sys/backtrace.rs:39:26
[INFO] [stdout]    4:     0x62e7b4755783 - core::fmt::rt::Argument::fmt::h4cfc8587d52b3eb5
[INFO] [stdout]                                at /rustc/df4ca44d3fbc9301ee17f30f4d474e6ae4b05252/library/core/src/fmt/rt.rs:177:76
[INFO] [stdout]    5:     0x62e7b4755783 - core::fmt::write::h522cc39e5b36ae9f
[INFO] [stdout]                                at /rustc/df4ca44d3fbc9301ee17f30f4d474e6ae4b05252/library/core/src/fmt/mod.rs:1190:21
[INFO] [stdout]    6:     0x62e7b4726523 - std::io::Write::write_fmt::h7d3c26752da97734
[INFO] [stdout]                                at /rustc/df4ca44d3fbc9301ee17f30f4d474e6ae4b05252/library/std/src/io/mod.rs:1839:15
[INFO] [stdout]    7:     0x62e7b472a312 - std::sys::backtrace::BacktraceLock::print::h4b9e00b29e9c0942
[INFO] [stdout]                                at /rustc/df4ca44d3fbc9301ee17f30f4d474e6ae4b05252/library/std/src/sys/backtrace.rs:42:9
[INFO] [stdout]    8:     0x62e7b472b95a - std::panicking::default_hook::{{closure}}::hb59b88280d0324d9
[INFO] [stdout]                                at /rustc/df4ca44d3fbc9301ee17f30f4d474e6ae4b05252/library/std/src/panicking.rs:268:22
[INFO] [stdout]    9:     0x62e7b472b764 - std::panicking::default_hook::he1dd496665be4a29
[INFO] [stdout]                                at /rustc/df4ca44d3fbc9301ee17f30f4d474e6ae4b05252/library/std/src/panicking.rs:292:9
[INFO] [stdout]   10:     0x62e7b3c86b09 - <alloc::boxed::Box<F,A> as core::ops::function::Fn<Args>>::call::h4ff71de18744e1dc
[INFO] [stdout]                                at /rustc/df4ca44d3fbc9301ee17f30f4d474e6ae4b05252/library/alloc/src/boxed.rs:2468:9
[INFO] [stdout]   11:     0x62e7b3c86b09 - test::test_main::{{closure}}::hcf7c055ce117aa81
[INFO] [stdout]                                at /rustc/df4ca44d3fbc9301ee17f30f4d474e6ae4b05252/library/test/src/lib.rs:133:21
[INFO] [stdout]   12:     0x62e7b472c058 - <alloc::boxed::Box<F,A> as core::ops::function::Fn<Args>>::call::h1d66c6bbd60c9692
[INFO] [stdout]                                at /rustc/df4ca44d3fbc9301ee17f30f4d474e6ae4b05252/library/alloc/src/boxed.rs:2468:9
[INFO] [stdout]   13:     0x62e7b472c058 - std::panicking::rust_panic_with_hook::h2ff17fe8f26dfcf8
[INFO] [stdout]                                at /rustc/df4ca44d3fbc9301ee17f30f4d474e6ae4b05252/library/std/src/panicking.rs:809:13
[INFO] [stdout]   14:     0x62e7b472bde6 - std::panicking::begin_panic_handler::{{closure}}::h4fad77951c07e101
[INFO] [stdout]                                at /rustc/df4ca44d3fbc9301ee17f30f4d474e6ae4b05252/library/std/src/panicking.rs:667:13
[INFO] [stdout]   15:     0x62e7b472a9a9 - std::sys::backtrace::__rust_end_short_backtrace::hb1a25b3da5d0ea08
[INFO] [stdout]                                at /rustc/df4ca44d3fbc9301ee17f30f4d474e6ae4b05252/library/std/src/sys/backtrace.rs:170:18
[INFO] [stdout]   16:     0x62e7b472baac - rust_begin_unwind
[INFO] [stdout]                                at /rustc/df4ca44d3fbc9301ee17f30f4d474e6ae4b05252/library/std/src/panicking.rs:665:5
[INFO] [stdout]   17:     0x62e7b47530c0 - core::panicking::panic_fmt::ha9db07b529f9b256
[INFO] [stdout]                                at /rustc/df4ca44d3fbc9301ee17f30f4d474e6ae4b05252/library/core/src/panicking.rs:75:14
[INFO] [stdout]   18:     0x62e7b3c381cb - qrt_log_utils::update_tracer::h9ad20e40ff08f135
[INFO] [stdout]                                at /opt/rustwide/workdir/src/lib.rs:144:19
[INFO] [stdout]   19:     0x62e7b3c37090 - qrt_log_utils::init_logger::h372cbf47b5f7d583
[INFO] [stdout]                                at /opt/rustwide/workdir/src/lib.rs:121:26
[INFO] [stdout]   20:     0x62e7b3c4294a - qrt_log_utils::test::test_logger::{{closure}}::ha3f47848cbfa1ea2
[INFO] [stdout]                                at /opt/rustwide/workdir/src/lib.rs:225:9
[INFO] [stdout]   21:     0x62e7b3c181c2 - <core::pin::Pin<P> as core::future::future::Future>::poll::h88271c354d33e596
[INFO] [stdout]                                at /rustc/df4ca44d3fbc9301ee17f30f4d474e6ae4b05252/library/core/src/future/future.rs:123:9
[INFO] [stdout]   22:     0x62e7b3c182bd - <core::pin::Pin<P> as core::future::future::Future>::poll::hf754b423a60632f4
[INFO] [stdout]                                at /rustc/df4ca44d3fbc9301ee17f30f4d474e6ae4b05252/library/core/src/future/future.rs:123:9
[INFO] [stdout]   23:     0x62e7b3c3651f - tokio::runtime::scheduler::current_thread::CoreGuard::block_on::{{closure}}::{{closure}}::{{closure}}::h7f71df0dfffee50f
[INFO] [stdout]                                at /opt/rustwide/cargo-home/registry/src/index.crates.io-6f17d22bba15001f/tokio-1.41.0/src/runtime/scheduler/current_thread/mod.rs:729:57
[INFO] [stdout]   24:     0x62e7b3c36445 - tokio::runtime::coop::with_budget::h055cb367eef50131
[INFO] [stdout]                                at /opt/rustwide/cargo-home/registry/src/index.crates.io-6f17d22bba15001f/tokio-1.41.0/src/runtime/coop.rs:107:5
[INFO] [stdout]   25:     0x62e7b3c36445 - tokio::runtime::coop::budget::h0150c78bbcd2ecac
[INFO] [stdout]                                at /opt/rustwide/cargo-home/registry/src/index.crates.io-6f17d22bba15001f/tokio-1.41.0/src/runtime/coop.rs:73:5
[INFO] [stdout]   26:     0x62e7b3c36445 - tokio::runtime::scheduler::current_thread::CoreGuard::block_on::{{closure}}::{{closure}}::h4d75645fd097756f
[INFO] [stdout]                                at /opt/rustwide/cargo-home/registry/src/index.crates.io-6f17d22bba15001f/tokio-1.41.0/src/runtime/scheduler/current_thread/mod.rs:729:25
[INFO] [stdout]   27:     0x62e7b3c33d70 - tokio::runtime::scheduler::current_thread::Context::enter::he831445d755e3cb9
[INFO] [stdout]                                at /opt/rustwide/cargo-home/registry/src/index.crates.io-6f17d22bba15001f/tokio-1.41.0/src/runtime/scheduler/current_thread/mod.rs:428:19
[INFO] [stdout]   28:     0x62e7b3c3526e - tokio::runtime::scheduler::current_thread::CoreGuard::block_on::{{closure}}::h82b204532876da41
[INFO] [stdout]                                at /opt/rustwide/cargo-home/registry/src/index.crates.io-6f17d22bba15001f/tokio-1.41.0/src/runtime/scheduler/current_thread/mod.rs:728:36
[INFO] [stdout]   29:     0x62e7b3c34f84 - tokio::runtime::scheduler::current_thread::CoreGuard::enter::{{closure}}::h39a094b9c49c0138
[INFO] [stdout]                                at /opt/rustwide/cargo-home/registry/src/index.crates.io-6f17d22bba15001f/tokio-1.41.0/src/runtime/scheduler/current_thread/mod.rs:807:68
[INFO] [stdout]   30:     0x62e7b3c2563b - tokio::runtime::context::scoped::Scoped<T>::set::h6700911dad1876fb
[INFO] [stdout]                                at /opt/rustwide/cargo-home/registry/src/index.crates.io-6f17d22bba15001f/tokio-1.41.0/src/runtime/context/scoped.rs:40:9
[INFO] [stdout]   31:     0x62e7b3c09fb9 - tokio::runtime::context::set_scheduler::{{closure}}::hb8da80052303a5a9
[INFO] [stdout]                                at /opt/rustwide/cargo-home/registry/src/index.crates.io-6f17d22bba15001f/tokio-1.41.0/src/runtime/context.rs:180:26
[INFO] [stdout]   32:     0x62e7b3c1a42d - std::thread::local::LocalKey<T>::try_with::hf573bfc5df977f42
[INFO] [stdout]                                at /rustc/df4ca44d3fbc9301ee17f30f4d474e6ae4b05252/library/std/src/thread/local.rs:283:12
[INFO] [stdout]   33:     0x62e7b3c18d3a - std::thread::local::LocalKey<T>::with::h991f73e5e7b79f42
[INFO] [stdout]                                at /rustc/df4ca44d3fbc9301ee17f30f4d474e6ae4b05252/library/std/src/thread/local.rs:260:9
[INFO] [stdout]   34:     0x62e7b3c09f2d - tokio::runtime::context::set_scheduler::hd289628ccd6a4407
[INFO] [stdout]                                at /opt/rustwide/cargo-home/registry/src/index.crates.io-6f17d22bba15001f/tokio-1.41.0/src/runtime/context.rs:180:9
[INFO] [stdout]   35:     0x62e7b3c34d10 - tokio::runtime::scheduler::current_thread::CoreGuard::enter::hfc5fc086e964270f
[INFO] [stdout]                                at /opt/rustwide/cargo-home/registry/src/index.crates.io-6f17d22bba15001f/tokio-1.41.0/src/runtime/scheduler/current_thread/mod.rs:807:27
[INFO] [stdout]   36:     0x62e7b3c34fa3 - tokio::runtime::scheduler::current_thread::CoreGuard::block_on::hac217ab2b2c42684
[INFO] [stdout]                                at /opt/rustwide/cargo-home/registry/src/index.crates.io-6f17d22bba15001f/tokio-1.41.0/src/runtime/scheduler/current_thread/mod.rs:716:19
[INFO] [stdout]   37:     0x62e7b3c3320f - tokio::runtime::scheduler::current_thread::CurrentThread::block_on::{{closure}}::hf22d0b715f25bf19
[INFO] [stdout]                                at /opt/rustwide/cargo-home/registry/src/index.crates.io-6f17d22bba15001f/tokio-1.41.0/src/runtime/scheduler/current_thread/mod.rs:196:28
[INFO] [stdout]   38:     0x62e7b3c2d7f6 - tokio::runtime::context::runtime::enter_runtime::h6301c9455930880e
[INFO] [stdout]                                at /opt/rustwide/cargo-home/registry/src/index.crates.io-6f17d22bba15001f/tokio-1.41.0/src/runtime/context/runtime.rs:65:16
[INFO] [stdout]   39:     0x62e7b3c32b01 - tokio::runtime::scheduler::current_thread::CurrentThread::block_on::h67dc2967dc457f71
[INFO] [stdout]                                at /opt/rustwide/cargo-home/registry/src/index.crates.io-6f17d22bba15001f/tokio-1.41.0/src/runtime/scheduler/current_thread/mod.rs:184:9
[INFO] [stdout]   40:     0x62e7b3c0a373 - tokio::runtime::runtime::Runtime::block_on_inner::hd45e84122cae3592
[INFO] [stdout]                                at /opt/rustwide/cargo-home/registry/src/index.crates.io-6f17d22bba15001f/tokio-1.41.0/src/runtime/runtime.rs:368:47
[INFO] [stdout]   41:     0x62e7b3c0a567 - tokio::runtime::runtime::Runtime::block_on::hc92d49b11fcd7dca
[INFO] [stdout]                                at /opt/rustwide/cargo-home/registry/src/index.crates.io-6f17d22bba15001f/tokio-1.41.0/src/runtime/runtime.rs:342:13
[INFO] [stdout]   42:     0x62e7b3c42855 - qrt_log_utils::test::test_logger::h7051fff881cbb7e0
[INFO] [stdout]                                at /opt/rustwide/workdir/src/lib.rs:226:9
[INFO] [stdout]   43:     0x62e7b3c426f7 - qrt_log_utils::test::test_logger::{{closure}}::he102aa03763eca08
[INFO] [stdout]                                at /opt/rustwide/workdir/src/lib.rs:224:27
[INFO] [stdout]   44:     0x62e7b3c06536 - core::ops::function::FnOnce::call_once::h5a409125280e5272
[INFO] [stdout]                                at /rustc/df4ca44d3fbc9301ee17f30f4d474e6ae4b05252/library/core/src/ops/function.rs:250:5
[INFO] [stdout]   45:     0x62e7b3c8b3db - core::ops::function::FnOnce::call_once::h22c3ba5715e93f05
[INFO] [stdout]                                at /rustc/df4ca44d3fbc9301ee17f30f4d474e6ae4b05252/library/core/src/ops/function.rs:250:5
[INFO] [stdout]   46:     0x62e7b3c8b3db - test::__rust_begin_short_backtrace::h8e82d8113d0da17f
[INFO] [stdout]                                at /rustc/df4ca44d3fbc9301ee17f30f4d474e6ae4b05252/library/test/src/lib.rs:621:18
[INFO] [stdout]   47:     0x62e7b3c8ad57 - test::run_test_in_process::{{closure}}::h33235f4f20b7b7c7
[INFO] [stdout]                                at /rustc/df4ca44d3fbc9301ee17f30f4d474e6ae4b05252/library/test/src/lib.rs:644:60
[INFO] [stdout]   48:     0x62e7b3c8ad57 - <core::panic::unwind_safe::AssertUnwindSafe<F> as core::ops::function::FnOnce<()>>::call_once::hb5043206310c586f
[INFO] [stdout]                                at /rustc/df4ca44d3fbc9301ee17f30f4d474e6ae4b05252/library/core/src/panic/unwind_safe.rs:272:9
[INFO] [stdout]   49:     0x62e7b3c8ad57 - std::panicking::try::do_call::h9ad4731a60ab23e2
[INFO] [stdout]                                at /rustc/df4ca44d3fbc9301ee17f30f4d474e6ae4b05252/library/std/src/panicking.rs:557:40
[INFO] [stdout]   50:     0x62e7b3c8ad57 - std::panicking::try::h3824d23db772a716
[INFO] [stdout]                                at /rustc/df4ca44d3fbc9301ee17f30f4d474e6ae4b05252/library/std/src/panicking.rs:520:19
[INFO] [stdout]   51:     0x62e7b3c8ad57 - std::panic::catch_unwind::h5afd514605fde46b
[INFO] [stdout]                                at /rustc/df4ca44d3fbc9301ee17f30f4d474e6ae4b05252/library/std/src/panic.rs:358:14
[INFO] [stdout]   52:     0x62e7b3c8ad57 - test::run_test_in_process::h0d5cbfa7067d1720
[INFO] [stdout]                                at /rustc/df4ca44d3fbc9301ee17f30f4d474e6ae4b05252/library/test/src/lib.rs:644:27
[INFO] [stdout]   53:     0x62e7b3c8ad57 - test::run_test::{{closure}}::h708eb8872708115d
[INFO] [stdout]                                at /rustc/df4ca44d3fbc9301ee17f30f4d474e6ae4b05252/library/test/src/lib.rs:565:43
[INFO] [stdout]   54:     0x62e7b3c4e474 - test::run_test::{{closure}}::h392c51cee94713ab
[INFO] [stdout]                                at /rustc/df4ca44d3fbc9301ee17f30f4d474e6ae4b05252/library/test/src/lib.rs:595:41
[INFO] [stdout]   55:     0x62e7b3c4e474 - std::sys::backtrace::__rust_begin_short_backtrace::h2f40290710935a8b
[INFO] [stdout]                                at /rustc/df4ca44d3fbc9301ee17f30f4d474e6ae4b05252/library/std/src/sys/backtrace.rs:154:18
[INFO] [stdout]   56:     0x62e7b3c51c1e - std::thread::Builder::spawn_unchecked_::{{closure}}::{{closure}}::h3fd968d89053a903
[INFO] [stdout]                                at /rustc/df4ca44d3fbc9301ee17f30f4d474e6ae4b05252/library/std/src/thread/mod.rs:541:17
[INFO] [stdout]   57:     0x62e7b3c51c1e - <core::panic::unwind_safe::AssertUnwindSafe<F> as core::ops::function::FnOnce<()>>::call_once::h743f637ba4229880
[INFO] [stdout]                                at /rustc/df4ca44d3fbc9301ee17f30f4d474e6ae4b05252/library/core/src/panic/unwind_safe.rs:272:9
[INFO] [stdout]   58:     0x62e7b3c51c1e - std::panicking::try::do_call::h07440897322525a6
[INFO] [stdout]                                at /rustc/df4ca44d3fbc9301ee17f30f4d474e6ae4b05252/library/std/src/panicking.rs:557:40
[INFO] [stdout]   59:     0x62e7b3c51c1e - std::panicking::try::he5a2e00188156637
[INFO] [stdout]                                at /rustc/df4ca44d3fbc9301ee17f30f4d474e6ae4b05252/library/std/src/panicking.rs:520:19
[INFO] [stdout]   60:     0x62e7b3c51c1e - std::panic::catch_unwind::hbaf3cae49b3c6433
[INFO] [stdout]                                at /rustc/df4ca44d3fbc9301ee17f30f4d474e6ae4b05252/library/std/src/panic.rs:358:14
[INFO] [stdout]   61:     0x62e7b3c51c1e - std::thread::Builder::spawn_unchecked_::{{closure}}::h8e141ea224820bce
[INFO] [stdout]                                at /rustc/df4ca44d3fbc9301ee17f30f4d474e6ae4b05252/library/std/src/thread/mod.rs:540:30
[INFO] [stdout]   62:     0x62e7b3c51c1e - core::ops::function::FnOnce::call_once{{vtable.shim}}::h90d312fedd7b8ea8
[INFO] [stdout]                                at /rustc/df4ca44d3fbc9301ee17f30f4d474e6ae4b05252/library/core/src/ops/function.rs:250:5
[INFO] [stdout]   63:     0x62e7b47300db - <alloc::boxed::Box<F,A> as core::ops::function::FnOnce<Args>>::call_once::h69aa08ddb6adb8b6
[INFO] [stdout]                                at /rustc/df4ca44d3fbc9301ee17f30f4d474e6ae4b05252/library/alloc/src/boxed.rs:2454:9
[INFO] [stdout]   64:     0x62e7b47300db - <alloc::boxed::Box<F,A> as core::ops::function::FnOnce<Args>>::call_once::h5aa36efdb79c806f
[INFO] [stdout]                                at /rustc/df4ca44d3fbc9301ee17f30f4d474e6ae4b05252/library/alloc/src/boxed.rs:2454:9
[INFO] [stdout]   65:     0x62e7b47300db - std::sys::pal::unix::thread::Thread::new::thread_start::h6cd80a1b4be5158d
[INFO] [stdout]                                at /rustc/df4ca44d3fbc9301ee17f30f4d474e6ae4b05252/library/std/src/sys/pal/unix/thread.rs:105:17
[INFO] [stdout]   66:     0x7acb88087ac3 - <unknown>
[INFO] [stdout]   67:     0x7acb88118a04 - clone
[INFO] [stdout]   68:                0x0 - <unknown>
[INFO] [stdout] 
[INFO] [stdout] 
[INFO] [stdout] failures:
[INFO] [stdout]     test::test_logger
[INFO] [stdout] 
[INFO] [stdout] test result: FAILED. 0 passed; 1 failed; 0 ignored; 0 measured; 0 filtered out; finished in 0.11s
[INFO] [stdout] 
[INFO] [stderr] error: test failed, to rerun pass `--lib`
[INFO] running `Command { std: "docker" "inspect" "4e429e92e98255de5002f56503a3db7d187c5865b751433b86bc006cc6792b20", kill_on_drop: false }`
[INFO] running `Command { std: "docker" "rm" "-f" "4e429e92e98255de5002f56503a3db7d187c5865b751433b86bc006cc6792b20", kill_on_drop: false }`
[INFO] [stdout] 4e429e92e98255de5002f56503a3db7d187c5865b751433b86bc006cc6792b20
