[INFO] fetching crate qpml 0.14.0...
[INFO] testing qpml-0.14.0 against nightly-2024-10-28+rustflags=-Zrandomize-layout for randomize-layout
[INFO] extracting crate qpml 0.14.0 into /workspace/builds/worker-5-tc2/source
[INFO] validating manifest of crates.io crate qpml 0.14.0 on toolchain nightly-2024-10-28
[INFO] running `Command { std: CARGO_HOME="/workspace/cargo-home" RUSTUP_HOME="/workspace/rustup-home" "/workspace/cargo-home/bin/cargo" "+nightly-2024-10-28" "metadata" "--manifest-path" "Cargo.toml" "--no-deps", kill_on_drop: false }`
[INFO] started tweaking crates.io crate qpml 0.14.0
[INFO] finished tweaking crates.io crate qpml 0.14.0
[INFO] tweaked toml for crates.io crate qpml 0.14.0 written to /workspace/builds/worker-5-tc2/source/Cargo.toml
[INFO] crate crates.io crate qpml 0.14.0 already has a lockfile, it will not be regenerated
[INFO] running `Command { std: CARGO_HOME="/workspace/cargo-home" RUSTUP_HOME="/workspace/rustup-home" "/workspace/cargo-home/bin/cargo" "+nightly-2024-10-28" "fetch" "--manifest-path" "Cargo.toml", kill_on_drop: false }`
[INFO] running `Command { std: "docker" "create" "-v" "/var/lib/crater-agent-workspace/builds/worker-5-tc2/target:/opt/rustwide/target:rw,Z" "-v" "/var/lib/crater-agent-workspace/builds/worker-5-tc2/source:/opt/rustwide/workdir:ro,Z" "-v" "/var/lib/crater-agent-workspace/cargo-home:/opt/rustwide/cargo-home:ro,Z" "-v" "/var/lib/crater-agent-workspace/rustup-home:/opt/rustwide/rustup-home:ro,Z" "-e" "SOURCE_DIR=/opt/rustwide/workdir" "-e" "CARGO_TARGET_DIR=/opt/rustwide/target" "-e" "CARGO_HOME=/opt/rustwide/cargo-home" "-e" "RUSTUP_HOME=/opt/rustwide/rustup-home" "-w" "/opt/rustwide/workdir" "-m" "1610612736" "--user" "0:0" "--network" "none" "ghcr.io/rust-lang/crates-build-env/linux@sha256:4a844ea9eb2546a2d2c7022eacef16ef2e8229c7fbb2c7d4d55a9ceca922f72d" "/opt/rustwide/cargo-home/bin/cargo" "+nightly-2024-10-28" "metadata" "--no-deps" "--format-version=1", kill_on_drop: false }`
[INFO] [stdout] 2600e8fa2941077f1a37ad8a677c58b441cc0e0acc3a63a7e5f2d439d5c2884f
[INFO] running `Command { std: "docker" "start" "-a" "2600e8fa2941077f1a37ad8a677c58b441cc0e0acc3a63a7e5f2d439d5c2884f", kill_on_drop: false }`
[INFO] running `Command { std: "docker" "inspect" "2600e8fa2941077f1a37ad8a677c58b441cc0e0acc3a63a7e5f2d439d5c2884f", kill_on_drop: false }`
[INFO] running `Command { std: "docker" "rm" "-f" "2600e8fa2941077f1a37ad8a677c58b441cc0e0acc3a63a7e5f2d439d5c2884f", kill_on_drop: false }`
[INFO] [stdout] 2600e8fa2941077f1a37ad8a677c58b441cc0e0acc3a63a7e5f2d439d5c2884f
[INFO] running `Command { std: "docker" "create" "-v" "/var/lib/crater-agent-workspace/builds/worker-5-tc2/target:/opt/rustwide/target:rw,Z" "-v" "/var/lib/crater-agent-workspace/builds/worker-5-tc2/source:/opt/rustwide/workdir:ro,Z" "-v" "/var/lib/crater-agent-workspace/cargo-home:/opt/rustwide/cargo-home:ro,Z" "-v" "/var/lib/crater-agent-workspace/rustup-home:/opt/rustwide/rustup-home:ro,Z" "-e" "SOURCE_DIR=/opt/rustwide/workdir" "-e" "CARGO_TARGET_DIR=/opt/rustwide/target" "-e" "CARGO_INCREMENTAL=0" "-e" "RUST_BACKTRACE=full" "-e" "RUSTFLAGS=--cap-lints=forbid -Zrandomize-layout" "-e" "RUSTDOCFLAGS=--cap-lints=forbid" "-e" "CARGO_HOME=/opt/rustwide/cargo-home" "-e" "RUSTUP_HOME=/opt/rustwide/rustup-home" "-w" "/opt/rustwide/workdir" "-m" "1610612736" "--user" "0:0" "--network" "none" "ghcr.io/rust-lang/crates-build-env/linux@sha256:4a844ea9eb2546a2d2c7022eacef16ef2e8229c7fbb2c7d4d55a9ceca922f72d" "/opt/rustwide/cargo-home/bin/cargo" "+nightly-2024-10-28" "build" "--frozen" "--message-format=json", kill_on_drop: false }`
[INFO] [stdout] e475c1a4e1855cf75ed9665624ff1a075c4e11bd24b9a37f45f3b1107a10e268
[INFO] running `Command { std: "docker" "start" "-a" "e475c1a4e1855cf75ed9665624ff1a075c4e11bd24b9a37f45f3b1107a10e268", kill_on_drop: false }`
[INFO] [stderr]    Compiling libc v0.2.140
[INFO] [stderr]    Compiling proc-macro2 v1.0.76
[INFO] [stderr]    Compiling libm v0.2.6
[INFO] [stderr]    Compiling num-traits v0.2.15
[INFO] [stderr]    Compiling pkg-config v0.3.26
[INFO] [stderr]    Compiling zerocopy v0.7.32
[INFO] [stderr]    Compiling regex-syntax v0.7.5
[INFO] [stderr]    Compiling siphasher v0.3.10
[INFO] [stderr]    Compiling bytes v1.4.0
[INFO] [stderr]    Compiling num-integer v0.1.45
[INFO] [stderr]    Compiling syn v1.0.109
[INFO] [stderr]    Compiling phf_shared v0.11.1
[INFO] [stderr]    Compiling heck v0.4.1
[INFO] [stderr]    Compiling rand_core v0.6.4
[INFO] [stderr]    Compiling num-bigint v0.4.3
[INFO] [stderr]    Compiling quote v1.0.35
[INFO] [stderr]    Compiling rand v0.8.5
[INFO] [stderr]    Compiling syn v2.0.48
[INFO] [stderr]    Compiling num-rational v0.4.1
[INFO] [stderr]    Compiling num-iter v0.1.43
[INFO] [stderr]    Compiling serde_derive v1.0.159
[INFO] [stderr]    Compiling phf_generator v0.11.1
[INFO] [stderr]    Compiling phf v0.11.1
[INFO] [stderr]    Compiling ahash v0.8.7
[INFO] [stderr]    Compiling regex-automata v0.3.7
[INFO] [stderr]    Compiling phf_codegen v0.11.1
[INFO] [stderr]    Compiling serde v1.0.159
[INFO] [stderr]    Compiling jobserver v0.1.26
[INFO] [stderr]    Compiling getrandom v0.2.8
[INFO] [stderr]    Compiling cc v1.0.79
[INFO] [stderr]    Compiling memchr v2.5.0
[INFO] [stderr]    Compiling num-complex v0.4.3
[INFO] [stderr]    Compiling iana-time-zone v0.1.54
[INFO] [stderr]    Compiling chrono v0.4.31
[INFO] [stderr]    Compiling half v2.2.1
[INFO] [stderr]    Compiling regex v1.9.4
[INFO] [stderr]    Compiling num v0.4.1
[INFO] [stderr]    Compiling allocator-api2 v0.2.16
[INFO] [stderr]    Compiling static_assertions v1.1.0
[INFO] [stderr]    Compiling parse-zoneinfo v0.3.0
[INFO] [stderr]    Compiling hashbrown v0.14.3
[INFO] [stderr]    Compiling arrow-buffer v49.0.0
[INFO] [stderr]    Compiling chrono-tz-build v0.1.0
[INFO] [stderr]    Compiling itoa v1.0.6
[INFO] [stderr]    Compiling arrow-schema v49.0.0
[INFO] [stderr]    Compiling ryu v1.0.13
[INFO] [stderr]    Compiling semver v1.0.17
[INFO] [stderr]    Compiling chrono-tz v0.8.1
[INFO] [stderr]    Compiling lexical-util v0.8.5
[INFO] [stderr]    Compiling arrow-data v49.0.0
[INFO] [stderr]    Compiling rustversion v1.0.12
[INFO] [stderr]    Compiling log v0.4.17
[INFO] [stderr]    Compiling serde_json v1.0.95
[INFO] [stderr]    Compiling futures-core v0.3.28
[INFO] [stderr]    Compiling unicode-width v0.1.10
[INFO] [stderr]    Compiling lock_api v0.4.9
[INFO] [stderr]    Compiling parking_lot_core v0.9.7
[INFO] [stderr]    Compiling pin-project-lite v0.2.9
[INFO] [stderr]    Compiling unicode-normalization v0.1.22
[INFO] [stderr]    Compiling lexical-write-integer v0.8.5
[INFO] [stderr]    Compiling lexical-parse-integer v0.8.6
[INFO] [stderr]    Compiling unicode-bidi v0.3.13
[INFO] [stderr]    Compiling percent-encoding v2.2.0
[INFO] [stderr]    Compiling smallvec v1.10.0
[INFO] [stderr]    Compiling form_urlencoded v1.1.0
[INFO] [stderr]    Compiling lexical-parse-float v0.8.5
[INFO] [stderr]    Compiling idna v0.3.0
[INFO] [stderr]    Compiling lexical-write-float v0.8.5
[INFO] [stderr]    Compiling strum_macros v0.25.3
[INFO] [stderr]    Compiling zstd-sys v2.0.7+zstd.1.5.4
[INFO] [stderr]    Compiling slab v0.4.8
[INFO] [stderr]    Compiling futures-sink v0.3.28
[INFO] [stderr]    Compiling futures-channel v0.3.28
[INFO] [stderr]    Compiling futures-task v0.3.28
[INFO] [stderr]    Compiling lexical-core v0.8.5
[INFO] [stderr]    Compiling url v2.3.1
[INFO] [stderr]    Compiling rustc_version v0.4.0
[INFO] [stderr]    Compiling tokio v1.29.1
[INFO] [stderr]    Compiling futures-io v0.3.28
[INFO] [stderr]    Compiling futures-util v0.3.28
[INFO] [stderr]    Compiling base64 v0.21.0
[INFO] [stderr]    Compiling same-file v1.0.6
[INFO] [stderr]    Compiling typenum v1.16.0
[INFO] [stderr]    Compiling hashbrown v0.12.3
[INFO] [stderr]    Compiling walkdir v2.3.3
[INFO] [stderr]    Compiling flatbuffers v23.1.21
[INFO] [stderr]    Compiling parking_lot v0.12.1
[INFO] [stderr]    Compiling futures-macro v0.3.28
[INFO] [stderr]    Compiling tokio-macros v2.1.0
[INFO] [stderr]    Compiling aho-corasick v1.1.2
[INFO] [stderr]    Compiling num_cpus v1.15.0
[INFO] [stderr]    Compiling strum v0.25.0
[INFO] [stderr]    Compiling comfy-table v7.1.0
[INFO] [stderr]    Compiling generic-array v0.14.7
[INFO] [stderr]    Compiling indexmap v1.9.3
[INFO] [stderr]    Compiling doc-comment v0.3.3
[INFO] [stderr]    Compiling zstd-safe v7.0.0
[INFO] [stderr]    Compiling crc32fast v1.3.2
[INFO] [stderr]    Compiling arrow-array v49.0.0
[INFO] [stderr]    Compiling either v1.8.1
[INFO] [stderr]    Compiling async-trait v0.1.77
[INFO] [stderr]    Compiling alloc-no-stdlib v2.0.4
[INFO] [stderr]    Compiling alloc-stdlib v0.2.2
[INFO] [stderr]    Compiling miniz_oxide v0.6.2
[INFO] [stderr]    Compiling arrow-select v49.0.0
[INFO] [stderr]    Compiling arrow-cast v49.0.0
[INFO] [stderr]    Compiling futures-executor v0.3.28
[INFO] [stderr]    Compiling snafu-derive v0.7.4
[INFO] [stderr]    Compiling tracing-attributes v0.1.23
[INFO] [stderr]    Compiling csv-core v0.1.10
[INFO] [stderr]    Compiling tracing-core v0.1.30
[INFO] [stderr]    Compiling anyhow v1.0.70
[INFO] [stderr]    Compiling io-lifetimes v1.0.9
[INFO] [stderr]    Compiling paste v1.0.12
[INFO] [stderr]    Compiling snap v1.1.0
[INFO] [stderr]    Compiling tracing v0.1.37
[INFO] [stderr]    Compiling indexmap v2.1.0
[INFO] [stderr]    Compiling snafu v0.7.4
[INFO] [stderr]    Compiling csv v1.2.1
[INFO] [stderr]    Compiling arrow-ipc v49.0.0
[INFO] [stderr]    Compiling futures v0.3.28
[INFO] [stderr]    Compiling flate2 v1.0.25
[INFO] [stderr]    Compiling brotli-decompressor v2.3.4
[INFO] [stderr]    Compiling itertools v0.11.0
[INFO] [stderr]    Compiling twox-hash v1.6.3
[INFO] [stderr]    Compiling ordered-float v2.10.0
[INFO] [stderr]    Compiling byteorder v1.4.3
[INFO] [stderr]    Compiling rustix v0.37.6
[INFO] [stderr]    Compiling integer-encoding v3.0.4
[INFO] [stderr]    Compiling fixedbitset v0.4.2
[INFO] [stderr]    Compiling thrift v0.17.0
[INFO] [stderr]    Compiling brotli v3.3.4
[INFO] [stderr]    Compiling arrow-string v49.0.0
[INFO] [stderr]    Compiling lz4_flex v0.11.2
[INFO] [stderr]    Compiling arrow-csv v49.0.0
[INFO] [stderr]    Compiling arrow-json v49.0.0
[INFO] [stderr]    Compiling object_store v0.8.0
[INFO] [stderr]    Compiling itertools v0.10.5
[INFO] [stderr]    Compiling arrow-ord v49.0.0
[INFO] [stderr]    Compiling arrow-arith v49.0.0
[INFO] [stderr]    Compiling arrow-row v49.0.0
[INFO] [stderr]    Compiling block-buffer v0.10.4
[INFO] [stderr]    Compiling crypto-common v0.1.6
[INFO] [stderr]    Compiling sqlparser_derive v0.2.2
[INFO] [stderr]    Compiling linux-raw-sys v0.3.1
[INFO] [stderr]    Compiling seq-macro v0.3.3
[INFO] [stderr]    Compiling subtle v2.4.1
[INFO] [stderr]    Compiling digest v0.10.6
[INFO] [stderr]    Compiling libz-sys v1.1.14
[INFO] [stderr]    Compiling sqlparser v0.40.0
[INFO] [stderr]    Compiling arrow v49.0.0
[INFO] [stderr]    Compiling prost-derive v0.12.3
[INFO] [stderr]    Compiling serde_derive_internals v0.26.0
[INFO] [stderr]    Compiling thiserror v1.0.40
[INFO] [stderr]    Compiling schemars v0.8.16
[INFO] [stderr]    Compiling fastrand v1.9.0
[INFO] [stderr]    Compiling hashbrown v0.13.2
[INFO] [stderr]    Compiling thiserror-impl v1.0.40
[INFO] [stderr]    Compiling schemars_derive v0.8.16
[INFO] [stderr]    Compiling tempfile v3.5.0
[INFO] [stderr]    Compiling dyn-clone v1.0.11
[INFO] [stderr]    Compiling unicode-segmentation v1.10.1
[INFO] [stderr]    Compiling rand_chacha v0.3.1
[INFO] [stderr]    Compiling regress v0.7.1
[INFO] [stderr]    Compiling blake3 v1.3.3
[INFO] [stderr]    Compiling libgit2-sys v0.16.1+1.7.1
[INFO] [stderr]    Compiling prost v0.12.3
[INFO] [stderr]    Compiling serde_tokenstream v0.2.0
[INFO] [stderr]    Compiling lzma-sys v0.1.20
[INFO] [stderr]    Compiling bzip2-sys v0.1.11+1.0.8
[INFO] [stderr]    Compiling arrayvec v0.7.2
[INFO] [stderr]    Compiling prettyplease v0.2.16
[INFO] [stderr]    Compiling constant_time_eq v0.2.5
[INFO] [stderr]    Compiling arrayref v0.3.7
[INFO] [stderr]    Compiling cpufeatures v0.2.6
[INFO] [stderr]    Compiling sha2 v0.10.6
[INFO] [stderr]    Compiling prost-types v0.12.3
[INFO] [stderr]    Compiling md-5 v0.10.5
[INFO] [stderr]    Compiling blake2 v0.10.6
[INFO] [stderr]    Compiling typify-impl v0.0.15
[INFO] [stderr]    Compiling petgraph v0.6.3
[INFO] [stderr]    Compiling which v4.4.0
[INFO] [stderr]    Compiling itertools v0.12.0
[INFO] [stderr]    Compiling uuid v1.3.0
[INFO] [stderr]    Compiling multimap v0.8.3
[INFO] [stderr]    Compiling bitflags v2.4.2
[INFO] [stderr]    Compiling unsafe-libyaml v0.2.7
[INFO] [stderr]    Compiling prost-build v0.12.3
[INFO] [stderr]    Compiling serde_yaml v0.9.19
[INFO] [stderr]    Compiling dashmap v5.4.0
[INFO] [stderr]    Compiling xz2 v0.1.7
[INFO] [stderr]    Compiling proc-macro-error-attr v1.0.4
[INFO] [stderr]    Compiling heck v0.3.3
[INFO] [stderr]    Compiling proc-macro-error v1.0.4
[INFO] [stderr]    Compiling tokio-util v0.7.7
[INFO] [stderr]    Compiling textwrap v0.11.0
[INFO] [stderr]    Compiling structopt-derive v0.4.18
[INFO] [stderr]    Compiling clap v2.34.0
[INFO] [stderr]    Compiling async-recursion v1.0.4
[INFO] [stderr]    Compiling typify-macro v0.0.15
[INFO] [stderr]    Compiling bzip2 v0.4.4
[INFO] [stderr]    Compiling structopt v0.3.26
[INFO] [stderr]    Compiling typify v0.0.15
[INFO] [stderr]    Compiling zstd v0.13.0
[INFO] [stderr]    Compiling parquet v49.0.0
[INFO] [stderr]    Compiling async-compression v0.4.6
[INFO] [stderr]    Compiling git2 v0.18.1
[INFO] [stderr]    Compiling substrait v0.20.3
[INFO] [stderr]    Compiling datafusion-common v34.0.0
[INFO] [stderr]    Compiling datafusion-expr v34.0.0
[INFO] [stderr]    Compiling datafusion-physical-expr v34.0.0
[INFO] [stderr]    Compiling datafusion-execution v34.0.0
[INFO] [stderr]    Compiling datafusion-sql v34.0.0
[INFO] [stderr]    Compiling datafusion-physical-plan v34.0.0
[INFO] [stderr]    Compiling datafusion-optimizer v34.0.0
[INFO] [stderr]    Compiling datafusion v34.0.0
[INFO] [stderr]    Compiling datafusion-substrait v34.0.0
[INFO] [stderr]    Compiling qpml v0.14.0 (/opt/rustwide/workdir)
[INFO] [stderr]     Finished `dev` profile [unoptimized + debuginfo] target(s) in 2m 36s
[INFO] running `Command { std: "docker" "inspect" "e475c1a4e1855cf75ed9665624ff1a075c4e11bd24b9a37f45f3b1107a10e268", kill_on_drop: false }`
[INFO] running `Command { std: "docker" "rm" "-f" "e475c1a4e1855cf75ed9665624ff1a075c4e11bd24b9a37f45f3b1107a10e268", kill_on_drop: false }`
[INFO] [stdout] e475c1a4e1855cf75ed9665624ff1a075c4e11bd24b9a37f45f3b1107a10e268
[INFO] running `Command { std: "docker" "create" "-v" "/var/lib/crater-agent-workspace/builds/worker-5-tc2/target:/opt/rustwide/target:rw,Z" "-v" "/var/lib/crater-agent-workspace/builds/worker-5-tc2/source:/opt/rustwide/workdir:ro,Z" "-v" "/var/lib/crater-agent-workspace/cargo-home:/opt/rustwide/cargo-home:ro,Z" "-v" "/var/lib/crater-agent-workspace/rustup-home:/opt/rustwide/rustup-home:ro,Z" "-e" "SOURCE_DIR=/opt/rustwide/workdir" "-e" "CARGO_TARGET_DIR=/opt/rustwide/target" "-e" "CARGO_INCREMENTAL=0" "-e" "RUST_BACKTRACE=full" "-e" "RUSTFLAGS=--cap-lints=forbid -Zrandomize-layout" "-e" "RUSTDOCFLAGS=--cap-lints=forbid" "-e" "CARGO_HOME=/opt/rustwide/cargo-home" "-e" "RUSTUP_HOME=/opt/rustwide/rustup-home" "-w" "/opt/rustwide/workdir" "-m" "1610612736" "--user" "0:0" "--network" "none" "ghcr.io/rust-lang/crates-build-env/linux@sha256:4a844ea9eb2546a2d2c7022eacef16ef2e8229c7fbb2c7d4d55a9ceca922f72d" "/opt/rustwide/cargo-home/bin/cargo" "+nightly-2024-10-28" "test" "--frozen" "--no-run" "--message-format=json", kill_on_drop: false }`
[INFO] [stdout] 23b2dc251b0cd87f7e68ff4955b1c3b03fbe7ac96a922c1efae7e9265e7f8e19
[INFO] running `Command { std: "docker" "start" "-a" "23b2dc251b0cd87f7e68ff4955b1c3b03fbe7ac96a922c1efae7e9265e7f8e19", kill_on_drop: false }`
[INFO] [stderr]    Compiling qpml v0.14.0 (/opt/rustwide/workdir)
[INFO] [stderr]     Finished `test` profile [unoptimized + debuginfo] target(s) in 26.92s
[INFO] running `Command { std: "docker" "inspect" "23b2dc251b0cd87f7e68ff4955b1c3b03fbe7ac96a922c1efae7e9265e7f8e19", kill_on_drop: false }`
[INFO] running `Command { std: "docker" "rm" "-f" "23b2dc251b0cd87f7e68ff4955b1c3b03fbe7ac96a922c1efae7e9265e7f8e19", kill_on_drop: false }`
[INFO] [stdout] 23b2dc251b0cd87f7e68ff4955b1c3b03fbe7ac96a922c1efae7e9265e7f8e19
[INFO] running `Command { std: "docker" "create" "-v" "/var/lib/crater-agent-workspace/builds/worker-5-tc2/target:/opt/rustwide/target:rw,Z" "-v" "/var/lib/crater-agent-workspace/builds/worker-5-tc2/source:/opt/rustwide/workdir:ro,Z" "-v" "/var/lib/crater-agent-workspace/cargo-home:/opt/rustwide/cargo-home:ro,Z" "-v" "/var/lib/crater-agent-workspace/rustup-home:/opt/rustwide/rustup-home:ro,Z" "-e" "SOURCE_DIR=/opt/rustwide/workdir" "-e" "CARGO_TARGET_DIR=/opt/rustwide/target" "-e" "CARGO_INCREMENTAL=0" "-e" "RUST_BACKTRACE=full" "-e" "RUSTFLAGS=--cap-lints=forbid -Zrandomize-layout" "-e" "RUSTDOCFLAGS=--cap-lints=forbid" "-e" "CARGO_HOME=/opt/rustwide/cargo-home" "-e" "RUSTUP_HOME=/opt/rustwide/rustup-home" "-w" "/opt/rustwide/workdir" "-m" "1610612736" "--user" "0:0" "--network" "none" "ghcr.io/rust-lang/crates-build-env/linux@sha256:4a844ea9eb2546a2d2c7022eacef16ef2e8229c7fbb2c7d4d55a9ceca922f72d" "/opt/rustwide/cargo-home/bin/cargo" "+nightly-2024-10-28" "test" "--frozen", kill_on_drop: false }`
[INFO] [stdout] 23662528d24b2c672de9b1b7681beb335b3e3b00e342785da7ab51d4e0d1b3c2
[INFO] running `Command { std: "docker" "start" "-a" "23662528d24b2c672de9b1b7681beb335b3e3b00e342785da7ab51d4e0d1b3c2", kill_on_drop: false }`
[INFO] [stderr]     Finished `test` profile [unoptimized + debuginfo] target(s) in 0.35s
[INFO] [stderr]      Running unittests src/lib.rs (/opt/rustwide/target/debug/deps/qpml-8c9798e86cd1d2a2)
[INFO] [stdout] 
[INFO] [stdout] running 3 tests
[INFO] [stdout] test tests::write_yaml ... ok
[INFO] [stdout] test tests::test_from_df ... ok
[INFO] [stdout] test tests::test_read_yaml ... FAILED
[INFO] [stdout] 
[INFO] [stdout] failures:
[INFO] [stdout] 
[INFO] [stdout] ---- tests::test_read_yaml stdout ----
[INFO] [stdout] thread 'tests::test_read_yaml' panicked at src/lib.rs:149:41:
[INFO] [stdout] Unable to read file: Os { code: 2, kind: NotFound, message: "No such file or directory" }
[INFO] [stdout] stack backtrace:
[INFO] [stdout]    0:     0x59bfb77ccf5a - std::backtrace_rs::backtrace::libunwind::trace::h207520d6e9873551
[INFO] [stdout]                                at /rustc/df4ca44d3fbc9301ee17f30f4d474e6ae4b05252/library/std/src/../../backtrace/src/backtrace/libunwind.rs:116:5
[INFO] [stdout]    1:     0x59bfb77ccf5a - std::backtrace_rs::backtrace::trace_unsynchronized::h2ed7433f370e3eca
[INFO] [stdout]                                at /rustc/df4ca44d3fbc9301ee17f30f4d474e6ae4b05252/library/std/src/../../backtrace/src/backtrace/mod.rs:66:5
[INFO] [stdout]    2:     0x59bfb77ccf5a - std::sys::backtrace::_print_fmt::h916fac51166b18d7
[INFO] [stdout]                                at /rustc/df4ca44d3fbc9301ee17f30f4d474e6ae4b05252/library/std/src/sys/backtrace.rs:66:9
[INFO] [stdout]    3:     0x59bfb77ccf5a - <std::sys::backtrace::BacktraceLock::print::DisplayBacktrace as core::fmt::Display>::fmt::ha0a4c9b8ce3802e6
[INFO] [stdout]                                at /rustc/df4ca44d3fbc9301ee17f30f4d474e6ae4b05252/library/std/src/sys/backtrace.rs:39:26
[INFO] [stdout]    4:     0x59bfb77fa0b3 - core::fmt::rt::Argument::fmt::h4cfc8587d52b3eb5
[INFO] [stdout]                                at /rustc/df4ca44d3fbc9301ee17f30f4d474e6ae4b05252/library/core/src/fmt/rt.rs:177:76
[INFO] [stdout]    5:     0x59bfb77fa0b3 - core::fmt::write::h522cc39e5b36ae9f
[INFO] [stdout]                                at /rustc/df4ca44d3fbc9301ee17f30f4d474e6ae4b05252/library/core/src/fmt/mod.rs:1190:21
[INFO] [stdout]    6:     0x59bfb77c96e3 - std::io::Write::write_fmt::h7d3c26752da97734
[INFO] [stdout]                                at /rustc/df4ca44d3fbc9301ee17f30f4d474e6ae4b05252/library/std/src/io/mod.rs:1839:15
[INFO] [stdout]    7:     0x59bfb77ccda2 - std::sys::backtrace::BacktraceLock::print::h4b9e00b29e9c0942
[INFO] [stdout]                                at /rustc/df4ca44d3fbc9301ee17f30f4d474e6ae4b05252/library/std/src/sys/backtrace.rs:42:9
[INFO] [stdout]    8:     0x59bfb77ce3ea - std::panicking::default_hook::{{closure}}::hb59b88280d0324d9
[INFO] [stdout]                                at /rustc/df4ca44d3fbc9301ee17f30f4d474e6ae4b05252/library/std/src/panicking.rs:268:22
[INFO] [stdout]    9:     0x59bfb77ce1f4 - std::panicking::default_hook::he1dd496665be4a29
[INFO] [stdout]                                at /rustc/df4ca44d3fbc9301ee17f30f4d474e6ae4b05252/library/std/src/panicking.rs:292:9
[INFO] [stdout]   10:     0x59bfb3d25c29 - <alloc::boxed::Box<F,A> as core::ops::function::Fn<Args>>::call::h4ff71de18744e1dc
[INFO] [stdout]                                at /rustc/df4ca44d3fbc9301ee17f30f4d474e6ae4b05252/library/alloc/src/boxed.rs:2468:9
[INFO] [stdout]   11:     0x59bfb3d25c29 - test::test_main::{{closure}}::hcf7c055ce117aa81
[INFO] [stdout]                                at /rustc/df4ca44d3fbc9301ee17f30f4d474e6ae4b05252/library/test/src/lib.rs:133:21
[INFO] [stdout]   12:     0x59bfb77ceae8 - <alloc::boxed::Box<F,A> as core::ops::function::Fn<Args>>::call::h1d66c6bbd60c9692
[INFO] [stdout]                                at /rustc/df4ca44d3fbc9301ee17f30f4d474e6ae4b05252/library/alloc/src/boxed.rs:2468:9
[INFO] [stdout]   13:     0x59bfb77ceae8 - std::panicking::rust_panic_with_hook::h2ff17fe8f26dfcf8
[INFO] [stdout]                                at /rustc/df4ca44d3fbc9301ee17f30f4d474e6ae4b05252/library/std/src/panicking.rs:809:13
[INFO] [stdout]   14:     0x59bfb77ce8aa - std::panicking::begin_panic_handler::{{closure}}::h4fad77951c07e101
[INFO] [stdout]                                at /rustc/df4ca44d3fbc9301ee17f30f4d474e6ae4b05252/library/std/src/panicking.rs:674:13
[INFO] [stdout]   15:     0x59bfb77cd439 - std::sys::backtrace::__rust_end_short_backtrace::hb1a25b3da5d0ea08
[INFO] [stdout]                                at /rustc/df4ca44d3fbc9301ee17f30f4d474e6ae4b05252/library/std/src/sys/backtrace.rs:170:18
[INFO] [stdout]   16:     0x59bfb77ce53c - rust_begin_unwind
[INFO] [stdout]                                at /rustc/df4ca44d3fbc9301ee17f30f4d474e6ae4b05252/library/std/src/panicking.rs:665:5
[INFO] [stdout]   17:     0x59bfb77f72a0 - core::panicking::panic_fmt::ha9db07b529f9b256
[INFO] [stdout]                                at /rustc/df4ca44d3fbc9301ee17f30f4d474e6ae4b05252/library/core/src/panicking.rs:75:14
[INFO] [stdout]   18:     0x59bfb77f7786 - core::result::unwrap_failed::h5e8218e4d4338b8a
[INFO] [stdout]                                at /rustc/df4ca44d3fbc9301ee17f30f4d474e6ae4b05252/library/core/src/result.rs:1698:5
[INFO] [stdout]   19:     0x59bfb3c57b84 - core::result::Result<T,E>::expect::hd6ae96f9ec9c2fac
[INFO] [stdout]                                at /rustc/df4ca44d3fbc9301ee17f30f4d474e6ae4b05252/library/core/src/result.rs:1060:23
[INFO] [stdout]   20:     0x59bfb3c1378b - qpml::read_yaml::h5f045e6a8dff0fc6
[INFO] [stdout]                                at /opt/rustwide/workdir/src/lib.rs:149:16
[INFO] [stdout]   21:     0x59bfb3c1977d - qpml::tests::test_read_yaml::h7220ea3321771315
[INFO] [stdout]                                at /opt/rustwide/workdir/src/lib.rs:462:20
[INFO] [stdout]   22:     0x59bfb3c19747 - qpml::tests::test_read_yaml::{{closure}}::h44e59c1fe34908bc
[INFO] [stdout]                                at /opt/rustwide/workdir/src/lib.rs:461:24
[INFO] [stdout]   23:     0x59bfb3c28626 - core::ops::function::FnOnce::call_once::hcf74fd9c1401f1b6
[INFO] [stdout]                                at /rustc/df4ca44d3fbc9301ee17f30f4d474e6ae4b05252/library/core/src/ops/function.rs:250:5
[INFO] [stdout]   24:     0x59bfb3d2a4fb - core::ops::function::FnOnce::call_once::h22c3ba5715e93f05
[INFO] [stdout]                                at /rustc/df4ca44d3fbc9301ee17f30f4d474e6ae4b05252/library/core/src/ops/function.rs:250:5
[INFO] [stdout]   25:     0x59bfb3d2a4fb - test::__rust_begin_short_backtrace::h8e82d8113d0da17f
[INFO] [stdout]                                at /rustc/df4ca44d3fbc9301ee17f30f4d474e6ae4b05252/library/test/src/lib.rs:621:18
[INFO] [stdout]   26:     0x59bfb3d29e77 - test::run_test_in_process::{{closure}}::h33235f4f20b7b7c7
[INFO] [stdout]                                at /rustc/df4ca44d3fbc9301ee17f30f4d474e6ae4b05252/library/test/src/lib.rs:644:60
[INFO] [stdout]   27:     0x59bfb3d29e77 - <core::panic::unwind_safe::AssertUnwindSafe<F> as core::ops::function::FnOnce<()>>::call_once::hb5043206310c586f
[INFO] [stdout]                                at /rustc/df4ca44d3fbc9301ee17f30f4d474e6ae4b05252/library/core/src/panic/unwind_safe.rs:272:9
[INFO] [stdout]   28:     0x59bfb3d29e77 - std::panicking::try::do_call::h9ad4731a60ab23e2
[INFO] [stdout]                                at /rustc/df4ca44d3fbc9301ee17f30f4d474e6ae4b05252/library/std/src/panicking.rs:557:40
[INFO] [stdout]   29:     0x59bfb3d29e77 - std::panicking::try::h3824d23db772a716
[INFO] [stdout]                                at /rustc/df4ca44d3fbc9301ee17f30f4d474e6ae4b05252/library/std/src/panicking.rs:520:19
[INFO] [stdout]   30:     0x59bfb3d29e77 - std::panic::catch_unwind::h5afd514605fde46b
[INFO] [stdout]                                at /rustc/df4ca44d3fbc9301ee17f30f4d474e6ae4b05252/library/std/src/panic.rs:358:14
[INFO] [stdout]   31:     0x59bfb3d29e77 - test::run_test_in_process::h0d5cbfa7067d1720
[INFO] [stdout]                                at /rustc/df4ca44d3fbc9301ee17f30f4d474e6ae4b05252/library/test/src/lib.rs:644:27
[INFO] [stdout]   32:     0x59bfb3d29e77 - test::run_test::{{closure}}::h708eb8872708115d
[INFO] [stdout]                                at /rustc/df4ca44d3fbc9301ee17f30f4d474e6ae4b05252/library/test/src/lib.rs:565:43
[INFO] [stdout]   33:     0x59bfb3ced594 - test::run_test::{{closure}}::h392c51cee94713ab
[INFO] [stdout]                                at /rustc/df4ca44d3fbc9301ee17f30f4d474e6ae4b05252/library/test/src/lib.rs:595:41
[INFO] [stdout]   34:     0x59bfb3ced594 - std::sys::backtrace::__rust_begin_short_backtrace::h2f40290710935a8b
[INFO] [stdout]                                at /rustc/df4ca44d3fbc9301ee17f30f4d474e6ae4b05252/library/std/src/sys/backtrace.rs:154:18
[INFO] [stdout]   35:     0x59bfb3cf0d3e - std::thread::Builder::spawn_unchecked_::{{closure}}::{{closure}}::h3fd968d89053a903
[INFO] [stdout]                                at /rustc/df4ca44d3fbc9301ee17f30f4d474e6ae4b05252/library/std/src/thread/mod.rs:541:17
[INFO] [stdout]   36:     0x59bfb3cf0d3e - <core::panic::unwind_safe::AssertUnwindSafe<F> as core::ops::function::FnOnce<()>>::call_once::h743f637ba4229880
[INFO] [stdout]                                at /rustc/df4ca44d3fbc9301ee17f30f4d474e6ae4b05252/library/core/src/panic/unwind_safe.rs:272:9
[INFO] [stdout]   37:     0x59bfb3cf0d3e - std::panicking::try::do_call::h07440897322525a6
[INFO] [stdout]                                at /rustc/df4ca44d3fbc9301ee17f30f4d474e6ae4b05252/library/std/src/panicking.rs:557:40
[INFO] [stdout]   38:     0x59bfb3cf0d3e - std::panicking::try::he5a2e00188156637
[INFO] [stdout]                                at /rustc/df4ca44d3fbc9301ee17f30f4d474e6ae4b05252/library/std/src/panicking.rs:520:19
[INFO] [stdout]   39:     0x59bfb3cf0d3e - std::panic::catch_unwind::hbaf3cae49b3c6433
[INFO] [stdout]                                at /rustc/df4ca44d3fbc9301ee17f30f4d474e6ae4b05252/library/std/src/panic.rs:358:14
[INFO] [stdout]   40:     0x59bfb3cf0d3e - std::thread::Builder::spawn_unchecked_::{{closure}}::h8e141ea224820bce
[INFO] [stdout]                                at /rustc/df4ca44d3fbc9301ee17f30f4d474e6ae4b05252/library/std/src/thread/mod.rs:540:30
[INFO] [stdout]   41:     0x59bfb3cf0d3e - core::ops::function::FnOnce::call_once{{vtable.shim}}::h90d312fedd7b8ea8
[INFO] [stdout]                                at /rustc/df4ca44d3fbc9301ee17f30f4d474e6ae4b05252/library/core/src/ops/function.rs:250:5
[INFO] [stdout]   42:     0x59bfb77d3cab - <alloc::boxed::Box<F,A> as core::ops::function::FnOnce<Args>>::call_once::h69aa08ddb6adb8b6
[INFO] [stdout]                                at /rustc/df4ca44d3fbc9301ee17f30f4d474e6ae4b05252/library/alloc/src/boxed.rs:2454:9
[INFO] [stdout]   43:     0x59bfb77d3cab - <alloc::boxed::Box<F,A> as core::ops::function::FnOnce<Args>>::call_once::h5aa36efdb79c806f
[INFO] [stdout]                                at /rustc/df4ca44d3fbc9301ee17f30f4d474e6ae4b05252/library/alloc/src/boxed.rs:2454:9
[INFO] [stdout]   44:     0x59bfb77d3cab - std::sys::pal::unix::thread::Thread::new::thread_start::h6cd80a1b4be5158d
[INFO] [stdout]                                at /rustc/df4ca44d3fbc9301ee17f30f4d474e6ae4b05252/library/std/src/sys/pal/unix/thread.rs:105:17
[INFO] [stdout]   45:     0x75154ff96ac3 - <unknown>
[INFO] [stdout]   46:     0x751550027a04 - clone
[INFO] [stdout]   47:                0x0 - <unknown>
[INFO] [stdout] 
[INFO] [stdout] 
[INFO] [stdout] failures:
[INFO] [stdout]     tests::test_read_yaml
[INFO] [stdout] 
[INFO] [stdout] test result: FAILED. 2 passed; 1 failed; 0 ignored; 0 measured; 0 filtered out; finished in 0.07s
[INFO] [stdout] 
[INFO] [stderr] error: test failed, to rerun pass `--lib`
[INFO] running `Command { std: "docker" "inspect" "23662528d24b2c672de9b1b7681beb335b3e3b00e342785da7ab51d4e0d1b3c2", kill_on_drop: false }`
[INFO] running `Command { std: "docker" "rm" "-f" "23662528d24b2c672de9b1b7681beb335b3e3b00e342785da7ab51d4e0d1b3c2", kill_on_drop: false }`
[INFO] [stdout] 23662528d24b2c672de9b1b7681beb335b3e3b00e342785da7ab51d4e0d1b3c2
