[INFO] fetching crate python_rt 0.1.0...
[INFO] testing python_rt-0.1.0 against nightly-2024-10-28 for randomize-layout
[INFO] extracting crate python_rt 0.1.0 into /workspace/builds/worker-0-tc1/source
[INFO] validating manifest of crates.io crate python_rt 0.1.0 on toolchain nightly-2024-10-28
[INFO] running `Command { std: CARGO_HOME="/workspace/cargo-home" RUSTUP_HOME="/workspace/rustup-home" "/workspace/cargo-home/bin/cargo" "+nightly-2024-10-28" "metadata" "--manifest-path" "Cargo.toml" "--no-deps", kill_on_drop: false }`
[INFO] started tweaking crates.io crate python_rt 0.1.0
[INFO] finished tweaking crates.io crate python_rt 0.1.0
[INFO] tweaked toml for crates.io crate python_rt 0.1.0 written to /workspace/builds/worker-0-tc1/source/Cargo.toml
[INFO] running `Command { std: CARGO_HOME="/workspace/cargo-home" RUSTUP_HOME="/workspace/rustup-home" "/workspace/cargo-home/bin/cargo" "+nightly-2024-10-28" "generate-lockfile" "--manifest-path" "Cargo.toml", kill_on_drop: false }`
[INFO] [stderr]     Updating crates.io index
[INFO] [stderr]      Locking 215 packages to latest compatible versions
[INFO] [stderr]       Adding prost v0.12.6 (available: v0.13.3)
[INFO] [stderr]       Adding prost-types v0.12.6 (available: v0.13.3)
[INFO] [stderr]       Adding pyo3 v0.21.2 (available: v0.22.5)
[INFO] [stderr]       Adding tonic v0.11.0 (available: v0.12.3)
[INFO] [stderr]       Adding wasi v0.10.0+wasi-snapshot-preview1 (available: v0.10.2+wasi-snapshot-preview1)
[INFO] [stderr]       Adding wd_log v0.3.0 (available: v0.4.0)
[INFO] running `Command { std: CARGO_HOME="/workspace/cargo-home" RUSTUP_HOME="/workspace/rustup-home" "/workspace/cargo-home/bin/cargo" "+nightly-2024-10-28" "fetch" "--manifest-path" "Cargo.toml", kill_on_drop: false }`
[INFO] [stderr]  Downloading crates ...
[INFO] [stderr]   Downloaded wd_tools v0.13.14
[INFO] [stderr]   Downloaded wd_log v0.3.0
[INFO] running `Command { std: "docker" "create" "-v" "/var/lib/crater-agent-workspace/builds/worker-0-tc1/target:/opt/rustwide/target:rw,Z" "-v" "/var/lib/crater-agent-workspace/builds/worker-0-tc1/source:/opt/rustwide/workdir:ro,Z" "-v" "/var/lib/crater-agent-workspace/cargo-home:/opt/rustwide/cargo-home:ro,Z" "-v" "/var/lib/crater-agent-workspace/rustup-home:/opt/rustwide/rustup-home:ro,Z" "-e" "SOURCE_DIR=/opt/rustwide/workdir" "-e" "CARGO_TARGET_DIR=/opt/rustwide/target" "-e" "CARGO_HOME=/opt/rustwide/cargo-home" "-e" "RUSTUP_HOME=/opt/rustwide/rustup-home" "-w" "/opt/rustwide/workdir" "-m" "1610612736" "--user" "0:0" "--network" "none" "ghcr.io/rust-lang/crates-build-env/linux@sha256:4a844ea9eb2546a2d2c7022eacef16ef2e8229c7fbb2c7d4d55a9ceca922f72d" "/opt/rustwide/cargo-home/bin/cargo" "+nightly-2024-10-28" "metadata" "--no-deps" "--format-version=1", kill_on_drop: false }`
[INFO] [stdout] 8679dfe9eff7f0b73025a74e05bdfe8d0dbb3c62e7cac405dae08e666652404b
[INFO] running `Command { std: "docker" "start" "-a" "8679dfe9eff7f0b73025a74e05bdfe8d0dbb3c62e7cac405dae08e666652404b", kill_on_drop: false }`
[INFO] running `Command { std: "docker" "inspect" "8679dfe9eff7f0b73025a74e05bdfe8d0dbb3c62e7cac405dae08e666652404b", kill_on_drop: false }`
[INFO] running `Command { std: "docker" "rm" "-f" "8679dfe9eff7f0b73025a74e05bdfe8d0dbb3c62e7cac405dae08e666652404b", kill_on_drop: false }`
[INFO] [stdout] 8679dfe9eff7f0b73025a74e05bdfe8d0dbb3c62e7cac405dae08e666652404b
[INFO] running `Command { std: "docker" "create" "-v" "/var/lib/crater-agent-workspace/builds/worker-0-tc1/target:/opt/rustwide/target:rw,Z" "-v" "/var/lib/crater-agent-workspace/builds/worker-0-tc1/source:/opt/rustwide/workdir:ro,Z" "-v" "/var/lib/crater-agent-workspace/cargo-home:/opt/rustwide/cargo-home:ro,Z" "-v" "/var/lib/crater-agent-workspace/rustup-home:/opt/rustwide/rustup-home:ro,Z" "-e" "SOURCE_DIR=/opt/rustwide/workdir" "-e" "CARGO_TARGET_DIR=/opt/rustwide/target" "-e" "CARGO_INCREMENTAL=0" "-e" "RUST_BACKTRACE=full" "-e" "RUSTFLAGS=--cap-lints=forbid" "-e" "RUSTDOCFLAGS=--cap-lints=forbid" "-e" "CARGO_HOME=/opt/rustwide/cargo-home" "-e" "RUSTUP_HOME=/opt/rustwide/rustup-home" "-w" "/opt/rustwide/workdir" "-m" "1610612736" "--user" "0:0" "--network" "none" "ghcr.io/rust-lang/crates-build-env/linux@sha256:4a844ea9eb2546a2d2c7022eacef16ef2e8229c7fbb2c7d4d55a9ceca922f72d" "/opt/rustwide/cargo-home/bin/cargo" "+nightly-2024-10-28" "build" "--frozen" "--message-format=json", kill_on_drop: false }`
[INFO] [stdout] c7e4b1b1e9d0d1d8ddf022d29bd3bf5e46902b583a6a7230a20b280f24be0901
[INFO] running `Command { std: "docker" "start" "-a" "c7e4b1b1e9d0d1d8ddf022d29bd3bf5e46902b583a6a7230a20b280f24be0901", kill_on_drop: false }`
[INFO] [stderr]    Compiling proc-macro2 v1.0.89
[INFO] [stderr]    Compiling unicode-ident v1.0.13
[INFO] [stderr]    Compiling libc v0.2.161
[INFO] [stderr]    Compiling autocfg v1.4.0
[INFO] [stderr]    Compiling cfg-if v1.0.0
[INFO] [stderr]    Compiling once_cell v1.20.2
[INFO] [stderr]    Compiling bytes v1.8.0
[INFO] [stderr]    Compiling pin-project-lite v0.2.15
[INFO] [stderr]    Compiling parking_lot_core v0.9.10
[INFO] [stderr]    Compiling futures-core v0.3.31
[INFO] [stderr]    Compiling smallvec v1.13.2
[INFO] [stderr]    Compiling scopeguard v1.2.0
[INFO] [stderr]    Compiling itoa v1.0.11
[INFO] [stderr]    Compiling fnv v1.0.7
[INFO] [stderr]    Compiling allocator-api2 v0.2.18
[INFO] [stderr]    Compiling futures-task v0.3.31
[INFO] [stderr]    Compiling equivalent v1.0.1
[INFO] [stderr]    Compiling pin-utils v0.1.0
[INFO] [stderr]    Compiling foldhash v0.1.3
[INFO] [stderr]    Compiling futures-sink v0.3.31
[INFO] [stderr]    Compiling target-lexicon v0.12.16
[INFO] [stderr]    Compiling shlex v1.3.0
[INFO] [stderr]    Compiling vcpkg v0.2.15
[INFO] [stderr]    Compiling futures-util v0.3.31
[INFO] [stderr]    Compiling httparse v1.9.5
[INFO] [stderr]    Compiling tracing-core v0.1.32
[INFO] [stderr]    Compiling pkg-config v0.3.31
[INFO] [stderr]    Compiling serde v1.0.214
[INFO] [stderr]    Compiling try-lock v0.2.5
[INFO] [stderr]    Compiling tower-service v0.3.3
[INFO] [stderr]    Compiling cc v1.1.31
[INFO] [stderr]    Compiling want v0.3.1
[INFO] [stderr]    Compiling futures-channel v0.3.31
[INFO] [stderr]    Compiling hashbrown v0.15.0
[INFO] [stderr]    Compiling rustversion v1.0.18
[INFO] [stderr]    Compiling http v1.1.0
[INFO] [stderr]    Compiling http v0.2.12
[INFO] [stderr]    Compiling anyhow v1.0.92
[INFO] [stderr]    Compiling lock_api v0.4.12
[INFO] [stderr]    Compiling slab v0.4.9
[INFO] [stderr]    Compiling quote v1.0.37
[INFO] [stderr]    Compiling indexmap v2.6.0
[INFO] [stderr]    Compiling pyo3-build-config v0.21.2
[INFO] [stderr]    Compiling byteorder v1.5.0
[INFO] [stderr]    Compiling syn v2.0.86
[INFO] [stderr]    Compiling signal-hook-registry v1.4.2
[INFO] [stderr]    Compiling socket2 v0.5.7
[INFO] [stderr]    Compiling mio v1.0.2
[INFO] [stderr]    Compiling openssl v0.10.68
[INFO] [stderr]    Compiling foreign-types-shared v0.1.1
[INFO] [stderr]    Compiling percent-encoding v2.3.1
[INFO] [stderr]    Compiling parking_lot v0.12.3
[INFO] [stderr]    Compiling foreign-types v0.3.2
[INFO] [stderr]    Compiling http-body v1.0.1
[INFO] [stderr]    Compiling getrandom v0.2.15
[INFO] [stderr]    Compiling tinyvec_macros v0.1.1
[INFO] [stderr]    Compiling native-tls v0.2.12
[INFO] [stderr]    Compiling atomic-waker v1.1.2
[INFO] [stderr]    Compiling bitflags v2.6.0
[INFO] [stderr]    Compiling rand_core v0.6.4
[INFO] [stderr]    Compiling tinyvec v1.8.0
[INFO] [stderr]    Compiling indexmap v1.9.3
[INFO] [stderr]    Compiling num-traits v0.2.19
[INFO] [stderr]    Compiling memchr v2.7.4
[INFO] [stderr]    Compiling http-body v0.4.6
[INFO] [stderr]    Compiling mime v0.3.17
[INFO] [stderr]    Compiling openssl-probe v0.1.5
[INFO] [stderr]    Compiling either v1.13.0
[INFO] [stderr]    Compiling log v0.4.22
[INFO] [stderr]    Compiling openssl-sys v0.9.104
[INFO] [stderr]    Compiling itertools v0.12.1
[INFO] [stderr]    Compiling axum-core v0.3.4
[INFO] [stderr]    Compiling form_urlencoded v1.2.1
[INFO] [stderr]    Compiling gcc v0.3.55
[INFO] [stderr]    Compiling serde_json v1.0.132
[INFO] [stderr]    Compiling ryu v1.0.18
[INFO] [stderr]    Compiling httpdate v1.0.3
[INFO] [stderr]    Compiling hashbrown v0.12.3
[INFO] [stderr]    Compiling unicode-bidi v0.3.17
[INFO] [stderr]    Compiling tower-layer v0.3.3
[INFO] [stderr]    Compiling http-body-util v0.1.2
[INFO] [stderr]    Compiling unicode-normalization v0.1.24
[INFO] [stderr]    Compiling axum v0.6.20
[INFO] [stderr]    Compiling rand v0.4.6
[INFO] [stderr]    Compiling memoffset v0.9.1
[INFO] [stderr]    Compiling heck v0.4.1
[INFO] [stderr]    Compiling portable-atomic v1.9.0
[INFO] [stderr]    Compiling rustls-pki-types v1.10.0
[INFO] [stderr]    Compiling iana-time-zone v0.1.61
[INFO] [stderr]    Compiling time v0.1.45
[INFO] [stderr]    Compiling idna v0.5.0
[INFO] [stderr]    Compiling encoding_rs v0.8.35
[INFO] [stderr]    Compiling rust-crypto v0.2.36
[INFO] [stderr]    Compiling sync_wrapper v1.0.1
[INFO] [stderr]    Compiling rand v0.3.23
[INFO] [stderr]    Compiling rustls-pemfile v2.2.0
[INFO] [stderr]    Compiling ipnet v2.10.1
[INFO] [stderr]    Compiling pyo3-ffi v0.21.2
[INFO] [stderr]    Compiling pyo3 v0.21.2
[INFO] [stderr]    Compiling bitflags v1.3.2
[INFO] [stderr]    Compiling sync_wrapper v0.1.2
[INFO] [stderr]    Compiling base64 v0.21.7
[INFO] [stderr]    Compiling matchit v0.7.3
[INFO] [stderr]    Compiling rustc-serialize v0.3.25
[INFO] [stderr]    Compiling base64 v0.22.1
[INFO] [stderr]    Compiling lru v0.12.5
[INFO] [stderr]    Compiling url v2.5.2
[INFO] [stderr]    Compiling lazy_static v1.5.0
[INFO] [stderr]    Compiling indoc v2.0.5
[INFO] [stderr]    Compiling unindent v0.2.3
[INFO] [stderr]    Compiling pyo3-macros-backend v0.21.2
[INFO] [stderr]    Compiling tokio-macros v2.4.0
[INFO] [stderr]    Compiling tracing-attributes v0.1.27
[INFO] [stderr]    Compiling serde_derive v1.0.214
[INFO] [stderr]    Compiling zerocopy-derive v0.7.35
[INFO] [stderr]    Compiling openssl-macros v0.1.1
[INFO] [stderr]    Compiling async-trait v0.1.83
[INFO] [stderr]    Compiling pin-project-internal v1.1.7
[INFO] [stderr]    Compiling prost-derive v0.12.6
[INFO] [stderr]    Compiling async-stream-impl v0.3.6
[INFO] [stderr]    Compiling tokio v1.41.0
[INFO] [stderr]    Compiling async-stream v0.3.6
[INFO] [stderr]    Compiling zerocopy v0.7.35
[INFO] [stderr]    Compiling pin-project v1.1.7
[INFO] [stderr]    Compiling tracing v0.1.40
[INFO] [stderr]    Compiling ppv-lite86 v0.2.20
[INFO] [stderr]    Compiling prost v0.12.6
[INFO] [stderr]    Compiling rand_chacha v0.3.1
[INFO] [stderr]    Compiling prost-types v0.12.6
[INFO] [stderr]    Compiling pyo3-macros v0.21.2
[INFO] [stderr]    Compiling rand v0.8.5
[INFO] [stderr]    Compiling tokio-util v0.7.12
[INFO] [stderr]    Compiling tokio-native-tls v0.3.1
[INFO] [stderr]    Compiling tokio-io-timeout v1.2.0
[INFO] [stderr]    Compiling tokio-stream v0.1.16
[INFO] [stderr]    Compiling h2 v0.4.6
[INFO] [stderr]    Compiling h2 v0.3.26
[INFO] [stderr]    Compiling tower v0.4.13
[INFO] [stderr]    Compiling chrono v0.4.38
[INFO] [stderr]    Compiling serde_urlencoded v0.7.1
[INFO] [stderr]    Compiling wd_log v0.3.0
[INFO] [stderr]    Compiling hyper v0.14.31
[INFO] [stderr]    Compiling hyper v1.5.0
[INFO] [stderr]    Compiling hyper-util v0.1.10
[INFO] [stderr]    Compiling hyper-tls v0.6.0
[INFO] [stderr]    Compiling reqwest v0.12.9
[INFO] [stderr]    Compiling hyper-timeout v0.4.1
[INFO] [stderr]    Compiling wd_tools v0.13.14
[INFO] [stderr]    Compiling tonic v0.11.0
[INFO] [stderr]    Compiling python_rt v0.1.0 (/opt/rustwide/workdir)
[INFO] [stderr]     Finished `dev` profile [unoptimized + debuginfo] target(s) in 40.10s
[INFO] running `Command { std: "docker" "inspect" "c7e4b1b1e9d0d1d8ddf022d29bd3bf5e46902b583a6a7230a20b280f24be0901", kill_on_drop: false }`
[INFO] running `Command { std: "docker" "rm" "-f" "c7e4b1b1e9d0d1d8ddf022d29bd3bf5e46902b583a6a7230a20b280f24be0901", kill_on_drop: false }`
[INFO] [stdout] c7e4b1b1e9d0d1d8ddf022d29bd3bf5e46902b583a6a7230a20b280f24be0901
[INFO] running `Command { std: "docker" "create" "-v" "/var/lib/crater-agent-workspace/builds/worker-0-tc1/target:/opt/rustwide/target:rw,Z" "-v" "/var/lib/crater-agent-workspace/builds/worker-0-tc1/source:/opt/rustwide/workdir:ro,Z" "-v" "/var/lib/crater-agent-workspace/cargo-home:/opt/rustwide/cargo-home:ro,Z" "-v" "/var/lib/crater-agent-workspace/rustup-home:/opt/rustwide/rustup-home:ro,Z" "-e" "SOURCE_DIR=/opt/rustwide/workdir" "-e" "CARGO_TARGET_DIR=/opt/rustwide/target" "-e" "CARGO_INCREMENTAL=0" "-e" "RUST_BACKTRACE=full" "-e" "RUSTFLAGS=--cap-lints=forbid" "-e" "RUSTDOCFLAGS=--cap-lints=forbid" "-e" "CARGO_HOME=/opt/rustwide/cargo-home" "-e" "RUSTUP_HOME=/opt/rustwide/rustup-home" "-w" "/opt/rustwide/workdir" "-m" "1610612736" "--user" "0:0" "--network" "none" "ghcr.io/rust-lang/crates-build-env/linux@sha256:4a844ea9eb2546a2d2c7022eacef16ef2e8229c7fbb2c7d4d55a9ceca922f72d" "/opt/rustwide/cargo-home/bin/cargo" "+nightly-2024-10-28" "test" "--frozen" "--no-run" "--message-format=json", kill_on_drop: false }`
[INFO] [stdout] 5f661de291cb223b7cc3871a44f5158b633718a003c2403aed7825f8d2f5cc0c
[INFO] running `Command { std: "docker" "start" "-a" "5f661de291cb223b7cc3871a44f5158b633718a003c2403aed7825f8d2f5cc0c", kill_on_drop: false }`
[INFO] [stderr]    Compiling python_rt v0.1.0 (/opt/rustwide/workdir)
[INFO] [stdout] warning: struct `PyRequest` is never constructed
[INFO] [stdout]    --> src/lib.rs:113:12
[INFO] [stdout]     |
[INFO] [stdout] 113 |     struct PyRequest {
[INFO] [stdout]     |            ^^^^^^^^^
[INFO] [stdout]     |
[INFO] [stdout]     = note: `PyRequest` has a derived impl for the trait `Default`, but this is intentionally ignored during dead code analysis
[INFO] [stdout]     = note: `#[warn(dead_code)]` on by default
[INFO] [stdout] 
[INFO] [stdout] 
[INFO] [stderr]     Finished `test` profile [unoptimized + debuginfo] target(s) in 3.48s
[INFO] running `Command { std: "docker" "inspect" "5f661de291cb223b7cc3871a44f5158b633718a003c2403aed7825f8d2f5cc0c", kill_on_drop: false }`
[INFO] running `Command { std: "docker" "rm" "-f" "5f661de291cb223b7cc3871a44f5158b633718a003c2403aed7825f8d2f5cc0c", kill_on_drop: false }`
[INFO] [stdout] 5f661de291cb223b7cc3871a44f5158b633718a003c2403aed7825f8d2f5cc0c
[INFO] running `Command { std: "docker" "create" "-v" "/var/lib/crater-agent-workspace/builds/worker-0-tc1/target:/opt/rustwide/target:rw,Z" "-v" "/var/lib/crater-agent-workspace/builds/worker-0-tc1/source:/opt/rustwide/workdir:ro,Z" "-v" "/var/lib/crater-agent-workspace/cargo-home:/opt/rustwide/cargo-home:ro,Z" "-v" "/var/lib/crater-agent-workspace/rustup-home:/opt/rustwide/rustup-home:ro,Z" "-e" "SOURCE_DIR=/opt/rustwide/workdir" "-e" "CARGO_TARGET_DIR=/opt/rustwide/target" "-e" "CARGO_INCREMENTAL=0" "-e" "RUST_BACKTRACE=full" "-e" "RUSTFLAGS=--cap-lints=forbid" "-e" "RUSTDOCFLAGS=--cap-lints=forbid" "-e" "CARGO_HOME=/opt/rustwide/cargo-home" "-e" "RUSTUP_HOME=/opt/rustwide/rustup-home" "-w" "/opt/rustwide/workdir" "-m" "1610612736" "--user" "0:0" "--network" "none" "ghcr.io/rust-lang/crates-build-env/linux@sha256:4a844ea9eb2546a2d2c7022eacef16ef2e8229c7fbb2c7d4d55a9ceca922f72d" "/opt/rustwide/cargo-home/bin/cargo" "+nightly-2024-10-28" "test" "--frozen", kill_on_drop: false }`
[INFO] [stdout] 11028513d1e1bfe3f7aab793fde490dcb3753902f9a617fb2481e44dbba18d68
[INFO] running `Command { std: "docker" "start" "-a" "11028513d1e1bfe3f7aab793fde490dcb3753902f9a617fb2481e44dbba18d68", kill_on_drop: false }`
[INFO] [stderr] warning: struct `PyRequest` is never constructed
[INFO] [stderr]    --> src/lib.rs:113:12
[INFO] [stderr]     |
[INFO] [stderr] 113 |     struct PyRequest {
[INFO] [stderr]     |            ^^^^^^^^^
[INFO] [stderr]     |
[INFO] [stderr]     = note: `PyRequest` has a derived impl for the trait `Default`, but this is intentionally ignored during dead code analysis
[INFO] [stderr]     = note: `#[warn(dead_code)]` on by default
[INFO] [stderr] 
[INFO] [stderr] warning: `python_rt` (lib test) generated 1 warning
[INFO] [stderr]     Finished `test` profile [unoptimized + debuginfo] target(s) in 0.21s
[INFO] [stderr]      Running unittests src/lib.rs (/opt/rustwide/target/debug/deps/python_rt-bd0d76ef4c967c41)
[INFO] [stdout] 
[INFO] [stdout] running 6 tests
[INFO] [stdout] test tests::build ... ok
[INFO] [stdout] test grpc::client::test::test_client ... ok
[INFO] [stdout] test py_runtime::py_script_code::test::test_eval_function ... ok
[INFO] [stdout] test tests::run_server ... FAILED
[INFO] [stdout] test py_runtime::py_script_code::test::test_eval_from_file ... FAILED
[INFO] [stdout] test tests::run_client has been running for over 60 seconds
[INFO] [stdout] test tests::run_client ... FAILED
[INFO] [stdout] 
[INFO] [stdout] failures:
[INFO] [stdout] 
[INFO] [stdout] ---- tests::run_server stdout ----
[INFO] [stdout] [32m[2024-11-01 13:39:17.241 DEBUG wd_log]src/grpc/server.rs(118): grpc.Server lister addr[[::1]:50001][0m
[INFO] [stdout] thread 'tests::run_server' panicked at src/lib.rs:109:14:
[INFO] [stdout] called `Result::unwrap()` on an `Err` value: transport error
[INFO] [stdout] 
[INFO] [stdout] Caused by:
[INFO] [stdout]     0: error creating server listener: Cannot assign requested address (os error 99)
[INFO] [stdout]     1: Cannot assign requested address (os error 99)
[INFO] [stdout] 
[INFO] [stdout] Stack backtrace:
[INFO] [stdout]    0: anyhow::error::<impl core::convert::From<E> for anyhow::Error>::from
[INFO] [stdout]              at /opt/rustwide/cargo-home/registry/src/index.crates.io-6f17d22bba15001f/anyhow-1.0.92/src/backtrace.rs:27:14
[INFO] [stdout]    1: <core::result::Result<T,F> as core::ops::try_trait::FromResidual<core::result::Result<core::convert::Infallible,E>>>::from_residual
[INFO] [stdout]              at /rustc/df4ca44d3fbc9301ee17f30f4d474e6ae4b05252/library/core/src/result.rs:2008:27
[INFO] [stdout]    2: python_rt::grpc::server::Server::run::{{closure}}
[INFO] [stdout]              at ./src/grpc/server.rs:120:9
[INFO] [stdout]    3: python_rt::tests::run_server::{{closure}}
[INFO] [stdout]              at ./src/lib.rs:108:14
[INFO] [stdout]    4: <core::pin::Pin<P> as core::future::future::Future>::poll
[INFO] [stdout]              at /rustc/df4ca44d3fbc9301ee17f30f4d474e6ae4b05252/library/core/src/future/future.rs:123:9
[INFO] [stdout]    5: <core::pin::Pin<P> as core::future::future::Future>::poll
[INFO] [stdout]              at /rustc/df4ca44d3fbc9301ee17f30f4d474e6ae4b05252/library/core/src/future/future.rs:123:9
[INFO] [stdout]    6: tokio::runtime::scheduler::current_thread::CoreGuard::block_on::{{closure}}::{{closure}}::{{closure}}
[INFO] [stdout]              at /opt/rustwide/cargo-home/registry/src/index.crates.io-6f17d22bba15001f/tokio-1.41.0/src/runtime/scheduler/current_thread/mod.rs:729:57
[INFO] [stdout]    7: tokio::runtime::coop::with_budget
[INFO] [stdout]              at /opt/rustwide/cargo-home/registry/src/index.crates.io-6f17d22bba15001f/tokio-1.41.0/src/runtime/coop.rs:107:5
[INFO] [stdout]    8: tokio::runtime::coop::budget
[INFO] [stdout]              at /opt/rustwide/cargo-home/registry/src/index.crates.io-6f17d22bba15001f/tokio-1.41.0/src/runtime/coop.rs:73:5
[INFO] [stdout]    9: tokio::runtime::scheduler::current_thread::CoreGuard::block_on::{{closure}}::{{closure}}
[INFO] [stdout]              at /opt/rustwide/cargo-home/registry/src/index.crates.io-6f17d22bba15001f/tokio-1.41.0/src/runtime/scheduler/current_thread/mod.rs:729:25
[INFO] [stdout]   10: tokio::runtime::scheduler::current_thread::Context::enter
[INFO] [stdout]              at /opt/rustwide/cargo-home/registry/src/index.crates.io-6f17d22bba15001f/tokio-1.41.0/src/runtime/scheduler/current_thread/mod.rs:428:19
[INFO] [stdout]   11: tokio::runtime::scheduler::current_thread::CoreGuard::block_on::{{closure}}
[INFO] [stdout]              at /opt/rustwide/cargo-home/registry/src/index.crates.io-6f17d22bba15001f/tokio-1.41.0/src/runtime/scheduler/current_thread/mod.rs:728:36
[INFO] [stdout]   12: tokio::runtime::scheduler::current_thread::CoreGuard::enter::{{closure}}
[INFO] [stdout]              at /opt/rustwide/cargo-home/registry/src/index.crates.io-6f17d22bba15001f/tokio-1.41.0/src/runtime/scheduler/current_thread/mod.rs:807:68
[INFO] [stdout]   13: tokio::runtime::context::scoped::Scoped<T>::set
[INFO] [stdout]              at /opt/rustwide/cargo-home/registry/src/index.crates.io-6f17d22bba15001f/tokio-1.41.0/src/runtime/context/scoped.rs:40:9
[INFO] [stdout]   14: tokio::runtime::context::set_scheduler::{{closure}}
[INFO] [stdout]              at /opt/rustwide/cargo-home/registry/src/index.crates.io-6f17d22bba15001f/tokio-1.41.0/src/runtime/context.rs:180:26
[INFO] [stdout]   15: std::thread::local::LocalKey<T>::try_with
[INFO] [stdout]              at /rustc/df4ca44d3fbc9301ee17f30f4d474e6ae4b05252/library/std/src/thread/local.rs:283:12
[INFO] [stdout]   16: std::thread::local::LocalKey<T>::with
[INFO] [stdout]              at /rustc/df4ca44d3fbc9301ee17f30f4d474e6ae4b05252/library/std/src/thread/local.rs:260:9
[INFO] [stdout]   17: tokio::runtime::context::set_scheduler
[INFO] [stdout]              at /opt/rustwide/cargo-home/registry/src/index.crates.io-6f17d22bba15001f/tokio-1.41.0/src/runtime/context.rs:180:9
[INFO] [stdout]   18: tokio::runtime::scheduler::current_thread::CoreGuard::enter
[INFO] [stdout]              at /opt/rustwide/cargo-home/registry/src/index.crates.io-6f17d22bba15001f/tokio-1.41.0/src/runtime/scheduler/current_thread/mod.rs:807:27
[INFO] [stdout]   19: tokio::runtime::scheduler::current_thread::CoreGuard::block_on
[INFO] [stdout]              at /opt/rustwide/cargo-home/registry/src/index.crates.io-6f17d22bba15001f/tokio-1.41.0/src/runtime/scheduler/current_thread/mod.rs:716:19
[INFO] [stdout]   20: tokio::runtime::scheduler::current_thread::CurrentThread::block_on::{{closure}}
[INFO] [stdout]              at /opt/rustwide/cargo-home/registry/src/index.crates.io-6f17d22bba15001f/tokio-1.41.0/src/runtime/scheduler/current_thread/mod.rs:196:28
[INFO] [stdout]   21: tokio::runtime::context::runtime::enter_runtime
[INFO] [stdout]              at /opt/rustwide/cargo-home/registry/src/index.crates.io-6f17d22bba15001f/tokio-1.41.0/src/runtime/context/runtime.rs:65:16
[INFO] [stdout]   22: tokio::runtime::scheduler::current_thread::CurrentThread::block_on
[INFO] [stdout]              at /opt/rustwide/cargo-home/registry/src/index.crates.io-6f17d22bba15001f/tokio-1.41.0/src/runtime/scheduler/current_thread/mod.rs:184:9
[INFO] [stdout]   23: tokio::runtime::runtime::Runtime::block_on_inner
[INFO] [stdout]              at /opt/rustwide/cargo-home/registry/src/index.crates.io-6f17d22bba15001f/tokio-1.41.0/src/runtime/runtime.rs:368:47
[INFO] [stdout]   24: tokio::runtime::runtime::Runtime::block_on
[INFO] [stdout]              at /opt/rustwide/cargo-home/registry/src/index.crates.io-6f17d22bba15001f/tokio-1.41.0/src/runtime/runtime.rs:342:13
[INFO] [stdout]   25: python_rt::tests::run_server
[INFO] [stdout]              at ./src/lib.rs:106:9
[INFO] [stdout]   26: python_rt::tests::run_server::{{closure}}
[INFO] [stdout]              at ./src/lib.rs:105:26
[INFO] [stdout]   27: core::ops::function::FnOnce::call_once
[INFO] [stdout]              at /rustc/df4ca44d3fbc9301ee17f30f4d474e6ae4b05252/library/core/src/ops/function.rs:250:5
[INFO] [stdout]   28: core::ops::function::FnOnce::call_once
[INFO] [stdout]              at /rustc/df4ca44d3fbc9301ee17f30f4d474e6ae4b05252/library/core/src/ops/function.rs:250:5
[INFO] [stdout]   29: test::__rust_begin_short_backtrace
[INFO] [stdout]              at /rustc/df4ca44d3fbc9301ee17f30f4d474e6ae4b05252/library/test/src/lib.rs:621:18
[INFO] [stdout]   30: test::run_test_in_process::{{closure}}
[INFO] [stdout]              at /rustc/df4ca44d3fbc9301ee17f30f4d474e6ae4b05252/library/test/src/lib.rs:644:60
[INFO] [stdout]   31: <core::panic::unwind_safe::AssertUnwindSafe<F> as core::ops::function::FnOnce<()>>::call_once
[INFO] [stdout]              at /rustc/df4ca44d3fbc9301ee17f30f4d474e6ae4b05252/library/core/src/panic/unwind_safe.rs:272:9
[INFO] [stdout]   32: std::panicking::try::do_call
[INFO] [stdout]              at /rustc/df4ca44d3fbc9301ee17f30f4d474e6ae4b05252/library/std/src/panicking.rs:557:40
[INFO] [stdout]   33: std::panicking::try
[INFO] [stdout]              at /rustc/df4ca44d3fbc9301ee17f30f4d474e6ae4b05252/library/std/src/panicking.rs:520:19
[INFO] [stdout]   34: std::panic::catch_unwind
[INFO] [stdout]              at /rustc/df4ca44d3fbc9301ee17f30f4d474e6ae4b05252/library/std/src/panic.rs:358:14
[INFO] [stdout]   35: test::run_test_in_process
[INFO] [stdout]              at /rustc/df4ca44d3fbc9301ee17f30f4d474e6ae4b05252/library/test/src/lib.rs:644:27
[INFO] [stdout]   36: test::run_test::{{closure}}
[INFO] [stdout]              at /rustc/df4ca44d3fbc9301ee17f30f4d474e6ae4b05252/library/test/src/lib.rs:565:43
[INFO] [stdout]   37: test::run_test::{{closure}}
[INFO] [stdout]              at /rustc/df4ca44d3fbc9301ee17f30f4d474e6ae4b05252/library/test/src/lib.rs:595:41
[INFO] [stdout]   38: std::sys::backtrace::__rust_begin_short_backtrace
[INFO] [stdout]              at /rustc/df4ca44d3fbc9301ee17f30f4d474e6ae4b05252/library/std/src/sys/backtrace.rs:154:18
[INFO] [stdout]   39: std::thread::Builder::spawn_unchecked_::{{closure}}::{{closure}}
[INFO] [stdout]              at /rustc/df4ca44d3fbc9301ee17f30f4d474e6ae4b05252/library/std/src/thread/mod.rs:541:17
[INFO] [stdout]   40: <core::panic::unwind_safe::AssertUnwindSafe<F> as core::ops::function::FnOnce<()>>::call_once
[INFO] [stdout]              at /rustc/df4ca44d3fbc9301ee17f30f4d474e6ae4b05252/library/core/src/panic/unwind_safe.rs:272:9
[INFO] [stdout]   41: std::panicking::try::do_call
[INFO] [stdout]              at /rustc/df4ca44d3fbc9301ee17f30f4d474e6ae4b05252/library/std/src/panicking.rs:557:40
[INFO] [stdout]   42: std::panicking::try
[INFO] [stdout]              at /rustc/df4ca44d3fbc9301ee17f30f4d474e6ae4b05252/library/std/src/panicking.rs:520:19
[INFO] [stdout]   43: std::panic::catch_unwind
[INFO] [stdout]              at /rustc/df4ca44d3fbc9301ee17f30f4d474e6ae4b05252/library/std/src/panic.rs:358:14
[INFO] [stdout]   44: std::thread::Builder::spawn_unchecked_::{{closure}}
[INFO] [stdout]              at /rustc/df4ca44d3fbc9301ee17f30f4d474e6ae4b05252/library/std/src/thread/mod.rs:540:30
[INFO] [stdout]   45: core::ops::function::FnOnce::call_once{{vtable.shim}}
[INFO] [stdout]              at /rustc/df4ca44d3fbc9301ee17f30f4d474e6ae4b05252/library/core/src/ops/function.rs:250:5
[INFO] [stdout]   46: <alloc::boxed::Box<F,A> as core::ops::function::FnOnce<Args>>::call_once
[INFO] [stdout]              at /rustc/df4ca44d3fbc9301ee17f30f4d474e6ae4b05252/library/alloc/src/boxed.rs:2454:9
[INFO] [stdout]   47: <alloc::boxed::Box<F,A> as core::ops::function::FnOnce<Args>>::call_once
[INFO] [stdout]              at /rustc/df4ca44d3fbc9301ee17f30f4d474e6ae4b05252/library/alloc/src/boxed.rs:2454:9
[INFO] [stdout]   48: std::sys::pal::unix::thread::Thread::new::thread_start
[INFO] [stdout]              at /rustc/df4ca44d3fbc9301ee17f30f4d474e6ae4b05252/library/std/src/sys/pal/unix/thread.rs:105:17
[INFO] [stdout]   49: <unknown>
[INFO] [stdout]   50: clone
[INFO] [stdout] stack backtrace:
[INFO] [stdout]    0:     0x5ec2534c596a - std::backtrace_rs::backtrace::libunwind::trace::h207520d6e9873551
[INFO] [stdout]                                at /rustc/df4ca44d3fbc9301ee17f30f4d474e6ae4b05252/library/std/src/../../backtrace/src/backtrace/libunwind.rs:116:5
[INFO] [stdout]    1:     0x5ec2534c596a - std::backtrace_rs::backtrace::trace_unsynchronized::h2ed7433f370e3eca
[INFO] [stdout]                                at /rustc/df4ca44d3fbc9301ee17f30f4d474e6ae4b05252/library/std/src/../../backtrace/src/backtrace/mod.rs:66:5
[INFO] [stdout]    2:     0x5ec2534c596a - std::sys::backtrace::_print_fmt::h916fac51166b18d7
[INFO] [stdout]                                at /rustc/df4ca44d3fbc9301ee17f30f4d474e6ae4b05252/library/std/src/sys/backtrace.rs:66:9
[INFO] [stdout]    3:     0x5ec2534c596a - <std::sys::backtrace::BacktraceLock::print::DisplayBacktrace as core::fmt::Display>::fmt::ha0a4c9b8ce3802e6
[INFO] [stdout]                                at /rustc/df4ca44d3fbc9301ee17f30f4d474e6ae4b05252/library/std/src/sys/backtrace.rs:39:26
[INFO] [stdout]    4:     0x5ec2534eff23 - core::fmt::rt::Argument::fmt::h4cfc8587d52b3eb5
[INFO] [stdout]                                at /rustc/df4ca44d3fbc9301ee17f30f4d474e6ae4b05252/library/core/src/fmt/rt.rs:177:76
[INFO] [stdout]    5:     0x5ec2534eff23 - core::fmt::write::h522cc39e5b36ae9f
[INFO] [stdout]                                at /rustc/df4ca44d3fbc9301ee17f30f4d474e6ae4b05252/library/core/src/fmt/mod.rs:1190:21
[INFO] [stdout]    6:     0x5ec2534c16d3 - std::io::Write::write_fmt::h7d3c26752da97734
[INFO] [stdout]                                at /rustc/df4ca44d3fbc9301ee17f30f4d474e6ae4b05252/library/std/src/io/mod.rs:1839:15
[INFO] [stdout]    7:     0x5ec2534c57b2 - std::sys::backtrace::BacktraceLock::print::h4b9e00b29e9c0942
[INFO] [stdout]                                at /rustc/df4ca44d3fbc9301ee17f30f4d474e6ae4b05252/library/std/src/sys/backtrace.rs:42:9
[INFO] [stdout]    8:     0x5ec2534c6dfa - std::panicking::default_hook::{{closure}}::hb59b88280d0324d9
[INFO] [stdout]                                at /rustc/df4ca44d3fbc9301ee17f30f4d474e6ae4b05252/library/std/src/panicking.rs:268:22
[INFO] [stdout]    9:     0x5ec2534c6c04 - std::panicking::default_hook::he1dd496665be4a29
[INFO] [stdout]                                at /rustc/df4ca44d3fbc9301ee17f30f4d474e6ae4b05252/library/std/src/panicking.rs:292:9
[INFO] [stdout]   10:     0x5ec2530165c9 - <alloc::boxed::Box<F,A> as core::ops::function::Fn<Args>>::call::h4ff71de18744e1dc
[INFO] [stdout]                                at /rustc/df4ca44d3fbc9301ee17f30f4d474e6ae4b05252/library/alloc/src/boxed.rs:2468:9
[INFO] [stdout]   11:     0x5ec2530165c9 - test::test_main::{{closure}}::hcf7c055ce117aa81
[INFO] [stdout]                                at /rustc/df4ca44d3fbc9301ee17f30f4d474e6ae4b05252/library/test/src/lib.rs:133:21
[INFO] [stdout]   12:     0x5ec2534c74f8 - <alloc::boxed::Box<F,A> as core::ops::function::Fn<Args>>::call::h1d66c6bbd60c9692
[INFO] [stdout]                                at /rustc/df4ca44d3fbc9301ee17f30f4d474e6ae4b05252/library/alloc/src/boxed.rs:2468:9
[INFO] [stdout]   13:     0x5ec2534c74f8 - std::panicking::rust_panic_with_hook::h2ff17fe8f26dfcf8
[INFO] [stdout]                                at /rustc/df4ca44d3fbc9301ee17f30f4d474e6ae4b05252/library/std/src/panicking.rs:809:13
[INFO] [stdout]   14:     0x5ec2534c72ba - std::panicking::begin_panic_handler::{{closure}}::h4fad77951c07e101
[INFO] [stdout]                                at /rustc/df4ca44d3fbc9301ee17f30f4d474e6ae4b05252/library/std/src/panicking.rs:674:13
[INFO] [stdout]   15:     0x5ec2534c5e49 - std::sys::backtrace::__rust_end_short_backtrace::hb1a25b3da5d0ea08
[INFO] [stdout]                                at /rustc/df4ca44d3fbc9301ee17f30f4d474e6ae4b05252/library/std/src/sys/backtrace.rs:170:18
[INFO] [stdout]   16:     0x5ec2534c6f4c - rust_begin_unwind
[INFO] [stdout]                                at /rustc/df4ca44d3fbc9301ee17f30f4d474e6ae4b05252/library/std/src/panicking.rs:665:5
[INFO] [stdout]   17:     0x5ec2534ede10 - core::panicking::panic_fmt::ha9db07b529f9b256
[INFO] [stdout]                                at /rustc/df4ca44d3fbc9301ee17f30f4d474e6ae4b05252/library/core/src/panicking.rs:75:14
[INFO] [stdout]   18:     0x5ec2534ee2f6 - core::result::unwrap_failed::h5e8218e4d4338b8a
[INFO] [stdout]                                at /rustc/df4ca44d3fbc9301ee17f30f4d474e6ae4b05252/library/core/src/result.rs:1698:5
[INFO] [stdout]   19:     0x5ec252f3ba3d - core::result::Result<T,E>::unwrap::h53b7461e6e1901b9
[INFO] [stdout]                                at /rustc/df4ca44d3fbc9301ee17f30f4d474e6ae4b05252/library/core/src/result.rs:1103:23
[INFO] [stdout]   20:     0x5ec252f3ba3d - python_rt::tests::run_server::{{closure}}::hcbaa5f0545529ab8
[INFO] [stdout]                                at /opt/rustwide/workdir/src/lib.rs:106:9
[INFO] [stdout]   21:     0x5ec252f3a482 - <core::pin::Pin<P> as core::future::future::Future>::poll::h3cb5af1f6632f346
[INFO] [stdout]                                at /rustc/df4ca44d3fbc9301ee17f30f4d474e6ae4b05252/library/core/src/future/future.rs:123:9
[INFO] [stdout]   22:     0x5ec252f3a4bd - <core::pin::Pin<P> as core::future::future::Future>::poll::h75fc227b6eb47dd4
[INFO] [stdout]                                at /rustc/df4ca44d3fbc9301ee17f30f4d474e6ae4b05252/library/core/src/future/future.rs:123:9
[INFO] [stdout]   23:     0x5ec252fbfbaf - tokio::runtime::scheduler::current_thread::CoreGuard::block_on::{{closure}}::{{closure}}::{{closure}}::h58aae536e6ccac73
[INFO] [stdout]                                at /opt/rustwide/cargo-home/registry/src/index.crates.io-6f17d22bba15001f/tokio-1.41.0/src/runtime/scheduler/current_thread/mod.rs:729:57
[INFO] [stdout]   24:     0x5ec252fbfaf5 - tokio::runtime::coop::with_budget::h3925a6dd5495cdc9
[INFO] [stdout]                                at /opt/rustwide/cargo-home/registry/src/index.crates.io-6f17d22bba15001f/tokio-1.41.0/src/runtime/coop.rs:107:5
[INFO] [stdout]   25:     0x5ec252fbfaf5 - tokio::runtime::coop::budget::h9d74929f829e80be
[INFO] [stdout]                                at /opt/rustwide/cargo-home/registry/src/index.crates.io-6f17d22bba15001f/tokio-1.41.0/src/runtime/coop.rs:73:5
[INFO] [stdout]   26:     0x5ec252fbfaf5 - tokio::runtime::scheduler::current_thread::CoreGuard::block_on::{{closure}}::{{closure}}::hdfb5279a576f3b6f
[INFO] [stdout]                                at /opt/rustwide/cargo-home/registry/src/index.crates.io-6f17d22bba15001f/tokio-1.41.0/src/runtime/scheduler/current_thread/mod.rs:729:25
[INFO] [stdout]   27:     0x5ec252fbd730 - tokio::runtime::scheduler::current_thread::Context::enter::hf89108095e33db03
[INFO] [stdout]                                at /opt/rustwide/cargo-home/registry/src/index.crates.io-6f17d22bba15001f/tokio-1.41.0/src/runtime/scheduler/current_thread/mod.rs:428:19
[INFO] [stdout]   28:     0x5ec252fbf19e - tokio::runtime::scheduler::current_thread::CoreGuard::block_on::{{closure}}::h591208d242fca043
[INFO] [stdout]                                at /opt/rustwide/cargo-home/registry/src/index.crates.io-6f17d22bba15001f/tokio-1.41.0/src/runtime/scheduler/current_thread/mod.rs:728:36
[INFO] [stdout]   29:     0x5ec252fbe5f4 - tokio::runtime::scheduler::current_thread::CoreGuard::enter::{{closure}}::h1517a79814af1561
[INFO] [stdout]                                at /opt/rustwide/cargo-home/registry/src/index.crates.io-6f17d22bba15001f/tokio-1.41.0/src/runtime/scheduler/current_thread/mod.rs:807:68
[INFO] [stdout]   30:     0x5ec252f04a0b - tokio::runtime::context::scoped::Scoped<T>::set::h7a84bd3213f30e63
[INFO] [stdout]                                at /opt/rustwide/cargo-home/registry/src/index.crates.io-6f17d22bba15001f/tokio-1.41.0/src/runtime/context/scoped.rs:40:9
[INFO] [stdout]   31:     0x5ec252f0ddb9 - tokio::runtime::context::set_scheduler::{{closure}}::hab4711155c6a29f0
[INFO] [stdout]                                at /opt/rustwide/cargo-home/registry/src/index.crates.io-6f17d22bba15001f/tokio-1.41.0/src/runtime/context.rs:180:26
[INFO] [stdout]   32:     0x5ec252f6469d - std::thread::local::LocalKey<T>::try_with::hc6c60ffea76f7b46
[INFO] [stdout]                                at /rustc/df4ca44d3fbc9301ee17f30f4d474e6ae4b05252/library/std/src/thread/local.rs:283:12
[INFO] [stdout]   33:     0x5ec252f62d1a - std::thread::local::LocalKey<T>::with::h42ca48b94309b81f
[INFO] [stdout]                                at /rustc/df4ca44d3fbc9301ee17f30f4d474e6ae4b05252/library/std/src/thread/local.rs:260:9
[INFO] [stdout]   34:     0x5ec252f0dd2d - tokio::runtime::context::set_scheduler::hb23d4991a24b0820
[INFO] [stdout]                                at /opt/rustwide/cargo-home/registry/src/index.crates.io-6f17d22bba15001f/tokio-1.41.0/src/runtime/context.rs:180:9
[INFO] [stdout]   35:     0x5ec252fbe3a0 - tokio::runtime::scheduler::current_thread::CoreGuard::enter::h4eff31b8748d9178
[INFO] [stdout]                                at /opt/rustwide/cargo-home/registry/src/index.crates.io-6f17d22bba15001f/tokio-1.41.0/src/runtime/scheduler/current_thread/mod.rs:807:27
[INFO] [stdout]   36:     0x5ec252fbe633 - tokio::runtime::scheduler::current_thread::CoreGuard::block_on::h05cd9f3bb5376203
[INFO] [stdout]                                at /opt/rustwide/cargo-home/registry/src/index.crates.io-6f17d22bba15001f/tokio-1.41.0/src/runtime/scheduler/current_thread/mod.rs:716:19
[INFO] [stdout]   37:     0x5ec252fbb70f - tokio::runtime::scheduler::current_thread::CurrentThread::block_on::{{closure}}::hd98988ab6a798c1b
[INFO] [stdout]                                at /opt/rustwide/cargo-home/registry/src/index.crates.io-6f17d22bba15001f/tokio-1.41.0/src/runtime/scheduler/current_thread/mod.rs:196:28
[INFO] [stdout]   38:     0x5ec252f04f26 - tokio::runtime::context::runtime::enter_runtime::h90f533c679d736ce
[INFO] [stdout]                                at /opt/rustwide/cargo-home/registry/src/index.crates.io-6f17d22bba15001f/tokio-1.41.0/src/runtime/context/runtime.rs:65:16
[INFO] [stdout]   39:     0x5ec252fbaf51 - tokio::runtime::scheduler::current_thread::CurrentThread::block_on::h4130831687f73806
[INFO] [stdout]                                at /opt/rustwide/cargo-home/registry/src/index.crates.io-6f17d22bba15001f/tokio-1.41.0/src/runtime/scheduler/current_thread/mod.rs:184:9
[INFO] [stdout]   40:     0x5ec252fa0413 - tokio::runtime::runtime::Runtime::block_on_inner::hb513c129ae991d13
[INFO] [stdout]                                at /opt/rustwide/cargo-home/registry/src/index.crates.io-6f17d22bba15001f/tokio-1.41.0/src/runtime/runtime.rs:368:47
[INFO] [stdout]   41:     0x5ec252fa0717 - tokio::runtime::runtime::Runtime::block_on::h1c76833a257feb74
[INFO] [stdout]                                at /opt/rustwide/cargo-home/registry/src/index.crates.io-6f17d22bba15001f/tokio-1.41.0/src/runtime/runtime.rs:342:13
[INFO] [stdout]   42:     0x5ec252f3b770 - python_rt::tests::run_server::h09117caa5053efde
[INFO] [stdout]                                at /opt/rustwide/workdir/src/lib.rs:106:9
[INFO] [stdout]   43:     0x5ec252f3b607 - python_rt::tests::run_server::{{closure}}::h116ca2f994074a91
[INFO] [stdout]                                at /opt/rustwide/workdir/src/lib.rs:105:26
[INFO] [stdout]   44:     0x5ec252f46d46 - core::ops::function::FnOnce::call_once::h97b78831329d0b01
[INFO] [stdout]                                at /rustc/df4ca44d3fbc9301ee17f30f4d474e6ae4b05252/library/core/src/ops/function.rs:250:5
[INFO] [stdout]   45:     0x5ec25301ae9b - core::ops::function::FnOnce::call_once::h22c3ba5715e93f05
[INFO] [stdout]                                at /rustc/df4ca44d3fbc9301ee17f30f4d474e6ae4b05252/library/core/src/ops/function.rs:250:5
[INFO] [stdout]   46:     0x5ec25301ae9b - test::__rust_begin_short_backtrace::h8e82d8113d0da17f
[INFO] [stdout]                                at /rustc/df4ca44d3fbc9301ee17f30f4d474e6ae4b05252/library/test/src/lib.rs:621:18
[INFO] [stdout]   47:     0x5ec25301a817 - test::run_test_in_process::{{closure}}::h33235f4f20b7b7c7
[INFO] [stdout]                                at /rustc/df4ca44d3fbc9301ee17f30f4d474e6ae4b05252/library/test/src/lib.rs:644:60
[INFO] [stdout]   48:     0x5ec25301a817 - <core::panic::unwind_safe::AssertUnwindSafe<F> as core::ops::function::FnOnce<()>>::call_once::hb5043206310c586f
[INFO] [stdout]                                at /rustc/df4ca44d3fbc9301ee17f30f4d474e6ae4b05252/library/core/src/panic/unwind_safe.rs:272:9
[INFO] [stdout]   49:     0x5ec25301a817 - std::panicking::try::do_call::h9ad4731a60ab23e2
[INFO] [stdout]                                at /rustc/df4ca44d3fbc9301ee17f30f4d474e6ae4b05252/library/std/src/panicking.rs:557:40
[INFO] [stdout]   50:     0x5ec25301a817 - std::panicking::try::h3824d23db772a716
[INFO] [stdout]                                at /rustc/df4ca44d3fbc9301ee17f30f4d474e6ae4b05252/library/std/src/panicking.rs:520:19
[INFO] [stdout]   51:     0x5ec25301a817 - std::panic::catch_unwind::h5afd514605fde46b
[INFO] [stdout]                                at /rustc/df4ca44d3fbc9301ee17f30f4d474e6ae4b05252/library/std/src/panic.rs:358:14
[INFO] [stdout]   52:     0x5ec25301a817 - test::run_test_in_process::h0d5cbfa7067d1720
[INFO] [stdout]                                at /rustc/df4ca44d3fbc9301ee17f30f4d474e6ae4b05252/library/test/src/lib.rs:644:27
[INFO] [stdout]   53:     0x5ec25301a817 - test::run_test::{{closure}}::h708eb8872708115d
[INFO] [stdout]                                at /rustc/df4ca44d3fbc9301ee17f30f4d474e6ae4b05252/library/test/src/lib.rs:565:43
[INFO] [stdout]   54:     0x5ec252fddf34 - test::run_test::{{closure}}::h392c51cee94713ab
[INFO] [stdout]                                at /rustc/df4ca44d3fbc9301ee17f30f4d474e6ae4b05252/library/test/src/lib.rs:595:41
[INFO] [stdout]   55:     0x5ec252fddf34 - std::sys::backtrace::__rust_begin_short_backtrace::h2f40290710935a8b
[INFO] [stdout]                                at /rustc/df4ca44d3fbc9301ee17f30f4d474e6ae4b05252/library/std/src/sys/backtrace.rs:154:18
[INFO] [stdout]   56:     0x5ec252fe16de - std::thread::Builder::spawn_unchecked_::{{closure}}::{{closure}}::h3fd968d89053a903
[INFO] [stdout]                                at /rustc/df4ca44d3fbc9301ee17f30f4d474e6ae4b05252/library/std/src/thread/mod.rs:541:17
[INFO] [stdout]   57:     0x5ec252fe16de - <core::panic::unwind_safe::AssertUnwindSafe<F> as core::ops::function::FnOnce<()>>::call_once::h743f637ba4229880
[INFO] [stdout]                                at /rustc/df4ca44d3fbc9301ee17f30f4d474e6ae4b05252/library/core/src/panic/unwind_safe.rs:272:9
[INFO] [stdout]   58:     0x5ec252fe16de - std::panicking::try::do_call::h07440897322525a6
[INFO] [stdout]                                at /rustc/df4ca44d3fbc9301ee17f30f4d474e6ae4b05252/library/std/src/panicking.rs:557:40
[INFO] [stdout]   59:     0x5ec252fe16de - std::panicking::try::he5a2e00188156637
[INFO] [stdout]                                at /rustc/df4ca44d3fbc9301ee17f30f4d474e6ae4b05252/library/std/src/panicking.rs:520:19
[INFO] [stdout]   60:     0x5ec252fe16de - std::panic::catch_unwind::hbaf3cae49b3c6433
[INFO] [stdout]                                at /rustc/df4ca44d3fbc9301ee17f30f4d474e6ae4b05252/library/std/src/panic.rs:358:14
[INFO] [stdout]   61:     0x5ec252fe16de - std::thread::Builder::spawn_unchecked_::{{closure}}::h8e141ea224820bce
[INFO] [stdout]                                at /rustc/df4ca44d3fbc9301ee17f30f4d474e6ae4b05252/library/std/src/thread/mod.rs:540:30
[INFO] [stdout]   62:     0x5ec252fe16de - core::ops::function::FnOnce::call_once{{vtable.shim}}::h90d312fedd7b8ea8
[INFO] [stdout]                                at /rustc/df4ca44d3fbc9301ee17f30f4d474e6ae4b05252/library/core/src/ops/function.rs:250:5
[INFO] [stdout]   63:     0x5ec2534cb84b - <alloc::boxed::Box<F,A> as core::ops::function::FnOnce<Args>>::call_once::h69aa08ddb6adb8b6
[INFO] [stdout]                                at /rustc/df4ca44d3fbc9301ee17f30f4d474e6ae4b05252/library/alloc/src/boxed.rs:2454:9
[INFO] [stdout]   64:     0x5ec2534cb84b - <alloc::boxed::Box<F,A> as core::ops::function::FnOnce<Args>>::call_once::h5aa36efdb79c806f
[INFO] [stdout]                                at /rustc/df4ca44d3fbc9301ee17f30f4d474e6ae4b05252/library/alloc/src/boxed.rs:2454:9
[INFO] [stdout]   65:     0x5ec2534cb84b - std::sys::pal::unix::thread::Thread::new::thread_start::h6cd80a1b4be5158d
[INFO] [stdout]                                at /rustc/df4ca44d3fbc9301ee17f30f4d474e6ae4b05252/library/std/src/sys/pal/unix/thread.rs:105:17
[INFO] [stdout]   66:     0x7704239a5ac3 - <unknown>
[INFO] [stdout]   67:     0x770423a36a04 - clone
[INFO] [stdout]   68:                0x0 - <unknown>
[INFO] [stdout] 
[INFO] [stdout] ---- py_runtime::py_script_code::test::test_eval_from_file stdout ----
[INFO] [stdout] [32m[2024-11-01 13:39:17.241 DEBUG wd_log]src/py_runtime/py_script_code.rs(64): eval_function -> PyScriptEntity { src: ModuleName, module_name: "sys_info", file_name: None, sys_path: Some("./custom_plugin") } args:Null[0m
[INFO] [stdout] thread 'py_runtime::py_script_code::test::test_eval_from_file' panicked at src/py_runtime/py_script_code.rs:229:14:
[INFO] [stdout] called `Result::unwrap()` on an `Err` value: PyErr { type: <class 'ModuleNotFoundError'>, value: ModuleNotFoundError("No module named 'psutil'"), traceback: Some(<traceback object at 0x7704234eb1c0>) }
[INFO] [stdout] stack backtrace:
[INFO] [stdout]    0:     0x5ec2534c596a - std::backtrace_rs::backtrace::libunwind::trace::h207520d6e9873551
[INFO] [stdout]                                at /rustc/df4ca44d3fbc9301ee17f30f4d474e6ae4b05252/library/std/src/../../backtrace/src/backtrace/libunwind.rs:116:5
[INFO] [stdout]    1:     0x5ec2534c596a - std::backtrace_rs::backtrace::trace_unsynchronized::h2ed7433f370e3eca
[INFO] [stdout]                                at /rustc/df4ca44d3fbc9301ee17f30f4d474e6ae4b05252/library/std/src/../../backtrace/src/backtrace/mod.rs:66:5
[INFO] [stdout]    2:     0x5ec2534c596a - std::sys::backtrace::_print_fmt::h916fac51166b18d7
[INFO] [stdout]                                at /rustc/df4ca44d3fbc9301ee17f30f4d474e6ae4b05252/library/std/src/sys/backtrace.rs:66:9
[INFO] [stdout]    3:     0x5ec2534c596a - <std::sys::backtrace::BacktraceLock::print::DisplayBacktrace as core::fmt::Display>::fmt::ha0a4c9b8ce3802e6
[INFO] [stdout]                                at /rustc/df4ca44d3fbc9301ee17f30f4d474e6ae4b05252/library/std/src/sys/backtrace.rs:39:26
[INFO] [stdout]    4:     0x5ec2534eff23 - core::fmt::rt::Argument::fmt::h4cfc8587d52b3eb5
[INFO] [stdout]                                at /rustc/df4ca44d3fbc9301ee17f30f4d474e6ae4b05252/library/core/src/fmt/rt.rs:177:76
[INFO] [stdout]    5:     0x5ec2534eff23 - core::fmt::write::h522cc39e5b36ae9f
[INFO] [stdout]                                at /rustc/df4ca44d3fbc9301ee17f30f4d474e6ae4b05252/library/core/src/fmt/mod.rs:1190:21
[INFO] [stdout]    6:     0x5ec2534c16d3 - std::io::Write::write_fmt::h7d3c26752da97734
[INFO] [stdout]                                at /rustc/df4ca44d3fbc9301ee17f30f4d474e6ae4b05252/library/std/src/io/mod.rs:1839:15
[INFO] [stdout]    7:     0x5ec2534c57b2 - std::sys::backtrace::BacktraceLock::print::h4b9e00b29e9c0942
[INFO] [stdout]                                at /rustc/df4ca44d3fbc9301ee17f30f4d474e6ae4b05252/library/std/src/sys/backtrace.rs:42:9
[INFO] [stdout]    8:     0x5ec2534c6dfa - std::panicking::default_hook::{{closure}}::hb59b88280d0324d9
[INFO] [stdout]                                at /rustc/df4ca44d3fbc9301ee17f30f4d474e6ae4b05252/library/std/src/panicking.rs:268:22
[INFO] [stdout]    9:     0x5ec2534c6c04 - std::panicking::default_hook::he1dd496665be4a29
[INFO] [stdout]                                at /rustc/df4ca44d3fbc9301ee17f30f4d474e6ae4b05252/library/std/src/panicking.rs:292:9
[INFO] [stdout]   10:     0x5ec2530165c9 - <alloc::boxed::Box<F,A> as core::ops::function::Fn<Args>>::call::h4ff71de18744e1dc
[INFO] [stdout]                                at /rustc/df4ca44d3fbc9301ee17f30f4d474e6ae4b05252/library/alloc/src/boxed.rs:2468:9
[INFO] [stdout]   11:     0x5ec2530165c9 - test::test_main::{{closure}}::hcf7c055ce117aa81
[INFO] [stdout]                                at /rustc/df4ca44d3fbc9301ee17f30f4d474e6ae4b05252/library/test/src/lib.rs:133:21
[INFO] [stdout]   12:     0x5ec2534c74f8 - <alloc::boxed::Box<F,A> as core::ops::function::Fn<Args>>::call::h1d66c6bbd60c9692
[INFO] [stdout]                                at /rustc/df4ca44d3fbc9301ee17f30f4d474e6ae4b05252/library/alloc/src/boxed.rs:2468:9
[INFO] [stdout]   13:     0x5ec2534c74f8 - std::panicking::rust_panic_with_hook::h2ff17fe8f26dfcf8
[INFO] [stdout]                                at /rustc/df4ca44d3fbc9301ee17f30f4d474e6ae4b05252/library/std/src/panicking.rs:809:13
[INFO] [stdout]   14:     0x5ec2534c72ba - std::panicking::begin_panic_handler::{{closure}}::h4fad77951c07e101
[INFO] [stdout]                                at /rustc/df4ca44d3fbc9301ee17f30f4d474e6ae4b05252/library/std/src/panicking.rs:674:13
[INFO] [stdout]   15:     0x5ec2534c5e49 - std::sys::backtrace::__rust_end_short_backtrace::hb1a25b3da5d0ea08
[INFO] [stdout]                                at /rustc/df4ca44d3fbc9301ee17f30f4d474e6ae4b05252/library/std/src/sys/backtrace.rs:170:18
[INFO] [stdout]   16:     0x5ec2534c6f4c - rust_begin_unwind
[INFO] [stdout]                                at /rustc/df4ca44d3fbc9301ee17f30f4d474e6ae4b05252/library/std/src/panicking.rs:665:5
[INFO] [stdout]   17:     0x5ec2534ede10 - core::panicking::panic_fmt::ha9db07b529f9b256
[INFO] [stdout]                                at /rustc/df4ca44d3fbc9301ee17f30f4d474e6ae4b05252/library/core/src/panicking.rs:75:14
[INFO] [stdout]   18:     0x5ec2534ee2f6 - core::result::unwrap_failed::h5e8218e4d4338b8a
[INFO] [stdout]                                at /rustc/df4ca44d3fbc9301ee17f30f4d474e6ae4b05252/library/core/src/result.rs:1698:5
[INFO] [stdout]   19:     0x5ec252fc69c5 - core::result::Result<T,E>::unwrap::hc79052c89c21b826
[INFO] [stdout]                                at /rustc/df4ca44d3fbc9301ee17f30f4d474e6ae4b05252/library/core/src/result.rs:1103:23
[INFO] [stdout]   20:     0x5ec252fc69c5 - python_rt::py_runtime::py_script_code::test::test_eval_from_file::h67b1f9b9fe9db0fc
[INFO] [stdout]                                at /opt/rustwide/workdir/src/py_runtime/py_script_code.rs:227:21
[INFO] [stdout]   21:     0x5ec252fc6897 - python_rt::py_runtime::py_script_code::test::test_eval_from_file::{{closure}}::h43780abfad537fa3
[INFO] [stdout]                                at /opt/rustwide/workdir/src/py_runtime/py_script_code.rs:224:29
[INFO] [stdout]   22:     0x5ec252f45e66 - core::ops::function::FnOnce::call_once::h01a2eae1488ff8ae
[INFO] [stdout]                                at /rustc/df4ca44d3fbc9301ee17f30f4d474e6ae4b05252/library/core/src/ops/function.rs:250:5
[INFO] [stdout]   23:     0x5ec25301ae9b - core::ops::function::FnOnce::call_once::h22c3ba5715e93f05
[INFO] [stdout]                                at /rustc/df4ca44d3fbc9301ee17f30f4d474e6ae4b05252/library/core/src/ops/function.rs:250:5
[INFO] [stdout]   24:     0x5ec25301ae9b - test::__rust_begin_short_backtrace::h8e82d8113d0da17f
[INFO] [stdout]                                at /rustc/df4ca44d3fbc9301ee17f30f4d474e6ae4b05252/library/test/src/lib.rs:621:18
[INFO] [stdout]   25:     0x5ec25301a817 - test::run_test_in_process::{{closure}}::h33235f4f20b7b7c7
[INFO] [stdout]                                at /rustc/df4ca44d3fbc9301ee17f30f4d474e6ae4b05252/library/test/src/lib.rs:644:60
[INFO] [stdout]   26:     0x5ec25301a817 - <core::panic::unwind_safe::AssertUnwindSafe<F> as core::ops::function::FnOnce<()>>::call_once::hb5043206310c586f
[INFO] [stdout]                                at /rustc/df4ca44d3fbc9301ee17f30f4d474e6ae4b05252/library/core/src/panic/unwind_safe.rs:272:9
[INFO] [stdout]   27:     0x5ec25301a817 - std::panicking::try::do_call::h9ad4731a60ab23e2
[INFO] [stdout]                                at /rustc/df4ca44d3fbc9301ee17f30f4d474e6ae4b05252/library/std/src/panicking.rs:557:40
[INFO] [stdout]   28:     0x5ec25301a817 - std::panicking::try::h3824d23db772a716
[INFO] [stdout]                                at /rustc/df4ca44d3fbc9301ee17f30f4d474e6ae4b05252/library/std/src/panicking.rs:520:19
[INFO] [stdout]   29:     0x5ec25301a817 - std::panic::catch_unwind::h5afd514605fde46b
[INFO] [stdout]                                at /rustc/df4ca44d3fbc9301ee17f30f4d474e6ae4b05252/library/std/src/panic.rs:358:14
[INFO] [stdout]   30:     0x5ec25301a817 - test::run_test_in_process::h0d5cbfa7067d1720
[INFO] [stdout]                                at /rustc/df4ca44d3fbc9301ee17f30f4d474e6ae4b05252/library/test/src/lib.rs:644:27
[INFO] [stdout]   31:     0x5ec25301a817 - test::run_test::{{closure}}::h708eb8872708115d
[INFO] [stdout]                                at /rustc/df4ca44d3fbc9301ee17f30f4d474e6ae4b05252/library/test/src/lib.rs:565:43
[INFO] [stdout]   32:     0x5ec252fddf34 - test::run_test::{{closure}}::h392c51cee94713ab
[INFO] [stdout]                                at /rustc/df4ca44d3fbc9301ee17f30f4d474e6ae4b05252/library/test/src/lib.rs:595:41
[INFO] [stdout]   33:     0x5ec252fddf34 - std::sys::backtrace::__rust_begin_short_backtrace::h2f40290710935a8b
[INFO] [stdout]                                at /rustc/df4ca44d3fbc9301ee17f30f4d474e6ae4b05252/library/std/src/sys/backtrace.rs:154:18
[INFO] [stdout]   34:     0x5ec252fe16de - std::thread::Builder::spawn_unchecked_::{{closure}}::{{closure}}::h3fd968d89053a903
[INFO] [stdout]                                at /rustc/df4ca44d3fbc9301ee17f30f4d474e6ae4b05252/library/std/src/thread/mod.rs:541:17
[INFO] [stdout]   35:     0x5ec252fe16de - <core::panic::unwind_safe::AssertUnwindSafe<F> as core::ops::function::FnOnce<()>>::call_once::h743f637ba4229880
[INFO] [stdout]                                at /rustc/df4ca44d3fbc9301ee17f30f4d474e6ae4b05252/library/core/src/panic/unwind_safe.rs:272:9
[INFO] [stdout]   36:     0x5ec252fe16de - std::panicking::try::do_call::h07440897322525a6
[INFO] [stdout]                                at /rustc/df4ca44d3fbc9301ee17f30f4d474e6ae4b05252/library/std/src/panicking.rs:557:40
[INFO] [stdout]   37:     0x5ec252fe16de - std::panicking::try::he5a2e00188156637
[INFO] [stdout]                                at /rustc/df4ca44d3fbc9301ee17f30f4d474e6ae4b05252/library/std/src/panicking.rs:520:19
[INFO] [stdout]   38:     0x5ec252fe16de - std::panic::catch_unwind::hbaf3cae49b3c6433
[INFO] [stdout]                                at /rustc/df4ca44d3fbc9301ee17f30f4d474e6ae4b05252/library/std/src/panic.rs:358:14
[INFO] [stdout]   39:     0x5ec252fe16de - std::thread::Builder::spawn_unchecked_::{{closure}}::h8e141ea224820bce
[INFO] [stdout]                                at /rustc/df4ca44d3fbc9301ee17f30f4d474e6ae4b05252/library/std/src/thread/mod.rs:540:30
[INFO] [stdout]   40:     0x5ec252fe16de - core::ops::function::FnOnce::call_once{{vtable.shim}}::h90d312fedd7b8ea8
[INFO] [stdout]                                at /rustc/df4ca44d3fbc9301ee17f30f4d474e6ae4b05252/library/core/src/ops/function.rs:250:5
[INFO] [stdout]   41:     0x5ec2534cb84b - <alloc::boxed::Box<F,A> as core::ops::function::FnOnce<Args>>::call_once::h69aa08ddb6adb8b6
[INFO] [stdout]                                at /rustc/df4ca44d3fbc9301ee17f30f4d474e6ae4b05252/library/alloc/src/boxed.rs:2454:9
[INFO] [stdout]   42:     0x5ec2534cb84b - <alloc::boxed::Box<F,A> as core::ops::function::FnOnce<Args>>::call_once::h5aa36efdb79c806f
[INFO] [stdout]                                at /rustc/df4ca44d3fbc9301ee17f30f4d474e6ae4b05252/library/alloc/src/boxed.rs:2454:9
[INFO] [stdout]   43:     0x5ec2534cb84b - std::sys::pal::unix::thread::Thread::new::thread_start::h6cd80a1b4be5158d
[INFO] [stdout]                                at /rustc/df4ca44d3fbc9301ee17f30f4d474e6ae4b05252/library/std/src/sys/pal/unix/thread.rs:105:17
[INFO] [stdout]   44:     0x7704239a5ac3 - <unknown>
[INFO] [stdout]   45:     0x770423a36a04 - clone
[INFO] [stdout]   46:                0x0 - <unknown>
[INFO] [stdout] 
[INFO] [stdout] ---- tests::run_client stdout ----
[INFO] [stdout] [7;31m[2024-11-01 13:39:17.241 ERROR wd_log]src/grpc/client.rs(157): connect PythonRuntimeServiceClient error:transport error[0m
[INFO] [stdout] [7;31m[2024-11-01 13:39:17.253 ERROR wd_log]src/grpc/client.rs(157): connect PythonRuntimeServiceClient error:transport error[0m
[INFO] [stdout] [7;31m[2024-11-01 13:39:17.265 ERROR wd_log]src/grpc/client.rs(157): connect PythonRuntimeServiceClient error:transport error[0m
[INFO] [stdout] [7;31m[2024-11-01 13:39:17.280 ERROR wd_log]src/grpc/client.rs(157): connect PythonRuntimeServiceClient error:transport error[0m
[INFO] [stdout] [7;31m[2024-11-01 13:39:17.291 ERROR wd_log]src/grpc/client.rs(157): connect PythonRuntimeServiceClient error:transport error[0m
[INFO] [stdout] [7;31m[2024-11-01 13:39:17.393 ERROR wd_log]src/grpc/client.rs(157): connect PythonRuntimeServiceClient error:transport error[0m
[INFO] [stdout] [7;31m[2024-11-01 13:39:17.493 ERROR wd_log]src/grpc/client.rs(157): connect PythonRuntimeServiceClient error:transport error[0m
[INFO] [stdout] [7;31m[2024-11-01 13:39:17.595 ERROR wd_log]src/grpc/client.rs(157): connect PythonRuntimeServiceClient error:transport error[0m
[INFO] [stdout] [7;31m[2024-11-01 13:39:17.697 ERROR wd_log]src/grpc/client.rs(157): connect PythonRuntimeServiceClient error:transport error[0m
[INFO] [stdout] [7;31m[2024-11-01 13:39:17.799 ERROR wd_log]src/grpc/client.rs(157): connect PythonRuntimeServiceClient error:transport error[0m
[INFO] [stdout] [7;31m[2024-11-01 13:39:17.900 ERROR wd_log]src/grpc/client.rs(157): connect PythonRuntimeServiceClient error:transport error[0m
[INFO] [stdout] [7;31m[2024-11-01 13:39:18.905 ERROR wd_log]src/grpc/client.rs(157): connect PythonRuntimeServiceClient error:transport error[0m
[INFO] [stdout] [7;31m[2024-11-01 13:39:19.906 ERROR wd_log]src/grpc/client.rs(157): connect PythonRuntimeServiceClient error:transport error[0m
[INFO] [stdout] [7;31m[2024-11-01 13:39:20.908 ERROR wd_log]src/grpc/client.rs(157): connect PythonRuntimeServiceClient error:transport error[0m
[INFO] [stdout] [7;31m[2024-11-01 13:39:21.909 ERROR wd_log]src/grpc/client.rs(157): connect PythonRuntimeServiceClient error:transport error[0m
[INFO] [stdout] [7;31m[2024-11-01 13:39:22.913 ERROR wd_log]src/grpc/client.rs(157): connect PythonRuntimeServiceClient error:transport error[0m
[INFO] [stdout] [7;31m[2024-11-01 13:39:23.914 ERROR wd_log]src/grpc/client.rs(157): connect PythonRuntimeServiceClient error:transport error[0m
[INFO] [stdout] [7;31m[2024-11-01 13:39:24.916 ERROR wd_log]src/grpc/client.rs(157): connect PythonRuntimeServiceClient error:transport error[0m
[INFO] [stdout] [7;31m[2024-11-01 13:39:25.917 ERROR wd_log]src/grpc/client.rs(157): connect PythonRuntimeServiceClient error:transport error[0m
[INFO] [stdout] [7;31m[2024-11-01 13:39:26.919 ERROR wd_log]src/grpc/client.rs(157): connect PythonRuntimeServiceClient error:transport error[0m
[INFO] [stdout] [7;31m[2024-11-01 13:39:27.921 ERROR wd_log]src/grpc/client.rs(157): connect PythonRuntimeServiceClient error:transport error[0m
[INFO] [stdout] [7;31m[2024-11-01 13:39:28.923 ERROR wd_log]src/grpc/client.rs(157): connect PythonRuntimeServiceClient error:transport error[0m
[INFO] [stdout] [7;31m[2024-11-01 13:39:29.924 ERROR wd_log]src/grpc/client.rs(157): connect PythonRuntimeServiceClient error:transport error[0m
[INFO] [stdout] [7;31m[2024-11-01 13:39:30.924 ERROR wd_log]src/grpc/client.rs(157): connect PythonRuntimeServiceClient error:transport error[0m
[INFO] [stdout] [7;31m[2024-11-01 13:39:31.926 ERROR wd_log]src/grpc/client.rs(157): connect PythonRuntimeServiceClient error:transport error[0m
[INFO] [stdout] [7;31m[2024-11-01 13:39:32.927 ERROR wd_log]src/grpc/client.rs(157): connect PythonRuntimeServiceClient error:transport error[0m
[INFO] [stdout] [7;31m[2024-11-01 13:39:33.929 ERROR wd_log]src/grpc/client.rs(157): connect PythonRuntimeServiceClient error:transport error[0m
[INFO] [stdout] [7;31m[2024-11-01 13:39:34.931 ERROR wd_log]src/grpc/client.rs(157): connect PythonRuntimeServiceClient error:transport error[0m
[INFO] [stdout] [7;31m[2024-11-01 13:39:35.931 ERROR wd_log]src/grpc/client.rs(157): connect PythonRuntimeServiceClient error:transport error[0m
[INFO] [stdout] [7;31m[2024-11-01 13:39:36.933 ERROR wd_log]src/grpc/client.rs(157): connect PythonRuntimeServiceClient error:transport error[0m
[INFO] [stdout] [7;31m[2024-11-01 13:39:37.935 ERROR wd_log]src/grpc/client.rs(157): connect PythonRuntimeServiceClient error:transport error[0m
[INFO] [stdout] [7;31m[2024-11-01 13:39:38.937 ERROR wd_log]src/grpc/client.rs(157): connect PythonRuntimeServiceClient error:transport error[0m
[INFO] [stdout] [7;31m[2024-11-01 13:39:39.942 ERROR wd_log]src/grpc/client.rs(157): connect PythonRuntimeServiceClient error:transport error[0m
[INFO] [stdout] [7;31m[2024-11-01 13:39:40.943 ERROR wd_log]src/grpc/client.rs(157): connect PythonRuntimeServiceClient error:transport error[0m
[INFO] [stdout] [7;31m[2024-11-01 13:39:41.945 ERROR wd_log]src/grpc/client.rs(157): connect PythonRuntimeServiceClient error:transport error[0m
[INFO] [stdout] [7;31m[2024-11-01 13:39:42.947 ERROR wd_log]src/grpc/client.rs(157): connect PythonRuntimeServiceClient error:transport error[0m
[INFO] [stdout] [7;31m[2024-11-01 13:39:43.949 ERROR wd_log]src/grpc/client.rs(157): connect PythonRuntimeServiceClient error:transport error[0m
[INFO] [stdout] [7;31m[2024-11-01 13:39:44.950 ERROR wd_log]src/grpc/client.rs(157): connect PythonRuntimeServiceClient error:transport error[0m
[INFO] [stdout] [7;31m[2024-11-01 13:39:45.951 ERROR wd_log]src/grpc/client.rs(157): connect PythonRuntimeServiceClient error:transport error[0m
[INFO] [stdout] [7;31m[2024-11-01 13:39:46.953 ERROR wd_log]src/grpc/client.rs(157): connect PythonRuntimeServiceClient error:transport error[0m
[INFO] [stdout] [7;31m[2024-11-01 13:39:47.955 ERROR wd_log]src/grpc/client.rs(157): connect PythonRuntimeServiceClient error:transport error[0m
[INFO] [stdout] [7;31m[2024-11-01 13:39:48.961 ERROR wd_log]src/grpc/client.rs(157): connect PythonRuntimeServiceClient error:transport error[0m
[INFO] [stdout] [7;31m[2024-11-01 13:39:49.962 ERROR wd_log]src/grpc/client.rs(157): connect PythonRuntimeServiceClient error:transport error[0m
[INFO] [stdout] [7;31m[2024-11-01 13:39:50.964 ERROR wd_log]src/grpc/client.rs(157): connect PythonRuntimeServiceClient error:transport error[0m
[INFO] [stdout] [7;31m[2024-11-01 13:39:51.966 ERROR wd_log]src/grpc/client.rs(157): connect PythonRuntimeServiceClient error:transport error[0m
[INFO] [stdout] [7;31m[2024-11-01 13:39:52.968 ERROR wd_log]src/grpc/client.rs(157): connect PythonRuntimeServiceClient error:transport error[0m
[INFO] [stdout] [7;31m[2024-11-01 13:39:53.970 ERROR wd_log]src/grpc/client.rs(157): connect PythonRuntimeServiceClient error:transport error[0m
[INFO] [stdout] [7;31m[2024-11-01 13:39:54.972 ERROR wd_log]src/grpc/client.rs(157): connect PythonRuntimeServiceClient error:transport error[0m
[INFO] [stdout] [7;31m[2024-11-01 13:39:55.974 ERROR wd_log]src/grpc/client.rs(157): connect PythonRuntimeServiceClient error:transport error[0m
[INFO] [stdout] [7;31m[2024-11-01 13:39:56.976 ERROR wd_log]src/grpc/client.rs(157): connect PythonRuntimeServiceClient error:transport error[0m
[INFO] [stdout] [7;31m[2024-11-01 13:39:57.978 ERROR wd_log]src/grpc/client.rs(157): connect PythonRuntimeServiceClient error:transport error[0m
[INFO] [stdout] [7;31m[2024-11-01 13:39:58.980 ERROR wd_log]src/grpc/client.rs(157): connect PythonRuntimeServiceClient error:transport error[0m
[INFO] [stdout] [7;31m[2024-11-01 13:39:59.981 ERROR wd_log]src/grpc/client.rs(157): connect PythonRuntimeServiceClient error:transport error[0m
[INFO] [stdout] [7;31m[2024-11-01 13:40:00.983 ERROR wd_log]src/grpc/client.rs(157): connect PythonRuntimeServiceClient error:transport error[0m
[INFO] [stdout] [7;31m[2024-11-01 13:40:01.985 ERROR wd_log]src/grpc/client.rs(157): connect PythonRuntimeServiceClient error:transport error[0m
[INFO] [stdout] [7;31m[2024-11-01 13:40:02.987 ERROR wd_log]src/grpc/client.rs(157): connect PythonRuntimeServiceClient error:transport error[0m
[INFO] [stdout] [7;31m[2024-11-01 13:40:03.987 ERROR wd_log]src/grpc/client.rs(157): connect PythonRuntimeServiceClient error:transport error[0m
[INFO] [stdout] [7;31m[2024-11-01 13:40:04.993 ERROR wd_log]src/grpc/client.rs(157): connect PythonRuntimeServiceClient error:transport error[0m
[INFO] [stdout] [7;31m[2024-11-01 13:40:05.994 ERROR wd_log]src/grpc/client.rs(157): connect PythonRuntimeServiceClient error:transport error[0m
[INFO] [stdout] [7;31m[2024-11-01 13:40:06.996 ERROR wd_log]src/grpc/client.rs(157): connect PythonRuntimeServiceClient error:transport error[0m
[INFO] [stdout] [7;31m[2024-11-01 13:40:07.997 ERROR wd_log]src/grpc/client.rs(157): connect PythonRuntimeServiceClient error:transport error[0m
[INFO] [stdout] [7;31m[2024-11-01 13:40:09.000 ERROR wd_log]src/grpc/client.rs(157): connect PythonRuntimeServiceClient error:transport error[0m
[INFO] [stdout] [7;31m[2024-11-01 13:40:10.001 ERROR wd_log]src/grpc/client.rs(157): connect PythonRuntimeServiceClient error:transport error[0m
[INFO] [stdout] [7;31m[2024-11-01 13:40:11.003 ERROR wd_log]src/grpc/client.rs(157): connect PythonRuntimeServiceClient error:transport error[0m
[INFO] [stdout] [7;31m[2024-11-01 13:40:12.004 ERROR wd_log]src/grpc/client.rs(157): connect PythonRuntimeServiceClient error:transport error[0m
[INFO] [stdout] [7;31m[2024-11-01 13:40:13.011 ERROR wd_log]src/grpc/client.rs(157): connect PythonRuntimeServiceClient error:transport error[0m
[INFO] [stdout] [7;31m[2024-11-01 13:40:14.012 ERROR wd_log]src/grpc/client.rs(157): connect PythonRuntimeServiceClient error:transport error[0m
[INFO] [stdout] [7;31m[2024-11-01 13:40:15.015 ERROR wd_log]src/grpc/client.rs(157): connect PythonRuntimeServiceClient error:transport error[0m
[INFO] [stdout] [7;31m[2024-11-01 13:40:16.016 ERROR wd_log]src/grpc/client.rs(157): connect PythonRuntimeServiceClient error:transport error[0m
[INFO] [stdout] [7;31m[2024-11-01 13:40:17.018 ERROR wd_log]src/grpc/client.rs(157): connect PythonRuntimeServiceClient error:transport error[0m
[INFO] [stdout] [7;31m[2024-11-01 13:40:18.019 ERROR wd_log]src/grpc/client.rs(157): connect PythonRuntimeServiceClient error:transport error[0m
[INFO] [stdout] [7;31m[2024-11-01 13:40:19.021 ERROR wd_log]src/grpc/client.rs(157): connect PythonRuntimeServiceClient error:transport error[0m
[INFO] [stdout] [7;31m[2024-11-01 13:40:20.023 ERROR wd_log]src/grpc/client.rs(157): connect PythonRuntimeServiceClient error:transport error[0m
[INFO] [stdout] [7;31m[2024-11-01 13:40:21.025 ERROR wd_log]src/grpc/client.rs(157): connect PythonRuntimeServiceClient error:transport error[0m
[INFO] [stdout] [7;31m[2024-11-01 13:40:22.027 ERROR wd_log]src/grpc/client.rs(157): connect PythonRuntimeServiceClient error:transport error[0m
[INFO] [stdout] [7;31m[2024-11-01 13:40:23.029 ERROR wd_log]src/grpc/client.rs(157): connect PythonRuntimeServiceClient error:transport error[0m
[INFO] [stdout] [7;31m[2024-11-01 13:40:24.031 ERROR wd_log]src/grpc/client.rs(157): connect PythonRuntimeServiceClient error:transport error[0m
[INFO] [stdout] [7;31m[2024-11-01 13:40:25.033 ERROR wd_log]src/grpc/client.rs(157): connect PythonRuntimeServiceClient error:transport error[0m
[INFO] [stdout] [7;31m[2024-11-01 13:40:26.035 ERROR wd_log]src/grpc/client.rs(157): connect PythonRuntimeServiceClient error:transport error[0m
[INFO] [stdout] [7;31m[2024-11-01 13:40:27.037 ERROR wd_log]src/grpc/client.rs(157): connect PythonRuntimeServiceClient error:transport error[0m
[INFO] [stdout] [7;31m[2024-11-01 13:40:28.039 ERROR wd_log]src/grpc/client.rs(157): connect PythonRuntimeServiceClient error:transport error[0m
[INFO] [stdout] [7;31m[2024-11-01 13:40:29.041 ERROR wd_log]src/grpc/client.rs(157): connect PythonRuntimeServiceClient error:transport error[0m
[INFO] [stdout] [7;31m[2024-11-01 13:40:30.043 ERROR wd_log]src/grpc/client.rs(157): connect PythonRuntimeServiceClient error:transport error[0m
[INFO] [stdout] [7;31m[2024-11-01 13:40:31.045 ERROR wd_log]src/grpc/client.rs(157): connect PythonRuntimeServiceClient error:transport error[0m
[INFO] [stdout] [7;31m[2024-11-01 13:40:32.047 ERROR wd_log]src/grpc/client.rs(157): connect PythonRuntimeServiceClient error:transport error[0m
[INFO] [stdout] [7;31m[2024-11-01 13:40:33.049 ERROR wd_log]src/grpc/client.rs(157): connect PythonRuntimeServiceClient error:transport error[0m
[INFO] [stdout] [7;31m[2024-11-01 13:40:34.051 ERROR wd_log]src/grpc/client.rs(157): connect PythonRuntimeServiceClient error:transport error[0m
[INFO] [stdout] [7;31m[2024-11-01 13:40:35.053 ERROR wd_log]src/grpc/client.rs(157): connect PythonRuntimeServiceClient error:transport error[0m
[INFO] [stdout] [7;31m[2024-11-01 13:40:36.055 ERROR wd_log]src/grpc/client.rs(157): connect PythonRuntimeServiceClient error:transport error[0m
[INFO] [stdout] [7;31m[2024-11-01 13:40:37.057 ERROR wd_log]src/grpc/client.rs(157): connect PythonRuntimeServiceClient error:transport error[0m
[INFO] [stdout] [7;31m[2024-11-01 13:40:38.059 ERROR wd_log]src/grpc/client.rs(157): connect PythonRuntimeServiceClient error:transport error[0m
[INFO] [stdout] [7;31m[2024-11-01 13:40:39.059 ERROR wd_log]src/grpc/client.rs(157): connect PythonRuntimeServiceClient error:transport error[0m
[INFO] [stdout] [7;31m[2024-11-01 13:40:40.061 ERROR wd_log]src/grpc/client.rs(157): connect PythonRuntimeServiceClient error:transport error[0m
[INFO] [stdout] [7;31m[2024-11-01 13:40:41.064 ERROR wd_log]src/grpc/client.rs(157): connect PythonRuntimeServiceClient error:transport error[0m
[INFO] [stdout] [7;31m[2024-11-01 13:40:42.065 ERROR wd_log]src/grpc/client.rs(157): connect PythonRuntimeServiceClient error:transport error[0m
[INFO] [stdout] [7;31m[2024-11-01 13:40:43.067 ERROR wd_log]src/grpc/client.rs(157): connect PythonRuntimeServiceClient error:transport error[0m
[INFO] [stdout] [7;31m[2024-11-01 13:40:44.069 ERROR wd_log]src/grpc/client.rs(157): connect PythonRuntimeServiceClient error:transport error[0m
[INFO] [stdout] [7;31m[2024-11-01 13:40:45.071 ERROR wd_log]src/grpc/client.rs(157): connect PythonRuntimeServiceClient error:transport error[0m
[INFO] [stdout] [7;31m[2024-11-01 13:40:46.076 ERROR wd_log]src/grpc/client.rs(157): connect PythonRuntimeServiceClient error:transport error[0m
[INFO] [stdout] [7;31m[2024-11-01 13:40:47.077 ERROR wd_log]src/grpc/client.rs(157): connect PythonRuntimeServiceClient error:transport error[0m
[INFO] [stdout] thread 'tests::run_client' panicked at src/lib.rs:144:14:
[INFO] [stdout] called `Result::unwrap()` on an `Err` value: ObjPool: System busy
[INFO] [stdout] 
[INFO] [stdout] Stack backtrace:
[INFO] [stdout]    0: anyhow::error::<impl anyhow::Error>::msg
[INFO] [stdout]              at /opt/rustwide/cargo-home/registry/src/index.crates.io-6f17d22bba15001f/anyhow-1.0.92/src/backtrace.rs:27:14
[INFO] [stdout]    1: anyhow::__private::format_err
[INFO] [stdout]              at /opt/rustwide/cargo-home/registry/src/index.crates.io-6f17d22bba15001f/anyhow-1.0.92/src/lib.rs:691:13
[INFO] [stdout]    2: wd_tools::pool::object_pool::ObjPool<T>::defer::{{closure}}
[INFO] [stdout]              at /opt/rustwide/cargo-home/registry/src/index.crates.io-6f17d22bba15001f/wd_tools-0.13.14/src/pool/object_pool.rs:80:13
[INFO] [stdout]    3: python_rt::grpc::client::Client::call_function::{{closure}}
[INFO] [stdout]              at ./src/grpc/client.rs:45:14
[INFO] [stdout]    4: python_rt::grpc::client::Client::raw_eval::{{closure}}
[INFO] [stdout]              at ./src/grpc/client.rs:81:43
[INFO] [stdout]    5: python_rt::grpc::client::Client::eval_script_code::{{closure}}
[INFO] [stdout]              at ./src/grpc/client.rs:123:10
[INFO] [stdout]    6: python_rt::tests::run_client::{{closure}}
[INFO] [stdout]              at ./src/lib.rs:143:14
[INFO] [stdout]    7: <core::pin::Pin<P> as core::future::future::Future>::poll
[INFO] [stdout]              at /rustc/df4ca44d3fbc9301ee17f30f4d474e6ae4b05252/library/core/src/future/future.rs:123:9
[INFO] [stdout]    8: <core::pin::Pin<P> as core::future::future::Future>::poll
[INFO] [stdout]              at /rustc/df4ca44d3fbc9301ee17f30f4d474e6ae4b05252/library/core/src/future/future.rs:123:9
[INFO] [stdout]    9: tokio::runtime::scheduler::current_thread::CoreGuard::block_on::{{closure}}::{{closure}}::{{closure}}
[INFO] [stdout]              at /opt/rustwide/cargo-home/registry/src/index.crates.io-6f17d22bba15001f/tokio-1.41.0/src/runtime/scheduler/current_thread/mod.rs:729:57
[INFO] [stdout]   10: tokio::runtime::coop::with_budget
[INFO] [stdout]              at /opt/rustwide/cargo-home/registry/src/index.crates.io-6f17d22bba15001f/tokio-1.41.0/src/runtime/coop.rs:107:5
[INFO] [stdout]   11: tokio::runtime::coop::budget
[INFO] [stdout]              at /opt/rustwide/cargo-home/registry/src/index.crates.io-6f17d22bba15001f/tokio-1.41.0/src/runtime/coop.rs:73:5
[INFO] [stdout]   12: tokio::runtime::scheduler::current_thread::CoreGuard::block_on::{{closure}}::{{closure}}
[INFO] [stdout]              at /opt/rustwide/cargo-home/registry/src/index.crates.io-6f17d22bba15001f/tokio-1.41.0/src/runtime/scheduler/current_thread/mod.rs:729:25
[INFO] [stdout]   13: tokio::runtime::scheduler::current_thread::Context::enter
[INFO] [stdout]              at /opt/rustwide/cargo-home/registry/src/index.crates.io-6f17d22bba15001f/tokio-1.41.0/src/runtime/scheduler/current_thread/mod.rs:428:19
[INFO] [stdout]   14: tokio::runtime::scheduler::current_thread::CoreGuard::block_on::{{closure}}
[INFO] [stdout]              at /opt/rustwide/cargo-home/registry/src/index.crates.io-6f17d22bba15001f/tokio-1.41.0/src/runtime/scheduler/current_thread/mod.rs:728:36
[INFO] [stdout]   15: tokio::runtime::scheduler::current_thread::CoreGuard::enter::{{closure}}
[INFO] [stdout]              at /opt/rustwide/cargo-home/registry/src/index.crates.io-6f17d22bba15001f/tokio-1.41.0/src/runtime/scheduler/current_thread/mod.rs:807:68
[INFO] [stdout]   16: tokio::runtime::context::scoped::Scoped<T>::set
[INFO] [stdout]              at /opt/rustwide/cargo-home/registry/src/index.crates.io-6f17d22bba15001f/tokio-1.41.0/src/runtime/context/scoped.rs:40:9
[INFO] [stdout]   17: tokio::runtime::context::set_scheduler::{{closure}}
[INFO] [stdout]              at /opt/rustwide/cargo-home/registry/src/index.crates.io-6f17d22bba15001f/tokio-1.41.0/src/runtime/context.rs:180:26
[INFO] [stdout]   18: std::thread::local::LocalKey<T>::try_with
[INFO] [stdout]              at /rustc/df4ca44d3fbc9301ee17f30f4d474e6ae4b05252/library/std/src/thread/local.rs:283:12
[INFO] [stdout]   19: std::thread::local::LocalKey<T>::with
[INFO] [stdout]              at /rustc/df4ca44d3fbc9301ee17f30f4d474e6ae4b05252/library/std/src/thread/local.rs:260:9
[INFO] [stdout]   20: tokio::runtime::context::set_scheduler
[INFO] [stdout]              at /opt/rustwide/cargo-home/registry/src/index.crates.io-6f17d22bba15001f/tokio-1.41.0/src/runtime/context.rs:180:9
[INFO] [stdout]   21: tokio::runtime::scheduler::current_thread::CoreGuard::enter
[INFO] [stdout]              at /opt/rustwide/cargo-home/registry/src/index.crates.io-6f17d22bba15001f/tokio-1.41.0/src/runtime/scheduler/current_thread/mod.rs:807:27
[INFO] [stdout]   22: tokio::runtime::scheduler::current_thread::CoreGuard::block_on
[INFO] [stdout]              at /opt/rustwide/cargo-home/registry/src/index.crates.io-6f17d22bba15001f/tokio-1.41.0/src/runtime/scheduler/current_thread/mod.rs:716:19
[INFO] [stdout]   23: tokio::runtime::scheduler::current_thread::CurrentThread::block_on::{{closure}}
[INFO] [stdout]              at /opt/rustwide/cargo-home/registry/src/index.crates.io-6f17d22bba15001f/tokio-1.41.0/src/runtime/scheduler/current_thread/mod.rs:196:28
[INFO] [stdout]   24: tokio::runtime::context::runtime::enter_runtime
[INFO] [stdout]              at /opt/rustwide/cargo-home/registry/src/index.crates.io-6f17d22bba15001f/tokio-1.41.0/src/runtime/context/runtime.rs:65:16
[INFO] [stdout]   25: tokio::runtime::scheduler::current_thread::CurrentThread::block_on
[INFO] [stdout]              at /opt/rustwide/cargo-home/registry/src/index.crates.io-6f17d22bba15001f/tokio-1.41.0/src/runtime/scheduler/current_thread/mod.rs:184:9
[INFO] [stdout]   26: tokio::runtime::runtime::Runtime::block_on_inner
[INFO] [stdout]              at /opt/rustwide/cargo-home/registry/src/index.crates.io-6f17d22bba15001f/tokio-1.41.0/src/runtime/runtime.rs:368:47
[INFO] [stdout]   27: tokio::runtime::runtime::Runtime::block_on
[INFO] [stdout]              at /opt/rustwide/cargo-home/registry/src/index.crates.io-6f17d22bba15001f/tokio-1.41.0/src/runtime/runtime.rs:342:13
[INFO] [stdout]   28: python_rt::tests::run_client
[INFO] [stdout]              at ./src/lib.rs:146:9
[INFO] [stdout]   29: python_rt::tests::run_client::{{closure}}
[INFO] [stdout]              at ./src/lib.rs:132:26
[INFO] [stdout]   30: core::ops::function::FnOnce::call_once
[INFO] [stdout]              at /rustc/df4ca44d3fbc9301ee17f30f4d474e6ae4b05252/library/core/src/ops/function.rs:250:5
[INFO] [stdout]   31: core::ops::function::FnOnce::call_once
[INFO] [stdout]              at /rustc/df4ca44d3fbc9301ee17f30f4d474e6ae4b05252/library/core/src/ops/function.rs:250:5
[INFO] [stdout]   32: test::__rust_begin_short_backtrace
[INFO] [stdout]              at /rustc/df4ca44d3fbc9301ee17f30f4d474e6ae4b05252/library/test/src/lib.rs:621:18
[INFO] [stdout]   33: test::run_test_in_process::{{closure}}
[INFO] [stdout]              at /rustc/df4ca44d3fbc9301ee17f30f4d474e6ae4b05252/library/test/src/lib.rs:644:60
[INFO] [stdout]   34: <core::panic::unwind_safe::AssertUnwindSafe<F> as core::ops::function::FnOnce<()>>::call_once
[INFO] [stdout]              at /rustc/df4ca44d3fbc9301ee17f30f4d474e6ae4b05252/library/core/src/panic/unwind_safe.rs:272:9
[INFO] [stdout]   35: std::panicking::try::do_call
[INFO] [stdout]              at /rustc/df4ca44d3fbc9301ee17f30f4d474e6ae4b05252/library/std/src/panicking.rs:557:40
[INFO] [stdout]   36: std::panicking::try
[INFO] [stdout]              at /rustc/df4ca44d3fbc9301ee17f30f4d474e6ae4b05252/library/std/src/panicking.rs:520:19
[INFO] [stdout]   37: std::panic::catch_unwind
[INFO] [stdout]              at /rustc/df4ca44d3fbc9301ee17f30f4d474e6ae4b05252/library/std/src/panic.rs:358:14
[INFO] [stdout]   38: test::run_test_in_process
[INFO] [stdout]              at /rustc/df4ca44d3fbc9301ee17f30f4d474e6ae4b05252/library/test/src/lib.rs:644:27
[INFO] [stdout]   39: test::run_test::{{closure}}
[INFO] [stdout]              at /rustc/df4ca44d3fbc9301ee17f30f4d474e6ae4b05252/library/test/src/lib.rs:565:43
[INFO] [stdout]   40: test::run_test::{{closure}}
[INFO] [stdout]              at /rustc/df4ca44d3fbc9301ee17f30f4d474e6ae4b05252/library/test/src/lib.rs:595:41
[INFO] [stdout]   41: std::sys::backtrace::__rust_begin_short_backtrace
[INFO] [stdout]              at /rustc/df4ca44d3fbc9301ee17f30f4d474e6ae4b05252/library/std/src/sys/backtrace.rs:154:18
[INFO] [stdout]   42: std::thread::Builder::spawn_unchecked_::{{closure}}::{{closure}}
[INFO] [stdout]              at /rustc/df4ca44d3fbc9301ee17f30f4d474e6ae4b05252/library/std/src/thread/mod.rs:541:17
[INFO] [stdout]   43: <core::panic::unwind_safe::AssertUnwindSafe<F> as core::ops::function::FnOnce<()>>::call_once
[INFO] [stdout]              at /rustc/df4ca44d3fbc9301ee17f30f4d474e6ae4b05252/library/core/src/panic/unwind_safe.rs:272:9
[INFO] [stdout]   44: std::panicking::try::do_call
[INFO] [stdout]              at /rustc/df4ca44d3fbc9301ee17f30f4d474e6ae4b05252/library/std/src/panicking.rs:557:40
[INFO] [stdout]   45: std::panicking::try
[INFO] [stdout]              at /rustc/df4ca44d3fbc9301ee17f30f4d474e6ae4b05252/library/std/src/panicking.rs:520:19
[INFO] [stdout]   46: std::panic::catch_unwind
[INFO] [stdout]              at /rustc/df4ca44d3fbc9301ee17f30f4d474e6ae4b05252/library/std/src/panic.rs:358:14
[INFO] [stdout]   47: std::thread::Builder::spawn_unchecked_::{{closure}}
[INFO] [stdout]              at /rustc/df4ca44d3fbc9301ee17f30f4d474e6ae4b05252/library/std/src/thread/mod.rs:540:30
[INFO] [stdout]   48: core::ops::function::FnOnce::call_once{{vtable.shim}}
[INFO] [stdout]              at /rustc/df4ca44d3fbc9301ee17f30f4d474e6ae4b05252/library/core/src/ops/function.rs:250:5
[INFO] [stdout]   49: <alloc::boxed::Box<F,A> as core::ops::function::FnOnce<Args>>::call_once
[INFO] [stdout]              at /rustc/df4ca44d3fbc9301ee17f30f4d474e6ae4b05252/library/alloc/src/boxed.rs:2454:9
[INFO] [stdout]   50: <alloc::boxed::Box<F,A> as core::ops::function::FnOnce<Args>>::call_once
[INFO] [stdout]              at /rustc/df4ca44d3fbc9301ee17f30f4d474e6ae4b05252/library/alloc/src/boxed.rs:2454:9
[INFO] [stdout]   51: std::sys::pal::unix::thread::Thread::new::thread_start
[INFO] [stdout]              at /rustc/df4ca44d3fbc9301ee17f30f4d474e6ae4b05252/library/std/src/sys/pal/unix/thread.rs:105:17
[INFO] [stdout]   52: <unknown>
[INFO] [stdout]   53: clone
[INFO] [stdout] stack backtrace:
[INFO] [stdout]    0:     0x5ec2534c596a - std::backtrace_rs::backtrace::libunwind::trace::h207520d6e9873551
[INFO] [stdout]                                at /rustc/df4ca44d3fbc9301ee17f30f4d474e6ae4b05252/library/std/src/../../backtrace/src/backtrace/libunwind.rs:116:5
[INFO] [stdout]    1:     0x5ec2534c596a - std::backtrace_rs::backtrace::trace_unsynchronized::h2ed7433f370e3eca
[INFO] [stdout]                                at /rustc/df4ca44d3fbc9301ee17f30f4d474e6ae4b05252/library/std/src/../../backtrace/src/backtrace/mod.rs:66:5
[INFO] [stdout]    2:     0x5ec2534c596a - std::sys::backtrace::_print_fmt::h916fac51166b18d7
[INFO] [stdout]                                at /rustc/df4ca44d3fbc9301ee17f30f4d474e6ae4b05252/library/std/src/sys/backtrace.rs:66:9
[INFO] [stdout]    3:     0x5ec2534c596a - <std::sys::backtrace::BacktraceLock::print::DisplayBacktrace as core::fmt::Display>::fmt::ha0a4c9b8ce3802e6
[INFO] [stdout]                                at /rustc/df4ca44d3fbc9301ee17f30f4d474e6ae4b05252/library/std/src/sys/backtrace.rs:39:26
[INFO] [stdout]    4:     0x5ec2534eff23 - core::fmt::rt::Argument::fmt::h4cfc8587d52b3eb5
[INFO] [stdout]                                at /rustc/df4ca44d3fbc9301ee17f30f4d474e6ae4b05252/library/core/src/fmt/rt.rs:177:76
[INFO] [stdout]    5:     0x5ec2534eff23 - core::fmt::write::h522cc39e5b36ae9f
[INFO] [stdout]                                at /rustc/df4ca44d3fbc9301ee17f30f4d474e6ae4b05252/library/core/src/fmt/mod.rs:1190:21
[INFO] [stdout]    6:     0x5ec2534c16d3 - std::io::Write::write_fmt::h7d3c26752da97734
[INFO] [stdout]                                at /rustc/df4ca44d3fbc9301ee17f30f4d474e6ae4b05252/library/std/src/io/mod.rs:1839:15
[INFO] [stdout]    7:     0x5ec2534c57b2 - std::sys::backtrace::BacktraceLock::print::h4b9e00b29e9c0942
[INFO] [stdout]                                at /rustc/df4ca44d3fbc9301ee17f30f4d474e6ae4b05252/library/std/src/sys/backtrace.rs:42:9
[INFO] [stdout]    8:     0x5ec2534c6dfa - std::panicking::default_hook::{{closure}}::hb59b88280d0324d9
[INFO] [stdout]                                at /rustc/df4ca44d3fbc9301ee17f30f4d474e6ae4b05252/library/std/src/panicking.rs:268:22
[INFO] [stdout]    9:     0x5ec2534c6c04 - std::panicking::default_hook::he1dd496665be4a29
[INFO] [stdout]                                at /rustc/df4ca44d3fbc9301ee17f30f4d474e6ae4b05252/library/std/src/panicking.rs:292:9
[INFO] [stdout]   10:     0x5ec2530165c9 - <alloc::boxed::Box<F,A> as core::ops::function::Fn<Args>>::call::h4ff71de18744e1dc
[INFO] [stdout]                                at /rustc/df4ca44d3fbc9301ee17f30f4d474e6ae4b05252/library/alloc/src/boxed.rs:2468:9
[INFO] [stdout]   11:     0x5ec2530165c9 - test::test_main::{{closure}}::hcf7c055ce117aa81
[INFO] [stdout]                                at /rustc/df4ca44d3fbc9301ee17f30f4d474e6ae4b05252/library/test/src/lib.rs:133:21
[INFO] [stdout]   12:     0x5ec2534c74f8 - <alloc::boxed::Box<F,A> as core::ops::function::Fn<Args>>::call::h1d66c6bbd60c9692
[INFO] [stdout]                                at /rustc/df4ca44d3fbc9301ee17f30f4d474e6ae4b05252/library/alloc/src/boxed.rs:2468:9
[INFO] [stdout]   13:     0x5ec2534c74f8 - std::panicking::rust_panic_with_hook::h2ff17fe8f26dfcf8
[INFO] [stdout]                                at /rustc/df4ca44d3fbc9301ee17f30f4d474e6ae4b05252/library/std/src/panicking.rs:809:13
[INFO] [stdout]   14:     0x5ec2534c72ba - std::panicking::begin_panic_handler::{{closure}}::h4fad77951c07e101
[INFO] [stdout]                                at /rustc/df4ca44d3fbc9301ee17f30f4d474e6ae4b05252/library/std/src/panicking.rs:674:13
[INFO] [stdout]   15:     0x5ec2534c5e49 - std::sys::backtrace::__rust_end_short_backtrace::hb1a25b3da5d0ea08
[INFO] [stdout]                                at /rustc/df4ca44d3fbc9301ee17f30f4d474e6ae4b05252/library/std/src/sys/backtrace.rs:170:18
[INFO] [stdout]   16:     0x5ec2534c6f4c - rust_begin_unwind
[INFO] [stdout]                                at /rustc/df4ca44d3fbc9301ee17f30f4d474e6ae4b05252/library/std/src/panicking.rs:665:5
[INFO] [stdout]   17:     0x5ec2534ede10 - core::panicking::panic_fmt::ha9db07b529f9b256
[INFO] [stdout]                                at /rustc/df4ca44d3fbc9301ee17f30f4d474e6ae4b05252/library/core/src/panicking.rs:75:14
[INFO] [stdout]   18:     0x5ec2534ee2f6 - core::result::unwrap_failed::h5e8218e4d4338b8a
[INFO] [stdout]                                at /rustc/df4ca44d3fbc9301ee17f30f4d474e6ae4b05252/library/core/src/result.rs:1698:5
[INFO] [stdout]   19:     0x5ec252f3cd8f - core::result::Result<T,E>::unwrap::h69e3ae0b0323effa
[INFO] [stdout]                                at /rustc/df4ca44d3fbc9301ee17f30f4d474e6ae4b05252/library/core/src/result.rs:1103:23
[INFO] [stdout]   20:     0x5ec252f3cd8f - python_rt::tests::run_client::{{closure}}::ha45da0d20dc45af8
[INFO] [stdout]                                at /opt/rustwide/workdir/src/lib.rs:133:20
[INFO] [stdout]   21:     0x5ec252f3a482 - <core::pin::Pin<P> as core::future::future::Future>::poll::h3cb5af1f6632f346
[INFO] [stdout]                                at /rustc/df4ca44d3fbc9301ee17f30f4d474e6ae4b05252/library/core/src/future/future.rs:123:9
[INFO] [stdout]   22:     0x5ec252f3a4bd - <core::pin::Pin<P> as core::future::future::Future>::poll::h75fc227b6eb47dd4
[INFO] [stdout]                                at /rustc/df4ca44d3fbc9301ee17f30f4d474e6ae4b05252/library/core/src/future/future.rs:123:9
[INFO] [stdout]   23:     0x5ec252fbfbaf - tokio::runtime::scheduler::current_thread::CoreGuard::block_on::{{closure}}::{{closure}}::{{closure}}::h58aae536e6ccac73
[INFO] [stdout]                                at /opt/rustwide/cargo-home/registry/src/index.crates.io-6f17d22bba15001f/tokio-1.41.0/src/runtime/scheduler/current_thread/mod.rs:729:57
[INFO] [stdout]   24:     0x5ec252fbfaf5 - tokio::runtime::coop::with_budget::h3925a6dd5495cdc9
[INFO] [stdout]                                at /opt/rustwide/cargo-home/registry/src/index.crates.io-6f17d22bba15001f/tokio-1.41.0/src/runtime/coop.rs:107:5
[INFO] [stdout]   25:     0x5ec252fbfaf5 - tokio::runtime::coop::budget::h9d74929f829e80be
[INFO] [stdout]                                at /opt/rustwide/cargo-home/registry/src/index.crates.io-6f17d22bba15001f/tokio-1.41.0/src/runtime/coop.rs:73:5
[INFO] [stdout]   26:     0x5ec252fbfaf5 - tokio::runtime::scheduler::current_thread::CoreGuard::block_on::{{closure}}::{{closure}}::hdfb5279a576f3b6f
[INFO] [stdout]                                at /opt/rustwide/cargo-home/registry/src/index.crates.io-6f17d22bba15001f/tokio-1.41.0/src/runtime/scheduler/current_thread/mod.rs:729:25
[INFO] [stdout]   27:     0x5ec252fbd730 - tokio::runtime::scheduler::current_thread::Context::enter::hf89108095e33db03
[INFO] [stdout]                                at /opt/rustwide/cargo-home/registry/src/index.crates.io-6f17d22bba15001f/tokio-1.41.0/src/runtime/scheduler/current_thread/mod.rs:428:19
[INFO] [stdout]   28:     0x5ec252fbf19e - tokio::runtime::scheduler::current_thread::CoreGuard::block_on::{{closure}}::h591208d242fca043
[INFO] [stdout]                                at /opt/rustwide/cargo-home/registry/src/index.crates.io-6f17d22bba15001f/tokio-1.41.0/src/runtime/scheduler/current_thread/mod.rs:728:36
[INFO] [stdout]   29:     0x5ec252fbe5f4 - tokio::runtime::scheduler::current_thread::CoreGuard::enter::{{closure}}::h1517a79814af1561
[INFO] [stdout]                                at /opt/rustwide/cargo-home/registry/src/index.crates.io-6f17d22bba15001f/tokio-1.41.0/src/runtime/scheduler/current_thread/mod.rs:807:68
[INFO] [stdout]   30:     0x5ec252f04a0b - tokio::runtime::context::scoped::Scoped<T>::set::h7a84bd3213f30e63
[INFO] [stdout]                                at /opt/rustwide/cargo-home/registry/src/index.crates.io-6f17d22bba15001f/tokio-1.41.0/src/runtime/context/scoped.rs:40:9
[INFO] [stdout]   31:     0x5ec252f0ddb9 - tokio::runtime::context::set_scheduler::{{closure}}::hab4711155c6a29f0
[INFO] [stdout]                                at /opt/rustwide/cargo-home/registry/src/index.crates.io-6f17d22bba15001f/tokio-1.41.0/src/runtime/context.rs:180:26
[INFO] [stdout]   32:     0x5ec252f6469d - std::thread::local::LocalKey<T>::try_with::hc6c60ffea76f7b46
[INFO] [stdout]                                at /rustc/df4ca44d3fbc9301ee17f30f4d474e6ae4b05252/library/std/src/thread/local.rs:283:12
[INFO] [stdout]   33:     0x5ec252f62d1a - std::thread::local::LocalKey<T>::with::h42ca48b94309b81f
[INFO] [stdout]                                at /rustc/df4ca44d3fbc9301ee17f30f4d474e6ae4b05252/library/std/src/thread/local.rs:260:9
[INFO] [stdout]   34:     0x5ec252f0dd2d - tokio::runtime::context::set_scheduler::hb23d4991a24b0820
[INFO] [stdout]                                at /opt/rustwide/cargo-home/registry/src/index.crates.io-6f17d22bba15001f/tokio-1.41.0/src/runtime/context.rs:180:9
[INFO] [stdout]   35:     0x5ec252fbe3a0 - tokio::runtime::scheduler::current_thread::CoreGuard::enter::h4eff31b8748d9178
[INFO] [stdout]                                at /opt/rustwide/cargo-home/registry/src/index.crates.io-6f17d22bba15001f/tokio-1.41.0/src/runtime/scheduler/current_thread/mod.rs:807:27
[INFO] [stdout]   36:     0x5ec252fbe633 - tokio::runtime::scheduler::current_thread::CoreGuard::block_on::h05cd9f3bb5376203
[INFO] [stdout]                                at /opt/rustwide/cargo-home/registry/src/index.crates.io-6f17d22bba15001f/tokio-1.41.0/src/runtime/scheduler/current_thread/mod.rs:716:19
[INFO] [stdout]   37:     0x5ec252fbb70f - tokio::runtime::scheduler::current_thread::CurrentThread::block_on::{{closure}}::hd98988ab6a798c1b
[INFO] [stdout]                                at /opt/rustwide/cargo-home/registry/src/index.crates.io-6f17d22bba15001f/tokio-1.41.0/src/runtime/scheduler/current_thread/mod.rs:196:28
[INFO] [stdout]   38:     0x5ec252f04f26 - tokio::runtime::context::runtime::enter_runtime::h90f533c679d736ce
[INFO] [stdout]                                at /opt/rustwide/cargo-home/registry/src/index.crates.io-6f17d22bba15001f/tokio-1.41.0/src/runtime/context/runtime.rs:65:16
[INFO] [stdout]   39:     0x5ec252fbaf51 - tokio::runtime::scheduler::current_thread::CurrentThread::block_on::h4130831687f73806
[INFO] [stdout]                                at /opt/rustwide/cargo-home/registry/src/index.crates.io-6f17d22bba15001f/tokio-1.41.0/src/runtime/scheduler/current_thread/mod.rs:184:9
[INFO] [stdout]   40:     0x5ec252fa0413 - tokio::runtime::runtime::Runtime::block_on_inner::hb513c129ae991d13
[INFO] [stdout]                                at /opt/rustwide/cargo-home/registry/src/index.crates.io-6f17d22bba15001f/tokio-1.41.0/src/runtime/runtime.rs:368:47
[INFO] [stdout]   41:     0x5ec252fa0717 - tokio::runtime::runtime::Runtime::block_on::h1c76833a257feb74
[INFO] [stdout]                                at /opt/rustwide/cargo-home/registry/src/index.crates.io-6f17d22bba15001f/tokio-1.41.0/src/runtime/runtime.rs:342:13
[INFO] [stdout]   42:     0x5ec252f3c51d - python_rt::tests::run_client::h7048849a2b9f77f6
[INFO] [stdout]                                at /opt/rustwide/workdir/src/lib.rs:146:9
[INFO] [stdout]   43:     0x5ec252f3c3b7 - python_rt::tests::run_client::{{closure}}::hbf0d671e9329568f
[INFO] [stdout]                                at /opt/rustwide/workdir/src/lib.rs:132:26
[INFO] [stdout]   44:     0x5ec252f46b76 - core::ops::function::FnOnce::call_once::h783fbf1b6f095299
[INFO] [stdout]                                at /rustc/df4ca44d3fbc9301ee17f30f4d474e6ae4b05252/library/core/src/ops/function.rs:250:5
[INFO] [stdout]   45:     0x5ec25301ae9b - core::ops::function::FnOnce::call_once::h22c3ba5715e93f05
[INFO] [stdout]                                at /rustc/df4ca44d3fbc9301ee17f30f4d474e6ae4b05252/library/core/src/ops/function.rs:250:5
[INFO] [stdout]   46:     0x5ec25301ae9b - test::__rust_begin_short_backtrace::h8e82d8113d0da17f
[INFO] [stdout]                                at /rustc/df4ca44d3fbc9301ee17f30f4d474e6ae4b05252/library/test/src/lib.rs:621:18
[INFO] [stdout]   47:     0x5ec25301a817 - test::run_test_in_process::{{closure}}::h33235f4f20b7b7c7
[INFO] [stdout]                                at /rustc/df4ca44d3fbc9301ee17f30f4d474e6ae4b05252/library/test/src/lib.rs:644:60
[INFO] [stdout]   48:     0x5ec25301a817 - <core::panic::unwind_safe::AssertUnwindSafe<F> as core::ops::function::FnOnce<()>>::call_once::hb5043206310c586f
[INFO] [stdout]                                at /rustc/df4ca44d3fbc9301ee17f30f4d474e6ae4b05252/library/core/src/panic/unwind_safe.rs:272:9
[INFO] [stdout]   49:     0x5ec25301a817 - std::panicking::try::do_call::h9ad4731a60ab23e2
[INFO] [stdout]                                at /rustc/df4ca44d3fbc9301ee17f30f4d474e6ae4b05252/library/std/src/panicking.rs:557:40
[INFO] [stdout]   50:     0x5ec25301a817 - std::panicking::try::h3824d23db772a716
[INFO] [stdout]                                at /rustc/df4ca44d3fbc9301ee17f30f4d474e6ae4b05252/library/std/src/panicking.rs:520:19
[INFO] [stdout]   51:     0x5ec25301a817 - std::panic::catch_unwind::h5afd514605fde46b
[INFO] [stdout]                                at /rustc/df4ca44d3fbc9301ee17f30f4d474e6ae4b05252/library/std/src/panic.rs:358:14
[INFO] [stdout]   52:     0x5ec25301a817 - test::run_test_in_process::h0d5cbfa7067d1720
[INFO] [stdout]                                at /rustc/df4ca44d3fbc9301ee17f30f4d474e6ae4b05252/library/test/src/lib.rs:644:27
[INFO] [stdout]   53:     0x5ec25301a817 - test::run_test::{{closure}}::h708eb8872708115d
[INFO] [stdout]                                at /rustc/df4ca44d3fbc9301ee17f30f4d474e6ae4b05252/library/test/src/lib.rs:565:43
[INFO] [stdout]   54:     0x5ec252fddf34 - test::run_test::{{closure}}::h392c51cee94713ab
[INFO] [stdout]                                at /rustc/df4ca44d3fbc9301ee17f30f4d474e6ae4b05252/library/test/src/lib.rs:595:41
[INFO] [stdout]   55:     0x5ec252fddf34 - std::sys::backtrace::__rust_begin_short_backtrace::h2f40290710935a8b
[INFO] [stdout]                                at /rustc/df4ca44d3fbc9301ee17f30f4d474e6ae4b05252/library/std/src/sys/backtrace.rs:154:18
[INFO] [stdout]   56:     0x5ec252fe16de - std::thread::Builder::spawn_unchecked_::{{closure}}::{{closure}}::h3fd968d89053a903
[INFO] [stdout]                                at /rustc/df4ca44d3fbc9301ee17f30f4d474e6ae4b05252/library/std/src/thread/mod.rs:541:17
[INFO] [stdout]   57:     0x5ec252fe16de - <core::panic::unwind_safe::AssertUnwindSafe<F> as core::ops::function::FnOnce<()>>::call_once::h743f637ba4229880
[INFO] [stdout]                                at /rustc/df4ca44d3fbc9301ee17f30f4d474e6ae4b05252/library/core/src/panic/unwind_safe.rs:272:9
[INFO] [stdout]   58:     0x5ec252fe16de - std::panicking::try::do_call::h07440897322525a6
[INFO] [stdout]                                at /rustc/df4ca44d3fbc9301ee17f30f4d474e6ae4b05252/library/std/src/panicking.rs:557:40
[INFO] [stdout]   59:     0x5ec252fe16de - std::panicking::try::he5a2e00188156637
[INFO] [stdout]                                at /rustc/df4ca44d3fbc9301ee17f30f4d474e6ae4b05252/library/std/src/panicking.rs:520:19
[INFO] [stdout]   60:     0x5ec252fe16de - std::panic::catch_unwind::hbaf3cae49b3c6433
[INFO] [stdout]                                at /rustc/df4ca44d3fbc9301ee17f30f4d474e6ae4b05252/library/std/src/panic.rs:358:14
[INFO] [stdout]   61:     0x5ec252fe16de - std::thread::Builder::spawn_unchecked_::{{closure}}::h8e141ea224820bce
[INFO] [stdout]                                at /rustc/df4ca44d3fbc9301ee17f30f4d474e6ae4b05252/library/std/src/thread/mod.rs:540:30
[INFO] [stdout]   62:     0x5ec252fe16de - core::ops::function::FnOnce::call_once{{vtable.shim}}::h90d312fedd7b8ea8
[INFO] [stdout]                                at /rustc/df4ca44d3fbc9301ee17f30f4d474e6ae4b05252/library/core/src/ops/function.rs:250:5
[INFO] [stdout]   63:     0x5ec2534cb84b - <alloc::boxed::Box<F,A> as core::ops::function::FnOnce<Args>>::call_once::h69aa08ddb6adb8b6
[INFO] [stdout]                                at /rustc/df4ca44d3fbc9301ee17f30f4d474e6ae4b05252/library/alloc/src/boxed.rs:2454:9
[INFO] [stdout]   64:     0x5ec2534cb84b - <alloc::boxed::Box<F,A> as core::ops::function::FnOnce<Args>>::call_once::h5aa36efdb79c806f
[INFO] [stdout]                                at /rustc/df4ca44d3fbc9301ee17f30f4d474e6ae4b05252/library/alloc/src/boxed.rs:2454:9
[INFO] [stdout]   65:     0x5ec2534cb84b - std::sys::pal::unix::thread::Thread::new::thread_start::h6cd80a1b4be5158d
[INFO] [stdout]                                at /rustc/df4ca44d3fbc9301ee17f30f4d474e6ae4b05252/library/std/src/sys/pal/unix/thread.rs:105:17
[INFO] [stdout]   66:     0x7704239a5ac3 - <unknown>
[INFO] [stdout]   67:     0x770423a36a04 - clone
[INFO] [stdout]   68:                0x0 - <unknown>
[INFO] [stdout] 
[INFO] [stdout] 
[INFO] [stdout] failures:
[INFO] [stdout]     py_runtime::py_script_code::test::test_eval_from_file
[INFO] [stdout]     tests::run_client
[INFO] [stdout]     tests::run_server
[INFO] [stdout] 
[INFO] [stdout] test result: FAILED. 3 passed; 3 failed; 0 ignored; 0 measured; 0 filtered out; finished in 90.84s
[INFO] [stdout] 
[INFO] [stderr] error: test failed, to rerun pass `--lib`
[INFO] running `Command { std: "docker" "inspect" "11028513d1e1bfe3f7aab793fde490dcb3753902f9a617fb2481e44dbba18d68", kill_on_drop: false }`
[INFO] running `Command { std: "docker" "rm" "-f" "11028513d1e1bfe3f7aab793fde490dcb3753902f9a617fb2481e44dbba18d68", kill_on_drop: false }`
[INFO] [stdout] 11028513d1e1bfe3f7aab793fde490dcb3753902f9a617fb2481e44dbba18d68
