[INFO] fetching crate pyo3io-macros 0.1.2...
[INFO] testing pyo3io-macros-0.1.2 against nightly-2024-10-28 for randomize-layout
[INFO] extracting crate pyo3io-macros 0.1.2 into /workspace/builds/worker-3-tc1/source
[INFO] validating manifest of crates.io crate pyo3io-macros 0.1.2 on toolchain nightly-2024-10-28
[INFO] running `Command { std: CARGO_HOME="/workspace/cargo-home" RUSTUP_HOME="/workspace/rustup-home" "/workspace/cargo-home/bin/cargo" "+nightly-2024-10-28" "metadata" "--manifest-path" "Cargo.toml" "--no-deps", kill_on_drop: false }`
[INFO] started tweaking crates.io crate pyo3io-macros 0.1.2
[INFO] finished tweaking crates.io crate pyo3io-macros 0.1.2
[INFO] tweaked toml for crates.io crate pyo3io-macros 0.1.2 written to /workspace/builds/worker-3-tc1/source/Cargo.toml
[INFO] running `Command { std: CARGO_HOME="/workspace/cargo-home" RUSTUP_HOME="/workspace/rustup-home" "/workspace/cargo-home/bin/cargo" "+nightly-2024-10-28" "generate-lockfile" "--manifest-path" "Cargo.toml", kill_on_drop: false }`
[INFO] [stderr]     Updating crates.io index
[INFO] [stderr]      Locking 49 packages to latest compatible versions
[INFO] [stderr]       Adding pyo3 v0.20.3 (available: v0.22.5)
[INFO] running `Command { std: CARGO_HOME="/workspace/cargo-home" RUSTUP_HOME="/workspace/rustup-home" "/workspace/cargo-home/bin/cargo" "+nightly-2024-10-28" "fetch" "--manifest-path" "Cargo.toml", kill_on_drop: false }`
[INFO] running `Command { std: "docker" "create" "-v" "/var/lib/crater-agent-workspace/builds/worker-3-tc1/target:/opt/rustwide/target:rw,Z" "-v" "/var/lib/crater-agent-workspace/builds/worker-3-tc1/source:/opt/rustwide/workdir:ro,Z" "-v" "/var/lib/crater-agent-workspace/cargo-home:/opt/rustwide/cargo-home:ro,Z" "-v" "/var/lib/crater-agent-workspace/rustup-home:/opt/rustwide/rustup-home:ro,Z" "-e" "SOURCE_DIR=/opt/rustwide/workdir" "-e" "CARGO_TARGET_DIR=/opt/rustwide/target" "-e" "CARGO_HOME=/opt/rustwide/cargo-home" "-e" "RUSTUP_HOME=/opt/rustwide/rustup-home" "-w" "/opt/rustwide/workdir" "-m" "1610612736" "--user" "0:0" "--network" "none" "ghcr.io/rust-lang/crates-build-env/linux@sha256:4a844ea9eb2546a2d2c7022eacef16ef2e8229c7fbb2c7d4d55a9ceca922f72d" "/opt/rustwide/cargo-home/bin/cargo" "+nightly-2024-10-28" "metadata" "--no-deps" "--format-version=1", kill_on_drop: false }`
[INFO] [stdout] ef8bbe1d11c11f0d6d9187da2b578d147fb6f766fef0307bb560933fa798b92e
[INFO] running `Command { std: "docker" "start" "-a" "ef8bbe1d11c11f0d6d9187da2b578d147fb6f766fef0307bb560933fa798b92e", kill_on_drop: false }`
[INFO] running `Command { std: "docker" "inspect" "ef8bbe1d11c11f0d6d9187da2b578d147fb6f766fef0307bb560933fa798b92e", kill_on_drop: false }`
[INFO] running `Command { std: "docker" "rm" "-f" "ef8bbe1d11c11f0d6d9187da2b578d147fb6f766fef0307bb560933fa798b92e", kill_on_drop: false }`
[INFO] [stdout] ef8bbe1d11c11f0d6d9187da2b578d147fb6f766fef0307bb560933fa798b92e
[INFO] running `Command { std: "docker" "create" "-v" "/var/lib/crater-agent-workspace/builds/worker-3-tc1/target:/opt/rustwide/target:rw,Z" "-v" "/var/lib/crater-agent-workspace/builds/worker-3-tc1/source:/opt/rustwide/workdir:ro,Z" "-v" "/var/lib/crater-agent-workspace/cargo-home:/opt/rustwide/cargo-home:ro,Z" "-v" "/var/lib/crater-agent-workspace/rustup-home:/opt/rustwide/rustup-home:ro,Z" "-e" "SOURCE_DIR=/opt/rustwide/workdir" "-e" "CARGO_TARGET_DIR=/opt/rustwide/target" "-e" "CARGO_INCREMENTAL=0" "-e" "RUST_BACKTRACE=full" "-e" "RUSTFLAGS=--cap-lints=forbid" "-e" "RUSTDOCFLAGS=--cap-lints=forbid" "-e" "CARGO_HOME=/opt/rustwide/cargo-home" "-e" "RUSTUP_HOME=/opt/rustwide/rustup-home" "-w" "/opt/rustwide/workdir" "-m" "1610612736" "--user" "0:0" "--network" "none" "ghcr.io/rust-lang/crates-build-env/linux@sha256:4a844ea9eb2546a2d2c7022eacef16ef2e8229c7fbb2c7d4d55a9ceca922f72d" "/opt/rustwide/cargo-home/bin/cargo" "+nightly-2024-10-28" "build" "--frozen" "--message-format=json", kill_on_drop: false }`
[INFO] [stdout] 208e35aae6aecba0656a90926c3bf044ad7b9c44226734818ce37f04fa3f4872
[INFO] running `Command { std: "docker" "start" "-a" "208e35aae6aecba0656a90926c3bf044ad7b9c44226734818ce37f04fa3f4872", kill_on_drop: false }`
[INFO] [stderr]    Compiling autocfg v1.4.0
[INFO] [stderr]    Compiling target-lexicon v0.12.16
[INFO] [stderr]    Compiling proc-macro2 v1.0.89
[INFO] [stderr]    Compiling once_cell v1.20.2
[INFO] [stderr]    Compiling libc v0.2.161
[INFO] [stderr]    Compiling futures-core v0.3.31
[INFO] [stderr]    Compiling futures-sink v0.3.31
[INFO] [stderr]    Compiling parking_lot_core v0.9.10
[INFO] [stderr]    Compiling smallvec v1.13.2
[INFO] [stderr]    Compiling futures-io v0.3.31
[INFO] [stderr]    Compiling memchr v2.7.4
[INFO] [stderr]    Compiling heck v0.4.1
[INFO] [stderr]    Compiling futures-task v0.3.31
[INFO] [stderr]    Compiling scopeguard v1.2.0
[INFO] [stderr]    Compiling portable-atomic v1.9.0
[INFO] [stderr]    Compiling pin-project-lite v0.2.15
[INFO] [stderr]    Compiling futures-channel v0.3.31
[INFO] [stderr]    Compiling paste v1.0.15
[INFO] [stderr]    Compiling unindent v0.2.3
[INFO] [stderr]    Compiling indoc v2.0.5
[INFO] [stderr]    Compiling slab v0.4.9
[INFO] [stderr]    Compiling lock_api v0.4.12
[INFO] [stderr]    Compiling memoffset v0.9.1
[INFO] [stderr]    Compiling pyo3-build-config v0.20.3
[INFO] [stderr]    Compiling quote v1.0.37
[INFO] [stderr]    Compiling syn v2.0.86
[INFO] [stderr]    Compiling parking_lot v0.12.3
[INFO] [stderr]    Compiling pyo3-ffi v0.20.3
[INFO] [stderr]    Compiling pyo3 v0.20.3
[INFO] [stderr]    Compiling pyo3-macros-backend v0.20.3
[INFO] [stderr]    Compiling futures-macro v0.3.31
[INFO] [stderr]    Compiling futures-util v0.3.31
[INFO] [stderr]    Compiling pyo3-macros v0.20.3
[INFO] [stderr]    Compiling futures-executor v0.3.31
[INFO] [stderr]    Compiling futures v0.3.31
[INFO] [stderr]    Compiling pyo3io-macros v0.1.2 (/opt/rustwide/workdir)
[INFO] [stdout] warning: non-local `impl` definition, `impl` blocks should be written at the same level as their item
[INFO] [stdout]   --> src/lib.rs:19:1
[INFO] [stdout]    |
[INFO] [stdout] 19 | #[pymethods]
[INFO] [stdout]    | ^-----------
[INFO] [stdout]    | |
[INFO] [stdout]    | move the `impl` block outside of this method `__eq__` and up 2 bodies
[INFO] [stdout] 20 | impl Whence {
[INFO] [stdout]    |      ------ `Whence` is not local
[INFO] [stdout]    |
[INFO] [stdout]    = note: the attribute macro `pymethods` defines the non-local `impl`, and may need to be changed
[INFO] [stdout]    = note: the attribute macro `pymethods` may come from an old version of the `pyo3_macros` crate, try updating your dependency with `cargo update -p pyo3_macros`
[INFO] [stdout]    = note: an `impl` is never scoped, even when it is nested inside an item, as it may impact type checking outside of that item, which can be the case if neither the trait or the self type are at the same nesting level as the `impl`
[INFO] [stdout]    = note: `#[warn(non_local_definitions)]` on by default
[INFO] [stdout]    = note: this warning originates in the attribute macro `pymethods` (in Nightly builds, run with -Z macro-backtrace for more info)
[INFO] [stdout] 
[INFO] [stdout] 
[INFO] [stdout] warning: non-local `impl` definition, `impl` blocks should be written at the same level as their item
[INFO] [stdout]   --> src/lib.rs:19:1
[INFO] [stdout]    |
[INFO] [stdout] 19 | #[pymethods]
[INFO] [stdout]    | ^-----------
[INFO] [stdout]    | |
[INFO] [stdout]    | move the `impl` block outside of this method `__ne__` and up 2 bodies
[INFO] [stdout] 20 | impl Whence {
[INFO] [stdout]    |      ------ `Whence` is not local
[INFO] [stdout]    |
[INFO] [stdout]    = note: the attribute macro `pymethods` defines the non-local `impl`, and may need to be changed
[INFO] [stdout]    = note: the attribute macro `pymethods` may come from an old version of the `pyo3_macros` crate, try updating your dependency with `cargo update -p pyo3_macros`
[INFO] [stdout]    = note: an `impl` is never scoped, even when it is nested inside an item, as it may impact type checking outside of that item, which can be the case if neither the trait or the self type are at the same nesting level as the `impl`
[INFO] [stdout]    = note: this warning originates in the attribute macro `pymethods` (in Nightly builds, run with -Z macro-backtrace for more info)
[INFO] [stdout] 
[INFO] [stdout] 
[INFO] [stdout] warning: non-local `impl` definition, `impl` blocks should be written at the same level as their item
[INFO] [stdout]   --> src/lib.rs:19:1
[INFO] [stdout]    |
[INFO] [stdout] 19 | #[pymethods]
[INFO] [stdout]    | ^^^^^^^^^^^^ move the `impl` block outside of this static `ITEMS` and up 3 bodies
[INFO] [stdout] 20 | impl Whence {
[INFO] [stdout]    |      ------ `Whence` is not local
[INFO] [stdout]    |
[INFO] [stdout]    = note: the macro `_pyo3::impl_::pyclass::generate_pyclass_richcompare_slot` defines the non-local `impl`, and may need to be changed
[INFO] [stdout]    = note: the macro `_pyo3::impl_::pyclass::generate_pyclass_richcompare_slot` may come from an old version of the `pyo3` crate, try updating your dependency with `cargo update -p pyo3`
[INFO] [stdout]    = note: an `impl` is never scoped, even when it is nested inside an item, as it may impact type checking outside of that item, which can be the case if neither the trait or the self type are at the same nesting level as the `impl`
[INFO] [stdout]    = note: items in an anonymous const item (`const _: () = { ... }`) are treated as in the same scope as the anonymous const's declaration for the purpose of this lint
[INFO] [stdout]    = note: this warning originates in the macro `_pyo3::impl_::pyclass::generate_pyclass_richcompare_slot` which comes from the expansion of the attribute macro `pymethods` (in Nightly builds, run with -Z macro-backtrace for more info)
[INFO] [stdout] 
[INFO] [stdout] 
[INFO] [stdout] warning: non-local `impl` definition, `impl` blocks should be written at the same level as their item
[INFO] [stdout]    --> src/lib.rs:105:1
[INFO] [stdout]     |
[INFO] [stdout] 105 | #[pymethods]
[INFO] [stdout]     | ^-----------
[INFO] [stdout]     | |
[INFO] [stdout]     | move the `impl` block outside of this method `__eq__` and up 2 bodies
[INFO] [stdout] 106 | impl SeekFrom {
[INFO] [stdout]     |      -------- `SeekFrom` is not local
[INFO] [stdout]     |
[INFO] [stdout]     = note: the attribute macro `pymethods` defines the non-local `impl`, and may need to be changed
[INFO] [stdout]     = note: the attribute macro `pymethods` may come from an old version of the `pyo3_macros` crate, try updating your dependency with `cargo update -p pyo3_macros`
[INFO] [stdout]     = note: an `impl` is never scoped, even when it is nested inside an item, as it may impact type checking outside of that item, which can be the case if neither the trait or the self type are at the same nesting level as the `impl`
[INFO] [stdout]     = note: this warning originates in the attribute macro `pymethods` (in Nightly builds, run with -Z macro-backtrace for more info)
[INFO] [stdout] 
[INFO] [stdout] 
[INFO] [stdout] warning: non-local `impl` definition, `impl` blocks should be written at the same level as their item
[INFO] [stdout]    --> src/lib.rs:105:1
[INFO] [stdout]     |
[INFO] [stdout] 105 | #[pymethods]
[INFO] [stdout]     | ^-----------
[INFO] [stdout]     | |
[INFO] [stdout]     | move the `impl` block outside of this method `__ne__` and up 2 bodies
[INFO] [stdout] 106 | impl SeekFrom {
[INFO] [stdout]     |      -------- `SeekFrom` is not local
[INFO] [stdout]     |
[INFO] [stdout]     = note: the attribute macro `pymethods` defines the non-local `impl`, and may need to be changed
[INFO] [stdout]     = note: the attribute macro `pymethods` may come from an old version of the `pyo3_macros` crate, try updating your dependency with `cargo update -p pyo3_macros`
[INFO] [stdout]     = note: an `impl` is never scoped, even when it is nested inside an item, as it may impact type checking outside of that item, which can be the case if neither the trait or the self type are at the same nesting level as the `impl`
[INFO] [stdout]     = note: this warning originates in the attribute macro `pymethods` (in Nightly builds, run with -Z macro-backtrace for more info)
[INFO] [stdout] 
[INFO] [stdout] 
[INFO] [stdout] warning: non-local `impl` definition, `impl` blocks should be written at the same level as their item
[INFO] [stdout]    --> src/lib.rs:105:1
[INFO] [stdout]     |
[INFO] [stdout] 105 | #[pymethods]
[INFO] [stdout]     | -^^^^^^^^^^^
[INFO] [stdout]     | |
[INFO] [stdout]     | `PyClassImplCollector` is not local
[INFO] [stdout]     | `PyClassNewTextSignature` is not local
[INFO] [stdout]     | move the `impl` block outside of this function `trampoline` and up 4 bodies
[INFO] [stdout] 106 | impl SeekFrom {
[INFO] [stdout]     |      --------
[INFO] [stdout]     |      |
[INFO] [stdout]     |      `SeekFrom` is not local
[INFO] [stdout]     |      `SeekFrom` is not local
[INFO] [stdout]     |
[INFO] [stdout]     = note: the attribute macro `pymethods` defines the non-local `impl`, and may need to be changed
[INFO] [stdout]     = note: the attribute macro `pymethods` may come from an old version of the `pyo3_macros` crate, try updating your dependency with `cargo update -p pyo3_macros`
[INFO] [stdout]     = note: an `impl` is never scoped, even when it is nested inside an item, as it may impact type checking outside of that item, which can be the case if neither the trait or the self type are at the same nesting level as the `impl`
[INFO] [stdout]     = note: this warning originates in the attribute macro `pymethods` (in Nightly builds, run with -Z macro-backtrace for more info)
[INFO] [stdout] 
[INFO] [stdout] 
[INFO] [stdout] warning: non-local `impl` definition, `impl` blocks should be written at the same level as their item
[INFO] [stdout]    --> src/lib.rs:105:1
[INFO] [stdout]     |
[INFO] [stdout] 105 | #[pymethods]
[INFO] [stdout]     | ^^^^^^^^^^^^ move the `impl` block outside of this static `ITEMS` and up 3 bodies
[INFO] [stdout] 106 | impl SeekFrom {
[INFO] [stdout]     |      -------- `SeekFrom` is not local
[INFO] [stdout]     |
[INFO] [stdout]     = note: the macro `_pyo3::impl_::pyclass::generate_pyclass_richcompare_slot` defines the non-local `impl`, and may need to be changed
[INFO] [stdout]     = note: the macro `_pyo3::impl_::pyclass::generate_pyclass_richcompare_slot` may come from an old version of the `pyo3` crate, try updating your dependency with `cargo update -p pyo3`
[INFO] [stdout]     = note: an `impl` is never scoped, even when it is nested inside an item, as it may impact type checking outside of that item, which can be the case if neither the trait or the self type are at the same nesting level as the `impl`
[INFO] [stdout]     = note: items in an anonymous const item (`const _: () = { ... }`) are treated as in the same scope as the anonymous const's declaration for the purpose of this lint
[INFO] [stdout]     = note: this warning originates in the macro `_pyo3::impl_::pyclass::generate_pyclass_richcompare_slot` which comes from the expansion of the attribute macro `pymethods` (in Nightly builds, run with -Z macro-backtrace for more info)
[INFO] [stdout] 
[INFO] [stdout] 
[INFO] [stderr]     Finished `dev` profile [unoptimized + debuginfo] target(s) in 10.99s
[INFO] running `Command { std: "docker" "inspect" "208e35aae6aecba0656a90926c3bf044ad7b9c44226734818ce37f04fa3f4872", kill_on_drop: false }`
[INFO] running `Command { std: "docker" "rm" "-f" "208e35aae6aecba0656a90926c3bf044ad7b9c44226734818ce37f04fa3f4872", kill_on_drop: false }`
[INFO] [stdout] 208e35aae6aecba0656a90926c3bf044ad7b9c44226734818ce37f04fa3f4872
[INFO] running `Command { std: "docker" "create" "-v" "/var/lib/crater-agent-workspace/builds/worker-3-tc1/target:/opt/rustwide/target:rw,Z" "-v" "/var/lib/crater-agent-workspace/builds/worker-3-tc1/source:/opt/rustwide/workdir:ro,Z" "-v" "/var/lib/crater-agent-workspace/cargo-home:/opt/rustwide/cargo-home:ro,Z" "-v" "/var/lib/crater-agent-workspace/rustup-home:/opt/rustwide/rustup-home:ro,Z" "-e" "SOURCE_DIR=/opt/rustwide/workdir" "-e" "CARGO_TARGET_DIR=/opt/rustwide/target" "-e" "CARGO_INCREMENTAL=0" "-e" "RUST_BACKTRACE=full" "-e" "RUSTFLAGS=--cap-lints=forbid" "-e" "RUSTDOCFLAGS=--cap-lints=forbid" "-e" "CARGO_HOME=/opt/rustwide/cargo-home" "-e" "RUSTUP_HOME=/opt/rustwide/rustup-home" "-w" "/opt/rustwide/workdir" "-m" "1610612736" "--user" "0:0" "--network" "none" "ghcr.io/rust-lang/crates-build-env/linux@sha256:4a844ea9eb2546a2d2c7022eacef16ef2e8229c7fbb2c7d4d55a9ceca922f72d" "/opt/rustwide/cargo-home/bin/cargo" "+nightly-2024-10-28" "test" "--frozen" "--no-run" "--message-format=json", kill_on_drop: false }`
[INFO] [stdout] 7c28e6c63c31ec84aa77a3b869c7ed97216d5982c78743f09fc3d403f8195603
[INFO] running `Command { std: "docker" "start" "-a" "7c28e6c63c31ec84aa77a3b869c7ed97216d5982c78743f09fc3d403f8195603", kill_on_drop: false }`
[INFO] [stdout] warning: non-local `impl` definition, `impl` blocks should be written at the same level as their item
[INFO] [stdout]   --> src/lib.rs:19:1
[INFO] [stdout]    |
[INFO] [stdout] 19 | #[pymethods]
[INFO] [stdout]    | ^-----------
[INFO] [stdout]    | |
[INFO] [stdout]    | move the `impl` block outside of this method `__eq__` and up 2 bodies
[INFO] [stdout] 20 | impl Whence {
[INFO] [stdout]    |      ------ `Whence` is not local
[INFO] [stdout]    |
[INFO] [stdout]    = note: the attribute macro `pymethods` defines the non-local `impl`, and may need to be changed
[INFO] [stdout]    = note: the attribute macro `pymethods` may come from an old version of the `pyo3_macros` crate, try updating your dependency with `cargo update -p pyo3_macros`
[INFO] [stdout]    = note: an `impl` is never scoped, even when it is nested inside an item, as it may impact type checking outside of that item, which can be the case if neither the trait or the self type are at the same nesting level as the `impl`
[INFO] [stdout]    = note: `#[warn(non_local_definitions)]` on by default
[INFO] [stdout]    = note: this warning originates in the attribute macro `pymethods` (in Nightly builds, run with -Z macro-backtrace for more info)
[INFO] [stdout] 
[INFO] [stdout] 
[INFO] [stdout] warning: non-local `impl` definition, `impl` blocks should be written at the same level as their item
[INFO] [stdout]   --> src/lib.rs:19:1
[INFO] [stdout]    |
[INFO] [stdout] 19 | #[pymethods]
[INFO] [stdout]    | ^-----------
[INFO] [stdout]    | |
[INFO] [stdout]    | move the `impl` block outside of this method `__ne__` and up 2 bodies
[INFO] [stdout] 20 | impl Whence {
[INFO] [stdout]    |      ------ `Whence` is not local
[INFO] [stdout]    |
[INFO] [stdout]    = note: the attribute macro `pymethods` defines the non-local `impl`, and may need to be changed
[INFO] [stdout]    = note: the attribute macro `pymethods` may come from an old version of the `pyo3_macros` crate, try updating your dependency with `cargo update -p pyo3_macros`
[INFO] [stdout]    = note: an `impl` is never scoped, even when it is nested inside an item, as it may impact type checking outside of that item, which can be the case if neither the trait or the self type are at the same nesting level as the `impl`
[INFO] [stdout]    = note: this warning originates in the attribute macro `pymethods` (in Nightly builds, run with -Z macro-backtrace for more info)
[INFO] [stdout] 
[INFO] [stdout] 
[INFO] [stdout] warning: non-local `impl` definition, `impl` blocks should be written at the same level as their item
[INFO] [stdout]   --> src/lib.rs:19:1
[INFO] [stdout]    |
[INFO] [stdout] 19 | #[pymethods]
[INFO] [stdout]    | ^^^^^^^^^^^^ move the `impl` block outside of this static `ITEMS` and up 3 bodies
[INFO] [stdout] 20 | impl Whence {
[INFO] [stdout]    |      ------ `Whence` is not local
[INFO] [stdout]    |
[INFO] [stdout]    = note: the macro `_pyo3::impl_::pyclass::generate_pyclass_richcompare_slot` defines the non-local `impl`, and may need to be changed
[INFO] [stdout]    = note: the macro `_pyo3::impl_::pyclass::generate_pyclass_richcompare_slot` may come from an old version of the `pyo3` crate, try updating your dependency with `cargo update -p pyo3`
[INFO] [stdout]    = note: an `impl` is never scoped, even when it is nested inside an item, as it may impact type checking outside of that item, which can be the case if neither the trait or the self type are at the same nesting level as the `impl`
[INFO] [stdout]    = note: items in an anonymous const item (`const _: () = { ... }`) are treated as in the same scope as the anonymous const's declaration for the purpose of this lint
[INFO] [stdout]    = note: this warning originates in the macro `_pyo3::impl_::pyclass::generate_pyclass_richcompare_slot` which comes from the expansion of the attribute macro `pymethods` (in Nightly builds, run with -Z macro-backtrace for more info)
[INFO] [stdout] 
[INFO] [stdout] 
[INFO] [stdout] warning: non-local `impl` definition, `impl` blocks should be written at the same level as their item
[INFO] [stdout]    --> src/lib.rs:105:1
[INFO] [stdout]     |
[INFO] [stdout] 105 | #[pymethods]
[INFO] [stdout]     | ^-----------
[INFO] [stdout]     | |
[INFO] [stdout]     | move the `impl` block outside of this method `__eq__` and up 2 bodies
[INFO] [stdout] 106 | impl SeekFrom {
[INFO] [stdout]     |      -------- `SeekFrom` is not local
[INFO] [stdout]     |
[INFO] [stdout]     = note: the attribute macro `pymethods` defines the non-local `impl`, and may need to be changed
[INFO] [stdout]     = note: the attribute macro `pymethods` may come from an old version of the `pyo3_macros` crate, try updating your dependency with `cargo update -p pyo3_macros`
[INFO] [stdout]     = note: an `impl` is never scoped, even when it is nested inside an item, as it may impact type checking outside of that item, which can be the case if neither the trait or the self type are at the same nesting level as the `impl`
[INFO] [stdout]     = note: this warning originates in the attribute macro `pymethods` (in Nightly builds, run with -Z macro-backtrace for more info)
[INFO] [stdout] 
[INFO] [stdout] 
[INFO] [stdout] warning: non-local `impl` definition, `impl` blocks should be written at the same level as their item
[INFO] [stdout]    --> src/lib.rs:105:1
[INFO] [stdout]     |
[INFO] [stdout] 105 | #[pymethods]
[INFO] [stdout]     | ^-----------
[INFO] [stdout]     | |
[INFO] [stdout]     | move the `impl` block outside of this method `__ne__` and up 2 bodies
[INFO] [stdout] 106 | impl SeekFrom {
[INFO] [stdout]     |      -------- `SeekFrom` is not local
[INFO] [stdout]     |
[INFO] [stdout]     = note: the attribute macro `pymethods` defines the non-local `impl`, and may need to be changed
[INFO] [stdout]     = note: the attribute macro `pymethods` may come from an old version of the `pyo3_macros` crate, try updating your dependency with `cargo update -p pyo3_macros`
[INFO] [stdout]     = note: an `impl` is never scoped, even when it is nested inside an item, as it may impact type checking outside of that item, which can be the case if neither the trait or the self type are at the same nesting level as the `impl`
[INFO] [stdout]     = note: this warning originates in the attribute macro `pymethods` (in Nightly builds, run with -Z macro-backtrace for more info)
[INFO] [stdout] 
[INFO] [stdout] 
[INFO] [stdout] warning: non-local `impl` definition, `impl` blocks should be written at the same level as their item
[INFO] [stdout]    --> src/lib.rs:105:1
[INFO] [stdout]     |
[INFO] [stdout] 105 | #[pymethods]
[INFO] [stdout]     | -^^^^^^^^^^^
[INFO] [stdout]     | |
[INFO] [stdout]     | `PyClassImplCollector` is not local
[INFO] [stdout]     | `PyClassNewTextSignature` is not local
[INFO] [stdout]     | move the `impl` block outside of this function `trampoline` and up 4 bodies
[INFO] [stdout] 106 | impl SeekFrom {
[INFO] [stdout]     |      --------
[INFO] [stdout]     |      |
[INFO] [stdout]     |      `SeekFrom` is not local
[INFO] [stdout]     |      `SeekFrom` is not local
[INFO] [stdout]     |
[INFO] [stdout]     = note: the attribute macro `pymethods` defines the non-local `impl`, and may need to be changed
[INFO] [stdout]     = note: the attribute macro `pymethods` may come from an old version of the `pyo3_macros` crate, try updating your dependency with `cargo update -p pyo3_macros`
[INFO] [stdout]     = note: an `impl` is never scoped, even when it is nested inside an item, as it may impact type checking outside of that item, which can be the case if neither the trait or the self type are at the same nesting level as the `impl`
[INFO] [stdout]     = note: this warning originates in the attribute macro `pymethods` (in Nightly builds, run with -Z macro-backtrace for more info)
[INFO] [stdout] 
[INFO] [stdout] 
[INFO] [stderr]    Compiling pyo3io-macros v0.1.2 (/opt/rustwide/workdir)
[INFO] [stdout] warning: non-local `impl` definition, `impl` blocks should be written at the same level as their item
[INFO] [stdout]    --> src/lib.rs:105:1
[INFO] [stdout]     |
[INFO] [stdout] 105 | #[pymethods]
[INFO] [stdout]     | ^^^^^^^^^^^^ move the `impl` block outside of this static `ITEMS` and up 3 bodies
[INFO] [stdout] 106 | impl SeekFrom {
[INFO] [stdout]     |      -------- `SeekFrom` is not local
[INFO] [stdout]     |
[INFO] [stdout]     = note: the macro `_pyo3::impl_::pyclass::generate_pyclass_richcompare_slot` defines the non-local `impl`, and may need to be changed
[INFO] [stdout]     = note: the macro `_pyo3::impl_::pyclass::generate_pyclass_richcompare_slot` may come from an old version of the `pyo3` crate, try updating your dependency with `cargo update -p pyo3`
[INFO] [stdout]     = note: an `impl` is never scoped, even when it is nested inside an item, as it may impact type checking outside of that item, which can be the case if neither the trait or the self type are at the same nesting level as the `impl`
[INFO] [stdout]     = note: items in an anonymous const item (`const _: () = { ... }`) are treated as in the same scope as the anonymous const's declaration for the purpose of this lint
[INFO] [stdout]     = note: this warning originates in the macro `_pyo3::impl_::pyclass::generate_pyclass_richcompare_slot` which comes from the expansion of the attribute macro `pymethods` (in Nightly builds, run with -Z macro-backtrace for more info)
[INFO] [stdout] 
[INFO] [stdout] 
[INFO] [stdout] warning: non-local `impl` definition, `impl` blocks should be written at the same level as their item
[INFO] [stdout]   --> src/lib.rs:19:1
[INFO] [stdout]    |
[INFO] [stdout] 19 | #[pymethods]
[INFO] [stdout]    | ^-----------
[INFO] [stdout]    | |
[INFO] [stdout]    | move the `impl` block outside of this method `__eq__` and up 2 bodies
[INFO] [stdout] 20 | impl Whence {
[INFO] [stdout]    |      ------ `Whence` is not local
[INFO] [stdout]    |
[INFO] [stdout]    = note: the attribute macro `pymethods` defines the non-local `impl`, and may need to be changed
[INFO] [stdout]    = note: the attribute macro `pymethods` may come from an old version of the `pyo3_macros` crate, try updating your dependency with `cargo update -p pyo3_macros`
[INFO] [stdout]    = note: an `impl` is never scoped, even when it is nested inside an item, as it may impact type checking outside of that item, which can be the case if neither the trait or the self type are at the same nesting level as the `impl`
[INFO] [stdout]    = note: `#[warn(non_local_definitions)]` on by default
[INFO] [stdout]    = note: this warning originates in the attribute macro `pymethods` (in Nightly builds, run with -Z macro-backtrace for more info)
[INFO] [stdout] 
[INFO] [stdout] 
[INFO] [stdout] warning: non-local `impl` definition, `impl` blocks should be written at the same level as their item
[INFO] [stdout]   --> src/lib.rs:19:1
[INFO] [stdout]    |
[INFO] [stdout] 19 | #[pymethods]
[INFO] [stdout]    | ^-----------
[INFO] [stdout]    | |
[INFO] [stdout]    | move the `impl` block outside of this method `__ne__` and up 2 bodies
[INFO] [stdout] 20 | impl Whence {
[INFO] [stdout]    |      ------ `Whence` is not local
[INFO] [stdout]    |
[INFO] [stdout]    = note: the attribute macro `pymethods` defines the non-local `impl`, and may need to be changed
[INFO] [stdout]    = note: the attribute macro `pymethods` may come from an old version of the `pyo3_macros` crate, try updating your dependency with `cargo update -p pyo3_macros`
[INFO] [stdout]    = note: an `impl` is never scoped, even when it is nested inside an item, as it may impact type checking outside of that item, which can be the case if neither the trait or the self type are at the same nesting level as the `impl`
[INFO] [stdout]    = note: this warning originates in the attribute macro `pymethods` (in Nightly builds, run with -Z macro-backtrace for more info)
[INFO] [stdout] 
[INFO] [stdout] 
[INFO] [stdout] warning: non-local `impl` definition, `impl` blocks should be written at the same level as their item
[INFO] [stdout]   --> src/lib.rs:19:1
[INFO] [stdout]    |
[INFO] [stdout] 19 | #[pymethods]
[INFO] [stdout]    | ^^^^^^^^^^^^ move the `impl` block outside of this static `ITEMS` and up 3 bodies
[INFO] [stdout] 20 | impl Whence {
[INFO] [stdout]    |      ------ `Whence` is not local
[INFO] [stdout]    |
[INFO] [stdout]    = note: the macro `_pyo3::impl_::pyclass::generate_pyclass_richcompare_slot` defines the non-local `impl`, and may need to be changed
[INFO] [stdout]    = note: the macro `_pyo3::impl_::pyclass::generate_pyclass_richcompare_slot` may come from an old version of the `pyo3` crate, try updating your dependency with `cargo update -p pyo3`
[INFO] [stdout]    = note: an `impl` is never scoped, even when it is nested inside an item, as it may impact type checking outside of that item, which can be the case if neither the trait or the self type are at the same nesting level as the `impl`
[INFO] [stdout]    = note: items in an anonymous const item (`const _: () = { ... }`) are treated as in the same scope as the anonymous const's declaration for the purpose of this lint
[INFO] [stdout]    = note: this warning originates in the macro `_pyo3::impl_::pyclass::generate_pyclass_richcompare_slot` which comes from the expansion of the attribute macro `pymethods` (in Nightly builds, run with -Z macro-backtrace for more info)
[INFO] [stdout] 
[INFO] [stdout] 
[INFO] [stdout] warning: non-local `impl` definition, `impl` blocks should be written at the same level as their item
[INFO] [stdout]    --> src/lib.rs:105:1
[INFO] [stdout]     |
[INFO] [stdout] 105 | #[pymethods]
[INFO] [stdout]     | ^-----------
[INFO] [stdout]     | |
[INFO] [stdout]     | move the `impl` block outside of this method `__eq__` and up 2 bodies
[INFO] [stdout] 106 | impl SeekFrom {
[INFO] [stdout]     |      -------- `SeekFrom` is not local
[INFO] [stdout]     |
[INFO] [stdout]     = note: the attribute macro `pymethods` defines the non-local `impl`, and may need to be changed
[INFO] [stdout]     = note: the attribute macro `pymethods` may come from an old version of the `pyo3_macros` crate, try updating your dependency with `cargo update -p pyo3_macros`
[INFO] [stdout]     = note: an `impl` is never scoped, even when it is nested inside an item, as it may impact type checking outside of that item, which can be the case if neither the trait or the self type are at the same nesting level as the `impl`
[INFO] [stdout]     = note: this warning originates in the attribute macro `pymethods` (in Nightly builds, run with -Z macro-backtrace for more info)
[INFO] [stdout] 
[INFO] [stdout] 
[INFO] [stdout] warning: non-local `impl` definition, `impl` blocks should be written at the same level as their item
[INFO] [stdout]    --> src/lib.rs:105:1
[INFO] [stdout]     |
[INFO] [stdout] 105 | #[pymethods]
[INFO] [stdout]     | ^-----------
[INFO] [stdout]     | |
[INFO] [stdout]     | move the `impl` block outside of this method `__ne__` and up 2 bodies
[INFO] [stdout] 106 | impl SeekFrom {
[INFO] [stdout]     |      -------- `SeekFrom` is not local
[INFO] [stdout]     |
[INFO] [stdout]     = note: the attribute macro `pymethods` defines the non-local `impl`, and may need to be changed
[INFO] [stdout]     = note: the attribute macro `pymethods` may come from an old version of the `pyo3_macros` crate, try updating your dependency with `cargo update -p pyo3_macros`
[INFO] [stdout]     = note: an `impl` is never scoped, even when it is nested inside an item, as it may impact type checking outside of that item, which can be the case if neither the trait or the self type are at the same nesting level as the `impl`
[INFO] [stdout]     = note: this warning originates in the attribute macro `pymethods` (in Nightly builds, run with -Z macro-backtrace for more info)
[INFO] [stdout] 
[INFO] [stdout] 
[INFO] [stdout] warning: non-local `impl` definition, `impl` blocks should be written at the same level as their item
[INFO] [stdout]    --> src/lib.rs:105:1
[INFO] [stdout]     |
[INFO] [stdout] 105 | #[pymethods]
[INFO] [stdout]     | -^^^^^^^^^^^
[INFO] [stdout]     | |
[INFO] [stdout]     | `PyClassImplCollector` is not local
[INFO] [stdout]     | `PyClassNewTextSignature` is not local
[INFO] [stdout]     | move the `impl` block outside of this function `trampoline` and up 4 bodies
[INFO] [stdout] 106 | impl SeekFrom {
[INFO] [stdout]     |      --------
[INFO] [stdout]     |      |
[INFO] [stdout]     |      `SeekFrom` is not local
[INFO] [stdout]     |      `SeekFrom` is not local
[INFO] [stdout]     |
[INFO] [stdout]     = note: the attribute macro `pymethods` defines the non-local `impl`, and may need to be changed
[INFO] [stdout]     = note: the attribute macro `pymethods` may come from an old version of the `pyo3_macros` crate, try updating your dependency with `cargo update -p pyo3_macros`
[INFO] [stdout]     = note: an `impl` is never scoped, even when it is nested inside an item, as it may impact type checking outside of that item, which can be the case if neither the trait or the self type are at the same nesting level as the `impl`
[INFO] [stdout]     = note: this warning originates in the attribute macro `pymethods` (in Nightly builds, run with -Z macro-backtrace for more info)
[INFO] [stdout] 
[INFO] [stdout] 
[INFO] [stdout] warning: non-local `impl` definition, `impl` blocks should be written at the same level as their item
[INFO] [stdout]    --> src/lib.rs:105:1
[INFO] [stdout]     |
[INFO] [stdout] 105 | #[pymethods]
[INFO] [stdout]     | ^^^^^^^^^^^^ move the `impl` block outside of this static `ITEMS` and up 3 bodies
[INFO] [stdout] 106 | impl SeekFrom {
[INFO] [stdout]     |      -------- `SeekFrom` is not local
[INFO] [stdout]     |
[INFO] [stdout]     = note: the macro `_pyo3::impl_::pyclass::generate_pyclass_richcompare_slot` defines the non-local `impl`, and may need to be changed
[INFO] [stdout]     = note: the macro `_pyo3::impl_::pyclass::generate_pyclass_richcompare_slot` may come from an old version of the `pyo3` crate, try updating your dependency with `cargo update -p pyo3`
[INFO] [stdout]     = note: an `impl` is never scoped, even when it is nested inside an item, as it may impact type checking outside of that item, which can be the case if neither the trait or the self type are at the same nesting level as the `impl`
[INFO] [stdout]     = note: items in an anonymous const item (`const _: () = { ... }`) are treated as in the same scope as the anonymous const's declaration for the purpose of this lint
[INFO] [stdout]     = note: this warning originates in the macro `_pyo3::impl_::pyclass::generate_pyclass_richcompare_slot` which comes from the expansion of the attribute macro `pymethods` (in Nightly builds, run with -Z macro-backtrace for more info)
[INFO] [stdout] 
[INFO] [stdout] 
[INFO] [stderr]     Finished `test` profile [unoptimized + debuginfo] target(s) in 0.38s
[INFO] running `Command { std: "docker" "inspect" "7c28e6c63c31ec84aa77a3b869c7ed97216d5982c78743f09fc3d403f8195603", kill_on_drop: false }`
[INFO] running `Command { std: "docker" "rm" "-f" "7c28e6c63c31ec84aa77a3b869c7ed97216d5982c78743f09fc3d403f8195603", kill_on_drop: false }`
[INFO] [stdout] 7c28e6c63c31ec84aa77a3b869c7ed97216d5982c78743f09fc3d403f8195603
[INFO] running `Command { std: "docker" "create" "-v" "/var/lib/crater-agent-workspace/builds/worker-3-tc1/target:/opt/rustwide/target:rw,Z" "-v" "/var/lib/crater-agent-workspace/builds/worker-3-tc1/source:/opt/rustwide/workdir:ro,Z" "-v" "/var/lib/crater-agent-workspace/cargo-home:/opt/rustwide/cargo-home:ro,Z" "-v" "/var/lib/crater-agent-workspace/rustup-home:/opt/rustwide/rustup-home:ro,Z" "-e" "SOURCE_DIR=/opt/rustwide/workdir" "-e" "CARGO_TARGET_DIR=/opt/rustwide/target" "-e" "CARGO_INCREMENTAL=0" "-e" "RUST_BACKTRACE=full" "-e" "RUSTFLAGS=--cap-lints=forbid" "-e" "RUSTDOCFLAGS=--cap-lints=forbid" "-e" "CARGO_HOME=/opt/rustwide/cargo-home" "-e" "RUSTUP_HOME=/opt/rustwide/rustup-home" "-w" "/opt/rustwide/workdir" "-m" "1610612736" "--user" "0:0" "--network" "none" "ghcr.io/rust-lang/crates-build-env/linux@sha256:4a844ea9eb2546a2d2c7022eacef16ef2e8229c7fbb2c7d4d55a9ceca922f72d" "/opt/rustwide/cargo-home/bin/cargo" "+nightly-2024-10-28" "test" "--frozen", kill_on_drop: false }`
[INFO] [stdout] d000328883c66159c001631f37047eaf9ae0de34764da3bd95b2fa1e797f16c6
[INFO] running `Command { std: "docker" "start" "-a" "d000328883c66159c001631f37047eaf9ae0de34764da3bd95b2fa1e797f16c6", kill_on_drop: false }`
[INFO] [stderr] warning: non-local `impl` definition, `impl` blocks should be written at the same level as their item
[INFO] [stderr]   --> src/lib.rs:19:1
[INFO] [stderr]    |
[INFO] [stderr] 19 | #[pymethods]
[INFO] [stderr]    | ^-----------
[INFO] [stderr]    | |
[INFO] [stderr]    | move the `impl` block outside of this method `__eq__` and up 2 bodies
[INFO] [stderr] 20 | impl Whence {
[INFO] [stderr]    |      ------ `Whence` is not local
[INFO] [stderr]    |
[INFO] [stderr]    = note: the attribute macro `pymethods` defines the non-local `impl`, and may need to be changed
[INFO] [stderr]    = note: the attribute macro `pymethods` may come from an old version of the `pyo3_macros` crate, try updating your dependency with `cargo update -p pyo3_macros`
[INFO] [stderr]    = note: an `impl` is never scoped, even when it is nested inside an item, as it may impact type checking outside of that item, which can be the case if neither the trait or the self type are at the same nesting level as the `impl`
[INFO] [stderr]    = note: `#[warn(non_local_definitions)]` on by default
[INFO] [stderr]    = note: this warning originates in the attribute macro `pymethods` (in Nightly builds, run with -Z macro-backtrace for more info)
[INFO] [stderr] 
[INFO] [stderr] warning: non-local `impl` definition, `impl` blocks should be written at the same level as their item
[INFO] [stderr]   --> src/lib.rs:19:1
[INFO] [stderr]    |
[INFO] [stderr] 19 | #[pymethods]
[INFO] [stderr]    | ^-----------
[INFO] [stderr]    | |
[INFO] [stderr]    | move the `impl` block outside of this method `__ne__` and up 2 bodies
[INFO] [stderr] 20 | impl Whence {
[INFO] [stderr]    |      ------ `Whence` is not local
[INFO] [stderr]    |
[INFO] [stderr]    = note: the attribute macro `pymethods` defines the non-local `impl`, and may need to be changed
[INFO] [stderr]    = note: the attribute macro `pymethods` may come from an old version of the `pyo3_macros` crate, try updating your dependency with `cargo update -p pyo3_macros`
[INFO] [stderr]    = note: an `impl` is never scoped, even when it is nested inside an item, as it may impact type checking outside of that item, which can be the case if neither the trait or the self type are at the same nesting level as the `impl`
[INFO] [stderr]    = note: this warning originates in the attribute macro `pymethods` (in Nightly builds, run with -Z macro-backtrace for more info)
[INFO] [stderr] 
[INFO] [stderr] warning: non-local `impl` definition, `impl` blocks should be written at the same level as their item
[INFO] [stderr]   --> src/lib.rs:19:1
[INFO] [stderr]    |
[INFO] [stderr] 19 | #[pymethods]
[INFO] [stderr]    | ^^^^^^^^^^^^ move the `impl` block outside of this static `ITEMS` and up 3 bodies
[INFO] [stderr] 20 | impl Whence {
[INFO] [stderr]    |      ------ `Whence` is not local
[INFO] [stderr]    |
[INFO] [stderr]    = note: the macro `_pyo3::impl_::pyclass::generate_pyclass_richcompare_slot` defines the non-local `impl`, and may need to be changed
[INFO] [stderr]    = note: the macro `_pyo3::impl_::pyclass::generate_pyclass_richcompare_slot` may come from an old version of the `pyo3` crate, try updating your dependency with `cargo update -p pyo3`
[INFO] [stderr]    = note: an `impl` is never scoped, even when it is nested inside an item, as it may impact type checking outside of that item, which can be the case if neither the trait or the self type are at the same nesting level as the `impl`
[INFO] [stderr]    = note: items in an anonymous const item (`const _: () = { ... }`) are treated as in the same scope as the anonymous const's declaration for the purpose of this lint
[INFO] [stderr]    = note: this warning originates in the macro `_pyo3::impl_::pyclass::generate_pyclass_richcompare_slot` which comes from the expansion of the attribute macro `pymethods` (in Nightly builds, run with -Z macro-backtrace for more info)
[INFO] [stderr] 
[INFO] [stderr] warning: non-local `impl` definition, `impl` blocks should be written at the same level as their item
[INFO] [stderr]    --> src/lib.rs:105:1
[INFO] [stderr]     |
[INFO] [stderr] 105 | #[pymethods]
[INFO] [stderr]     | ^-----------
[INFO] [stderr]     | |
[INFO] [stderr]     | move the `impl` block outside of this method `__eq__` and up 2 bodies
[INFO] [stderr] 106 | impl SeekFrom {
[INFO] [stderr]     |      -------- `SeekFrom` is not local
[INFO] [stderr]     |
[INFO] [stderr]     = note: the attribute macro `pymethods` defines the non-local `impl`, and may need to be changed
[INFO] [stderr]     = note: the attribute macro `pymethods` may come from an old version of the `pyo3_macros` crate, try updating your dependency with `cargo update -p pyo3_macros`
[INFO] [stderr]     = note: an `impl` is never scoped, even when it is nested inside an item, as it may impact type checking outside of that item, which can be the case if neither the trait or the self type are at the same nesting level as the `impl`
[INFO] [stderr]     = note: this warning originates in the attribute macro `pymethods` (in Nightly builds, run with -Z macro-backtrace for more info)
[INFO] [stderr] 
[INFO] [stderr] warning: non-local `impl` definition, `impl` blocks should be written at the same level as their item
[INFO] [stderr]    --> src/lib.rs:105:1
[INFO] [stderr]     |
[INFO] [stderr] 105 | #[pymethods]
[INFO] [stderr]     | ^-----------
[INFO] [stderr]     | |
[INFO] [stderr]     | move the `impl` block outside of this method `__ne__` and up 2 bodies
[INFO] [stderr] 106 | impl SeekFrom {
[INFO] [stderr]     |      -------- `SeekFrom` is not local
[INFO] [stderr]     |
[INFO] [stderr]     = note: the attribute macro `pymethods` defines the non-local `impl`, and may need to be changed
[INFO] [stderr]     = note: the attribute macro `pymethods` may come from an old version of the `pyo3_macros` crate, try updating your dependency with `cargo update -p pyo3_macros`
[INFO] [stderr]     = note: an `impl` is never scoped, even when it is nested inside an item, as it may impact type checking outside of that item, which can be the case if neither the trait or the self type are at the same nesting level as the `impl`
[INFO] [stderr]     = note: this warning originates in the attribute macro `pymethods` (in Nightly builds, run with -Z macro-backtrace for more info)
[INFO] [stderr] 
[INFO] [stderr] warning: non-local `impl` definition, `impl` blocks should be written at the same level as their item
[INFO] [stderr]    --> src/lib.rs:105:1
[INFO] [stderr]     |
[INFO] [stderr] 105 | #[pymethods]
[INFO] [stderr]     | -^^^^^^^^^^^
[INFO] [stderr]     | |
[INFO] [stderr]     | `PyClassImplCollector` is not local
[INFO] [stderr]     | `PyClassNewTextSignature` is not local
[INFO] [stderr]     | move the `impl` block outside of this function `trampoline` and up 4 bodies
[INFO] [stderr] 106 | impl SeekFrom {
[INFO] [stderr]     |      --------
[INFO] [stderr]     |      |
[INFO] [stderr]     |      `SeekFrom` is not local
[INFO] [stderr]     |      `SeekFrom` is not local
[INFO] [stderr]     |
[INFO] [stderr]     = note: the attribute macro `pymethods` defines the non-local `impl`, and may need to be changed
[INFO] [stderr]     = note: the attribute macro `pymethods` may come from an old version of the `pyo3_macros` crate, try updating your dependency with `cargo update -p pyo3_macros`
[INFO] [stderr]     = note: an `impl` is never scoped, even when it is nested inside an item, as it may impact type checking outside of that item, which can be the case if neither the trait or the self type are at the same nesting level as the `impl`
[INFO] [stderr]     = note: this warning originates in the attribute macro `pymethods` (in Nightly builds, run with -Z macro-backtrace for more info)
[INFO] [stderr] 
[INFO] [stderr] warning: non-local `impl` definition, `impl` blocks should be written at the same level as their item
[INFO] [stderr]    --> src/lib.rs:105:1
[INFO] [stderr]     |
[INFO] [stderr] 105 | #[pymethods]
[INFO] [stderr]     | ^^^^^^^^^^^^ move the `impl` block outside of this static `ITEMS` and up 3 bodies
[INFO] [stderr] 106 | impl SeekFrom {
[INFO] [stderr]     |      -------- `SeekFrom` is not local
[INFO] [stderr]     |
[INFO] [stderr]     = note: the macro `_pyo3::impl_::pyclass::generate_pyclass_richcompare_slot` defines the non-local `impl`, and may need to be changed
[INFO] [stderr]     = note: the macro `_pyo3::impl_::pyclass::generate_pyclass_richcompare_slot` may come from an old version of the `pyo3` crate, try updating your dependency with `cargo update -p pyo3`
[INFO] [stderr]     = note: an `impl` is never scoped, even when it is nested inside an item, as it may impact type checking outside of that item, which can be the case if neither the trait or the self type are at the same nesting level as the `impl`
[INFO] [stderr]     = note: items in an anonymous const item (`const _: () = { ... }`) are treated as in the same scope as the anonymous const's declaration for the purpose of this lint
[INFO] [stderr]     = note: this warning originates in the macro `_pyo3::impl_::pyclass::generate_pyclass_richcompare_slot` which comes from the expansion of the attribute macro `pymethods` (in Nightly builds, run with -Z macro-backtrace for more info)
[INFO] [stderr] 
[INFO] [stderr] warning: `pyo3io-macros` (lib) generated 7 warnings
[INFO] [stderr] warning: `pyo3io-macros` (lib test) generated 7 warnings (7 duplicates)
[INFO] [stderr]     Finished `test` profile [unoptimized + debuginfo] target(s) in 0.03s
[INFO] [stderr]      Running unittests src/lib.rs (/opt/rustwide/target/debug/deps/pyo3io_macros-4bf3381a85d4914e)
[INFO] [stdout] 
[INFO] [stdout] running 0 tests
[INFO] [stdout] 
[INFO] [stdout] test result: ok. 0 passed; 0 failed; 0 ignored; 0 measured; 0 filtered out; finished in 0.00s
[INFO] [stdout] 
[INFO] [stderr]    Doc-tests pyo3io_macros
[INFO] [stdout] 
[INFO] [stdout] running 1 test
[INFO] [stdout] test src/lib.rs - register_async_runtime (line 1683) ... FAILED
[INFO] [stdout] 
[INFO] [stdout] failures:
[INFO] [stdout] 
[INFO] [stdout] ---- src/lib.rs - register_async_runtime (line 1683) stdout ----
[INFO] [stdout] error[E0433]: failed to resolve: use of undeclared crate or module `pyo3_asyncio`
[INFO] [stdout]   --> src/lib.rs:1690:20
[INFO] [stdout]    |
[INFO] [stdout] 10 |  pub mod tokio(use pyo3_asyncio::tokio::future_into_py);
[INFO] [stdout]    |                    ^^^^^^^^^^^^ use of undeclared crate or module `pyo3_asyncio`
[INFO] [stdout] 
[INFO] [stdout] error: aborting due to 1 previous error
[INFO] [stdout] 
[INFO] [stdout] For more information about this error, try `rustc --explain E0433`.
[INFO] [stdout] Couldn't compile the test.
[INFO] [stdout] 
[INFO] [stdout] failures:
[INFO] [stdout]     src/lib.rs - register_async_runtime (line 1683)
[INFO] [stdout] 
[INFO] [stdout] test result: FAILED. 0 passed; 1 failed; 0 ignored; 0 measured; 0 filtered out; finished in 0.54s
[INFO] [stdout] 
[INFO] [stderr] error: doctest failed, to rerun pass `--doc`
[INFO] running `Command { std: "docker" "inspect" "d000328883c66159c001631f37047eaf9ae0de34764da3bd95b2fa1e797f16c6", kill_on_drop: false }`
[INFO] running `Command { std: "docker" "rm" "-f" "d000328883c66159c001631f37047eaf9ae0de34764da3bd95b2fa1e797f16c6", kill_on_drop: false }`
[INFO] [stdout] d000328883c66159c001631f37047eaf9ae0de34764da3bd95b2fa1e797f16c6
