[INFO] fetching crate pyo3-stub-gen-derive 0.6.0...
[INFO] testing pyo3-stub-gen-derive-0.6.0 against nightly-2024-10-28 for randomize-layout
[INFO] extracting crate pyo3-stub-gen-derive 0.6.0 into /workspace/builds/worker-0-tc1/source
[INFO] validating manifest of crates.io crate pyo3-stub-gen-derive 0.6.0 on toolchain nightly-2024-10-28
[INFO] running `Command { std: CARGO_HOME="/workspace/cargo-home" RUSTUP_HOME="/workspace/rustup-home" "/workspace/cargo-home/bin/cargo" "+nightly-2024-10-28" "metadata" "--manifest-path" "Cargo.toml" "--no-deps", kill_on_drop: false }`
[INFO] started tweaking crates.io crate pyo3-stub-gen-derive 0.6.0
[INFO] finished tweaking crates.io crate pyo3-stub-gen-derive 0.6.0
[INFO] tweaked toml for crates.io crate pyo3-stub-gen-derive 0.6.0 written to /workspace/builds/worker-0-tc1/source/Cargo.toml
[INFO] running `Command { std: CARGO_HOME="/workspace/cargo-home" RUSTUP_HOME="/workspace/rustup-home" "/workspace/cargo-home/bin/cargo" "+nightly-2024-10-28" "generate-lockfile" "--manifest-path" "Cargo.toml", kill_on_drop: false }`
[INFO] [stderr]     Blocking waiting for file lock on package cache
[INFO] [stderr]     Updating crates.io index
[INFO] [stderr]     Blocking waiting for file lock on package cache
[INFO] [stderr]      Locking 37 packages to latest compatible versions
[INFO] running `Command { std: CARGO_HOME="/workspace/cargo-home" RUSTUP_HOME="/workspace/rustup-home" "/workspace/cargo-home/bin/cargo" "+nightly-2024-10-28" "fetch" "--manifest-path" "Cargo.toml", kill_on_drop: false }`
[INFO] [stderr]     Blocking waiting for file lock on package cache
[INFO] [stderr]  Downloading crates ...
[INFO] [stderr]   Downloaded pyo3-macros v0.22.5
[INFO] [stderr]   Downloaded pyo3-macros-backend v0.22.5
[INFO] running `Command { std: "docker" "create" "-v" "/var/lib/crater-agent-workspace/builds/worker-0-tc1/target:/opt/rustwide/target:rw,Z" "-v" "/var/lib/crater-agent-workspace/builds/worker-0-tc1/source:/opt/rustwide/workdir:ro,Z" "-v" "/var/lib/crater-agent-workspace/cargo-home:/opt/rustwide/cargo-home:ro,Z" "-v" "/var/lib/crater-agent-workspace/rustup-home:/opt/rustwide/rustup-home:ro,Z" "-e" "SOURCE_DIR=/opt/rustwide/workdir" "-e" "CARGO_TARGET_DIR=/opt/rustwide/target" "-e" "CARGO_HOME=/opt/rustwide/cargo-home" "-e" "RUSTUP_HOME=/opt/rustwide/rustup-home" "-w" "/opt/rustwide/workdir" "-m" "1610612736" "--user" "0:0" "--network" "none" "ghcr.io/rust-lang/crates-build-env/linux@sha256:4a844ea9eb2546a2d2c7022eacef16ef2e8229c7fbb2c7d4d55a9ceca922f72d" "/opt/rustwide/cargo-home/bin/cargo" "+nightly-2024-10-28" "metadata" "--no-deps" "--format-version=1", kill_on_drop: false }`
[INFO] [stdout] 39b578ec98c5c62dafbfed1dd3b4da695116a6f3470f701512e5fe2182668d63
[INFO] running `Command { std: "docker" "start" "-a" "39b578ec98c5c62dafbfed1dd3b4da695116a6f3470f701512e5fe2182668d63", kill_on_drop: false }`
[INFO] running `Command { std: "docker" "inspect" "39b578ec98c5c62dafbfed1dd3b4da695116a6f3470f701512e5fe2182668d63", kill_on_drop: false }`
[INFO] running `Command { std: "docker" "rm" "-f" "39b578ec98c5c62dafbfed1dd3b4da695116a6f3470f701512e5fe2182668d63", kill_on_drop: false }`
[INFO] [stdout] 39b578ec98c5c62dafbfed1dd3b4da695116a6f3470f701512e5fe2182668d63
[INFO] running `Command { std: "docker" "create" "-v" "/var/lib/crater-agent-workspace/builds/worker-0-tc1/target:/opt/rustwide/target:rw,Z" "-v" "/var/lib/crater-agent-workspace/builds/worker-0-tc1/source:/opt/rustwide/workdir:ro,Z" "-v" "/var/lib/crater-agent-workspace/cargo-home:/opt/rustwide/cargo-home:ro,Z" "-v" "/var/lib/crater-agent-workspace/rustup-home:/opt/rustwide/rustup-home:ro,Z" "-e" "SOURCE_DIR=/opt/rustwide/workdir" "-e" "CARGO_TARGET_DIR=/opt/rustwide/target" "-e" "CARGO_INCREMENTAL=0" "-e" "RUST_BACKTRACE=full" "-e" "RUSTFLAGS=--cap-lints=forbid" "-e" "RUSTDOCFLAGS=--cap-lints=forbid" "-e" "CARGO_HOME=/opt/rustwide/cargo-home" "-e" "RUSTUP_HOME=/opt/rustwide/rustup-home" "-w" "/opt/rustwide/workdir" "-m" "1610612736" "--user" "0:0" "--network" "none" "ghcr.io/rust-lang/crates-build-env/linux@sha256:4a844ea9eb2546a2d2c7022eacef16ef2e8229c7fbb2c7d4d55a9ceca922f72d" "/opt/rustwide/cargo-home/bin/cargo" "+nightly-2024-10-28" "build" "--frozen" "--message-format=json", kill_on_drop: false }`
[INFO] [stdout] 48cca77b0fc346b1455981670216024db104de5286bfc2324a3c8fd6c1716106
[INFO] running `Command { std: "docker" "start" "-a" "48cca77b0fc346b1455981670216024db104de5286bfc2324a3c8fd6c1716106", kill_on_drop: false }`
[INFO] [stderr]    Compiling pyo3-stub-gen-derive v0.6.0 (/opt/rustwide/workdir)
[INFO] [stderr]     Finished `dev` profile [unoptimized + debuginfo] target(s) in 0.71s
[INFO] running `Command { std: "docker" "inspect" "48cca77b0fc346b1455981670216024db104de5286bfc2324a3c8fd6c1716106", kill_on_drop: false }`
[INFO] running `Command { std: "docker" "rm" "-f" "48cca77b0fc346b1455981670216024db104de5286bfc2324a3c8fd6c1716106", kill_on_drop: false }`
[INFO] [stdout] 48cca77b0fc346b1455981670216024db104de5286bfc2324a3c8fd6c1716106
[INFO] running `Command { std: "docker" "create" "-v" "/var/lib/crater-agent-workspace/builds/worker-0-tc1/target:/opt/rustwide/target:rw,Z" "-v" "/var/lib/crater-agent-workspace/builds/worker-0-tc1/source:/opt/rustwide/workdir:ro,Z" "-v" "/var/lib/crater-agent-workspace/cargo-home:/opt/rustwide/cargo-home:ro,Z" "-v" "/var/lib/crater-agent-workspace/rustup-home:/opt/rustwide/rustup-home:ro,Z" "-e" "SOURCE_DIR=/opt/rustwide/workdir" "-e" "CARGO_TARGET_DIR=/opt/rustwide/target" "-e" "CARGO_INCREMENTAL=0" "-e" "RUST_BACKTRACE=full" "-e" "RUSTFLAGS=--cap-lints=forbid" "-e" "RUSTDOCFLAGS=--cap-lints=forbid" "-e" "CARGO_HOME=/opt/rustwide/cargo-home" "-e" "RUSTUP_HOME=/opt/rustwide/rustup-home" "-w" "/opt/rustwide/workdir" "-m" "1610612736" "--user" "0:0" "--network" "none" "ghcr.io/rust-lang/crates-build-env/linux@sha256:4a844ea9eb2546a2d2c7022eacef16ef2e8229c7fbb2c7d4d55a9ceca922f72d" "/opt/rustwide/cargo-home/bin/cargo" "+nightly-2024-10-28" "test" "--frozen" "--no-run" "--message-format=json", kill_on_drop: false }`
[INFO] [stdout] 4b6d4b7a28ef4df9a35721e1966f88724f2a5a4dae838b4dfce7e7bd217cb9b6
[INFO] running `Command { std: "docker" "start" "-a" "4b6d4b7a28ef4df9a35721e1966f88724f2a5a4dae838b4dfce7e7bd217cb9b6", kill_on_drop: false }`
[INFO] [stderr]    Compiling target-lexicon v0.12.16
[INFO] [stderr]    Compiling once_cell v1.20.2
[INFO] [stderr]    Compiling lazy_static v1.5.0
[INFO] [stderr]    Compiling prettyplease v0.2.25
[INFO] [stderr]    Compiling unindent v0.2.3
[INFO] [stderr]    Compiling linked-hash-map v0.5.6
[INFO] [stderr]    Compiling similar v2.6.0
[INFO] [stderr]    Compiling inventory v0.3.15
[INFO] [stderr]    Compiling libc v0.2.161
[INFO] [stderr]    Compiling memoffset v0.9.1
[INFO] [stderr]    Compiling pyo3-stub-gen-derive v0.6.0 (/opt/rustwide/workdir)
[INFO] [stderr]    Compiling console v0.15.8
[INFO] [stderr]    Compiling pyo3-build-config v0.22.5
[INFO] [stderr]    Compiling insta v1.41.1
[INFO] [stderr]    Compiling pyo3-ffi v0.22.5
[INFO] [stderr]    Compiling pyo3-macros-backend v0.22.5
[INFO] [stderr]    Compiling pyo3 v0.22.5
[INFO] [stderr]    Compiling pyo3-macros v0.22.5
[INFO] [stderr]     Finished `test` profile [unoptimized + debuginfo] target(s) in 6.58s
[INFO] running `Command { std: "docker" "inspect" "4b6d4b7a28ef4df9a35721e1966f88724f2a5a4dae838b4dfce7e7bd217cb9b6", kill_on_drop: false }`
[INFO] running `Command { std: "docker" "rm" "-f" "4b6d4b7a28ef4df9a35721e1966f88724f2a5a4dae838b4dfce7e7bd217cb9b6", kill_on_drop: false }`
[INFO] [stdout] 4b6d4b7a28ef4df9a35721e1966f88724f2a5a4dae838b4dfce7e7bd217cb9b6
[INFO] running `Command { std: "docker" "create" "-v" "/var/lib/crater-agent-workspace/builds/worker-0-tc1/target:/opt/rustwide/target:rw,Z" "-v" "/var/lib/crater-agent-workspace/builds/worker-0-tc1/source:/opt/rustwide/workdir:ro,Z" "-v" "/var/lib/crater-agent-workspace/cargo-home:/opt/rustwide/cargo-home:ro,Z" "-v" "/var/lib/crater-agent-workspace/rustup-home:/opt/rustwide/rustup-home:ro,Z" "-e" "SOURCE_DIR=/opt/rustwide/workdir" "-e" "CARGO_TARGET_DIR=/opt/rustwide/target" "-e" "CARGO_INCREMENTAL=0" "-e" "RUST_BACKTRACE=full" "-e" "RUSTFLAGS=--cap-lints=forbid" "-e" "RUSTDOCFLAGS=--cap-lints=forbid" "-e" "CARGO_HOME=/opt/rustwide/cargo-home" "-e" "RUSTUP_HOME=/opt/rustwide/rustup-home" "-w" "/opt/rustwide/workdir" "-m" "1610612736" "--user" "0:0" "--network" "none" "ghcr.io/rust-lang/crates-build-env/linux@sha256:4a844ea9eb2546a2d2c7022eacef16ef2e8229c7fbb2c7d4d55a9ceca922f72d" "/opt/rustwide/cargo-home/bin/cargo" "+nightly-2024-10-28" "test" "--frozen", kill_on_drop: false }`
[INFO] [stdout] 7685ed0de41d69d6b9370637055a308d03bebed199ceb2ec78e4a1494c01f0df
[INFO] running `Command { std: "docker" "start" "-a" "7685ed0de41d69d6b9370637055a308d03bebed199ceb2ec78e4a1494c01f0df", kill_on_drop: false }`
[INFO] [stderr]     Finished `test` profile [unoptimized + debuginfo] target(s) in 0.03s
[INFO] [stderr]      Running unittests src/lib.rs (/opt/rustwide/target/debug/deps/pyo3_stub_gen_derive-258d3d20b5480403)
[INFO] [stdout] 
[INFO] [stdout] running 3 tests
[INFO] [stdout] test gen_stub::attr::test::test_parse_pyo3_attr ... ok
[INFO] [stdout] test gen_stub::util::test::test_unwrap_pyresult ... ok
[INFO] [stdout] test gen_stub::pyclass::test::test_pyclass ... ok
[INFO] [stdout] 
[INFO] [stdout] test result: ok. 3 passed; 0 failed; 0 ignored; 0 measured; 0 filtered out; finished in 0.02s
[INFO] [stdout] 
[INFO] [stderr]    Doc-tests pyo3_stub_gen_derive
[INFO] [stdout] 
[INFO] [stdout] running 7 tests
[INFO] [stdout] test src/lib.rs - gen_stub_pyfunction (line 85) ... FAILED
[INFO] [stdout] test src/lib.rs - gen_stub_pyfunction (line 73) ... FAILED
[INFO] [stdout] test src/lib.rs - gen_stub_pymethods (line 50) ... FAILED
[INFO] [stdout] test src/gen_stub.rs - gen_stub (line 5) ... FAILED
[INFO] [stdout] test src/lib.rs - gen_stub_pyclass_enum (line 30) ... FAILED
[INFO] [stdout] test src/lib.rs - gen_stub_pyclass (line 7) ... FAILED
[INFO] [stdout] test src/gen_stub.rs - gen_stub (line 35) ... ok
[INFO] [stdout] 
[INFO] [stdout] failures:
[INFO] [stdout] 
[INFO] [stdout] ---- src/lib.rs - gen_stub_pyfunction (line 85) stdout ----
[INFO] [stdout] error[E0433]: failed to resolve: use of undeclared crate or module `pyo3_stub_gen`
[INFO] [stdout]  --> src/lib.rs:87:1
[INFO] [stdout]   |
[INFO] [stdout] 5 | #[pyo3_stub_gen_derive::gen_stub_pyfunction(module = "my_module.experimental")]
[INFO] [stdout]   | ^^^^^^^^^^^^^^^^^^^^^^^^^^^^^^^^^^^^^^^^^^^^^^^^^^^^^^^^^^^^^^^^^^^^^^^^^^^^^^^ use of undeclared crate or module `pyo3_stub_gen`
[INFO] [stdout]   |
[INFO] [stdout]   = note: this error originates in the attribute macro `pyo3_stub_gen_derive::gen_stub_pyfunction` (in Nightly builds, run with -Z macro-backtrace for more info)
[INFO] [stdout] 
[INFO] [stdout] error: aborting due to 1 previous error
[INFO] [stdout] 
[INFO] [stdout] For more information about this error, try `rustc --explain E0433`.
[INFO] [stdout] Couldn't compile the test.
[INFO] [stdout] ---- src/lib.rs - gen_stub_pyfunction (line 73) stdout ----
[INFO] [stdout] error[E0433]: failed to resolve: use of undeclared crate or module `pyo3_stub_gen`
[INFO] [stdout]  --> src/lib.rs:75:1
[INFO] [stdout]   |
[INFO] [stdout] 5 | #[pyo3_stub_gen_derive::gen_stub_pyfunction]
[INFO] [stdout]   | ^^^^^^^^^^^^^^^^^^^^^^^^^^^^^^^^^^^^^^^^^^^^ use of undeclared crate or module `pyo3_stub_gen`
[INFO] [stdout]   |
[INFO] [stdout]   = note: this error originates in the attribute macro `pyo3_stub_gen_derive::gen_stub_pyfunction` (in Nightly builds, run with -Z macro-backtrace for more info)
[INFO] [stdout] 
[INFO] [stdout] error: aborting due to 1 previous error
[INFO] [stdout] 
[INFO] [stdout] For more information about this error, try `rustc --explain E0433`.
[INFO] [stdout] Couldn't compile the test.
[INFO] [stdout] ---- src/lib.rs - gen_stub_pymethods (line 50) stdout ----
[INFO] [stdout] error[E0433]: failed to resolve: use of undeclared crate or module `pyo3_stub_gen`
[INFO] [stdout]  --> src/lib.rs:52:1
[INFO] [stdout]   |
[INFO] [stdout] 5 | #[pyo3_stub_gen_derive::gen_stub_pyclass]
[INFO] [stdout]   | ^^^^^^^^^^^^^^^^^^^^^^^^^^^^^^^^^^^^^^^^^ use of undeclared crate or module `pyo3_stub_gen`
[INFO] [stdout]   |
[INFO] [stdout]   = note: this error originates in the attribute macro `pyo3_stub_gen_derive::gen_stub_pyclass` (in Nightly builds, run with -Z macro-backtrace for more info)
[INFO] [stdout] 
[INFO] [stdout] error[E0433]: failed to resolve: use of undeclared crate or module `pyo3_stub_gen`
[INFO] [stdout]  --> src/lib.rs:56:1
[INFO] [stdout]   |
[INFO] [stdout] 9 | #[pyo3_stub_gen_derive::gen_stub_pymethods]
[INFO] [stdout]   | ^^^^^^^^^^^^^^^^^^^^^^^^^^^^^^^^^^^^^^^^^^^ use of undeclared crate or module `pyo3_stub_gen`
[INFO] [stdout]   |
[INFO] [stdout]   = note: this error originates in the attribute macro `pyo3_stub_gen_derive::gen_stub_pymethods` (in Nightly builds, run with -Z macro-backtrace for more info)
[INFO] [stdout] 
[INFO] [stdout] error[E0433]: failed to resolve: could not find `pyo3_stub_gen` in the list of imported crates
[INFO] [stdout]  --> src/lib.rs:52:1
[INFO] [stdout]   |
[INFO] [stdout] 5 | #[pyo3_stub_gen_derive::gen_stub_pyclass]
[INFO] [stdout]   | ^^^^^^^^^^^^^^^^^^^^^^^^^^^^^^^^^^^^^^^^^ could not find `pyo3_stub_gen` in the list of imported crates
[INFO] [stdout]   |
[INFO] [stdout]   = note: this error originates in the attribute macro `pyo3_stub_gen_derive::gen_stub_pyclass` (in Nightly builds, run with -Z macro-backtrace for more info)
[INFO] [stdout] 
[INFO] [stdout] error: aborting due to 3 previous errors
[INFO] [stdout] 
[INFO] [stdout] For more information about this error, try `rustc --explain E0433`.
[INFO] [stdout] Couldn't compile the test.
[INFO] [stdout] ---- src/gen_stub.rs - gen_stub (line 5) stdout ----
[INFO] [stdout] error[E0433]: failed to resolve: use of undeclared crate or module `pyo3_stub_gen`
[INFO] [stdout]  --> src/gen_stub.rs:7:5
[INFO] [stdout]   |
[INFO] [stdout] 4 | use pyo3_stub_gen::type_info::*;
[INFO] [stdout]   |     ^^^^^^^^^^^^^ use of undeclared crate or module `pyo3_stub_gen`
[INFO] [stdout] 
[INFO] [stdout] error[E0433]: failed to resolve: could not find `pyo3_stub_gen` in the list of imported crates
[INFO] [stdout]   --> src/gen_stub.rs:17:38
[INFO] [stdout]    |
[INFO] [stdout] 14 |                 r#type: <String as ::pyo3_stub_gen::PyStubType>::type_output,
[INFO] [stdout]    |                                      ^^^^^^^^^^^^^ could not find `pyo3_stub_gen` in the list of imported crates
[INFO] [stdout] 
[INFO] [stdout] error[E0433]: failed to resolve: could not find `pyo3_stub_gen` in the list of imported crates
[INFO] [stdout]   --> src/gen_stub.rs:21:37
[INFO] [stdout]    |
[INFO] [stdout] 18 |                 r#type: <usize as ::pyo3_stub_gen::PyStubType>::type_output,
[INFO] [stdout]    |                                     ^^^^^^^^^^^^^ could not find `pyo3_stub_gen` in the list of imported crates
[INFO] [stdout] 
[INFO] [stdout] error[E0433]: failed to resolve: could not find `pyo3_stub_gen` in the list of imported crates
[INFO] [stdout]   --> src/gen_stub.rs:25:46
[INFO] [stdout]    |
[INFO] [stdout] 22 |                 r#type: <Option<String> as ::pyo3_stub_gen::PyStubType>::type_output,
[INFO] [stdout]    |                                              ^^^^^^^^^^^^^ could not find `pyo3_stub_gen` in the list of imported crates
[INFO] [stdout] 
[INFO] [stdout] error[E0422]: cannot find struct, variant or union type `PyClassInfo` in this scope
[INFO] [stdout]  --> src/gen_stub.rs:10:5
[INFO] [stdout]   |
[INFO] [stdout] 7 |     PyClassInfo {
[INFO] [stdout]   |     ^^^^^^^^^^^ not found in this scope
[INFO] [stdout] 
[INFO] [stdout] error[E0422]: cannot find struct, variant or union type `MemberInfo` in this scope
[INFO] [stdout]   --> src/gen_stub.rs:15:13
[INFO] [stdout]    |
[INFO] [stdout] 12 |             MemberInfo {
[INFO] [stdout]    |             ^^^^^^^^^^ not found in this scope
[INFO] [stdout] 
[INFO] [stdout] error[E0422]: cannot find struct, variant or union type `MemberInfo` in this scope
[INFO] [stdout]   --> src/gen_stub.rs:19:13
[INFO] [stdout]    |
[INFO] [stdout] 16 |             MemberInfo {
[INFO] [stdout]    |             ^^^^^^^^^^ not found in this scope
[INFO] [stdout] 
[INFO] [stdout] error[E0422]: cannot find struct, variant or union type `MemberInfo` in this scope
[INFO] [stdout]   --> src/gen_stub.rs:23:13
[INFO] [stdout]    |
[INFO] [stdout] 20 |             MemberInfo {
[INFO] [stdout]    |             ^^^^^^^^^^ not found in this scope
[INFO] [stdout] 
[INFO] [stdout] error: aborting due to 8 previous errors
[INFO] [stdout] 
[INFO] [stdout] Some errors have detailed explanations: E0422, E0433.
[INFO] [stdout] For more information about an error, try `rustc --explain E0422`.
[INFO] [stdout] Couldn't compile the test.
[INFO] [stdout] ---- src/lib.rs - gen_stub_pyclass_enum (line 30) stdout ----
[INFO] [stdout] error[E0433]: failed to resolve: use of undeclared crate or module `pyo3_stub_gen`
[INFO] [stdout]  --> src/lib.rs:32:1
[INFO] [stdout]   |
[INFO] [stdout] 5 | #[pyo3_stub_gen_derive::gen_stub_pyclass_enum]
[INFO] [stdout]   | ^^^^^^^^^^^^^^^^^^^^^^^^^^^^^^^^^^^^^^^^^^^^^^ use of undeclared crate or module `pyo3_stub_gen`
[INFO] [stdout]   |
[INFO] [stdout]   = note: this error originates in the attribute macro `pyo3_stub_gen_derive::gen_stub_pyclass_enum` (in Nightly builds, run with -Z macro-backtrace for more info)
[INFO] [stdout] 
[INFO] [stdout] error[E0433]: failed to resolve: could not find `pyo3_stub_gen` in the list of imported crates
[INFO] [stdout]  --> src/lib.rs:32:1
[INFO] [stdout]   |
[INFO] [stdout] 5 | #[pyo3_stub_gen_derive::gen_stub_pyclass_enum]
[INFO] [stdout]   | ^^^^^^^^^^^^^^^^^^^^^^^^^^^^^^^^^^^^^^^^^^^^^^ could not find `pyo3_stub_gen` in the list of imported crates
[INFO] [stdout]   |
[INFO] [stdout]   = note: this error originates in the attribute macro `pyo3_stub_gen_derive::gen_stub_pyclass_enum` (in Nightly builds, run with -Z macro-backtrace for more info)
[INFO] [stdout] 
[INFO] [stdout] warning: use of deprecated constant `main::_doctest_main_src_lib_rs_30_0::PyDataType::__pyo3__generated____richcmp__::DEPRECATION`: Implicit equality for simple enums is deprecated. Use `#[pyclass(eq, eq_int)` to keep the current behavior.
[INFO] [stdout]  --> src/lib.rs:33:1
[INFO] [stdout]   |
[INFO] [stdout] 6 | #[pyo3::pyclass(module = "my_module", name = "DataType")]
[INFO] [stdout]   | ^^^^^^^^^^^^^^^^^^^^^^^^^^^^^^^^^^^^^^^^^^^^^^^^^^^^^^^^^
[INFO] [stdout]   |
[INFO] [stdout]   = note: `#[warn(deprecated)]` on by default
[INFO] [stdout]   = note: this warning originates in the attribute macro `pyo3::pyclass` (in Nightly builds, run with -Z macro-backtrace for more info)
[INFO] [stdout] 
[INFO] [stdout] error: aborting due to 2 previous errors; 1 warning emitted
[INFO] [stdout] 
[INFO] [stdout] For more information about this error, try `rustc --explain E0433`.
[INFO] [stdout] Couldn't compile the test.
[INFO] [stdout] ---- src/lib.rs - gen_stub_pyclass (line 7) stdout ----
[INFO] [stdout] error[E0433]: failed to resolve: use of undeclared crate or module `pyo3_stub_gen`
[INFO] [stdout]  --> src/lib.rs:9:1
[INFO] [stdout]   |
[INFO] [stdout] 5 | #[pyo3_stub_gen_derive::gen_stub_pyclass]
[INFO] [stdout]   | ^^^^^^^^^^^^^^^^^^^^^^^^^^^^^^^^^^^^^^^^^ use of undeclared crate or module `pyo3_stub_gen`
[INFO] [stdout]   |
[INFO] [stdout]   = note: this error originates in the attribute macro `pyo3_stub_gen_derive::gen_stub_pyclass` (in Nightly builds, run with -Z macro-backtrace for more info)
[INFO] [stdout] 
[INFO] [stdout] error[E0433]: failed to resolve: could not find `pyo3_stub_gen` in the list of imported crates
[INFO] [stdout]  --> src/lib.rs:9:1
[INFO] [stdout]   |
[INFO] [stdout] 5 | #[pyo3_stub_gen_derive::gen_stub_pyclass]
[INFO] [stdout]   | ^^^^^^^^^^^^^^^^^^^^^^^^^^^^^^^^^^^^^^^^^ could not find `pyo3_stub_gen` in the list of imported crates
[INFO] [stdout]   |
[INFO] [stdout]   = note: this error originates in the attribute macro `pyo3_stub_gen_derive::gen_stub_pyclass` (in Nightly builds, run with -Z macro-backtrace for more info)
[INFO] [stdout] 
[INFO] [stdout] error: aborting due to 2 previous errors
[INFO] [stdout] 
[INFO] [stdout] For more information about this error, try `rustc --explain E0433`.
[INFO] [stdout] Couldn't compile the test.
[INFO] [stdout] 
[INFO] [stdout] failures:
[INFO] [stdout]     src/gen_stub.rs - gen_stub (line 5)
[INFO] [stdout]     src/lib.rs - gen_stub_pyclass (line 7)
[INFO] [stdout]     src/lib.rs - gen_stub_pyclass_enum (line 30)
[INFO] [stdout]     src/lib.rs - gen_stub_pyfunction (line 73)
[INFO] [stdout]     src/lib.rs - gen_stub_pyfunction (line 85)
[INFO] [stdout]     src/lib.rs - gen_stub_pymethods (line 50)
[INFO] [stdout] 
[INFO] [stdout] test result: FAILED. 1 passed; 6 failed; 0 ignored; 0 measured; 0 filtered out; finished in 0.17s
[INFO] [stdout] 
[INFO] [stderr] error: doctest failed, to rerun pass `--doc`
[INFO] running `Command { std: "docker" "inspect" "7685ed0de41d69d6b9370637055a308d03bebed199ceb2ec78e4a1494c01f0df", kill_on_drop: false }`
[INFO] running `Command { std: "docker" "rm" "-f" "7685ed0de41d69d6b9370637055a308d03bebed199ceb2ec78e4a1494c01f0df", kill_on_drop: false }`
[INFO] [stdout] 7685ed0de41d69d6b9370637055a308d03bebed199ceb2ec78e4a1494c01f0df
