[INFO] fetching crate pyo3-helper-macros 0.0.6...
[INFO] testing pyo3-helper-macros-0.0.6 against nightly-2024-10-28 for randomize-layout
[INFO] extracting crate pyo3-helper-macros 0.0.6 into /workspace/builds/worker-3-tc1/source
[INFO] validating manifest of crates.io crate pyo3-helper-macros 0.0.6 on toolchain nightly-2024-10-28
[INFO] running `Command { std: CARGO_HOME="/workspace/cargo-home" RUSTUP_HOME="/workspace/rustup-home" "/workspace/cargo-home/bin/cargo" "+nightly-2024-10-28" "metadata" "--manifest-path" "Cargo.toml" "--no-deps", kill_on_drop: false }`
[INFO] started tweaking crates.io crate pyo3-helper-macros 0.0.6
[INFO] finished tweaking crates.io crate pyo3-helper-macros 0.0.6
[INFO] tweaked toml for crates.io crate pyo3-helper-macros 0.0.6 written to /workspace/builds/worker-3-tc1/source/Cargo.toml
[INFO] running `Command { std: CARGO_HOME="/workspace/cargo-home" RUSTUP_HOME="/workspace/rustup-home" "/workspace/cargo-home/bin/cargo" "+nightly-2024-10-28" "generate-lockfile" "--manifest-path" "Cargo.toml", kill_on_drop: false }`
[INFO] [stderr]     Updating crates.io index
[INFO] [stderr]      Locking 38 packages to latest compatible versions
[INFO] [stderr]       Adding pyo3 v0.20.3 (available: v0.22.5)
[INFO] running `Command { std: CARGO_HOME="/workspace/cargo-home" RUSTUP_HOME="/workspace/rustup-home" "/workspace/cargo-home/bin/cargo" "+nightly-2024-10-28" "fetch" "--manifest-path" "Cargo.toml", kill_on_drop: false }`
[INFO] running `Command { std: "docker" "create" "-v" "/var/lib/crater-agent-workspace/builds/worker-3-tc1/target:/opt/rustwide/target:rw,Z" "-v" "/var/lib/crater-agent-workspace/builds/worker-3-tc1/source:/opt/rustwide/workdir:ro,Z" "-v" "/var/lib/crater-agent-workspace/cargo-home:/opt/rustwide/cargo-home:ro,Z" "-v" "/var/lib/crater-agent-workspace/rustup-home:/opt/rustwide/rustup-home:ro,Z" "-e" "SOURCE_DIR=/opt/rustwide/workdir" "-e" "CARGO_TARGET_DIR=/opt/rustwide/target" "-e" "CARGO_HOME=/opt/rustwide/cargo-home" "-e" "RUSTUP_HOME=/opt/rustwide/rustup-home" "-w" "/opt/rustwide/workdir" "-m" "1610612736" "--user" "0:0" "--network" "none" "ghcr.io/rust-lang/crates-build-env/linux@sha256:4a844ea9eb2546a2d2c7022eacef16ef2e8229c7fbb2c7d4d55a9ceca922f72d" "/opt/rustwide/cargo-home/bin/cargo" "+nightly-2024-10-28" "metadata" "--no-deps" "--format-version=1", kill_on_drop: false }`
[INFO] [stdout] c8bde51cb0e80735da1c9f64adad88b8af85d6ae2512bb70cd6ad276f902d7fb
[INFO] running `Command { std: "docker" "start" "-a" "c8bde51cb0e80735da1c9f64adad88b8af85d6ae2512bb70cd6ad276f902d7fb", kill_on_drop: false }`
[INFO] running `Command { std: "docker" "inspect" "c8bde51cb0e80735da1c9f64adad88b8af85d6ae2512bb70cd6ad276f902d7fb", kill_on_drop: false }`
[INFO] running `Command { std: "docker" "rm" "-f" "c8bde51cb0e80735da1c9f64adad88b8af85d6ae2512bb70cd6ad276f902d7fb", kill_on_drop: false }`
[INFO] [stdout] c8bde51cb0e80735da1c9f64adad88b8af85d6ae2512bb70cd6ad276f902d7fb
[INFO] running `Command { std: "docker" "create" "-v" "/var/lib/crater-agent-workspace/builds/worker-3-tc1/target:/opt/rustwide/target:rw,Z" "-v" "/var/lib/crater-agent-workspace/builds/worker-3-tc1/source:/opt/rustwide/workdir:ro,Z" "-v" "/var/lib/crater-agent-workspace/cargo-home:/opt/rustwide/cargo-home:ro,Z" "-v" "/var/lib/crater-agent-workspace/rustup-home:/opt/rustwide/rustup-home:ro,Z" "-e" "SOURCE_DIR=/opt/rustwide/workdir" "-e" "CARGO_TARGET_DIR=/opt/rustwide/target" "-e" "CARGO_INCREMENTAL=0" "-e" "RUST_BACKTRACE=full" "-e" "RUSTFLAGS=--cap-lints=forbid" "-e" "RUSTDOCFLAGS=--cap-lints=forbid" "-e" "CARGO_HOME=/opt/rustwide/cargo-home" "-e" "RUSTUP_HOME=/opt/rustwide/rustup-home" "-w" "/opt/rustwide/workdir" "-m" "1610612736" "--user" "0:0" "--network" "none" "ghcr.io/rust-lang/crates-build-env/linux@sha256:4a844ea9eb2546a2d2c7022eacef16ef2e8229c7fbb2c7d4d55a9ceca922f72d" "/opt/rustwide/cargo-home/bin/cargo" "+nightly-2024-10-28" "build" "--frozen" "--message-format=json", kill_on_drop: false }`
[INFO] [stdout] a2eccb557c12a3eeb0cc2da86293fc031c3ca9ebe9fc21efe24078eedd6f6937
[INFO] running `Command { std: "docker" "start" "-a" "a2eccb557c12a3eeb0cc2da86293fc031c3ca9ebe9fc21efe24078eedd6f6937", kill_on_drop: false }`
[INFO] [stderr]    Compiling libc v0.2.161
[INFO] [stderr]    Compiling proc-macro2 v1.0.89
[INFO] [stderr]    Compiling unicode-ident v1.0.13
[INFO] [stderr]    Compiling cfg-if v1.0.0
[INFO] [stderr]    Compiling quote v1.0.37
[INFO] [stderr]    Compiling getrandom v0.2.15
[INFO] [stderr]    Compiling syn v2.0.86
[INFO] [stderr]    Compiling uuid v1.11.0
[INFO] [stderr]    Compiling pyo3-helper-macros v0.0.6 (/opt/rustwide/workdir)
[INFO] [stderr]     Finished `dev` profile [unoptimized + debuginfo] target(s) in 3.57s
[INFO] running `Command { std: "docker" "inspect" "a2eccb557c12a3eeb0cc2da86293fc031c3ca9ebe9fc21efe24078eedd6f6937", kill_on_drop: false }`
[INFO] running `Command { std: "docker" "rm" "-f" "a2eccb557c12a3eeb0cc2da86293fc031c3ca9ebe9fc21efe24078eedd6f6937", kill_on_drop: false }`
[INFO] [stdout] a2eccb557c12a3eeb0cc2da86293fc031c3ca9ebe9fc21efe24078eedd6f6937
[INFO] running `Command { std: "docker" "create" "-v" "/var/lib/crater-agent-workspace/builds/worker-3-tc1/target:/opt/rustwide/target:rw,Z" "-v" "/var/lib/crater-agent-workspace/builds/worker-3-tc1/source:/opt/rustwide/workdir:ro,Z" "-v" "/var/lib/crater-agent-workspace/cargo-home:/opt/rustwide/cargo-home:ro,Z" "-v" "/var/lib/crater-agent-workspace/rustup-home:/opt/rustwide/rustup-home:ro,Z" "-e" "SOURCE_DIR=/opt/rustwide/workdir" "-e" "CARGO_TARGET_DIR=/opt/rustwide/target" "-e" "CARGO_INCREMENTAL=0" "-e" "RUST_BACKTRACE=full" "-e" "RUSTFLAGS=--cap-lints=forbid" "-e" "RUSTDOCFLAGS=--cap-lints=forbid" "-e" "CARGO_HOME=/opt/rustwide/cargo-home" "-e" "RUSTUP_HOME=/opt/rustwide/rustup-home" "-w" "/opt/rustwide/workdir" "-m" "1610612736" "--user" "0:0" "--network" "none" "ghcr.io/rust-lang/crates-build-env/linux@sha256:4a844ea9eb2546a2d2c7022eacef16ef2e8229c7fbb2c7d4d55a9ceca922f72d" "/opt/rustwide/cargo-home/bin/cargo" "+nightly-2024-10-28" "test" "--frozen" "--no-run" "--message-format=json", kill_on_drop: false }`
[INFO] [stdout] 1b52416b3f87a8e2858f303737d535dce2c331a2d0929134c68e574b26db3ad3
[INFO] running `Command { std: "docker" "start" "-a" "1b52416b3f87a8e2858f303737d535dce2c331a2d0929134c68e574b26db3ad3", kill_on_drop: false }`
[INFO] [stderr]    Compiling target-lexicon v0.12.16
[INFO] [stderr]    Compiling libc v0.2.161
[INFO] [stderr]    Compiling once_cell v1.20.2
[INFO] [stderr]    Compiling autocfg v1.4.0
[INFO] [stderr]    Compiling parking_lot_core v0.9.10
[INFO] [stderr]    Compiling portable-atomic v1.9.0
[INFO] [stderr]    Compiling heck v0.4.1
[INFO] [stderr]    Compiling scopeguard v1.2.0
[INFO] [stderr]    Compiling smallvec v1.13.2
[INFO] [stderr]    Compiling unindent v0.2.3
[INFO] [stderr]    Compiling indoc v2.0.5
[INFO] [stderr]    Compiling syn v2.0.86
[INFO] [stderr]    Compiling lock_api v0.4.12
[INFO] [stderr]    Compiling memoffset v0.9.1
[INFO] [stderr]    Compiling pyo3-build-config v0.20.3
[INFO] [stderr]    Compiling getrandom v0.2.15
[INFO] [stderr]    Compiling uuid v1.11.0
[INFO] [stderr]    Compiling parking_lot v0.12.3
[INFO] [stderr]    Compiling pyo3-ffi v0.20.3
[INFO] [stderr]    Compiling pyo3 v0.20.3
[INFO] [stderr]    Compiling pyo3-macros-backend v0.20.3
[INFO] [stderr]    Compiling pyo3-helper-macros v0.0.6 (/opt/rustwide/workdir)
[INFO] [stderr]    Compiling pyo3-macros v0.20.3
[INFO] [stderr]     Finished `test` profile [unoptimized + debuginfo] target(s) in 11.66s
[INFO] running `Command { std: "docker" "inspect" "1b52416b3f87a8e2858f303737d535dce2c331a2d0929134c68e574b26db3ad3", kill_on_drop: false }`
[INFO] running `Command { std: "docker" "rm" "-f" "1b52416b3f87a8e2858f303737d535dce2c331a2d0929134c68e574b26db3ad3", kill_on_drop: false }`
[INFO] [stdout] 1b52416b3f87a8e2858f303737d535dce2c331a2d0929134c68e574b26db3ad3
[INFO] running `Command { std: "docker" "create" "-v" "/var/lib/crater-agent-workspace/builds/worker-3-tc1/target:/opt/rustwide/target:rw,Z" "-v" "/var/lib/crater-agent-workspace/builds/worker-3-tc1/source:/opt/rustwide/workdir:ro,Z" "-v" "/var/lib/crater-agent-workspace/cargo-home:/opt/rustwide/cargo-home:ro,Z" "-v" "/var/lib/crater-agent-workspace/rustup-home:/opt/rustwide/rustup-home:ro,Z" "-e" "SOURCE_DIR=/opt/rustwide/workdir" "-e" "CARGO_TARGET_DIR=/opt/rustwide/target" "-e" "CARGO_INCREMENTAL=0" "-e" "RUST_BACKTRACE=full" "-e" "RUSTFLAGS=--cap-lints=forbid" "-e" "RUSTDOCFLAGS=--cap-lints=forbid" "-e" "CARGO_HOME=/opt/rustwide/cargo-home" "-e" "RUSTUP_HOME=/opt/rustwide/rustup-home" "-w" "/opt/rustwide/workdir" "-m" "1610612736" "--user" "0:0" "--network" "none" "ghcr.io/rust-lang/crates-build-env/linux@sha256:4a844ea9eb2546a2d2c7022eacef16ef2e8229c7fbb2c7d4d55a9ceca922f72d" "/opt/rustwide/cargo-home/bin/cargo" "+nightly-2024-10-28" "test" "--frozen", kill_on_drop: false }`
[INFO] [stdout] afc6d5cf9e0a3b74357bcc1d5b797d322529793e307e357405e722ae4fd59405
[INFO] running `Command { std: "docker" "start" "-a" "afc6d5cf9e0a3b74357bcc1d5b797d322529793e307e357405e722ae4fd59405", kill_on_drop: false }`
[INFO] [stderr]     Finished `test` profile [unoptimized + debuginfo] target(s) in 0.04s
[INFO] [stderr]      Running unittests src/lib.rs (/opt/rustwide/target/debug/deps/pyo3_helper_macros-63b721eb2b70581b)
[INFO] [stdout] 
[INFO] [stdout] running 0 tests
[INFO] [stdout] 
[INFO] [stdout] test result: ok. 0 passed; 0 failed; 0 ignored; 0 measured; 0 filtered out; finished in 0.00s
[INFO] [stdout] 
[INFO] [stderr]    Doc-tests pyo3_helper_macros
[INFO] [stdout] 
[INFO] [stdout] running 2 tests
[INFO] [stdout] test src/lib.rs - py3_bind_pub (line 35) ... FAILED
[INFO] [stdout] test src/lib.rs - py3_bind_pub (line 49) ... FAILED
[INFO] [stdout] 
[INFO] [stdout] failures:
[INFO] [stdout] 
[INFO] [stdout] ---- src/lib.rs - py3_bind_pub (line 35) stdout ----
[INFO] [stdout] error[E0277]: the trait bound `MyStruct: PyClass` is not satisfied
[INFO] [stdout]   --> src/lib.rs:43:22
[INFO] [stdout]    |
[INFO] [stdout] 11 |     pub fn my_method(&self) -> Result<i32, String> {
[INFO] [stdout]    |                      ^^^^^ the trait `PyClass` is not implemented for `MyStruct`
[INFO] [stdout]    |
[INFO] [stdout] note: required by a bound in `extract_pyclass_ref`
[INFO] [stdout]   --> /opt/rustwide/cargo-home/registry/src/index.crates.io-6f17d22bba15001f/pyo3-0.20.3/src/impl_/extract_argument.rs:49:44
[INFO] [stdout]    |
[INFO] [stdout] 49 | pub fn extract_pyclass_ref<'a, 'py: 'a, T: PyClass>(
[INFO] [stdout]    |                                            ^^^^^^^ required by this bound in `extract_pyclass_ref`
[INFO] [stdout] 
[INFO] [stdout] error: aborting due to 1 previous error
[INFO] [stdout] 
[INFO] [stdout] For more information about this error, try `rustc --explain E0277`.
[INFO] [stdout] Couldn't compile the test.
[INFO] [stdout] ---- src/lib.rs - py3_bind_pub (line 49) stdout ----
[INFO] [stdout] error[E0277]: the trait bound `MyStruct: PyTypeInfo` is not satisfied
[INFO] [stdout]   --> src/lib.rs:61:6
[INFO] [stdout]    |
[INFO] [stdout] 15 | impl MyStruct {
[INFO] [stdout]    |      ^^^^^^^^ the trait `PyTypeInfo` is not implemented for `MyStruct`
[INFO] [stdout]    |
[INFO] [stdout]    = help: the following other types implement trait `PyTypeInfo`:
[INFO] [stdout]              CancelledError
[INFO] [stdout]              IncompleteReadError
[INFO] [stdout]              InvalidStateError
[INFO] [stdout]              LimitOverrunError
[INFO] [stdout]              PanicException
[INFO] [stdout]              PyAny
[INFO] [stdout]              PyArithmeticError
[INFO] [stdout]              PyAssertionError
[INFO] [stdout]            and 99 others
[INFO] [stdout] 
[INFO] [stdout] error[E0061]: this function takes 1 argument but 2 arguments were supplied
[INFO] [stdout]   --> src/lib.rs:64:15
[INFO] [stdout]    |
[INFO] [stdout] 18 |         match Self::my_method(self, input.into()) {
[INFO] [stdout]    |               ^^^^^^^^^^^^^^^       ------------ unexpected argument #2
[INFO] [stdout]    |
[INFO] [stdout] note: method defined here
[INFO] [stdout]   --> src/lib.rs:54:12
[INFO] [stdout]    |
[INFO] [stdout] 8  |     pub fn my_method(&self) -> Result<i32, String> {
[INFO] [stdout]    |            ^^^^^^^^^ -----
[INFO] [stdout] help: remove the extra argument
[INFO] [stdout]    |
[INFO] [stdout] 18 -         match Self::my_method(self, input.into()) {
[INFO] [stdout] 18 +         match Self::my_method(self) {
[INFO] [stdout]    |
[INFO] [stdout] 
[INFO] [stdout] error[E0277]: the trait bound `String: From<i32>` is not satisfied
[INFO] [stdout]   --> src/lib.rs:65:27
[INFO] [stdout]    |
[INFO] [stdout] 19 |             Ok(s) => Ok(s.into()),
[INFO] [stdout]    |                           ^^^^ the trait `From<i32>` is not implemented for `String`, which is required by `i32: Into<_>`
[INFO] [stdout]    |
[INFO] [stdout]    = help: the following other types implement trait `From<T>`:
[INFO] [stdout]              `String` implements `From<&String>`
[INFO] [stdout]              `String` implements `From<&mut str>`
[INFO] [stdout]              `String` implements `From<&str>`
[INFO] [stdout]              `String` implements `From<Box<str>>`
[INFO] [stdout]              `String` implements `From<Cow<'_, str>>`
[INFO] [stdout]              `String` implements `From<char>`
[INFO] [stdout]    = note: required for `i32` to implement `Into<String>`
[INFO] [stdout] 
[INFO] [stdout] error[E0277]: the trait bound `MyStruct: PyClass` is not satisfied
[INFO] [stdout]   --> src/lib.rs:63:21
[INFO] [stdout]    |
[INFO] [stdout] 17 |     fn py_my_method(&self, input: String) -> pyo3::PyResult<String> {
[INFO] [stdout]    |                     ^^^^^ the trait `PyClass` is not implemented for `MyStruct`
[INFO] [stdout]    |
[INFO] [stdout] note: required by a bound in `extract_pyclass_ref`
[INFO] [stdout]   --> /opt/rustwide/cargo-home/registry/src/index.crates.io-6f17d22bba15001f/pyo3-0.20.3/src/impl_/extract_argument.rs:49:44
[INFO] [stdout]    |
[INFO] [stdout] 49 | pub fn extract_pyclass_ref<'a, 'py: 'a, T: PyClass>(
[INFO] [stdout]    |                                            ^^^^^^^ required by this bound in `extract_pyclass_ref`
[INFO] [stdout] 
[INFO] [stdout] error: aborting due to 4 previous errors
[INFO] [stdout] 
[INFO] [stdout] Some errors have detailed explanations: E0061, E0277.
[INFO] [stdout] For more information about an error, try `rustc --explain E0061`.
[INFO] [stdout] Couldn't compile the test.
[INFO] [stdout] 
[INFO] [stdout] failures:
[INFO] [stdout]     src/lib.rs - py3_bind_pub (line 35)
[INFO] [stdout]     src/lib.rs - py3_bind_pub (line 49)
[INFO] [stdout] 
[INFO] [stdout] test result: FAILED. 0 passed; 2 failed; 0 ignored; 0 measured; 0 filtered out; finished in 0.11s
[INFO] [stdout] 
[INFO] [stderr] error: doctest failed, to rerun pass `--doc`
[INFO] running `Command { std: "docker" "inspect" "afc6d5cf9e0a3b74357bcc1d5b797d322529793e307e357405e722ae4fd59405", kill_on_drop: false }`
[INFO] running `Command { std: "docker" "rm" "-f" "afc6d5cf9e0a3b74357bcc1d5b797d322529793e307e357405e722ae4fd59405", kill_on_drop: false }`
[INFO] [stdout] afc6d5cf9e0a3b74357bcc1d5b797d322529793e307e357405e722ae4fd59405
