[INFO] fetching crate pymute 0.1.2...
[INFO] testing pymute-0.1.2 against nightly-2024-10-28 for randomize-layout
[INFO] extracting crate pymute 0.1.2 into /workspace/builds/worker-0-tc1/source
[INFO] validating manifest of crates.io crate pymute 0.1.2 on toolchain nightly-2024-10-28
[INFO] running `Command { std: CARGO_HOME="/workspace/cargo-home" RUSTUP_HOME="/workspace/rustup-home" "/workspace/cargo-home/bin/cargo" "+nightly-2024-10-28" "metadata" "--manifest-path" "Cargo.toml" "--no-deps", kill_on_drop: false }`
[INFO] started tweaking crates.io crate pymute 0.1.2
[INFO] finished tweaking crates.io crate pymute 0.1.2
[INFO] tweaked toml for crates.io crate pymute 0.1.2 written to /workspace/builds/worker-0-tc1/source/Cargo.toml
[INFO] crate crates.io crate pymute 0.1.2 already has a lockfile, it will not be regenerated
[INFO] running `Command { std: CARGO_HOME="/workspace/cargo-home" RUSTUP_HOME="/workspace/rustup-home" "/workspace/cargo-home/bin/cargo" "+nightly-2024-10-28" "fetch" "--manifest-path" "Cargo.toml", kill_on_drop: false }`
[INFO] [stderr]     Updating crates.io index
[INFO] [stderr]  Downloading crates ...
[INFO] [stderr]   Downloaded ctrlc v3.4.4
[INFO] [stderr]   Downloaded cp_r v0.5.1
[INFO] running `Command { std: "docker" "create" "-v" "/var/lib/crater-agent-workspace/builds/worker-0-tc1/target:/opt/rustwide/target:rw,Z" "-v" "/var/lib/crater-agent-workspace/builds/worker-0-tc1/source:/opt/rustwide/workdir:ro,Z" "-v" "/var/lib/crater-agent-workspace/cargo-home:/opt/rustwide/cargo-home:ro,Z" "-v" "/var/lib/crater-agent-workspace/rustup-home:/opt/rustwide/rustup-home:ro,Z" "-e" "SOURCE_DIR=/opt/rustwide/workdir" "-e" "CARGO_TARGET_DIR=/opt/rustwide/target" "-e" "CARGO_HOME=/opt/rustwide/cargo-home" "-e" "RUSTUP_HOME=/opt/rustwide/rustup-home" "-w" "/opt/rustwide/workdir" "-m" "1610612736" "--user" "0:0" "--network" "none" "ghcr.io/rust-lang/crates-build-env/linux@sha256:4a844ea9eb2546a2d2c7022eacef16ef2e8229c7fbb2c7d4d55a9ceca922f72d" "/opt/rustwide/cargo-home/bin/cargo" "+nightly-2024-10-28" "metadata" "--no-deps" "--format-version=1", kill_on_drop: false }`
[INFO] [stdout] 70657e8e1455731e314afc0eb665febe000fab7fe3e853621efd37c7d479123b
[INFO] running `Command { std: "docker" "start" "-a" "70657e8e1455731e314afc0eb665febe000fab7fe3e853621efd37c7d479123b", kill_on_drop: false }`
[INFO] running `Command { std: "docker" "inspect" "70657e8e1455731e314afc0eb665febe000fab7fe3e853621efd37c7d479123b", kill_on_drop: false }`
[INFO] running `Command { std: "docker" "rm" "-f" "70657e8e1455731e314afc0eb665febe000fab7fe3e853621efd37c7d479123b", kill_on_drop: false }`
[INFO] [stdout] 70657e8e1455731e314afc0eb665febe000fab7fe3e853621efd37c7d479123b
[INFO] running `Command { std: "docker" "create" "-v" "/var/lib/crater-agent-workspace/builds/worker-0-tc1/target:/opt/rustwide/target:rw,Z" "-v" "/var/lib/crater-agent-workspace/builds/worker-0-tc1/source:/opt/rustwide/workdir:ro,Z" "-v" "/var/lib/crater-agent-workspace/cargo-home:/opt/rustwide/cargo-home:ro,Z" "-v" "/var/lib/crater-agent-workspace/rustup-home:/opt/rustwide/rustup-home:ro,Z" "-e" "SOURCE_DIR=/opt/rustwide/workdir" "-e" "CARGO_TARGET_DIR=/opt/rustwide/target" "-e" "CARGO_INCREMENTAL=0" "-e" "RUST_BACKTRACE=full" "-e" "RUSTFLAGS=--cap-lints=forbid" "-e" "RUSTDOCFLAGS=--cap-lints=forbid" "-e" "CARGO_HOME=/opt/rustwide/cargo-home" "-e" "RUSTUP_HOME=/opt/rustwide/rustup-home" "-w" "/opt/rustwide/workdir" "-m" "1610612736" "--user" "0:0" "--network" "none" "ghcr.io/rust-lang/crates-build-env/linux@sha256:4a844ea9eb2546a2d2c7022eacef16ef2e8229c7fbb2c7d4d55a9ceca922f72d" "/opt/rustwide/cargo-home/bin/cargo" "+nightly-2024-10-28" "build" "--frozen" "--message-format=json", kill_on_drop: false }`
[INFO] [stdout] eb0d287fe5da6f1ad5cfec922bf522237689829383448abd4ff8f7c1dfa8500c
[INFO] running `Command { std: "docker" "start" "-a" "eb0d287fe5da6f1ad5cfec922bf522237689829383448abd4ff8f7c1dfa8500c", kill_on_drop: false }`
[INFO] [stderr]    Compiling libc v0.2.153
[INFO] [stderr]    Compiling crossbeam-utils v0.8.19
[INFO] [stderr]    Compiling proc-macro2 v1.0.81
[INFO] [stderr]    Compiling unicode-ident v1.0.12
[INFO] [stderr]    Compiling rayon-core v1.12.1
[INFO] [stderr]    Compiling utf8parse v0.2.1
[INFO] [stderr]    Compiling cfg_aliases v0.1.1
[INFO] [stderr]    Compiling bitflags v2.5.0
[INFO] [stderr]    Compiling anstyle v1.0.6
[INFO] [stderr]    Compiling anstyle-query v1.0.2
[INFO] [stderr]    Compiling colorchoice v1.0.0
[INFO] [stderr]    Compiling memchr v2.7.2
[INFO] [stderr]    Compiling portable-atomic v1.6.0
[INFO] [stderr]    Compiling rustix v0.38.34
[INFO] [stderr]    Compiling clap_lex v0.7.0
[INFO] [stderr]    Compiling strsim v0.11.1
[INFO] [stderr]    Compiling nix v0.28.0
[INFO] [stderr]    Compiling anstyle-parse v0.2.3
[INFO] [stderr]    Compiling heck v0.5.0
[INFO] [stderr]    Compiling unicode-width v0.1.11
[INFO] [stderr]    Compiling linux-raw-sys v0.4.13
[INFO] [stderr]    Compiling either v1.11.0
[INFO] [stderr]    Compiling regex-syntax v0.8.3
[INFO] [stderr]    Compiling number_prefix v0.4.0
[INFO] [stderr]    Compiling anstream v0.6.13
[INFO] [stderr]    Compiling fastrand v2.0.2
[INFO] [stderr]    Compiling colored v2.1.0
[INFO] [stderr]    Compiling glob v0.3.1
[INFO] [stderr]    Compiling clap_builder v4.5.2
[INFO] [stderr]    Compiling aho-corasick v1.1.3
[INFO] [stderr]    Compiling crossbeam-epoch v0.9.18
[INFO] [stderr]    Compiling quote v1.0.36
[INFO] [stderr]    Compiling crossbeam-deque v0.8.5
[INFO] [stderr]    Compiling syn v2.0.60
[INFO] [stderr]    Compiling rayon v1.10.0
[INFO] [stderr]    Compiling getrandom v0.2.14
[INFO] [stderr]    Compiling console v0.15.8
[INFO] [stderr]    Compiling filetime v0.2.23
[INFO] [stderr]    Compiling cp_r v0.5.1
[INFO] [stderr]    Compiling rand_core v0.6.4
[INFO] [stderr]    Compiling rand_chacha v0.3.1
[INFO] [stderr]    Compiling regex-automata v0.4.6
[INFO] [stderr]    Compiling rand v0.8.5
[INFO] [stderr]    Compiling tempfile v3.10.1
[INFO] [stderr]    Compiling ctrlc v3.4.4
[INFO] [stderr]    Compiling indicatif v0.17.8
[INFO] [stderr]    Compiling clap_derive v4.5.4
[INFO] [stderr]    Compiling regex v1.10.4
[INFO] [stderr]    Compiling clap v4.5.4
[INFO] [stderr]    Compiling pymute v0.1.2 (/opt/rustwide/workdir)
[INFO] [stderr]     Finished `dev` profile [unoptimized + debuginfo] target(s) in 5.51s
[INFO] running `Command { std: "docker" "inspect" "eb0d287fe5da6f1ad5cfec922bf522237689829383448abd4ff8f7c1dfa8500c", kill_on_drop: false }`
[INFO] running `Command { std: "docker" "rm" "-f" "eb0d287fe5da6f1ad5cfec922bf522237689829383448abd4ff8f7c1dfa8500c", kill_on_drop: false }`
[INFO] [stdout] eb0d287fe5da6f1ad5cfec922bf522237689829383448abd4ff8f7c1dfa8500c
[INFO] running `Command { std: "docker" "create" "-v" "/var/lib/crater-agent-workspace/builds/worker-0-tc1/target:/opt/rustwide/target:rw,Z" "-v" "/var/lib/crater-agent-workspace/builds/worker-0-tc1/source:/opt/rustwide/workdir:ro,Z" "-v" "/var/lib/crater-agent-workspace/cargo-home:/opt/rustwide/cargo-home:ro,Z" "-v" "/var/lib/crater-agent-workspace/rustup-home:/opt/rustwide/rustup-home:ro,Z" "-e" "SOURCE_DIR=/opt/rustwide/workdir" "-e" "CARGO_TARGET_DIR=/opt/rustwide/target" "-e" "CARGO_INCREMENTAL=0" "-e" "RUST_BACKTRACE=full" "-e" "RUSTFLAGS=--cap-lints=forbid" "-e" "RUSTDOCFLAGS=--cap-lints=forbid" "-e" "CARGO_HOME=/opt/rustwide/cargo-home" "-e" "RUSTUP_HOME=/opt/rustwide/rustup-home" "-w" "/opt/rustwide/workdir" "-m" "1610612736" "--user" "0:0" "--network" "none" "ghcr.io/rust-lang/crates-build-env/linux@sha256:4a844ea9eb2546a2d2c7022eacef16ef2e8229c7fbb2c7d4d55a9ceca922f72d" "/opt/rustwide/cargo-home/bin/cargo" "+nightly-2024-10-28" "test" "--frozen" "--no-run" "--message-format=json", kill_on_drop: false }`
[INFO] [stdout] 56a972795a9dca11d394c9baf0fb39c09a68f4e842527f19a242652f5190c311
[INFO] running `Command { std: "docker" "start" "-a" "56a972795a9dca11d394c9baf0fb39c09a68f4e842527f19a242652f5190c311", kill_on_drop: false }`
[INFO] [stderr]    Compiling pymute v0.1.2 (/opt/rustwide/workdir)
[INFO] [stderr]     Finished `test` profile [unoptimized + debuginfo] target(s) in 0.59s
[INFO] running `Command { std: "docker" "inspect" "56a972795a9dca11d394c9baf0fb39c09a68f4e842527f19a242652f5190c311", kill_on_drop: false }`
[INFO] running `Command { std: "docker" "rm" "-f" "56a972795a9dca11d394c9baf0fb39c09a68f4e842527f19a242652f5190c311", kill_on_drop: false }`
[INFO] [stdout] 56a972795a9dca11d394c9baf0fb39c09a68f4e842527f19a242652f5190c311
[INFO] running `Command { std: "docker" "create" "-v" "/var/lib/crater-agent-workspace/builds/worker-0-tc1/target:/opt/rustwide/target:rw,Z" "-v" "/var/lib/crater-agent-workspace/builds/worker-0-tc1/source:/opt/rustwide/workdir:ro,Z" "-v" "/var/lib/crater-agent-workspace/cargo-home:/opt/rustwide/cargo-home:ro,Z" "-v" "/var/lib/crater-agent-workspace/rustup-home:/opt/rustwide/rustup-home:ro,Z" "-e" "SOURCE_DIR=/opt/rustwide/workdir" "-e" "CARGO_TARGET_DIR=/opt/rustwide/target" "-e" "CARGO_INCREMENTAL=0" "-e" "RUST_BACKTRACE=full" "-e" "RUSTFLAGS=--cap-lints=forbid" "-e" "RUSTDOCFLAGS=--cap-lints=forbid" "-e" "CARGO_HOME=/opt/rustwide/cargo-home" "-e" "RUSTUP_HOME=/opt/rustwide/rustup-home" "-w" "/opt/rustwide/workdir" "-m" "1610612736" "--user" "0:0" "--network" "none" "ghcr.io/rust-lang/crates-build-env/linux@sha256:4a844ea9eb2546a2d2c7022eacef16ef2e8229c7fbb2c7d4d55a9ceca922f72d" "/opt/rustwide/cargo-home/bin/cargo" "+nightly-2024-10-28" "test" "--frozen", kill_on_drop: false }`
[INFO] [stdout] 0c386f64c68c75c472eaacb582bb219f86a828d876af9138517e953c0e74949d
[INFO] running `Command { std: "docker" "start" "-a" "0c386f64c68c75c472eaacb582bb219f86a828d876af9138517e953c0e74949d", kill_on_drop: false }`
[INFO] [stderr]     Finished `test` profile [unoptimized + debuginfo] target(s) in 0.04s
[INFO] [stderr]      Running unittests src/lib.rs (/opt/rustwide/target/debug/deps/pymute-330aadc8ae3780e7)
[INFO] [stdout] 
[INFO] [stdout] running 11 tests
[INFO] [stdout] test mutants::tests::test_replacement_from_line_with_double_quotes ... ok
[INFO] [stdout] test mutants::tests::test_replacement_from_line_conjunctions ... ok
[INFO] [stdout] test mutants::tests::test_mutant_insert ... ok
[INFO] [stdout] test mutants::tests::test_replacement_from_line_with_single_quotes ... ok
[INFO] [stdout] test mutants::tests::test_replacement_from_line_none ... ok
[INFO] [stdout] test mutants::tests::test_add_mutants_from_file ... ok
[INFO] [stdout] test mutants::tests::test_replacement_from_line_comparison_operators ... ok
[INFO] [stdout] test mutants::tests::test_replacement_from_line_math_operators ... ok
[INFO] [stdout] test mutants::tests::test_add_mutants_from_file_trickier ... ok
[INFO] [stdout] test mutants::tests::test_find_mutants ... ok
[INFO] [stdout] test runner::tests::test_pytest_mutants ... FAILED
[INFO] [stdout] 
[INFO] [stdout] failures:
[INFO] [stdout] 
[INFO] [stdout] ---- runner::tests::test_pytest_mutants stdout ----
[INFO] [stdout] thread '<unnamed>' panicked at src/runner.rs:120:37:
[INFO] [stdout] Mutant run failed for  -  replaced by  +  in file /tmp/.tmpxcTvAs/dir1/dir1_1/script2.py on line 8
[INFO] [stdout] stack backtrace:
[INFO] [stdout]    0:     0x63bf42009bea - std::backtrace_rs::backtrace::libunwind::trace::h207520d6e9873551
[INFO] [stdout]                                at /rustc/df4ca44d3fbc9301ee17f30f4d474e6ae4b05252/library/std/src/../../backtrace/src/backtrace/libunwind.rs:116:5
[INFO] [stdout]    1:     0x63bf42009bea - std::backtrace_rs::backtrace::trace_unsynchronized::h2ed7433f370e3eca
[INFO] [stdout]                                at /rustc/df4ca44d3fbc9301ee17f30f4d474e6ae4b05252/library/std/src/../../backtrace/src/backtrace/mod.rs:66:5
[INFO] [stdout]    2:     0x63bf42009bea - std::sys::backtrace::_print_fmt::h916fac51166b18d7
[INFO] [stdout]                                at /rustc/df4ca44d3fbc9301ee17f30f4d474e6ae4b05252/library/std/src/sys/backtrace.rs:66:9
[INFO] [stdout]    3:     0x63bf42009bea - <std::sys::backtrace::BacktraceLock::print::DisplayBacktrace as core::fmt::Display>::fmt::ha0a4c9b8ce3802e6
[INFO] [stdout]                                at /rustc/df4ca44d3fbc9301ee17f30f4d474e6ae4b05252/library/std/src/sys/backtrace.rs:39:26
[INFO] [stdout]    4:     0x63bf420336e3 - core::fmt::rt::Argument::fmt::h4cfc8587d52b3eb5
[INFO] [stdout]                                at /rustc/df4ca44d3fbc9301ee17f30f4d474e6ae4b05252/library/core/src/fmt/rt.rs:177:76
[INFO] [stdout]    5:     0x63bf420336e3 - core::fmt::write::h522cc39e5b36ae9f
[INFO] [stdout]                                at /rustc/df4ca44d3fbc9301ee17f30f4d474e6ae4b05252/library/core/src/fmt/mod.rs:1190:21
[INFO] [stdout]    6:     0x63bf42006233 - std::io::Write::write_fmt::h7d3c26752da97734
[INFO] [stdout]                                at /rustc/df4ca44d3fbc9301ee17f30f4d474e6ae4b05252/library/std/src/io/mod.rs:1839:15
[INFO] [stdout]    7:     0x63bf42009a32 - std::sys::backtrace::BacktraceLock::print::h4b9e00b29e9c0942
[INFO] [stdout]                                at /rustc/df4ca44d3fbc9301ee17f30f4d474e6ae4b05252/library/std/src/sys/backtrace.rs:42:9
[INFO] [stdout]    8:     0x63bf4200b07a - std::panicking::default_hook::{{closure}}::hb59b88280d0324d9
[INFO] [stdout]                                at /rustc/df4ca44d3fbc9301ee17f30f4d474e6ae4b05252/library/std/src/panicking.rs:268:22
[INFO] [stdout]    9:     0x63bf4200ae84 - std::panicking::default_hook::he1dd496665be4a29
[INFO] [stdout]                                at /rustc/df4ca44d3fbc9301ee17f30f4d474e6ae4b05252/library/std/src/panicking.rs:292:9
[INFO] [stdout]   10:     0x63bf41c9dcb9 - <alloc::boxed::Box<F,A> as core::ops::function::Fn<Args>>::call::h4ff71de18744e1dc
[INFO] [stdout]                                at /rustc/df4ca44d3fbc9301ee17f30f4d474e6ae4b05252/library/alloc/src/boxed.rs:2468:9
[INFO] [stdout]   11:     0x63bf41c9dcb9 - test::test_main::{{closure}}::hcf7c055ce117aa81
[INFO] [stdout]                                at /rustc/df4ca44d3fbc9301ee17f30f4d474e6ae4b05252/library/test/src/lib.rs:133:21
[INFO] [stdout]   12:     0x63bf4200b778 - <alloc::boxed::Box<F,A> as core::ops::function::Fn<Args>>::call::h1d66c6bbd60c9692
[INFO] [stdout]                                at /rustc/df4ca44d3fbc9301ee17f30f4d474e6ae4b05252/library/alloc/src/boxed.rs:2468:9
[INFO] [stdout]   13:     0x63bf4200b778 - std::panicking::rust_panic_with_hook::h2ff17fe8f26dfcf8
[INFO] [stdout]                                at /rustc/df4ca44d3fbc9301ee17f30f4d474e6ae4b05252/library/std/src/panicking.rs:809:13
[INFO] [stdout]   14:     0x63bf4200b53a - std::panicking::begin_panic_handler::{{closure}}::h4fad77951c07e101
[INFO] [stdout]                                at /rustc/df4ca44d3fbc9301ee17f30f4d474e6ae4b05252/library/std/src/panicking.rs:674:13
[INFO] [stdout]   15:     0x63bf4200a0c9 - std::sys::backtrace::__rust_end_short_backtrace::hb1a25b3da5d0ea08
[INFO] [stdout]                                at /rustc/df4ca44d3fbc9301ee17f30f4d474e6ae4b05252/library/std/src/sys/backtrace.rs:170:18
[INFO] [stdout]   16:     0x63bf4200b1cc - rust_begin_unwind
[INFO] [stdout]                                at /rustc/df4ca44d3fbc9301ee17f30f4d474e6ae4b05252/library/std/src/panicking.rs:665:5
[INFO] [stdout]   17:     0x63bf420313a0 - core::panicking::panic_fmt::ha9db07b529f9b256
[INFO] [stdout]                                at /rustc/df4ca44d3fbc9301ee17f30f4d474e6ae4b05252/library/core/src/panicking.rs:75:14
[INFO] [stdout]   18:     0x63bf41c52ba4 - pymute::runner::run_mutants::{{closure}}::{{closure}}::h77bf21344cce6f40
[INFO] [stdout]                                at /opt/rustwide/workdir/src/runner.rs:120:37
[INFO] [stdout]   19:     0x63bf41c47041 - core::result::Result<T,E>::unwrap_or_else::hb4217378bdf85c45
[INFO] [stdout]                                at /rustc/df4ca44d3fbc9301ee17f30f4d474e6ae4b05252/library/core/src/result.rs:1457:23
[INFO] [stdout]   20:     0x63bf41c52613 - pymute::runner::run_mutants::{{closure}}::hcd9f37d00b2203dc
[INFO] [stdout]                                at /opt/rustwide/workdir/src/runner.rs:119:26
[INFO] [stdout]   21:     0x63bf41c4ea58 - <rayon::iter::for_each::ForEachConsumer<F> as rayon::iter::plumbing::Folder<T>>::consume::hf0098b4009095e99
[INFO] [stdout]                                at /opt/rustwide/cargo-home/registry/src/index.crates.io-6f17d22bba15001f/rayon-1.10.0/src/iter/for_each.rs:47:9
[INFO] [stdout]   22:     0x63bf41c44d39 - <indicatif::rayon::ProgressFolder<C> as rayon::iter::plumbing::Folder<T>>::consume::h03aea11db6c83cc7
[INFO] [stdout]                                at /opt/rustwide/cargo-home/registry/src/index.crates.io-6f17d22bba15001f/indicatif-0.17.8/src/rayon.rs:186:19
[INFO] [stdout]   23:     0x63bf41c48ca0 - rayon::iter::plumbing::Folder::consume_iter::h9e1fd97e3f70c894
[INFO] [stdout]                                at /opt/rustwide/cargo-home/registry/src/index.crates.io-6f17d22bba15001f/rayon-1.10.0/src/iter/plumbing/mod.rs:178:20
[INFO] [stdout]   24:     0x63bf41c59363 - rayon::iter::plumbing::Producer::fold_with::hd38c3b6f0b42920c
[INFO] [stdout]                                at /opt/rustwide/cargo-home/registry/src/index.crates.io-6f17d22bba15001f/rayon-1.10.0/src/iter/plumbing/mod.rs:109:9
[INFO] [stdout]   25:     0x63bf41c4857a - rayon::iter::plumbing::bridge_producer_consumer::helper::h081a3687d63bf8b0
[INFO] [stdout]                                at /opt/rustwide/cargo-home/registry/src/index.crates.io-6f17d22bba15001f/rayon-1.10.0/src/iter/plumbing/mod.rs:437:13
[INFO] [stdout]   26:     0x63bf41c48b2d - rayon::iter::plumbing::bridge_producer_consumer::helper::{{closure}}::hd34ffa2ddcb0c4e0
[INFO] [stdout]                                at /opt/rustwide/cargo-home/registry/src/index.crates.io-6f17d22bba15001f/rayon-1.10.0/src/iter/plumbing/mod.rs:417:21
[INFO] [stdout]   27:     0x63bf41c4f215 - rayon_core::join::join_context::call_a::{{closure}}::h575444b7afa865ce
[INFO] [stdout]                                at /opt/rustwide/cargo-home/registry/src/index.crates.io-6f17d22bba15001f/rayon-core-1.12.1/src/join/mod.rs:124:17
[INFO] [stdout]   28:     0x63bf41c50010 - <core::panic::unwind_safe::AssertUnwindSafe<F> as core::ops::function::FnOnce<()>>::call_once::hab8c133d3a0e7baf
[INFO] [stdout]                                at /rustc/df4ca44d3fbc9301ee17f30f4d474e6ae4b05252/library/core/src/panic/unwind_safe.rs:272:9
[INFO] [stdout]   29:     0x63bf41c61e54 - std::panicking::try::do_call::he28e20a71dfa641c
[INFO] [stdout]                                at /rustc/df4ca44d3fbc9301ee17f30f4d474e6ae4b05252/library/std/src/panicking.rs:557:40
[INFO] [stdout]   30:     0x63bf41c596fb - __rust_try
[INFO] [stdout]   31:     0x63bf41c55e92 - std::panicking::try::hbcf9705a5a3e4072
[INFO] [stdout]                                at /rustc/df4ca44d3fbc9301ee17f30f4d474e6ae4b05252/library/std/src/panicking.rs:520:19
[INFO] [stdout]   32:     0x63bf41c55e92 - std::panic::catch_unwind::h9550aef93e032013
[INFO] [stdout]                                at /rustc/df4ca44d3fbc9301ee17f30f4d474e6ae4b05252/library/std/src/panic.rs:358:14
[INFO] [stdout]   33:     0x63bf41c5a547 - rayon_core::unwind::halt_unwinding::h6274f98923c6999e
[INFO] [stdout]                                at /opt/rustwide/cargo-home/registry/src/index.crates.io-6f17d22bba15001f/rayon-core-1.12.1/src/unwind.rs:17:5
[INFO] [stdout]   34:     0x63bf41c4ed74 - rayon_core::join::join_context::{{closure}}::he64ec35d33327e0d
[INFO] [stdout]                                at /opt/rustwide/cargo-home/registry/src/index.crates.io-6f17d22bba15001f/rayon-core-1.12.1/src/join/mod.rs:142:24
[INFO] [stdout]   35:     0x63bf41c4fedd - rayon_core::registry::in_worker::hd068baa59cb21c56
[INFO] [stdout]                                at /opt/rustwide/cargo-home/registry/src/index.crates.io-6f17d22bba15001f/rayon-core-1.12.1/src/registry.rs:951:13
[INFO] [stdout]   36:     0x63bf41c4eb0d - rayon_core::join::join_context::hb811963e677e5695
[INFO] [stdout]                                at /opt/rustwide/cargo-home/registry/src/index.crates.io-6f17d22bba15001f/rayon-core-1.12.1/src/join/mod.rs:132:5
[INFO] [stdout]   37:     0x63bf41c487f1 - rayon::iter::plumbing::bridge_producer_consumer::helper::h081a3687d63bf8b0
[INFO] [stdout]                                at /opt/rustwide/cargo-home/registry/src/index.crates.io-6f17d22bba15001f/rayon-1.10.0/src/iter/plumbing/mod.rs:415:47
[INFO] [stdout]   38:     0x63bf41c48b2d - rayon::iter::plumbing::bridge_producer_consumer::helper::{{closure}}::hd34ffa2ddcb0c4e0
[INFO] [stdout]                                at /opt/rustwide/cargo-home/registry/src/index.crates.io-6f17d22bba15001f/rayon-1.10.0/src/iter/plumbing/mod.rs:417:21
[INFO] [stdout]   39:     0x63bf41c4f215 - rayon_core::join::join_context::call_a::{{closure}}::h575444b7afa865ce
[INFO] [stdout]                                at /opt/rustwide/cargo-home/registry/src/index.crates.io-6f17d22bba15001f/rayon-core-1.12.1/src/join/mod.rs:124:17
[INFO] [stdout]   40:     0x63bf41c50010 - <core::panic::unwind_safe::AssertUnwindSafe<F> as core::ops::function::FnOnce<()>>::call_once::hab8c133d3a0e7baf
[INFO] [stdout]                                at /rustc/df4ca44d3fbc9301ee17f30f4d474e6ae4b05252/library/core/src/panic/unwind_safe.rs:272:9
[INFO] [stdout]   41:     0x63bf41c61e54 - std::panicking::try::do_call::he28e20a71dfa641c
[INFO] [stdout]                                at /rustc/df4ca44d3fbc9301ee17f30f4d474e6ae4b05252/library/std/src/panicking.rs:557:40
[INFO] [stdout]   42:     0x63bf41c596fb - __rust_try
[INFO] [stdout]   43:     0x63bf41c55e92 - std::panicking::try::hbcf9705a5a3e4072
[INFO] [stdout]                                at /rustc/df4ca44d3fbc9301ee17f30f4d474e6ae4b05252/library/std/src/panicking.rs:520:19
[INFO] [stdout]   44:     0x63bf41c55e92 - std::panic::catch_unwind::h9550aef93e032013
[INFO] [stdout]                                at /rustc/df4ca44d3fbc9301ee17f30f4d474e6ae4b05252/library/std/src/panic.rs:358:14
[INFO] [stdout]   45:     0x63bf41c5a547 - rayon_core::unwind::halt_unwinding::h6274f98923c6999e
[INFO] [stdout]                                at /opt/rustwide/cargo-home/registry/src/index.crates.io-6f17d22bba15001f/rayon-core-1.12.1/src/unwind.rs:17:5
[INFO] [stdout]   46:     0x63bf41c4ed74 - rayon_core::join::join_context::{{closure}}::he64ec35d33327e0d
[INFO] [stdout]                                at /opt/rustwide/cargo-home/registry/src/index.crates.io-6f17d22bba15001f/rayon-core-1.12.1/src/join/mod.rs:142:24
[INFO] [stdout]   47:     0x63bf41c4fedd - rayon_core::registry::in_worker::hd068baa59cb21c56
[INFO] [stdout]                                at /opt/rustwide/cargo-home/registry/src/index.crates.io-6f17d22bba15001f/rayon-core-1.12.1/src/registry.rs:951:13
[INFO] [stdout]   48:     0x63bf41c4eb0d - rayon_core::join::join_context::hb811963e677e5695
[INFO] [stdout]                                at /opt/rustwide/cargo-home/registry/src/index.crates.io-6f17d22bba15001f/rayon-core-1.12.1/src/join/mod.rs:132:5
[INFO] [stdout]   49:     0x63bf41c487f1 - rayon::iter::plumbing::bridge_producer_consumer::helper::h081a3687d63bf8b0
[INFO] [stdout]                                at /opt/rustwide/cargo-home/registry/src/index.crates.io-6f17d22bba15001f/rayon-1.10.0/src/iter/plumbing/mod.rs:415:47
[INFO] [stdout]   50:     0x63bf41c48a43 - rayon::iter::plumbing::bridge_producer_consumer::helper::{{closure}}::h5e461c1933e7811e
[INFO] [stdout]                                at /opt/rustwide/cargo-home/registry/src/index.crates.io-6f17d22bba15001f/rayon-1.10.0/src/iter/plumbing/mod.rs:426:21
[INFO] [stdout]   51:     0x63bf41c4f2e9 - rayon_core::join::join_context::call_b::{{closure}}::h141d0a345dd71a3b
[INFO] [stdout]                                at /opt/rustwide/cargo-home/registry/src/index.crates.io-6f17d22bba15001f/rayon-core-1.12.1/src/join/mod.rs:129:25
[INFO] [stdout]   52:     0x63bf41c59af1 - rayon_core::job::JobResult<T>::call::{{closure}}::h80f3827b5b4d9fac
[INFO] [stdout]                                at /opt/rustwide/cargo-home/registry/src/index.crates.io-6f17d22bba15001f/rayon-core-1.12.1/src/job.rs:218:41
[INFO] [stdout]   53:     0x63bf41c4ffb0 - <core::panic::unwind_safe::AssertUnwindSafe<F> as core::ops::function::FnOnce<()>>::call_once::h81262d0a825088f4
[INFO] [stdout]                                at /rustc/df4ca44d3fbc9301ee17f30f4d474e6ae4b05252/library/core/src/panic/unwind_safe.rs:272:9
[INFO] [stdout]   54:     0x63bf41c61d74 - std::panicking::try::do_call::h3a5a91736450f7e4
[INFO] [stdout]                                at /rustc/df4ca44d3fbc9301ee17f30f4d474e6ae4b05252/library/std/src/panicking.rs:557:40
[INFO] [stdout]   55:     0x63bf41c596fb - __rust_try
[INFO] [stdout]   56:     0x63bf41c55de2 - std::panicking::try::h13dd93df5ce3a138
[INFO] [stdout]                                at /rustc/df4ca44d3fbc9301ee17f30f4d474e6ae4b05252/library/std/src/panicking.rs:520:19
[INFO] [stdout]   57:     0x63bf41c55de2 - std::panic::catch_unwind::h85ecefc78707e5c2
[INFO] [stdout]                                at /rustc/df4ca44d3fbc9301ee17f30f4d474e6ae4b05252/library/std/src/panic.rs:358:14
[INFO] [stdout]   58:     0x63bf41c5a487 - rayon_core::unwind::halt_unwinding::h08ae110a5ab10667
[INFO] [stdout]                                at /opt/rustwide/cargo-home/registry/src/index.crates.io-6f17d22bba15001f/rayon-core-1.12.1/src/unwind.rs:17:5
[INFO] [stdout]   59:     0x63bf41c598ea - rayon_core::job::JobResult<T>::call::h7c466921cc9e8b5f
[INFO] [stdout]                                at /opt/rustwide/cargo-home/registry/src/index.crates.io-6f17d22bba15001f/rayon-core-1.12.1/src/job.rs:218:15
[INFO] [stdout]   60:     0x63bf41c5bd54 - <rayon_core::job::StackJob<L,F,R> as rayon_core::job::Job>::execute::h8fa26a17ec76b7bb
[INFO] [stdout]                                at /opt/rustwide/cargo-home/registry/src/index.crates.io-6f17d22bba15001f/rayon-core-1.12.1/src/job.rs:120:32
[INFO] [stdout]   61:     0x63bf41ceb2fb - rayon_core::job::JobRef::execute::hc000f5066aab16fe
[INFO] [stdout]                                at /opt/rustwide/cargo-home/registry/src/index.crates.io-6f17d22bba15001f/rayon-core-1.12.1/src/job.rs:64:9
[INFO] [stdout]   62:     0x63bf41cdd340 - rayon_core::registry::WorkerThread::execute::h55de9f657d8e8e84
[INFO] [stdout]                                at /opt/rustwide/cargo-home/registry/src/index.crates.io-6f17d22bba15001f/rayon-core-1.12.1/src/registry.rs:860:9
[INFO] [stdout]   63:     0x63bf41cdd09c - rayon_core::registry::WorkerThread::wait_until_cold::h37d381fba8d783ec
[INFO] [stdout]                                at /opt/rustwide/cargo-home/registry/src/index.crates.io-6f17d22bba15001f/rayon-core-1.12.1/src/registry.rs:794:21
[INFO] [stdout]   64:     0x63bf41cdce3b - rayon_core::registry::WorkerThread::wait_until::h90b42772c4234c1e
[INFO] [stdout]                                at /opt/rustwide/cargo-home/registry/src/index.crates.io-6f17d22bba15001f/rayon-core-1.12.1/src/registry.rs:769:13
[INFO] [stdout]   65:     0x63bf41cdd215 - rayon_core::registry::WorkerThread::wait_until_out_of_work::h57ce655b9e10ec37
[INFO] [stdout]                                at /opt/rustwide/cargo-home/registry/src/index.crates.io-6f17d22bba15001f/rayon-core-1.12.1/src/registry.rs:818:9
[INFO] [stdout]   66:     0x63bf41cdd71f - rayon_core::registry::main_loop::h83576113d0dacc06
[INFO] [stdout]                                at /opt/rustwide/cargo-home/registry/src/index.crates.io-6f17d22bba15001f/rayon-core-1.12.1/src/registry.rs:923:5
[INFO] [stdout]   67:     0x63bf41cda4b6 - rayon_core::registry::ThreadBuilder::run::h55c88fd676f5183d
[INFO] [stdout]                                at /opt/rustwide/cargo-home/registry/src/index.crates.io-6f17d22bba15001f/rayon-core-1.12.1/src/registry.rs:53:18
[INFO] [stdout]   68:     0x63bf41cda93d - <rayon_core::registry::DefaultSpawn as rayon_core::registry::ThreadSpawn>::spawn::{{closure}}::h2e41e925145ec22e
[INFO] [stdout]                                at /opt/rustwide/cargo-home/registry/src/index.crates.io-6f17d22bba15001f/rayon-core-1.12.1/src/registry.rs:98:20
[INFO] [stdout]   69:     0x63bf41ce5db6 - std::sys::backtrace::__rust_begin_short_backtrace::hb60c0de9539c3f42
[INFO] [stdout]                                at /rustc/df4ca44d3fbc9301ee17f30f4d474e6ae4b05252/library/std/src/sys/backtrace.rs:154:18
[INFO] [stdout]   70:     0x63bf41cf312d - std::thread::Builder::spawn_unchecked_::{{closure}}::{{closure}}::hdd3bd7b2c47497d2
[INFO] [stdout]                                at /rustc/df4ca44d3fbc9301ee17f30f4d474e6ae4b05252/library/std/src/thread/mod.rs:541:17
[INFO] [stdout]   71:     0x63bf41cf1701 - <core::panic::unwind_safe::AssertUnwindSafe<F> as core::ops::function::FnOnce<()>>::call_once::h8546041a7bf2bc4b
[INFO] [stdout]                                at /rustc/df4ca44d3fbc9301ee17f30f4d474e6ae4b05252/library/core/src/panic/unwind_safe.rs:272:9
[INFO] [stdout]   72:     0x63bf41cec6c1 - std::panicking::try::do_call::hbf078f0f0ff9b990
[INFO] [stdout]                                at /rustc/df4ca44d3fbc9301ee17f30f4d474e6ae4b05252/library/std/src/panicking.rs:557:40
[INFO] [stdout]   73:     0x63bf41cf458b - __rust_try
[INFO] [stdout]   74:     0x63bf41cf2d99 - std::panicking::try::hed97749e9f80a103
[INFO] [stdout]                                at /rustc/df4ca44d3fbc9301ee17f30f4d474e6ae4b05252/library/std/src/panicking.rs:520:19
[INFO] [stdout]   75:     0x63bf41cf2d99 - std::panic::catch_unwind::hdc3526a50b8e2c7f
[INFO] [stdout]                                at /rustc/df4ca44d3fbc9301ee17f30f4d474e6ae4b05252/library/std/src/panic.rs:358:14
[INFO] [stdout]   76:     0x63bf41cf2d99 - std::thread::Builder::spawn_unchecked_::{{closure}}::h6bcd2120a32bd118
[INFO] [stdout]                                at /rustc/df4ca44d3fbc9301ee17f30f4d474e6ae4b05252/library/std/src/thread/mod.rs:540:30
[INFO] [stdout]   77:     0x63bf41ce0d5f - core::ops::function::FnOnce::call_once{{vtable.shim}}::heb3940d142044bd9
[INFO] [stdout]                                at /rustc/df4ca44d3fbc9301ee17f30f4d474e6ae4b05252/library/core/src/ops/function.rs:250:5
[INFO] [stdout]   78:     0x63bf4201104b - <alloc::boxed::Box<F,A> as core::ops::function::FnOnce<Args>>::call_once::h69aa08ddb6adb8b6
[INFO] [stdout]                                at /rustc/df4ca44d3fbc9301ee17f30f4d474e6ae4b05252/library/alloc/src/boxed.rs:2454:9
[INFO] [stdout]   79:     0x63bf4201104b - <alloc::boxed::Box<F,A> as core::ops::function::FnOnce<Args>>::call_once::h5aa36efdb79c806f
[INFO] [stdout]                                at /rustc/df4ca44d3fbc9301ee17f30f4d474e6ae4b05252/library/alloc/src/boxed.rs:2454:9
[INFO] [stdout]   80:     0x63bf4201104b - std::sys::pal::unix::thread::Thread::new::thread_start::h6cd80a1b4be5158d
[INFO] [stdout]                                at /rustc/df4ca44d3fbc9301ee17f30f4d474e6ae4b05252/library/std/src/sys/pal/unix/thread.rs:105:17
[INFO] [stdout]   81:     0x712dfd5e0ac3 - <unknown>
[INFO] [stdout]   82:     0x712dfd671a04 - clone
[INFO] [stdout]   83:                0x0 - <unknown>
[INFO] [stdout] thread '<unnamed>' panicked at src/runner.rs:120:37:
[INFO] [stdout] Mutant run failed for  +  replaced by  -  in file /tmp/.tmpxcTvAs/dir1/dir1_1/dir1_1_1/script3.py on line 2
[INFO] [stdout] stack backtrace:
[INFO] [stdout]    0:     0x63bf42009bea - std::backtrace_rs::backtrace::libunwind::trace::h207520d6e9873551
[INFO] [stdout]                                at /rustc/df4ca44d3fbc9301ee17f30f4d474e6ae4b05252/library/std/src/../../backtrace/src/backtrace/libunwind.rs:116:5
[INFO] [stdout]    1:     0x63bf42009bea - std::backtrace_rs::backtrace::trace_unsynchronized::h2ed7433f370e3eca
[INFO] [stdout]                                at /rustc/df4ca44d3fbc9301ee17f30f4d474e6ae4b05252/library/std/src/../../backtrace/src/backtrace/mod.rs:66:5
[INFO] [stdout]    2:     0x63bf42009bea - std::sys::backtrace::_print_fmt::h916fac51166b18d7
[INFO] [stdout]                                at /rustc/df4ca44d3fbc9301ee17f30f4d474e6ae4b05252/library/std/src/sys/backtrace.rs:66:9
[INFO] [stdout]    3:     0x63bf42009bea - <std::sys::backtrace::BacktraceLock::print::DisplayBacktrace as core::fmt::Display>::fmt::ha0a4c9b8ce3802e6
[INFO] [stdout]                                at /rustc/df4ca44d3fbc9301ee17f30f4d474e6ae4b05252/library/std/src/sys/backtrace.rs:39:26
[INFO] [stdout]    4:     0x63bf420336e3 - core::fmt::rt::Argument::fmt::h4cfc8587d52b3eb5
[INFO] [stdout]                                at /rustc/df4ca44d3fbc9301ee17f30f4d474e6ae4b05252/library/core/src/fmt/rt.rs:177:76
[INFO] [stdout]    5:     0x63bf420336e3 - core::fmt::write::h522cc39e5b36ae9f
[INFO] [stdout]                                at /rustc/df4ca44d3fbc9301ee17f30f4d474e6ae4b05252/library/core/src/fmt/mod.rs:1190:21
[INFO] [stdout]    6:     0x63bf42006233 - std::io::Write::write_fmt::h7d3c26752da97734
[INFO] [stdout]                                at /rustc/df4ca44d3fbc9301ee17f30f4d474e6ae4b05252/library/std/src/io/mod.rs:1839:15
[INFO] [stdout]    7:     0x63bf42009a32 - std::sys::backtrace::BacktraceLock::print::h4b9e00b29e9c0942
[INFO] [stdout]                                at /rustc/df4ca44d3fbc9301ee17f30f4d474e6ae4b05252/library/std/src/sys/backtrace.rs:42:9
[INFO] [stdout]    8:     0x63bf4200b07a - std::panicking::default_hook::{{closure}}::hb59b88280d0324d9
[INFO] [stdout]                                at /rustc/df4ca44d3fbc9301ee17f30f4d474e6ae4b05252/library/std/src/panicking.rs:268:22
[INFO] [stdout]    9:     0x63bf4200ae84 - std::panicking::default_hook::he1dd496665be4a29
[INFO] [stdout]                                at /rustc/df4ca44d3fbc9301ee17f30f4d474e6ae4b05252/library/std/src/panicking.rs:292:9
[INFO] [stdout]   10:     0x63bf41c9dcb9 - <alloc::boxed::Box<F,A> as core::ops::function::Fn<Args>>::call::h4ff71de18744e1dc
[INFO] [stdout]                                at /rustc/df4ca44d3fbc9301ee17f30f4d474e6ae4b05252/library/alloc/src/boxed.rs:2468:9
[INFO] [stdout]   11:     0x63bf41c9dcb9 - test::test_main::{{closure}}::hcf7c055ce117aa81
[INFO] [stdout]                                at /rustc/df4ca44d3fbc9301ee17f30f4d474e6ae4b05252/library/test/src/lib.rs:133:21
[INFO] [stdout]   12:     0x63bf4200b778 - <alloc::boxed::Box<F,A> as core::ops::function::Fn<Args>>::call::h1d66c6bbd60c9692
[INFO] [stdout]                                at /rustc/df4ca44d3fbc9301ee17f30f4d474e6ae4b05252/library/alloc/src/boxed.rs:2468:9
[INFO] [stdout]   13:     0x63bf4200b778 - std::panicking::rust_panic_with_hook::h2ff17fe8f26dfcf8
[INFO] [stdout]                                at /rustc/df4ca44d3fbc9301ee17f30f4d474e6ae4b05252/library/std/src/panicking.rs:809:13
[INFO] [stdout]   14:     0x63bf4200b53a - std::panicking::begin_panic_handler::{{closure}}::h4fad77951c07e101
[INFO] [stdout]                                at /rustc/df4ca44d3fbc9301ee17f30f4d474e6ae4b05252/library/std/src/panicking.rs:674:13
[INFO] [stdout]   15:     0x63bf4200a0c9 - std::sys::backtrace::__rust_end_short_backtrace::hb1a25b3da5d0ea08
[INFO] [stdout]                                at /rustc/df4ca44d3fbc9301ee17f30f4d474e6ae4b05252/library/std/src/sys/backtrace.rs:170:18
[INFO] [stdout]   16:     0x63bf4200b1cc - rust_begin_unwind
[INFO] [stdout]                                at /rustc/df4ca44d3fbc9301ee17f30f4d474e6ae4b05252/library/std/src/panicking.rs:665:5
[INFO] [stdout]   17:     0x63bf420313a0 - core::panicking::panic_fmt::ha9db07b529f9b256
[INFO] [stdout]                                at /rustc/df4ca44d3fbc9301ee17f30f4d474e6ae4b05252/library/core/src/panicking.rs:75:14
[INFO] [stdout]   18:     0x63bf41c52ba4 - pymute::runner::run_mutants::{{closure}}::{{closure}}::h77bf21344cce6f40
[INFO] [stdout]                                at /opt/rustwide/workdir/src/runner.rs:120:37
[INFO] [stdout]   19:     0x63bf41c47041 - core::result::Result<T,E>::unwrap_or_else::hb4217378bdf85c45
[INFO] [stdout]                                at /rustc/df4ca44d3fbc9301ee17f30f4d474e6ae4b05252/library/core/src/result.rs:1457:23
[INFO] [stdout]   20:     0x63bf41c52613 - pymute::runner::run_mutants::{{closure}}::hcd9f37d00b2203dc
[INFO] [stdout]                                at /opt/rustwide/workdir/src/runner.rs:119:26
[INFO] [stdout]   21:     0x63bf41c4ea58 - <rayon::iter::for_each::ForEachConsumer<F> as rayon::iter::plumbing::Folder<T>>::consume::hf0098b4009095e99
[INFO] [stdout]                                at /opt/rustwide/cargo-home/registry/src/index.crates.io-6f17d22bba15001f/rayon-1.10.0/src/iter/for_each.rs:47:9
[INFO] [stdout]   22:     0x63bf41c44d39 - <indicatif::rayon::ProgressFolder<C> as rayon::iter::plumbing::Folder<T>>::consume::h03aea11db6c83cc7
[INFO] [stdout]                                at /opt/rustwide/cargo-home/registry/src/index.crates.io-6f17d22bba15001f/indicatif-0.17.8/src/rayon.rs:186:19
[INFO] [stdout]   23:     0x63bf41c48ca0 - rayon::iter::plumbing::Folder::consume_iter::h9e1fd97e3f70c894
[INFO] [stdout]                                at /opt/rustwide/cargo-home/registry/src/index.crates.io-6f17d22bba15001f/rayon-1.10.0/src/iter/plumbing/mod.rs:178:20
[INFO] [stdout]   24:     0x63bf41c59363 - rayon::iter::plumbing::Producer::fold_with::hd38c3b6f0b42920c
[INFO] [stdout]                                at /opt/rustwide/cargo-home/registry/src/index.crates.io-6f17d22bba15001f/rayon-1.10.0/src/iter/plumbing/mod.rs:109:9
[INFO] [stdout]   25:     0x63bf41c4857a - rayon::iter::plumbing::bridge_producer_consumer::helper::h081a3687d63bf8b0
[INFO] [stdout]                                at /opt/rustwide/cargo-home/registry/src/index.crates.io-6f17d22bba15001f/rayon-1.10.0/src/iter/plumbing/mod.rs:437:13
[INFO] [stdout]   26:     0x63bf41c48b2d - rayon::iter::plumbing::bridge_producer_consumer::helper::{{closure}}::hd34ffa2ddcb0c4e0
[INFO] [stdout]                                at /opt/rustwide/cargo-home/registry/src/index.crates.io-6f17d22bba15001f/rayon-1.10.0/src/iter/plumbing/mod.rs:417:21
[INFO] [stdout]   27:     0x63bf41c4f215 - rayon_core::join::join_context::call_a::{{closure}}::h575444b7afa865ce
[INFO] [stdout]                                at /opt/rustwide/cargo-home/registry/src/index.crates.io-6f17d22bba15001f/rayon-core-1.12.1/src/join/mod.rs:124:17
[INFO] [stdout]   28:     0x63bf41c50010 - <core::panic::unwind_safe::AssertUnwindSafe<F> as core::ops::function::FnOnce<()>>::call_once::hab8c133d3a0e7baf
[INFO] [stdout]                                at /rustc/df4ca44d3fbc9301ee17f30f4d474e6ae4b05252/library/core/src/panic/unwind_safe.rs:272:9
[INFO] [stdout]   29:     0x63bf41c61e54 - std::panicking::try::do_call::he28e20a71dfa641c
[INFO] [stdout]                                at /rustc/df4ca44d3fbc9301ee17f30f4d474e6ae4b05252/library/std/src/panicking.rs:557:40
[INFO] [stdout]   30:     0x63bf41c596fb - __rust_try
[INFO] [stdout]   31:     0x63bf41c55e92 - std::panicking::try::hbcf9705a5a3e4072
[INFO] [stdout]                                at /rustc/df4ca44d3fbc9301ee17f30f4d474e6ae4b05252/library/std/src/panicking.rs:520:19
[INFO] [stdout]   32:     0x63bf41c55e92 - std::panic::catch_unwind::h9550aef93e032013
[INFO] [stdout]                                at /rustc/df4ca44d3fbc9301ee17f30f4d474e6ae4b05252/library/std/src/panic.rs:358:14
[INFO] [stdout]   33:     0x63bf41c5a547 - rayon_core::unwind::halt_unwinding::h6274f98923c6999e
[INFO] [stdout]                                at /opt/rustwide/cargo-home/registry/src/index.crates.io-6f17d22bba15001f/rayon-core-1.12.1/src/unwind.rs:17:5
[INFO] [stdout]   34:     0x63bf41c4ed74 - rayon_core::join::join_context::{{closure}}::he64ec35d33327e0d
[INFO] [stdout]                                at /opt/rustwide/cargo-home/registry/src/index.crates.io-6f17d22bba15001f/rayon-core-1.12.1/src/join/mod.rs:142:24
[INFO] [stdout]   35:     0x63bf41c4fedd - rayon_core::registry::in_worker::hd068baa59cb21c56
[INFO] [stdout]                                at /opt/rustwide/cargo-home/registry/src/index.crates.io-6f17d22bba15001f/rayon-core-1.12.1/src/registry.rs:951:13
[INFO] [stdout]   36:     0x63bf41c4eb0d - rayon_core::join::join_context::hb811963e677e5695
[INFO] [stdout]                                at /opt/rustwide/cargo-home/registry/src/index.crates.io-6f17d22bba15001f/rayon-core-1.12.1/src/join/mod.rs:132:5
[INFO] [stdout]   37:     0x63bf41c487f1 - rayon::iter::plumbing::bridge_producer_consumer::helper::h081a3687d63bf8b0
[INFO] [stdout]                                at /opt/rustwide/cargo-home/registry/src/index.crates.io-6f17d22bba15001f/rayon-1.10.0/src/iter/plumbing/mod.rs:415:47
[INFO] [stdout]   38:     0x63bf41c48b2d - rayon::iter::plumbing::bridge_producer_consumer::helper::{{closure}}::hd34ffa2ddcb0c4e0
[INFO] [stdout]                                at /opt/rustwide/cargo-home/registry/src/index.crates.io-6f17d22bba15001f/rayon-1.10.0/src/iter/plumbing/mod.rs:417:21
[INFO] [stdout]   39:     0x63bf41c4f215 - rayon_core::join::join_context::call_a::{{closure}}::h575444b7afa865ce
[INFO] [stdout]                                at /opt/rustwide/cargo-home/registry/src/index.crates.io-6f17d22bba15001f/rayon-core-1.12.1/src/join/mod.rs:124:17
[INFO] [stdout]   40:     0x63bf41c50010 - <core::panic::unwind_safe::AssertUnwindSafe<F> as core::ops::function::FnOnce<()>>::call_once::hab8c133d3a0e7baf
[INFO] [stdout]                                at /rustc/df4ca44d3fbc9301ee17f30f4d474e6ae4b05252/library/core/src/panic/unwind_safe.rs:272:9
[INFO] [stdout]   41:     0x63bf41c61e54 - std::panicking::try::do_call::he28e20a71dfa641c
[INFO] [stdout]                                at /rustc/df4ca44d3fbc9301ee17f30f4d474e6ae4b05252/library/std/src/panicking.rs:557:40
[INFO] [stdout]   42:     0x63bf41c596fb - __rust_try
[INFO] [stdout]   43:     0x63bf41c55e92 - std::panicking::try::hbcf9705a5a3e4072
[INFO] [stdout]                                at /rustc/df4ca44d3fbc9301ee17f30f4d474e6ae4b05252/library/std/src/panicking.rs:520:19
[INFO] [stdout]   44:     0x63bf41c55e92 - std::panic::catch_unwind::h9550aef93e032013
[INFO] [stdout]                                at /rustc/df4ca44d3fbc9301ee17f30f4d474e6ae4b05252/library/std/src/panic.rs:358:14
[INFO] [stdout]   45:     0x63bf41c5a547 - rayon_core::unwind::halt_unwinding::h6274f98923c6999e
[INFO] [stdout]                                at /opt/rustwide/cargo-home/registry/src/index.crates.io-6f17d22bba15001f/rayon-core-1.12.1/src/unwind.rs:17:5
[INFO] [stdout]   46:     0x63bf41c4ed74 - rayon_core::join::join_context::{{closure}}::he64ec35d33327e0d
[INFO] [stdout]                                at /opt/rustwide/cargo-home/registry/src/index.crates.io-6f17d22bba15001f/rayon-core-1.12.1/src/join/mod.rs:142:24
[INFO] [stdout]   47:     0x63bf41c4f87b - rayon_core::registry::Registry::in_worker_cold::{{closure}}::{{closure}}::h8df356f9bdacfbbf
[INFO] [stdout]                                at /opt/rustwide/cargo-home/registry/src/index.crates.io-6f17d22bba15001f/rayon-core-1.12.1/src/registry.rs:522:21
[INFO] [stdout]   48:     0x63bf41c59b24 - rayon_core::job::JobResult<T>::call::{{closure}}::hd994ce8a1f57eef2
[INFO] [stdout]                                at /opt/rustwide/cargo-home/registry/src/index.crates.io-6f17d22bba15001f/rayon-core-1.12.1/src/job.rs:218:41
[INFO] [stdout]   49:     0x63bf41c4ffe3 - <core::panic::unwind_safe::AssertUnwindSafe<F> as core::ops::function::FnOnce<()>>::call_once::h81313c3ea4d5fa31
[INFO] [stdout]                                at /rustc/df4ca44d3fbc9301ee17f30f4d474e6ae4b05252/library/core/src/panic/unwind_safe.rs:272:9
[INFO] [stdout]   50:     0x63bf41c61e13 - std::panicking::try::do_call::hcbd722d8d70faa54
[INFO] [stdout]                                at /rustc/df4ca44d3fbc9301ee17f30f4d474e6ae4b05252/library/std/src/panicking.rs:557:40
[INFO] [stdout]   51:     0x63bf41c596fb - __rust_try
[INFO] [stdout]   52:     0x63bf41c55f48 - std::panicking::try::hcb0b15d8b39d7c4b
[INFO] [stdout]                                at /rustc/df4ca44d3fbc9301ee17f30f4d474e6ae4b05252/library/std/src/panicking.rs:520:19
[INFO] [stdout]   53:     0x63bf41c55f48 - std::panic::catch_unwind::he7072ce8aff8f9da
[INFO] [stdout]                                at /rustc/df4ca44d3fbc9301ee17f30f4d474e6ae4b05252/library/std/src/panic.rs:358:14
[INFO] [stdout]   54:     0x63bf41c5a4bc - rayon_core::unwind::halt_unwinding::h0f11f181840eef14
[INFO] [stdout]                                at /opt/rustwide/cargo-home/registry/src/index.crates.io-6f17d22bba15001f/rayon-core-1.12.1/src/unwind.rs:17:5
[INFO] [stdout]   55:     0x63bf41c59a2a - rayon_core::job::JobResult<T>::call::hc306cd9f4db482ed
[INFO] [stdout]                                at /opt/rustwide/cargo-home/registry/src/index.crates.io-6f17d22bba15001f/rayon-core-1.12.1/src/job.rs:218:15
[INFO] [stdout]   56:     0x63bf41c5bfb6 - <rayon_core::job::StackJob<L,F,R> as rayon_core::job::Job>::execute::ha1b325396f369415
[INFO] [stdout]                                at /opt/rustwide/cargo-home/registry/src/index.crates.io-6f17d22bba15001f/rayon-core-1.12.1/src/job.rs:120:32
[INFO] [stdout]   57:     0x63bf41ceb2fb - rayon_core::job::JobRef::execute::hc000f5066aab16fe
[INFO] [stdout]                                at /opt/rustwide/cargo-home/registry/src/index.crates.io-6f17d22bba15001f/rayon-core-1.12.1/src/job.rs:64:9
[INFO] [stdout]   58:     0x63bf41cdd340 - rayon_core::registry::WorkerThread::execute::h55de9f657d8e8e84
[INFO] [stdout]                                at /opt/rustwide/cargo-home/registry/src/index.crates.io-6f17d22bba15001f/rayon-core-1.12.1/src/registry.rs:860:9
[INFO] [stdout]   59:     0x63bf41cdd09c - rayon_core::registry::WorkerThread::wait_until_cold::h37d381fba8d783ec
[INFO] [stdout]                                at /opt/rustwide/cargo-home/registry/src/index.crates.io-6f17d22bba15001f/rayon-core-1.12.1/src/registry.rs:794:21
[INFO] [stdout]   60:     0x63bf41cdce3b - rayon_core::registry::WorkerThread::wait_until::h90b42772c4234c1e
[INFO] [stdout]                                at /opt/rustwide/cargo-home/registry/src/index.crates.io-6f17d22bba15001f/rayon-core-1.12.1/src/registry.rs:769:13
[INFO] [stdout]   61:     0x63bf41cdd215 - rayon_core::registry::WorkerThread::wait_until_out_of_work::h57ce655b9e10ec37
[INFO] [stdout]                                at /opt/rustwide/cargo-home/registry/src/index.crates.io-6f17d22bba15001f/rayon-core-1.12.1/src/registry.rs:818:9
[INFO] [stdout]   62:     0x63bf41cdd71f - rayon_core::registry::main_loop::h83576113d0dacc06
[INFO] [stdout]                                at /opt/rustwide/cargo-home/registry/src/index.crates.io-6f17d22bba15001f/rayon-core-1.12.1/src/registry.rs:923:5
[INFO] [stdout]   63:     0x63bf41cda4b6 - rayon_core::registry::ThreadBuilder::run::h55c88fd676f5183d
[INFO] [stdout]                                at /opt/rustwide/cargo-home/registry/src/index.crates.io-6f17d22bba15001f/rayon-core-1.12.1/src/registry.rs:53:18
[INFO] [stdout]   64:     0x63bf41cda93d - <rayon_core::registry::DefaultSpawn as rayon_core::registry::ThreadSpawn>::spawn::{{closure}}::h2e41e925145ec22e
[INFO] [stdout]                                at /opt/rustwide/cargo-home/registry/src/index.crates.io-6f17d22bba15001f/rayon-core-1.12.1/src/registry.rs:98:20
[INFO] [stdout]   65:     0x63bf41ce5db6 - std::sys::backtrace::__rust_begin_short_backtrace::hb60c0de9539c3f42
[INFO] [stdout]                                at /rustc/df4ca44d3fbc9301ee17f30f4d474e6ae4b05252/library/std/src/sys/backtrace.rs:154:18
[INFO] [stdout]   66:     0x63bf41cf312d - std::thread::Builder::spawn_unchecked_::{{closure}}::{{closure}}::hdd3bd7b2c47497d2
[INFO] [stdout]                                at /rustc/df4ca44d3fbc9301ee17f30f4d474e6ae4b05252/library/std/src/thread/mod.rs:541:17
[INFO] [stdout]   67:     0x63bf41cf1701 - <core::panic::unwind_safe::AssertUnwindSafe<F> as core::ops::function::FnOnce<()>>::call_once::h8546041a7bf2bc4b
[INFO] [stdout]                                at /rustc/df4ca44d3fbc9301ee17f30f4d474e6ae4b05252/library/core/src/panic/unwind_safe.rs:272:9
[INFO] [stdout]   68:     0x63bf41cec6c1 - std::panicking::try::do_call::hbf078f0f0ff9b990
[INFO] [stdout]                                at /rustc/df4ca44d3fbc9301ee17f30f4d474e6ae4b05252/library/std/src/panicking.rs:557:40
[INFO] [stdout]   69:     0x63bf41cf458b - __rust_try
[INFO] [stdout]   70:     0x63bf41cf2d99 - std::panicking::try::hed97749e9f80a103
[INFO] [stdout]                                at /rustc/df4ca44d3fbc9301ee17f30f4d474e6ae4b05252/library/std/src/panicking.rs:520:19
[INFO] [stdout]   71:     0x63bf41cf2d99 - std::panic::catch_unwind::hdc3526a50b8e2c7f
[INFO] [stdout]                                at /rustc/df4ca44d3fbc9301ee17f30f4d474e6ae4b05252/library/std/src/panic.rs:358:14
[INFO] [stdout]   72:     0x63bf41cf2d99 - std::thread::Builder::spawn_unchecked_::{{closure}}::h6bcd2120a32bd118
[INFO] [stdout]                                at /rustc/df4ca44d3fbc9301ee17f30f4d474e6ae4b05252/library/std/src/thread/mod.rs:540:30
[INFO] [stdout]   73:     0x63bf41ce0d5f - core::ops::function::FnOnce::call_once{{vtable.shim}}::heb3940d142044bd9
[INFO] [stdout]                                at /rustc/df4ca44d3fbc9301ee17f30f4d474e6ae4b05252/library/core/src/ops/function.rs:250:5
[INFO] [stdout]   74:     0x63bf4201104b - <alloc::boxed::Box<F,A> as core::ops::function::FnOnce<Args>>::call_once::h69aa08ddb6adb8b6
[INFO] [stdout]                                at /rustc/df4ca44d3fbc9301ee17f30f4d474e6ae4b05252/library/alloc/src/boxed.rs:2454:9
[INFO] [stdout]   75:     0x63bf4201104b - <alloc::boxed::Box<F,A> as core::ops::function::FnOnce<Args>>::call_once::h5aa36efdb79c806f
[INFO] [stdout]                                at /rustc/df4ca44d3fbc9301ee17f30f4d474e6ae4b05252/library/alloc/src/boxed.rs:2454:9
[INFO] [stdout]   76:     0x63bf4201104b - std::sys::pal::unix::thread::Thread::new::thread_start::h6cd80a1b4be5158d
[INFO] [stdout]                                at /rustc/df4ca44d3fbc9301ee17f30f4d474e6ae4b05252/library/std/src/sys/pal/unix/thread.rs:105:17
[INFO] [stdout]   77:     0x712dfd5e0ac3 - <unknown>
[INFO] [stdout]   78:     0x712dfd671a04 - clone
[INFO] [stdout]   79:                0x0 - <unknown>
[INFO] [stdout] thread '<unnamed>' panicked at src/runner.rs:120:37:
[INFO] [stdout] Mutant run failed for  *  replaced by  /  in file /tmp/.tmpxcTvAs/dir1/script1.py on line 8
[INFO] [stdout] stack backtrace:
[INFO] [stdout]    0:     0x63bf42009bea - std::backtrace_rs::backtrace::libunwind::trace::h207520d6e9873551
[INFO] [stdout]                                at /rustc/df4ca44d3fbc9301ee17f30f4d474e6ae4b05252/library/std/src/../../backtrace/src/backtrace/libunwind.rs:116:5
[INFO] [stdout]    1:     0x63bf42009bea - std::backtrace_rs::backtrace::trace_unsynchronized::h2ed7433f370e3eca
[INFO] [stdout]                                at /rustc/df4ca44d3fbc9301ee17f30f4d474e6ae4b05252/library/std/src/../../backtrace/src/backtrace/mod.rs:66:5
[INFO] [stdout]    2:     0x63bf42009bea - std::sys::backtrace::_print_fmt::h916fac51166b18d7
[INFO] [stdout]                                at /rustc/df4ca44d3fbc9301ee17f30f4d474e6ae4b05252/library/std/src/sys/backtrace.rs:66:9
[INFO] [stdout]    3:     0x63bf42009bea - <std::sys::backtrace::BacktraceLock::print::DisplayBacktrace as core::fmt::Display>::fmt::ha0a4c9b8ce3802e6
[INFO] [stdout]                                at /rustc/df4ca44d3fbc9301ee17f30f4d474e6ae4b05252/library/std/src/sys/backtrace.rs:39:26
[INFO] [stdout]    4:     0x63bf420336e3 - core::fmt::rt::Argument::fmt::h4cfc8587d52b3eb5
[INFO] [stdout]                                at /rustc/df4ca44d3fbc9301ee17f30f4d474e6ae4b05252/library/core/src/fmt/rt.rs:177:76
[INFO] [stdout]    5:     0x63bf420336e3 - core::fmt::write::h522cc39e5b36ae9f
[INFO] [stdout]                                at /rustc/df4ca44d3fbc9301ee17f30f4d474e6ae4b05252/library/core/src/fmt/mod.rs:1190:21
[INFO] [stdout]    6:     0x63bf42006233 - std::io::Write::write_fmt::h7d3c26752da97734
[INFO] [stdout]                                at /rustc/df4ca44d3fbc9301ee17f30f4d474e6ae4b05252/library/std/src/io/mod.rs:1839:15
[INFO] [stdout]    7:     0x63bf42009a32 - std::sys::backtrace::BacktraceLock::print::h4b9e00b29e9c0942
[INFO] [stdout]                                at /rustc/df4ca44d3fbc9301ee17f30f4d474e6ae4b05252/library/std/src/sys/backtrace.rs:42:9
[INFO] [stdout]    8:     0x63bf4200b07a - std::panicking::default_hook::{{closure}}::hb59b88280d0324d9
[INFO] [stdout]                                at /rustc/df4ca44d3fbc9301ee17f30f4d474e6ae4b05252/library/std/src/panicking.rs:268:22
[INFO] [stdout]    9:     0x63bf4200ae84 - std::panicking::default_hook::he1dd496665be4a29
[INFO] [stdout]                                at /rustc/df4ca44d3fbc9301ee17f30f4d474e6ae4b05252/library/std/src/panicking.rs:292:9
[INFO] [stdout]   10:     0x63bf41c9dcb9 - <alloc::boxed::Box<F,A> as core::ops::function::Fn<Args>>::call::h4ff71de18744e1dc
[INFO] [stdout]                                at /rustc/df4ca44d3fbc9301ee17f30f4d474e6ae4b05252/library/alloc/src/boxed.rs:2468:9
[INFO] [stdout]   11:     0x63bf41c9dcb9 - test::test_main::{{closure}}::hcf7c055ce117aa81
[INFO] [stdout]                                at /rustc/df4ca44d3fbc9301ee17f30f4d474e6ae4b05252/library/test/src/lib.rs:133:21
[INFO] [stdout]   12:     0x63bf4200b778 - <alloc::boxed::Box<F,A> as core::ops::function::Fn<Args>>::call::h1d66c6bbd60c9692
[INFO] [stdout]                                at /rustc/df4ca44d3fbc9301ee17f30f4d474e6ae4b05252/library/alloc/src/boxed.rs:2468:9
[INFO] [stdout]   13:     0x63bf4200b778 - std::panicking::rust_panic_with_hook::h2ff17fe8f26dfcf8
[INFO] [stdout]                                at /rustc/df4ca44d3fbc9301ee17f30f4d474e6ae4b05252/library/std/src/panicking.rs:809:13
[INFO] [stdout]   14:     0x63bf4200b53a - std::panicking::begin_panic_handler::{{closure}}::h4fad77951c07e101
[INFO] [stdout]                                at /rustc/df4ca44d3fbc9301ee17f30f4d474e6ae4b05252/library/std/src/panicking.rs:674:13
[INFO] [stdout]   15:     0x63bf4200a0c9 - std::sys::backtrace::__rust_end_short_backtrace::hb1a25b3da5d0ea08
[INFO] [stdout]                                at /rustc/df4ca44d3fbc9301ee17f30f4d474e6ae4b05252/library/std/src/sys/backtrace.rs:170:18
[INFO] [stdout]   16:     0x63bf4200b1cc - rust_begin_unwind
[INFO] [stdout]                                at /rustc/df4ca44d3fbc9301ee17f30f4d474e6ae4b05252/library/std/src/panicking.rs:665:5
[INFO] [stdout]   17:     0x63bf420313a0 - core::panicking::panic_fmt::ha9db07b529f9b256
[INFO] [stdout]                                at /rustc/df4ca44d3fbc9301ee17f30f4d474e6ae4b05252/library/core/src/panicking.rs:75:14
[INFO] [stdout]   18:     0x63bf41c52ba4 - pymute::runner::run_mutants::{{closure}}::{{closure}}::h77bf21344cce6f40
[INFO] [stdout]                                at /opt/rustwide/workdir/src/runner.rs:120:37
[INFO] [stdout]   19:     0x63bf41c47041 - core::result::Result<T,E>::unwrap_or_else::hb4217378bdf85c45
[INFO] [stdout]                                at /rustc/df4ca44d3fbc9301ee17f30f4d474e6ae4b05252/library/core/src/result.rs:1457:23
[INFO] [stdout]   20:     0x63bf41c52613 - pymute::runner::run_mutants::{{closure}}::hcd9f37d00b2203dc
[INFO] [stdout]                                at /opt/rustwide/workdir/src/runner.rs:119:26
[INFO] [stdout]   21:     0x63bf41c4ea58 - <rayon::iter::for_each::ForEachConsumer<F> as rayon::iter::plumbing::Folder<T>>::consume::hf0098b4009095e99
[INFO] [stdout]                                at /opt/rustwide/cargo-home/registry/src/index.crates.io-6f17d22bba15001f/rayon-1.10.0/src/iter/for_each.rs:47:9
[INFO] [stdout]   22:     0x63bf41c44d39 - <indicatif::rayon::ProgressFolder<C> as rayon::iter::plumbing::Folder<T>>::consume::h03aea11db6c83cc7
[INFO] [stdout]                                at /opt/rustwide/cargo-home/registry/src/index.crates.io-6f17d22bba15001f/indicatif-0.17.8/src/rayon.rs:186:19
[INFO] [stdout]   23:     0x63bf41c48ca0 - rayon::iter::plumbing::Folder::consume_iter::h9e1fd97e3f70c894
[INFO] [stdout]                                at /opt/rustwide/cargo-home/registry/src/index.crates.io-6f17d22bba15001f/rayon-1.10.0/src/iter/plumbing/mod.rs:178:20
[INFO] [stdout]   24:     0x63bf41c59363 - rayon::iter::plumbing::Producer::fold_with::hd38c3b6f0b42920c
[INFO] [stdout]                                at /opt/rustwide/cargo-home/registry/src/index.crates.io-6f17d22bba15001f/rayon-1.10.0/src/iter/plumbing/mod.rs:109:9
[INFO] [stdout]   25:     0x63bf41c4857a - rayon::iter::plumbing::bridge_producer_consumer::helper::h081a3687d63bf8b0
[INFO] [stdout]                                at /opt/rustwide/cargo-home/registry/src/index.crates.io-6f17d22bba15001f/rayon-1.10.0/src/iter/plumbing/mod.rs:437:13
[INFO] [stdout]   26:     0x63bf41c48a43 - rayon::iter::plumbing::bridge_producer_consumer::helper::{{closure}}::h5e461c1933e7811e
[INFO] [stdout]                                at /opt/rustwide/cargo-home/registry/src/index.crates.io-6f17d22bba15001f/rayon-1.10.0/src/iter/plumbing/mod.rs:426:21
[INFO] [stdout]   27:     0x63bf41c4f2e9 - rayon_core::join::join_context::call_b::{{closure}}::h141d0a345dd71a3b
[INFO] [stdout]                                at /opt/rustwide/cargo-home/registry/src/index.crates.io-6f17d22bba15001f/rayon-core-1.12.1/src/join/mod.rs:129:25
[INFO] [stdout]   28:     0x63bf41c59af1 - rayon_core::job::JobResult<T>::call::{{closure}}::h80f3827b5b4d9fac
[INFO] [stdout]                                at /opt/rustwide/cargo-home/registry/src/index.crates.io-6f17d22bba15001f/rayon-core-1.12.1/src/job.rs:218:41
[INFO] [stdout]   29:     0x63bf41c4ffb0 - <core::panic::unwind_safe::AssertUnwindSafe<F> as core::ops::function::FnOnce<()>>::call_once::h81262d0a825088f4
[INFO] [stdout]                                at /rustc/df4ca44d3fbc9301ee17f30f4d474e6ae4b05252/library/core/src/panic/unwind_safe.rs:272:9
[INFO] [stdout]   30:     0x63bf41c61d74 - std::panicking::try::do_call::h3a5a91736450f7e4
[INFO] [stdout]                                at /rustc/df4ca44d3fbc9301ee17f30f4d474e6ae4b05252/library/std/src/panicking.rs:557:40
[INFO] [stdout]   31:     0x63bf41c596fb - __rust_try
[INFO] [stdout]   32:     0x63bf41c55de2 - std::panicking::try::h13dd93df5ce3a138
[INFO] [stdout]                                at /rustc/df4ca44d3fbc9301ee17f30f4d474e6ae4b05252/library/std/src/panicking.rs:520:19
[INFO] [stdout]   33:     0x63bf41c55de2 - std::panic::catch_unwind::h85ecefc78707e5c2
[INFO] [stdout]                                at /rustc/df4ca44d3fbc9301ee17f30f4d474e6ae4b05252/library/std/src/panic.rs:358:14
[INFO] [stdout]   34:     0x63bf41c5a487 - rayon_core::unwind::halt_unwinding::h08ae110a5ab10667
[INFO] [stdout]                                at /opt/rustwide/cargo-home/registry/src/index.crates.io-6f17d22bba15001f/rayon-core-1.12.1/src/unwind.rs:17:5
[INFO] [stdout]   35:     0x63bf41c598ea - rayon_core::job::JobResult<T>::call::h7c466921cc9e8b5f
[INFO] [stdout]                                at /opt/rustwide/cargo-home/registry/src/index.crates.io-6f17d22bba15001f/rayon-core-1.12.1/src/job.rs:218:15
[INFO] [stdout]   36:     0x63bf41c5bd54 - <rayon_core::job::StackJob<L,F,R> as rayon_core::job::Job>::execute::h8fa26a17ec76b7bb
[INFO] [stdout]                                at /opt/rustwide/cargo-home/registry/src/index.crates.io-6f17d22bba15001f/rayon-core-1.12.1/src/job.rs:120:32
[INFO] [stdout]   37:     0x63bf41ceb2fb - rayon_core::job::JobRef::execute::hc000f5066aab16fe
[INFO] [stdout]                                at /opt/rustwide/cargo-home/registry/src/index.crates.io-6f17d22bba15001f/rayon-core-1.12.1/src/job.rs:64:9
[INFO] [stdout]   38:     0x63bf41cdd340 - rayon_core::registry::WorkerThread::execute::h55de9f657d8e8e84
[INFO] [stdout]                                at /opt/rustwide/cargo-home/registry/src/index.crates.io-6f17d22bba15001f/rayon-core-1.12.1/src/registry.rs:860:9
[INFO] [stdout]   39:     0x63bf41cdd09c - rayon_core::registry::WorkerThread::wait_until_cold::h37d381fba8d783ec
[INFO] [stdout]                                at /opt/rustwide/cargo-home/registry/src/index.crates.io-6f17d22bba15001f/rayon-core-1.12.1/src/registry.rs:794:21
[INFO] [stdout]   40:     0x63bf41cdce3b - rayon_core::registry::WorkerThread::wait_until::h90b42772c4234c1e
[INFO] [stdout]                                at /opt/rustwide/cargo-home/registry/src/index.crates.io-6f17d22bba15001f/rayon-core-1.12.1/src/registry.rs:769:13
[INFO] [stdout]   41:     0x63bf41cdd215 - rayon_core::registry::WorkerThread::wait_until_out_of_work::h57ce655b9e10ec37
[INFO] [stdout]                                at /opt/rustwide/cargo-home/registry/src/index.crates.io-6f17d22bba15001f/rayon-core-1.12.1/src/registry.rs:818:9
[INFO] [stdout]   42:     0x63bf41cdd71f - rayon_core::registry::main_loop::h83576113d0dacc06
[INFO] [stdout]                                at /opt/rustwide/cargo-home/registry/src/index.crates.io-6f17d22bba15001f/rayon-core-1.12.1/src/registry.rs:923:5
[INFO] [stdout]   43:     0x63bf41cda4b6 - rayon_core::registry::ThreadBuilder::run::h55c88fd676f5183d
[INFO] [stdout]                                at /opt/rustwide/cargo-home/registry/src/index.crates.io-6f17d22bba15001f/rayon-core-1.12.1/src/registry.rs:53:18
[INFO] [stdout]   44:     0x63bf41cda93d - <rayon_core::registry::DefaultSpawn as rayon_core::registry::ThreadSpawn>::spawn::{{closure}}::h2e41e925145ec22e
[INFO] [stdout]                                at /opt/rustwide/cargo-home/registry/src/index.crates.io-6f17d22bba15001f/rayon-core-1.12.1/src/registry.rs:98:20
[INFO] [stdout]   45:     0x63bf41ce5db6 - std::sys::backtrace::__rust_begin_short_backtrace::hb60c0de9539c3f42
[INFO] [stdout]                                at /rustc/df4ca44d3fbc9301ee17f30f4d474e6ae4b05252/library/std/src/sys/backtrace.rs:154:18
[INFO] [stdout]   46:     0x63bf41cf312d - std::thread::Builder::spawn_unchecked_::{{closure}}::{{closure}}::hdd3bd7b2c47497d2
[INFO] [stdout]                                at /rustc/df4ca44d3fbc9301ee17f30f4d474e6ae4b05252/library/std/src/thread/mod.rs:541:17
[INFO] [stdout]   47:     0x63bf41cf1701 - <core::panic::unwind_safe::AssertUnwindSafe<F> as core::ops::function::FnOnce<()>>::call_once::h8546041a7bf2bc4b
[INFO] [stdout]                                at /rustc/df4ca44d3fbc9301ee17f30f4d474e6ae4b05252/library/core/src/panic/unwind_safe.rs:272:9
[INFO] [stdout]   48:     0x63bf41cec6c1 - std::panicking::try::do_call::hbf078f0f0ff9b990
[INFO] [stdout]                                at /rustc/df4ca44d3fbc9301ee17f30f4d474e6ae4b05252/library/std/src/panicking.rs:557:40
[INFO] [stdout]   49:     0x63bf41cf458b - __rust_try
[INFO] [stdout]   50:     0x63bf41cf2d99 - std::panicking::try::hed97749e9f80a103
[INFO] [stdout]                                at /rustc/df4ca44d3fbc9301ee17f30f4d474e6ae4b05252/library/std/src/panicking.rs:520:19
[INFO] [stdout]   51:     0x63bf41cf2d99 - std::panic::catch_unwind::hdc3526a50b8e2c7f
[INFO] [stdout]                                at /rustc/df4ca44d3fbc9301ee17f30f4d474e6ae4b05252/library/std/src/panic.rs:358:14
[INFO] [stdout]   52:     0x63bf41cf2d99 - std::thread::Builder::spawn_unchecked_::{{closure}}::h6bcd2120a32bd118
[INFO] [stdout]                                at /rustc/df4ca44d3fbc9301ee17f30f4d474e6ae4b05252/library/std/src/thread/mod.rs:540:30
[INFO] [stdout]   53:     0x63bf41ce0d5f - core::ops::function::FnOnce::call_once{{vtable.shim}}::heb3940d142044bd9
[INFO] [stdout]                                at /rustc/df4ca44d3fbc9301ee17f30f4d474e6ae4b05252/library/core/src/ops/function.rs:250:5
[INFO] [stdout]   54:     0x63bf4201104b - <alloc::boxed::Box<F,A> as core::ops::function::FnOnce<Args>>::call_once::h69aa08ddb6adb8b6
[INFO] [stdout]                                at /rustc/df4ca44d3fbc9301ee17f30f4d474e6ae4b05252/library/alloc/src/boxed.rs:2454:9
[INFO] [stdout]   55:     0x63bf4201104b - <alloc::boxed::Box<F,A> as core::ops::function::FnOnce<Args>>::call_once::h5aa36efdb79c806f
[INFO] [stdout]                                at /rustc/df4ca44d3fbc9301ee17f30f4d474e6ae4b05252/library/alloc/src/boxed.rs:2454:9
[INFO] [stdout]   56:     0x63bf4201104b - std::sys::pal::unix::thread::Thread::new::thread_start::h6cd80a1b4be5158d
[INFO] [stdout]                                at /rustc/df4ca44d3fbc9301ee17f30f4d474e6ae4b05252/library/std/src/sys/pal/unix/thread.rs:105:17
[INFO] [stdout]   57:     0x712dfd5e0ac3 - <unknown>
[INFO] [stdout]   58:     0x712dfd671a04 - clone
[INFO] [stdout]   59:                0x0 - <unknown>
[INFO] [stdout] thread '<unnamed>' panicked at src/runner.rs:120:37:
[INFO] [stdout] Mutant run failed for  -  replaced by  +  in file /tmp/.tmpxcTvAs/dir1/script1.py on line 6
[INFO] [stdout] stack backtrace:
[INFO] [stdout]    0:     0x63bf42009bea - std::backtrace_rs::backtrace::libunwind::trace::h207520d6e9873551
[INFO] [stdout]                                at /rustc/df4ca44d3fbc9301ee17f30f4d474e6ae4b05252/library/std/src/../../backtrace/src/backtrace/libunwind.rs:116:5
[INFO] [stdout]    1:     0x63bf42009bea - std::backtrace_rs::backtrace::trace_unsynchronized::h2ed7433f370e3eca
[INFO] [stdout]                                at /rustc/df4ca44d3fbc9301ee17f30f4d474e6ae4b05252/library/std/src/../../backtrace/src/backtrace/mod.rs:66:5
[INFO] [stdout]    2:     0x63bf42009bea - std::sys::backtrace::_print_fmt::h916fac51166b18d7
[INFO] [stdout]                                at /rustc/df4ca44d3fbc9301ee17f30f4d474e6ae4b05252/library/std/src/sys/backtrace.rs:66:9
[INFO] [stdout]    3:     0x63bf42009bea - <std::sys::backtrace::BacktraceLock::print::DisplayBacktrace as core::fmt::Display>::fmt::ha0a4c9b8ce3802e6
[INFO] [stdout]                                at /rustc/df4ca44d3fbc9301ee17f30f4d474e6ae4b05252/library/std/src/sys/backtrace.rs:39:26
[INFO] [stdout]    4:     0x63bf420336e3 - core::fmt::rt::Argument::fmt::h4cfc8587d52b3eb5
[INFO] [stdout]                                at /rustc/df4ca44d3fbc9301ee17f30f4d474e6ae4b05252/library/core/src/fmt/rt.rs:177:76
[INFO] [stdout]    5:     0x63bf420336e3 - core::fmt::write::h522cc39e5b36ae9f
[INFO] [stdout]                                at /rustc/df4ca44d3fbc9301ee17f30f4d474e6ae4b05252/library/core/src/fmt/mod.rs:1190:21
[INFO] [stdout]    6:     0x63bf42006233 - std::io::Write::write_fmt::h7d3c26752da97734
[INFO] [stdout]                                at /rustc/df4ca44d3fbc9301ee17f30f4d474e6ae4b05252/library/std/src/io/mod.rs:1839:15
[INFO] [stdout]    7:     0x63bf42009a32 - std::sys::backtrace::BacktraceLock::print::h4b9e00b29e9c0942
[INFO] [stdout]                                at /rustc/df4ca44d3fbc9301ee17f30f4d474e6ae4b05252/library/std/src/sys/backtrace.rs:42:9
[INFO] [stdout]    8:     0x63bf4200b07a - std::panicking::default_hook::{{closure}}::hb59b88280d0324d9
[INFO] [stdout]                                at /rustc/df4ca44d3fbc9301ee17f30f4d474e6ae4b05252/library/std/src/panicking.rs:268:22
[INFO] [stdout]    9:     0x63bf4200ae84 - std::panicking::default_hook::he1dd496665be4a29
[INFO] [stdout]                                at /rustc/df4ca44d3fbc9301ee17f30f4d474e6ae4b05252/library/std/src/panicking.rs:292:9
[INFO] [stdout]   10:     0x63bf41c9dcb9 - <alloc::boxed::Box<F,A> as core::ops::function::Fn<Args>>::call::h4ff71de18744e1dc
[INFO] [stdout]                                at /rustc/df4ca44d3fbc9301ee17f30f4d474e6ae4b05252/library/alloc/src/boxed.rs:2468:9
[INFO] [stdout]   11:     0x63bf41c9dcb9 - test::test_main::{{closure}}::hcf7c055ce117aa81
[INFO] [stdout]                                at /rustc/df4ca44d3fbc9301ee17f30f4d474e6ae4b05252/library/test/src/lib.rs:133:21
[INFO] [stdout]   12:     0x63bf4200b778 - <alloc::boxed::Box<F,A> as core::ops::function::Fn<Args>>::call::h1d66c6bbd60c9692
[INFO] [stdout]                                at /rustc/df4ca44d3fbc9301ee17f30f4d474e6ae4b05252/library/alloc/src/boxed.rs:2468:9
[INFO] [stdout]   13:     0x63bf4200b778 - std::panicking::rust_panic_with_hook::h2ff17fe8f26dfcf8
[INFO] [stdout]                                at /rustc/df4ca44d3fbc9301ee17f30f4d474e6ae4b05252/library/std/src/panicking.rs:809:13
[INFO] [stdout]   14:     0x63bf4200b53a - std::panicking::begin_panic_handler::{{closure}}::h4fad77951c07e101
[INFO] [stdout]                                at /rustc/df4ca44d3fbc9301ee17f30f4d474e6ae4b05252/library/std/src/panicking.rs:674:13
[INFO] [stdout]   15:     0x63bf4200a0c9 - std::sys::backtrace::__rust_end_short_backtrace::hb1a25b3da5d0ea08
[INFO] [stdout]                                at /rustc/df4ca44d3fbc9301ee17f30f4d474e6ae4b05252/library/std/src/sys/backtrace.rs:170:18
[INFO] [stdout]   16:     0x63bf4200b1cc - rust_begin_unwind
[INFO] [stdout]                                at /rustc/df4ca44d3fbc9301ee17f30f4d474e6ae4b05252/library/std/src/panicking.rs:665:5
[INFO] [stdout]   17:     0x63bf420313a0 - core::panicking::panic_fmt::ha9db07b529f9b256
[INFO] [stdout]                                at /rustc/df4ca44d3fbc9301ee17f30f4d474e6ae4b05252/library/core/src/panicking.rs:75:14
[INFO] [stdout]   18:     0x63bf41c52ba4 - pymute::runner::run_mutants::{{closure}}::{{closure}}::h77bf21344cce6f40
[INFO] [stdout]                                at /opt/rustwide/workdir/src/runner.rs:120:37
[INFO] [stdout]   19:     0x63bf41c47041 - core::result::Result<T,E>::unwrap_or_else::hb4217378bdf85c45
[INFO] [stdout]                                at /rustc/df4ca44d3fbc9301ee17f30f4d474e6ae4b05252/library/core/src/result.rs:1457:23
[INFO] [stdout]   20:     0x63bf41c52613 - pymute::runner::run_mutants::{{closure}}::hcd9f37d00b2203dc
[INFO] [stdout]                                at /opt/rustwide/workdir/src/runner.rs:119:26
[INFO] [stdout]   21:     0x63bf41c4ea58 - <rayon::iter::for_each::ForEachConsumer<F> as rayon::iter::plumbing::Folder<T>>::consume::hf0098b4009095e99
[INFO] [stdout]                                at /opt/rustwide/cargo-home/registry/src/index.crates.io-6f17d22bba15001f/rayon-1.10.0/src/iter/for_each.rs:47:9
[INFO] [stdout]   22:     0x63bf41c44d39 - <indicatif::rayon::ProgressFolder<C> as rayon::iter::plumbing::Folder<T>>::consume::h03aea11db6c83cc7
[INFO] [stdout]                                at /opt/rustwide/cargo-home/registry/src/index.crates.io-6f17d22bba15001f/indicatif-0.17.8/src/rayon.rs:186:19
[INFO] [stdout]   23:     0x63bf41c48ca0 - rayon::iter::plumbing::Folder::consume_iter::h9e1fd97e3f70c894
[INFO] [stdout]                                at /opt/rustwide/cargo-home/registry/src/index.crates.io-6f17d22bba15001f/rayon-1.10.0/src/iter/plumbing/mod.rs:178:20
[INFO] [stdout]   24:     0x63bf41c59363 - rayon::iter::plumbing::Producer::fold_with::hd38c3b6f0b42920c
[INFO] [stdout]                                at /opt/rustwide/cargo-home/registry/src/index.crates.io-6f17d22bba15001f/rayon-1.10.0/src/iter/plumbing/mod.rs:109:9
[INFO] [stdout]   25:     0x63bf41c4857a - rayon::iter::plumbing::bridge_producer_consumer::helper::h081a3687d63bf8b0
[INFO] [stdout]                                at /opt/rustwide/cargo-home/registry/src/index.crates.io-6f17d22bba15001f/rayon-1.10.0/src/iter/plumbing/mod.rs:437:13
[INFO] [stdout]   26:     0x63bf41c48b2d - rayon::iter::plumbing::bridge_producer_consumer::helper::{{closure}}::hd34ffa2ddcb0c4e0
[INFO] [stdout]                                at /opt/rustwide/cargo-home/registry/src/index.crates.io-6f17d22bba15001f/rayon-1.10.0/src/iter/plumbing/mod.rs:417:21
[INFO] [stdout]   27:     0x63bf41c4f215 - rayon_core::join::join_context::call_a::{{closure}}::h575444b7afa865ce
[INFO] [stdout]                                at /opt/rustwide/cargo-home/registry/src/index.crates.io-6f17d22bba15001f/rayon-core-1.12.1/src/join/mod.rs:124:17
[INFO] [stdout]   28:     0x63bf41c50010 - <core::panic::unwind_safe::AssertUnwindSafe<F> as core::ops::function::FnOnce<()>>::call_once::hab8c133d3a0e7baf
[INFO] [stdout]                                at /rustc/df4ca44d3fbc9301ee17f30f4d474e6ae4b05252/library/core/src/panic/unwind_safe.rs:272:9
[INFO] [stdout]   29:     0x63bf41c61e54 - std::panicking::try::do_call::he28e20a71dfa641c
[INFO] [stdout]                                at /rustc/df4ca44d3fbc9301ee17f30f4d474e6ae4b05252/library/std/src/panicking.rs:557:40
[INFO] [stdout]   30:     0x63bf41c596fb - __rust_try
[INFO] [stdout]   31:     0x63bf41c55e92 - std::panicking::try::hbcf9705a5a3e4072
[INFO] [stdout]                                at /rustc/df4ca44d3fbc9301ee17f30f4d474e6ae4b05252/library/std/src/panicking.rs:520:19
[INFO] [stdout]   32:     0x63bf41c55e92 - std::panic::catch_unwind::h9550aef93e032013
[INFO] [stdout]                                at /rustc/df4ca44d3fbc9301ee17f30f4d474e6ae4b05252/library/std/src/panic.rs:358:14
[INFO] [stdout]   33:     0x63bf41c5a547 - rayon_core::unwind::halt_unwinding::h6274f98923c6999e
[INFO] [stdout]                                at /opt/rustwide/cargo-home/registry/src/index.crates.io-6f17d22bba15001f/rayon-core-1.12.1/src/unwind.rs:17:5
[INFO] [stdout]   34:     0x63bf41c4ed74 - rayon_core::join::join_context::{{closure}}::he64ec35d33327e0d
[INFO] [stdout]                                at /opt/rustwide/cargo-home/registry/src/index.crates.io-6f17d22bba15001f/rayon-core-1.12.1/src/join/mod.rs:142:24
[INFO] [stdout]   35:     0x63bf41c4fedd - rayon_core::registry::in_worker::hd068baa59cb21c56
[INFO] [stdout]                                at /opt/rustwide/cargo-home/registry/src/index.crates.io-6f17d22bba15001f/rayon-core-1.12.1/src/registry.rs:951:13
[INFO] [stdout]   36:     0x63bf41c4eb0d - rayon_core::join::join_context::hb811963e677e5695
[INFO] [stdout]                                at /opt/rustwide/cargo-home/registry/src/index.crates.io-6f17d22bba15001f/rayon-core-1.12.1/src/join/mod.rs:132:5
[INFO] [stdout]   37:     0x63bf41c487f1 - rayon::iter::plumbing::bridge_producer_consumer::helper::h081a3687d63bf8b0
[INFO] [stdout]                                at /opt/rustwide/cargo-home/registry/src/index.crates.io-6f17d22bba15001f/rayon-1.10.0/src/iter/plumbing/mod.rs:415:47
[INFO] [stdout]   38:     0x63bf41c48a43 - rayon::iter::plumbing::bridge_producer_consumer::helper::{{closure}}::h5e461c1933e7811e
[INFO] [stdout]                                at /opt/rustwide/cargo-home/registry/src/index.crates.io-6f17d22bba15001f/rayon-1.10.0/src/iter/plumbing/mod.rs:426:21
[INFO] [stdout]   39:     0x63bf41c4f2e9 - rayon_core::join::join_context::call_b::{{closure}}::h141d0a345dd71a3b
[INFO] [stdout]                                at /opt/rustwide/cargo-home/registry/src/index.crates.io-6f17d22bba15001f/rayon-core-1.12.1/src/join/mod.rs:129:25
[INFO] [stdout]   40:     0x63bf41c59af1 - rayon_core::job::JobResult<T>::call::{{closure}}::h80f3827b5b4d9fac
[INFO] [stdout]                                at /opt/rustwide/cargo-home/registry/src/index.crates.io-6f17d22bba15001f/rayon-core-1.12.1/src/job.rs:218:41
[INFO] [stdout]   41:     0x63bf41c4ffb0 - <core::panic::unwind_safe::AssertUnwindSafe<F> as core::ops::function::FnOnce<()>>::call_once::h81262d0a825088f4
[INFO] [stdout]                                at /rustc/df4ca44d3fbc9301ee17f30f4d474e6ae4b05252/library/core/src/panic/unwind_safe.rs:272:9
[INFO] [stdout]   42:     0x63bf41c61d74 - std::panicking::try::do_call::h3a5a91736450f7e4
[INFO] [stdout]                                at /rustc/df4ca44d3fbc9301ee17f30f4d474e6ae4b05252/library/std/src/panicking.rs:557:40
[INFO] [stdout]   43:     0x63bf41c596fb - __rust_try
[INFO] [stdout]   44:     0x63bf41c55de2 - std::panicking::try::h13dd93df5ce3a138
[INFO] [stdout]                                at /rustc/df4ca44d3fbc9301ee17f30f4d474e6ae4b05252/library/std/src/panicking.rs:520:19
[INFO] [stdout]   45:     0x63bf41c55de2 - std::panic::catch_unwind::h85ecefc78707e5c2
[INFO] [stdout]                                at /rustc/df4ca44d3fbc9301ee17f30f4d474e6ae4b05252/library/std/src/panic.rs:358:14
[INFO] [stdout]   46:     0x63bf41c5a487 - rayon_core::unwind::halt_unwinding::h08ae110a5ab10667
[INFO] [stdout]                                at /opt/rustwide/cargo-home/registry/src/index.crates.io-6f17d22bba15001f/rayon-core-1.12.1/src/unwind.rs:17:5
[INFO] [stdout]   47:     0x63bf41c598ea - rayon_core::job::JobResult<T>::call::h7c466921cc9e8b5f
[INFO] [stdout]                                at /opt/rustwide/cargo-home/registry/src/index.crates.io-6f17d22bba15001f/rayon-core-1.12.1/src/job.rs:218:15
[INFO] [stdout]   48:     0x63bf41c5bd54 - <rayon_core::job::StackJob<L,F,R> as rayon_core::job::Job>::execute::h8fa26a17ec76b7bb
[INFO] [stdout]                                at /opt/rustwide/cargo-home/registry/src/index.crates.io-6f17d22bba15001f/rayon-core-1.12.1/src/job.rs:120:32
[INFO] [stdout]   49:     0x63bf41ceb2fb - rayon_core::job::JobRef::execute::hc000f5066aab16fe
[INFO] [stdout]                                at /opt/rustwide/cargo-home/registry/src/index.crates.io-6f17d22bba15001f/rayon-core-1.12.1/src/job.rs:64:9
[INFO] [stdout]   50:     0x63bf41cdd340 - rayon_core::registry::WorkerThread::execute::h55de9f657d8e8e84
[INFO] [stdout]                                at /opt/rustwide/cargo-home/registry/src/index.crates.io-6f17d22bba15001f/rayon-core-1.12.1/src/registry.rs:860:9
[INFO] [stdout]   51:     0x63bf41cdd09c - rayon_core::registry::WorkerThread::wait_until_cold::h37d381fba8d783ec
[INFO] [stdout]                                at /opt/rustwide/cargo-home/registry/src/index.crates.io-6f17d22bba15001f/rayon-core-1.12.1/src/registry.rs:794:21
[INFO] [stdout]   52:     0x63bf41cdce3b - rayon_core::registry::WorkerThread::wait_until::h90b42772c4234c1e
[INFO] [stdout]                                at /opt/rustwide/cargo-home/registry/src/index.crates.io-6f17d22bba15001f/rayon-core-1.12.1/src/registry.rs:769:13
[INFO] [stdout]   53:     0x63bf41cdd215 - rayon_core::registry::WorkerThread::wait_until_out_of_work::h57ce655b9e10ec37
[INFO] [stdout]                                at /opt/rustwide/cargo-home/registry/src/index.crates.io-6f17d22bba15001f/rayon-core-1.12.1/src/registry.rs:818:9
[INFO] [stdout]   54:     0x63bf41cdd71f - rayon_core::registry::main_loop::h83576113d0dacc06
[INFO] [stdout]                                at /opt/rustwide/cargo-home/registry/src/index.crates.io-6f17d22bba15001f/rayon-core-1.12.1/src/registry.rs:923:5
[INFO] [stdout]   55:     0x63bf41cda4b6 - rayon_core::registry::ThreadBuilder::run::h55c88fd676f5183d
[INFO] [stdout]                                at /opt/rustwide/cargo-home/registry/src/index.crates.io-6f17d22bba15001f/rayon-core-1.12.1/src/registry.rs:53:18
[INFO] [stdout]   56:     0x63bf41cda93d - <rayon_core::registry::DefaultSpawn as rayon_core::registry::ThreadSpawn>::spawn::{{closure}}::h2e41e925145ec22e
[INFO] [stdout]                                at /opt/rustwide/cargo-home/registry/src/index.crates.io-6f17d22bba15001f/rayon-core-1.12.1/src/registry.rs:98:20
[INFO] [stdout]   57:     0x63bf41ce5db6 - std::sys::backtrace::__rust_begin_short_backtrace::hb60c0de9539c3f42
[INFO] [stdout]                                at /rustc/df4ca44d3fbc9301ee17f30f4d474e6ae4b05252/library/std/src/sys/backtrace.rs:154:18
[INFO] [stdout]   58:     0x63bf41cf312d - std::thread::Builder::spawn_unchecked_::{{closure}}::{{closure}}::hdd3bd7b2c47497d2
[INFO] [stdout]                                at /rustc/df4ca44d3fbc9301ee17f30f4d474e6ae4b05252/library/std/src/thread/mod.rs:541:17
[INFO] [stdout]   59:     0x63bf41cf1701 - <core::panic::unwind_safe::AssertUnwindSafe<F> as core::ops::function::FnOnce<()>>::call_once::h8546041a7bf2bc4b
[INFO] [stdout]                                at /rustc/df4ca44d3fbc9301ee17f30f4d474e6ae4b05252/library/core/src/panic/unwind_safe.rs:272:9
[INFO] [stdout]   60:     0x63bf41cec6c1 - std::panicking::try::do_call::hbf078f0f0ff9b990
[INFO] [stdout]                                at /rustc/df4ca44d3fbc9301ee17f30f4d474e6ae4b05252/library/std/src/panicking.rs:557:40
[INFO] [stdout]   61:     0x63bf41cf458b - __rust_try
[INFO] [stdout]   62:     0x63bf41cf2d99 - std::panicking::try::hed97749e9f80a103
[INFO] [stdout]                                at /rustc/df4ca44d3fbc9301ee17f30f4d474e6ae4b05252/library/std/src/panicking.rs:520:19
[INFO] [stdout]   63:     0x63bf41cf2d99 - std::panic::catch_unwind::hdc3526a50b8e2c7f
[INFO] [stdout]                                at /rustc/df4ca44d3fbc9301ee17f30f4d474e6ae4b05252/library/std/src/panic.rs:358:14
[INFO] [stdout]   64:     0x63bf41cf2d99 - std::thread::Builder::spawn_unchecked_::{{closure}}::h6bcd2120a32bd118
[INFO] [stdout]                                at /rustc/df4ca44d3fbc9301ee17f30f4d474e6ae4b05252/library/std/src/thread/mod.rs:540:30
[INFO] [stdout]   65:     0x63bf41ce0d5f - core::ops::function::FnOnce::call_once{{vtable.shim}}::heb3940d142044bd9
[INFO] [stdout]                                at /rustc/df4ca44d3fbc9301ee17f30f4d474e6ae4b05252/library/core/src/ops/function.rs:250:5
[INFO] [stdout]   66:     0x63bf4201104b - <alloc::boxed::Box<F,A> as core::ops::function::FnOnce<Args>>::call_once::h69aa08ddb6adb8b6
[INFO] [stdout]                                at /rustc/df4ca44d3fbc9301ee17f30f4d474e6ae4b05252/library/alloc/src/boxed.rs:2454:9
[INFO] [stdout]   67:     0x63bf4201104b - <alloc::boxed::Box<F,A> as core::ops::function::FnOnce<Args>>::call_once::h5aa36efdb79c806f
[INFO] [stdout]                                at /rustc/df4ca44d3fbc9301ee17f30f4d474e6ae4b05252/library/alloc/src/boxed.rs:2454:9
[INFO] [stdout]   68:     0x63bf4201104b - std::sys::pal::unix::thread::Thread::new::thread_start::h6cd80a1b4be5158d
[INFO] [stdout]                                at /rustc/df4ca44d3fbc9301ee17f30f4d474e6ae4b05252/library/std/src/sys/pal/unix/thread.rs:105:17
[INFO] [stdout]   69:     0x712dfd5e0ac3 - <unknown>
[INFO] [stdout]   70:     0x712dfd671a04 - clone
[INFO] [stdout]   71:                0x0 - <unknown>
[INFO] [stdout] thread '<unnamed>' panicked at src/runner.rs:120:37:
[INFO] [stdout] Mutant run failed for  +  replaced by  -  in file /tmp/.tmpxcTvAs/dir1/script1.py on line 2
[INFO] [stdout] stack backtrace:
[INFO] [stdout]    0:     0x63bf42009bea - std::backtrace_rs::backtrace::libunwind::trace::h207520d6e9873551
[INFO] [stdout]                                at /rustc/df4ca44d3fbc9301ee17f30f4d474e6ae4b05252/library/std/src/../../backtrace/src/backtrace/libunwind.rs:116:5
[INFO] [stdout]    1:     0x63bf42009bea - std::backtrace_rs::backtrace::trace_unsynchronized::h2ed7433f370e3eca
[INFO] [stdout]                                at /rustc/df4ca44d3fbc9301ee17f30f4d474e6ae4b05252/library/std/src/../../backtrace/src/backtrace/mod.rs:66:5
[INFO] [stdout]    2:     0x63bf42009bea - std::sys::backtrace::_print_fmt::h916fac51166b18d7
[INFO] [stdout]                                at /rustc/df4ca44d3fbc9301ee17f30f4d474e6ae4b05252/library/std/src/sys/backtrace.rs:66:9
[INFO] [stdout]    3:     0x63bf42009bea - <std::sys::backtrace::BacktraceLock::print::DisplayBacktrace as core::fmt::Display>::fmt::ha0a4c9b8ce3802e6
[INFO] [stdout]                                at /rustc/df4ca44d3fbc9301ee17f30f4d474e6ae4b05252/library/std/src/sys/backtrace.rs:39:26
[INFO] [stdout]    4:     0x63bf420336e3 - core::fmt::rt::Argument::fmt::h4cfc8587d52b3eb5
[INFO] [stdout]                                at /rustc/df4ca44d3fbc9301ee17f30f4d474e6ae4b05252/library/core/src/fmt/rt.rs:177:76
[INFO] [stdout]    5:     0x63bf420336e3 - core::fmt::write::h522cc39e5b36ae9f
[INFO] [stdout]                                at /rustc/df4ca44d3fbc9301ee17f30f4d474e6ae4b05252/library/core/src/fmt/mod.rs:1190:21
[INFO] [stdout]    6:     0x63bf42006233 - std::io::Write::write_fmt::h7d3c26752da97734
[INFO] [stdout]                                at /rustc/df4ca44d3fbc9301ee17f30f4d474e6ae4b05252/library/std/src/io/mod.rs:1839:15
[INFO] [stdout]    7:     0x63bf42009a32 - std::sys::backtrace::BacktraceLock::print::h4b9e00b29e9c0942
[INFO] [stdout]                                at /rustc/df4ca44d3fbc9301ee17f30f4d474e6ae4b05252/library/std/src/sys/backtrace.rs:42:9
[INFO] [stdout]    8:     0x63bf4200b07a - std::panicking::default_hook::{{closure}}::hb59b88280d0324d9
[INFO] [stdout]                                at /rustc/df4ca44d3fbc9301ee17f30f4d474e6ae4b05252/library/std/src/panicking.rs:268:22
[INFO] [stdout]    9:     0x63bf4200ae84 - std::panicking::default_hook::he1dd496665be4a29
[INFO] [stdout]                                at /rustc/df4ca44d3fbc9301ee17f30f4d474e6ae4b05252/library/std/src/panicking.rs:292:9
[INFO] [stdout]   10:     0x63bf41c9dcb9 - <alloc::boxed::Box<F,A> as core::ops::function::Fn<Args>>::call::h4ff71de18744e1dc
[INFO] [stdout]                                at /rustc/df4ca44d3fbc9301ee17f30f4d474e6ae4b05252/library/alloc/src/boxed.rs:2468:9
[INFO] [stdout]   11:     0x63bf41c9dcb9 - test::test_main::{{closure}}::hcf7c055ce117aa81
[INFO] [stdout]                                at /rustc/df4ca44d3fbc9301ee17f30f4d474e6ae4b05252/library/test/src/lib.rs:133:21
[INFO] [stdout]   12:     0x63bf4200b778 - <alloc::boxed::Box<F,A> as core::ops::function::Fn<Args>>::call::h1d66c6bbd60c9692
[INFO] [stdout]                                at /rustc/df4ca44d3fbc9301ee17f30f4d474e6ae4b05252/library/alloc/src/boxed.rs:2468:9
[INFO] [stdout]   13:     0x63bf4200b778 - std::panicking::rust_panic_with_hook::h2ff17fe8f26dfcf8
[INFO] [stdout]                                at /rustc/df4ca44d3fbc9301ee17f30f4d474e6ae4b05252/library/std/src/panicking.rs:809:13
[INFO] [stdout]   14:     0x63bf4200b53a - std::panicking::begin_panic_handler::{{closure}}::h4fad77951c07e101
[INFO] [stdout]                                at /rustc/df4ca44d3fbc9301ee17f30f4d474e6ae4b05252/library/std/src/panicking.rs:674:13
[INFO] [stdout]   15:     0x63bf4200a0c9 - std::sys::backtrace::__rust_end_short_backtrace::hb1a25b3da5d0ea08
[INFO] [stdout]                                at /rustc/df4ca44d3fbc9301ee17f30f4d474e6ae4b05252/library/std/src/sys/backtrace.rs:170:18
[INFO] [stdout]   16:     0x63bf4200b1cc - rust_begin_unwind
[INFO] [stdout]                                at /rustc/df4ca44d3fbc9301ee17f30f4d474e6ae4b05252/library/std/src/panicking.rs:665:5
[INFO] [stdout]   17:     0x63bf420313a0 - core::panicking::panic_fmt::ha9db07b529f9b256
[INFO] [stdout]                                at /rustc/df4ca44d3fbc9301ee17f30f4d474e6ae4b05252/library/core/src/panicking.rs:75:14
[INFO] [stdout]   18:     0x63bf41c52ba4 - pymute::runner::run_mutants::{{closure}}::{{closure}}::h77bf21344cce6f40
[INFO] [stdout]                                at /opt/rustwide/workdir/src/runner.rs:120:37
[INFO] [stdout]   19:     0x63bf41c47041 - core::result::Result<T,E>::unwrap_or_else::hb4217378bdf85c45
[INFO] [stdout]                                at /rustc/df4ca44d3fbc9301ee17f30f4d474e6ae4b05252/library/core/src/result.rs:1457:23
[INFO] [stdout]   20:     0x63bf41c52613 - pymute::runner::run_mutants::{{closure}}::hcd9f37d00b2203dc
[INFO] [stdout]                                at /opt/rustwide/workdir/src/runner.rs:119:26
[INFO] [stdout]   21:     0x63bf41c4ea58 - <rayon::iter::for_each::ForEachConsumer<F> as rayon::iter::plumbing::Folder<T>>::consume::hf0098b4009095e99
[INFO] [stdout]                                at /opt/rustwide/cargo-home/registry/src/index.crates.io-6f17d22bba15001f/rayon-1.10.0/src/iter/for_each.rs:47:9
[INFO] [stdout]   22:     0x63bf41c44d39 - <indicatif::rayon::ProgressFolder<C> as rayon::iter::plumbing::Folder<T>>::consume::h03aea11db6c83cc7
[INFO] [stdout]                                at /opt/rustwide/cargo-home/registry/src/index.crates.io-6f17d22bba15001f/indicatif-0.17.8/src/rayon.rs:186:19
[INFO] [stdout]   23:     0x63bf41c48ca0 - rayon::iter::plumbing::Folder::consume_iter::h9e1fd97e3f70c894
[INFO] [stdout]                                at /opt/rustwide/cargo-home/registry/src/index.crates.io-6f17d22bba15001f/rayon-1.10.0/src/iter/plumbing/mod.rs:178:20
[INFO] [stdout]   24:     0x63bf41c59363 - rayon::iter::plumbing::Producer::fold_with::hd38c3b6f0b42920c
[INFO] [stdout]                                at /opt/rustwide/cargo-home/registry/src/index.crates.io-6f17d22bba15001f/rayon-1.10.0/src/iter/plumbing/mod.rs:109:9
[INFO] [stdout]   25:     0x63bf41c4857a - rayon::iter::plumbing::bridge_producer_consumer::helper::h081a3687d63bf8b0
[INFO] [stdout]                                at /opt/rustwide/cargo-home/registry/src/index.crates.io-6f17d22bba15001f/rayon-1.10.0/src/iter/plumbing/mod.rs:437:13
[INFO] [stdout]   26:     0x63bf41c48a43 - rayon::iter::plumbing::bridge_producer_consumer::helper::{{closure}}::h5e461c1933e7811e
[INFO] [stdout]                                at /opt/rustwide/cargo-home/registry/src/index.crates.io-6f17d22bba15001f/rayon-1.10.0/src/iter/plumbing/mod.rs:426:21
[INFO] [stdout]   27:     0x63bf41c4f2e9 - rayon_core::join::join_context::call_b::{{closure}}::h141d0a345dd71a3b
[INFO] [stdout]                                at /opt/rustwide/cargo-home/registry/src/index.crates.io-6f17d22bba15001f/rayon-core-1.12.1/src/join/mod.rs:129:25
[INFO] [stdout]   28:     0x63bf41c59af1 - rayon_core::job::JobResult<T>::call::{{closure}}::h80f3827b5b4d9fac
[INFO] [stdout]                                at /opt/rustwide/cargo-home/registry/src/index.crates.io-6f17d22bba15001f/rayon-core-1.12.1/src/job.rs:218:41
[INFO] [stdout]   29:     0x63bf41c4ffb0 - <core::panic::unwind_safe::AssertUnwindSafe<F> as core::ops::function::FnOnce<()>>::call_once::h81262d0a825088f4
[INFO] [stdout]                                at /rustc/df4ca44d3fbc9301ee17f30f4d474e6ae4b05252/library/core/src/panic/unwind_safe.rs:272:9
[INFO] [stdout]   30:     0x63bf41c61d74 - std::panicking::try::do_call::h3a5a91736450f7e4
[INFO] [stdout]                                at /rustc/df4ca44d3fbc9301ee17f30f4d474e6ae4b05252/library/std/src/panicking.rs:557:40
[INFO] [stdout]   31:     0x63bf41c596fb - __rust_try
[INFO] [stdout]   32:     0x63bf41c55de2 - std::panicking::try::h13dd93df5ce3a138
[INFO] [stdout]                                at /rustc/df4ca44d3fbc9301ee17f30f4d474e6ae4b05252/library/std/src/panicking.rs:520:19
[INFO] [stdout]   33:     0x63bf41c55de2 - std::panic::catch_unwind::h85ecefc78707e5c2
[INFO] [stdout]                                at /rustc/df4ca44d3fbc9301ee17f30f4d474e6ae4b05252/library/std/src/panic.rs:358:14
[INFO] [stdout]   34:     0x63bf41c5a487 - rayon_core::unwind::halt_unwinding::h08ae110a5ab10667
[INFO] [stdout]                                at /opt/rustwide/cargo-home/registry/src/index.crates.io-6f17d22bba15001f/rayon-core-1.12.1/src/unwind.rs:17:5
[INFO] [stdout]   35:     0x63bf41c598ea - rayon_core::job::JobResult<T>::call::h7c466921cc9e8b5f
[INFO] [stdout]                                at /opt/rustwide/cargo-home/registry/src/index.crates.io-6f17d22bba15001f/rayon-core-1.12.1/src/job.rs:218:15
[INFO] [stdout]   36:     0x63bf41c5bd54 - <rayon_core::job::StackJob<L,F,R> as rayon_core::job::Job>::execute::h8fa26a17ec76b7bb
[INFO] [stdout]                                at /opt/rustwide/cargo-home/registry/src/index.crates.io-6f17d22bba15001f/rayon-core-1.12.1/src/job.rs:120:32
[INFO] [stdout]   37:     0x63bf41ceb2fb - rayon_core::job::JobRef::execute::hc000f5066aab16fe
[INFO] [stdout]                                at /opt/rustwide/cargo-home/registry/src/index.crates.io-6f17d22bba15001f/rayon-core-1.12.1/src/job.rs:64:9
[INFO] [stdout]   38:     0x63bf41cdd340 - rayon_core::registry::WorkerThread::execute::h55de9f657d8e8e84
[INFO] [stdout]                                at /opt/rustwide/cargo-home/registry/src/index.crates.io-6f17d22bba15001f/rayon-core-1.12.1/src/registry.rs:860:9
[INFO] [stdout]   39:     0x63bf41cdd09c - rayon_core::registry::WorkerThread::wait_until_cold::h37d381fba8d783ec
[INFO] [stdout]                                at /opt/rustwide/cargo-home/registry/src/index.crates.io-6f17d22bba15001f/rayon-core-1.12.1/src/registry.rs:794:21
[INFO] [stdout]   40:     0x63bf41cdce3b - rayon_core::registry::WorkerThread::wait_until::h90b42772c4234c1e
[INFO] [stdout]                                at /opt/rustwide/cargo-home/registry/src/index.crates.io-6f17d22bba15001f/rayon-core-1.12.1/src/registry.rs:769:13
[INFO] [stdout]   41:     0x63bf41cdd215 - rayon_core::registry::WorkerThread::wait_until_out_of_work::h57ce655b9e10ec37
[INFO] [stdout]                                at /opt/rustwide/cargo-home/registry/src/index.crates.io-6f17d22bba15001f/rayon-core-1.12.1/src/registry.rs:818:9
[INFO] [stdout]   42:     0x63bf41cdd71f - rayon_core::registry::main_loop::h83576113d0dacc06
[INFO] [stdout]                                at /opt/rustwide/cargo-home/registry/src/index.crates.io-6f17d22bba15001f/rayon-core-1.12.1/src/registry.rs:923:5
[INFO] [stdout]   43:     0x63bf41cda4b6 - rayon_core::registry::ThreadBuilder::run::h55c88fd676f5183d
[INFO] [stdout]                                at /opt/rustwide/cargo-home/registry/src/index.crates.io-6f17d22bba15001f/rayon-core-1.12.1/src/registry.rs:53:18
[INFO] [stdout]   44:     0x63bf41cda93d - <rayon_core::registry::DefaultSpawn as rayon_core::registry::ThreadSpawn>::spawn::{{closure}}::h2e41e925145ec22e
[INFO] [stdout]                                at /opt/rustwide/cargo-home/registry/src/index.crates.io-6f17d22bba15001f/rayon-core-1.12.1/src/registry.rs:98:20
[INFO] [stdout]   45:     0x63bf41ce5db6 - std::sys::backtrace::__rust_begin_short_backtrace::hb60c0de9539c3f42
[INFO] [stdout]                                at /rustc/df4ca44d3fbc9301ee17f30f4d474e6ae4b05252/library/std/src/sys/backtrace.rs:154:18
[INFO] [stdout]   46:     0x63bf41cf312d - std::thread::Builder::spawn_unchecked_::{{closure}}::{{closure}}::hdd3bd7b2c47497d2
[INFO] [stdout]                                at /rustc/df4ca44d3fbc9301ee17f30f4d474e6ae4b05252/library/std/src/thread/mod.rs:541:17
[INFO] [stdout]   47:     0x63bf41cf1701 - <core::panic::unwind_safe::AssertUnwindSafe<F> as core::ops::function::FnOnce<()>>::call_once::h8546041a7bf2bc4b
[INFO] [stdout]                                at /rustc/df4ca44d3fbc9301ee17f30f4d474e6ae4b05252/library/core/src/panic/unwind_safe.rs:272:9
[INFO] [stdout]   48:     0x63bf41cec6c1 - std::panicking::try::do_call::hbf078f0f0ff9b990
[INFO] [stdout]                                at /rustc/df4ca44d3fbc9301ee17f30f4d474e6ae4b05252/library/std/src/panicking.rs:557:40
[INFO] [stdout]   49:     0x63bf41cf458b - __rust_try
[INFO] [stdout]   50:     0x63bf41cf2d99 - std::panicking::try::hed97749e9f80a103
[INFO] [stdout]                                at /rustc/df4ca44d3fbc9301ee17f30f4d474e6ae4b05252/library/std/src/panicking.rs:520:19
[INFO] [stdout]   51:     0x63bf41cf2d99 - std::panic::catch_unwind::hdc3526a50b8e2c7f
[INFO] [stdout]                                at /rustc/df4ca44d3fbc9301ee17f30f4d474e6ae4b05252/library/std/src/panic.rs:358:14
[INFO] [stdout]   52:     0x63bf41cf2d99 - std::thread::Builder::spawn_unchecked_::{{closure}}::h6bcd2120a32bd118
[INFO] [stdout]                                at /rustc/df4ca44d3fbc9301ee17f30f4d474e6ae4b05252/library/std/src/thread/mod.rs:540:30
[INFO] [stdout]   53:     0x63bf41ce0d5f - core::ops::function::FnOnce::call_once{{vtable.shim}}::heb3940d142044bd9
[INFO] [stdout]                                at /rustc/df4ca44d3fbc9301ee17f30f4d474e6ae4b05252/library/core/src/ops/function.rs:250:5
[INFO] [stdout]   54:     0x63bf4201104b - <alloc::boxed::Box<F,A> as core::ops::function::FnOnce<Args>>::call_once::h69aa08ddb6adb8b6
[INFO] [stdout]                                at /rustc/df4ca44d3fbc9301ee17f30f4d474e6ae4b05252/library/alloc/src/boxed.rs:2454:9
[INFO] [stdout]   55:     0x63bf4201104b - <alloc::boxed::Box<F,A> as core::ops::function::FnOnce<Args>>::call_once::h5aa36efdb79c806f
[INFO] [stdout]                                at /rustc/df4ca44d3fbc9301ee17f30f4d474e6ae4b05252/library/alloc/src/boxed.rs:2454:9
[INFO] [stdout]   56:     0x63bf4201104b - std::sys::pal::unix::thread::Thread::new::thread_start::h6cd80a1b4be5158d
[INFO] [stdout]                                at /rustc/df4ca44d3fbc9301ee17f30f4d474e6ae4b05252/library/std/src/sys/pal/unix/thread.rs:105:17
[INFO] [stdout]   57:     0x712dfd5e0ac3 - <unknown>
[INFO] [stdout]   58:     0x712dfd671a04 - clone
[INFO] [stdout]   59:                0x0 - <unknown>
[INFO] [stdout] thread '<unnamed>' panicked at src/runner.rs:120:37:
[INFO] [stdout] Mutant run failed for  *  replaced by  /  in file /tmp/.tmpxcTvAs/dir1/dir1_1/script2.py on line 6
[INFO] [stdout] stack backtrace:
[INFO] [stdout]    0:     0x63bf42009bea - std::backtrace_rs::backtrace::libunwind::trace::h207520d6e9873551
[INFO] [stdout]                                at /rustc/df4ca44d3fbc9301ee17f30f4d474e6ae4b05252/library/std/src/../../backtrace/src/backtrace/libunwind.rs:116:5
[INFO] [stdout]    1:     0x63bf42009bea - std::backtrace_rs::backtrace::trace_unsynchronized::h2ed7433f370e3eca
[INFO] [stdout]                                at /rustc/df4ca44d3fbc9301ee17f30f4d474e6ae4b05252/library/std/src/../../backtrace/src/backtrace/mod.rs:66:5
[INFO] [stdout]    2:     0x63bf42009bea - std::sys::backtrace::_print_fmt::h916fac51166b18d7
[INFO] [stdout]                                at /rustc/df4ca44d3fbc9301ee17f30f4d474e6ae4b05252/library/std/src/sys/backtrace.rs:66:9
[INFO] [stdout]    3:     0x63bf42009bea - <std::sys::backtrace::BacktraceLock::print::DisplayBacktrace as core::fmt::Display>::fmt::ha0a4c9b8ce3802e6
[INFO] [stdout]                                at /rustc/df4ca44d3fbc9301ee17f30f4d474e6ae4b05252/library/std/src/sys/backtrace.rs:39:26
[INFO] [stdout]    4:     0x63bf420336e3 - core::fmt::rt::Argument::fmt::h4cfc8587d52b3eb5
[INFO] [stdout]                                at /rustc/df4ca44d3fbc9301ee17f30f4d474e6ae4b05252/library/core/src/fmt/rt.rs:177:76
[INFO] [stdout]    5:     0x63bf420336e3 - core::fmt::write::h522cc39e5b36ae9f
[INFO] [stdout]                                at /rustc/df4ca44d3fbc9301ee17f30f4d474e6ae4b05252/library/core/src/fmt/mod.rs:1190:21
[INFO] [stdout]    6:     0x63bf42006233 - std::io::Write::write_fmt::h7d3c26752da97734
[INFO] [stdout]                                at /rustc/df4ca44d3fbc9301ee17f30f4d474e6ae4b05252/library/std/src/io/mod.rs:1839:15
[INFO] [stdout]    7:     0x63bf42009a32 - std::sys::backtrace::BacktraceLock::print::h4b9e00b29e9c0942
[INFO] [stdout]                                at /rustc/df4ca44d3fbc9301ee17f30f4d474e6ae4b05252/library/std/src/sys/backtrace.rs:42:9
[INFO] [stdout]    8:     0x63bf4200b07a - std::panicking::default_hook::{{closure}}::hb59b88280d0324d9
[INFO] [stdout]                                at /rustc/df4ca44d3fbc9301ee17f30f4d474e6ae4b05252/library/std/src/panicking.rs:268:22
[INFO] [stdout]    9:     0x63bf4200ae84 - std::panicking::default_hook::he1dd496665be4a29
[INFO] [stdout]                                at /rustc/df4ca44d3fbc9301ee17f30f4d474e6ae4b05252/library/std/src/panicking.rs:292:9
[INFO] [stdout]   10:     0x63bf41c9dcb9 - <alloc::boxed::Box<F,A> as core::ops::function::Fn<Args>>::call::h4ff71de18744e1dc
[INFO] [stdout]                                at /rustc/df4ca44d3fbc9301ee17f30f4d474e6ae4b05252/library/alloc/src/boxed.rs:2468:9
[INFO] [stdout]   11:     0x63bf41c9dcb9 - test::test_main::{{closure}}::hcf7c055ce117aa81
[INFO] [stdout]                                at /rustc/df4ca44d3fbc9301ee17f30f4d474e6ae4b05252/library/test/src/lib.rs:133:21
[INFO] [stdout]   12:     0x63bf4200b778 - <alloc::boxed::Box<F,A> as core::ops::function::Fn<Args>>::call::h1d66c6bbd60c9692
[INFO] [stdout]                                at /rustc/df4ca44d3fbc9301ee17f30f4d474e6ae4b05252/library/alloc/src/boxed.rs:2468:9
[INFO] [stdout]   13:     0x63bf4200b778 - std::panicking::rust_panic_with_hook::h2ff17fe8f26dfcf8
[INFO] [stdout]                                at /rustc/df4ca44d3fbc9301ee17f30f4d474e6ae4b05252/library/std/src/panicking.rs:809:13
[INFO] [stdout]   14:     0x63bf4200b53a - std::panicking::begin_panic_handler::{{closure}}::h4fad77951c07e101
[INFO] [stdout]                                at /rustc/df4ca44d3fbc9301ee17f30f4d474e6ae4b05252/library/std/src/panicking.rs:674:13
[INFO] [stdout]   15:     0x63bf4200a0c9 - std::sys::backtrace::__rust_end_short_backtrace::hb1a25b3da5d0ea08
[INFO] [stdout]                                at /rustc/df4ca44d3fbc9301ee17f30f4d474e6ae4b05252/library/std/src/sys/backtrace.rs:170:18
[INFO] [stdout]   16:     0x63bf4200b1cc - rust_begin_unwind
[INFO] [stdout]                                at /rustc/df4ca44d3fbc9301ee17f30f4d474e6ae4b05252/library/std/src/panicking.rs:665:5
[INFO] [stdout]   17:     0x63bf420313a0 - core::panicking::panic_fmt::ha9db07b529f9b256
[INFO] [stdout]                                at /rustc/df4ca44d3fbc9301ee17f30f4d474e6ae4b05252/library/core/src/panicking.rs:75:14
[INFO] [stdout]   18:     0x63bf41c52ba4 - pymute::runner::run_mutants::{{closure}}::{{closure}}::h77bf21344cce6f40
[INFO] [stdout]                                at /opt/rustwide/workdir/src/runner.rs:120:37
[INFO] [stdout]   19:     0x63bf41c47041 - core::result::Result<T,E>::unwrap_or_else::hb4217378bdf85c45
[INFO] [stdout]                                at /rustc/df4ca44d3fbc9301ee17f30f4d474e6ae4b05252/library/core/src/result.rs:1457:23
[INFO] [stdout]   20:     0x63bf41c52613 - pymute::runner::run_mutants::{{closure}}::hcd9f37d00b2203dc
[INFO] [stdout]                                at /opt/rustwide/workdir/src/runner.rs:119:26
[INFO] [stdout]   21:     0x63bf41c4ea58 - <rayon::iter::for_each::ForEachConsumer<F> as rayon::iter::plumbing::Folder<T>>::consume::hf0098b4009095e99
[INFO] [stdout]                                at /opt/rustwide/cargo-home/registry/src/index.crates.io-6f17d22bba15001f/rayon-1.10.0/src/iter/for_each.rs:47:9
[INFO] [stdout]   22:     0x63bf41c44d39 - <indicatif::rayon::ProgressFolder<C> as rayon::iter::plumbing::Folder<T>>::consume::h03aea11db6c83cc7
[INFO] [stdout]                                at /opt/rustwide/cargo-home/registry/src/index.crates.io-6f17d22bba15001f/indicatif-0.17.8/src/rayon.rs:186:19
[INFO] [stdout]   23:     0x63bf41c48ca0 - rayon::iter::plumbing::Folder::consume_iter::h9e1fd97e3f70c894
[INFO] [stdout]                                at /opt/rustwide/cargo-home/registry/src/index.crates.io-6f17d22bba15001f/rayon-1.10.0/src/iter/plumbing/mod.rs:178:20
[INFO] [stdout]   24:     0x63bf41c59363 - rayon::iter::plumbing::Producer::fold_with::hd38c3b6f0b42920c
[INFO] [stdout]                                at /opt/rustwide/cargo-home/registry/src/index.crates.io-6f17d22bba15001f/rayon-1.10.0/src/iter/plumbing/mod.rs:109:9
[INFO] [stdout]   25:     0x63bf41c4857a - rayon::iter::plumbing::bridge_producer_consumer::helper::h081a3687d63bf8b0
[INFO] [stdout]                                at /opt/rustwide/cargo-home/registry/src/index.crates.io-6f17d22bba15001f/rayon-1.10.0/src/iter/plumbing/mod.rs:437:13
[INFO] [stdout]   26:     0x63bf41c48a43 - rayon::iter::plumbing::bridge_producer_consumer::helper::{{closure}}::h5e461c1933e7811e
[INFO] [stdout]                                at /opt/rustwide/cargo-home/registry/src/index.crates.io-6f17d22bba15001f/rayon-1.10.0/src/iter/plumbing/mod.rs:426:21
[INFO] [stdout]   27:     0x63bf41c4f2e9 - rayon_core::join::join_context::call_b::{{closure}}::h141d0a345dd71a3b
[INFO] [stdout]                                at /opt/rustwide/cargo-home/registry/src/index.crates.io-6f17d22bba15001f/rayon-core-1.12.1/src/join/mod.rs:129:25
[INFO] [stdout]   28:     0x63bf41c59af1 - rayon_core::job::JobResult<T>::call::{{closure}}::h80f3827b5b4d9fac
[INFO] [stdout]                                at /opt/rustwide/cargo-home/registry/src/index.crates.io-6f17d22bba15001f/rayon-core-1.12.1/src/job.rs:218:41
[INFO] [stdout]   29:     0x63bf41c4ffb0 - <core::panic::unwind_safe::AssertUnwindSafe<F> as core::ops::function::FnOnce<()>>::call_once::h81262d0a825088f4
[INFO] [stdout]                                at /rustc/df4ca44d3fbc9301ee17f30f4d474e6ae4b05252/library/core/src/panic/unwind_safe.rs:272:9
[INFO] [stdout]   30:     0x63bf41c61d74 - std::panicking::try::do_call::h3a5a91736450f7e4
[INFO] [stdout]                                at /rustc/df4ca44d3fbc9301ee17f30f4d474e6ae4b05252/library/std/src/panicking.rs:557:40
[INFO] [stdout]   31:     0x63bf41c596fb - __rust_try
[INFO] [stdout]   32:     0x63bf41c55de2 - std::panicking::try::h13dd93df5ce3a138
[INFO] [stdout]                                at /rustc/df4ca44d3fbc9301ee17f30f4d474e6ae4b05252/library/std/src/panicking.rs:520:19
[INFO] [stdout]   33:     0x63bf41c55de2 - std::panic::catch_unwind::h85ecefc78707e5c2
[INFO] [stdout]                                at /rustc/df4ca44d3fbc9301ee17f30f4d474e6ae4b05252/library/std/src/panic.rs:358:14
[INFO] [stdout]   34:     0x63bf41c5a487 - rayon_core::unwind::halt_unwinding::h08ae110a5ab10667
[INFO] [stdout]                                at /opt/rustwide/cargo-home/registry/src/index.crates.io-6f17d22bba15001f/rayon-core-1.12.1/src/unwind.rs:17:5
[INFO] [stdout]   35:     0x63bf41c598ea - rayon_core::job::JobResult<T>::call::h7c466921cc9e8b5f
[INFO] [stdout]                                at /opt/rustwide/cargo-home/registry/src/index.crates.io-6f17d22bba15001f/rayon-core-1.12.1/src/job.rs:218:15
[INFO] [stdout]   36:     0x63bf41c5bd54 - <rayon_core::job::StackJob<L,F,R> as rayon_core::job::Job>::execute::h8fa26a17ec76b7bb
[INFO] [stdout]                                at /opt/rustwide/cargo-home/registry/src/index.crates.io-6f17d22bba15001f/rayon-core-1.12.1/src/job.rs:120:32
[INFO] [stdout]   37:     0x63bf41ceb2fb - rayon_core::job::JobRef::execute::hc000f5066aab16fe
[INFO] [stdout]                                at /opt/rustwide/cargo-home/registry/src/index.crates.io-6f17d22bba15001f/rayon-core-1.12.1/src/job.rs:64:9
[INFO] [stdout]   38:     0x63bf41cdd340 - rayon_core::registry::WorkerThread::execute::h55de9f657d8e8e84
[INFO] [stdout]                                at /opt/rustwide/cargo-home/registry/src/index.crates.io-6f17d22bba15001f/rayon-core-1.12.1/src/registry.rs:860:9
[INFO] [stdout]   39:     0x63bf41cdd09c - rayon_core::registry::WorkerThread::wait_until_cold::h37d381fba8d783ec
[INFO] [stdout]                                at /opt/rustwide/cargo-home/registry/src/index.crates.io-6f17d22bba15001f/rayon-core-1.12.1/src/registry.rs:794:21
[INFO] [stdout]   40:     0x63bf41cdce3b - rayon_core::registry::WorkerThread::wait_until::h90b42772c4234c1e
[INFO] [stdout]                                at /opt/rustwide/cargo-home/registry/src/index.crates.io-6f17d22bba15001f/rayon-core-1.12.1/src/registry.rs:769:13
[INFO] [stdout]   41:     0x63bf41cdd215 - rayon_core::registry::WorkerThread::wait_until_out_of_work::h57ce655b9e10ec37
[INFO] [stdout]                                at /opt/rustwide/cargo-home/registry/src/index.crates.io-6f17d22bba15001f/rayon-core-1.12.1/src/registry.rs:818:9
[INFO] [stdout]   42:     0x63bf41cdd71f - rayon_core::registry::main_loop::h83576113d0dacc06
[INFO] [stdout]                                at /opt/rustwide/cargo-home/registry/src/index.crates.io-6f17d22bba15001f/rayon-core-1.12.1/src/registry.rs:923:5
[INFO] [stdout]   43:     0x63bf41cda4b6 - rayon_core::registry::ThreadBuilder::run::h55c88fd676f5183d
[INFO] [stdout]                                at /opt/rustwide/cargo-home/registry/src/index.crates.io-6f17d22bba15001f/rayon-core-1.12.1/src/registry.rs:53:18
[INFO] [stdout]   44:     0x63bf41cda93d - <rayon_core::registry::DefaultSpawn as rayon_core::registry::ThreadSpawn>::spawn::{{closure}}::h2e41e925145ec22e
[INFO] [stdout]                                at /opt/rustwide/cargo-home/registry/src/index.crates.io-6f17d22bba15001f/rayon-core-1.12.1/src/registry.rs:98:20
[INFO] [stdout]   45:     0x63bf41ce5db6 - std::sys::backtrace::__rust_begin_short_backtrace::hb60c0de9539c3f42
[INFO] [stdout]                                at /rustc/df4ca44d3fbc9301ee17f30f4d474e6ae4b05252/library/std/src/sys/backtrace.rs:154:18
[INFO] [stdout]   46:     0x63bf41cf312d - std::thread::Builder::spawn_unchecked_::{{closure}}::{{closure}}::hdd3bd7b2c47497d2
[INFO] [stdout]                                at /rustc/df4ca44d3fbc9301ee17f30f4d474e6ae4b05252/library/std/src/thread/mod.rs:541:17
[INFO] [stdout]   47:     0x63bf41cf1701 - <core::panic::unwind_safe::AssertUnwindSafe<F> as core::ops::function::FnOnce<()>>::call_once::h8546041a7bf2bc4b
[INFO] [stdout]                                at /rustc/df4ca44d3fbc9301ee17f30f4d474e6ae4b05252/library/core/src/panic/unwind_safe.rs:272:9
[INFO] [stdout]   48:     0x63bf41cec6c1 - std::panicking::try::do_call::hbf078f0f0ff9b990
[INFO] [stdout]                                at /rustc/df4ca44d3fbc9301ee17f30f4d474e6ae4b05252/library/std/src/panicking.rs:557:40
[INFO] [stdout]   49:     0x63bf41cf458b - __rust_try
[INFO] [stdout]   50:     0x63bf41cf2d99 - std::panicking::try::hed97749e9f80a103
[INFO] [stdout]                                at /rustc/df4ca44d3fbc9301ee17f30f4d474e6ae4b05252/library/std/src/panicking.rs:520:19
[INFO] [stdout]   51:     0x63bf41cf2d99 - std::panic::catch_unwind::hdc3526a50b8e2c7f
[INFO] [stdout]                                at /rustc/df4ca44d3fbc9301ee17f30f4d474e6ae4b05252/library/std/src/panic.rs:358:14
[INFO] [stdout]   52:     0x63bf41cf2d99 - std::thread::Builder::spawn_unchecked_::{{closure}}::h6bcd2120a32bd118
[INFO] [stdout]                                at /rustc/df4ca44d3fbc9301ee17f30f4d474e6ae4b05252/library/std/src/thread/mod.rs:540:30
[INFO] [stdout]   53:     0x63bf41ce0d5f - core::ops::function::FnOnce::call_once{{vtable.shim}}::heb3940d142044bd9
[INFO] [stdout]                                at /rustc/df4ca44d3fbc9301ee17f30f4d474e6ae4b05252/library/core/src/ops/function.rs:250:5
[INFO] [stdout]   54:     0x63bf4201104b - <alloc::boxed::Box<F,A> as core::ops::function::FnOnce<Args>>::call_once::h69aa08ddb6adb8b6
[INFO] [stdout]                                at /rustc/df4ca44d3fbc9301ee17f30f4d474e6ae4b05252/library/alloc/src/boxed.rs:2454:9
[INFO] [stdout]   55:     0x63bf4201104b - <alloc::boxed::Box<F,A> as core::ops::function::FnOnce<Args>>::call_once::h5aa36efdb79c806f
[INFO] [stdout]                                at /rustc/df4ca44d3fbc9301ee17f30f4d474e6ae4b05252/library/alloc/src/boxed.rs:2454:9
[INFO] [stdout]   56:     0x63bf4201104b - std::sys::pal::unix::thread::Thread::new::thread_start::h6cd80a1b4be5158d
[INFO] [stdout]                                at /rustc/df4ca44d3fbc9301ee17f30f4d474e6ae4b05252/library/std/src/sys/pal/unix/thread.rs:105:17
[INFO] [stdout]   57:     0x712dfd5e0ac3 - <unknown>
[INFO] [stdout]   58:     0x712dfd671a04 - clone
[INFO] [stdout]   59:                0x0 - <unknown>
[INFO] [stdout] thread '<unnamed>' panicked at src/runner.rs:120:37:
[INFO] [stdout] Mutant run failed for  /  replaced by  *  in file /tmp/.tmpxcTvAs/dir1/dir1_1/script2.py on line 2
[INFO] [stdout] stack backtrace:
[INFO] [stdout]    0:     0x63bf42009bea - std::backtrace_rs::backtrace::libunwind::trace::h207520d6e9873551
[INFO] [stdout]                                at /rustc/df4ca44d3fbc9301ee17f30f4d474e6ae4b05252/library/std/src/../../backtrace/src/backtrace/libunwind.rs:116:5
[INFO] [stdout]    1:     0x63bf42009bea - std::backtrace_rs::backtrace::trace_unsynchronized::h2ed7433f370e3eca
[INFO] [stdout]                                at /rustc/df4ca44d3fbc9301ee17f30f4d474e6ae4b05252/library/std/src/../../backtrace/src/backtrace/mod.rs:66:5
[INFO] [stdout]    2:     0x63bf42009bea - std::sys::backtrace::_print_fmt::h916fac51166b18d7
[INFO] [stdout]                                at /rustc/df4ca44d3fbc9301ee17f30f4d474e6ae4b05252/library/std/src/sys/backtrace.rs:66:9
[INFO] [stdout]    3:     0x63bf42009bea - <std::sys::backtrace::BacktraceLock::print::DisplayBacktrace as core::fmt::Display>::fmt::ha0a4c9b8ce3802e6
[INFO] [stdout]                                at /rustc/df4ca44d3fbc9301ee17f30f4d474e6ae4b05252/library/std/src/sys/backtrace.rs:39:26
[INFO] [stdout]    4:     0x63bf420336e3 - core::fmt::rt::Argument::fmt::h4cfc8587d52b3eb5
[INFO] [stdout]                                at /rustc/df4ca44d3fbc9301ee17f30f4d474e6ae4b05252/library/core/src/fmt/rt.rs:177:76
[INFO] [stdout]    5:     0x63bf420336e3 - core::fmt::write::h522cc39e5b36ae9f
[INFO] [stdout]                                at /rustc/df4ca44d3fbc9301ee17f30f4d474e6ae4b05252/library/core/src/fmt/mod.rs:1190:21
[INFO] [stdout]    6:     0x63bf42006233 - std::io::Write::write_fmt::h7d3c26752da97734
[INFO] [stdout]                                at /rustc/df4ca44d3fbc9301ee17f30f4d474e6ae4b05252/library/std/src/io/mod.rs:1839:15
[INFO] [stdout]    7:     0x63bf42009a32 - std::sys::backtrace::BacktraceLock::print::h4b9e00b29e9c0942
[INFO] [stdout]                                at /rustc/df4ca44d3fbc9301ee17f30f4d474e6ae4b05252/library/std/src/sys/backtrace.rs:42:9
[INFO] [stdout]    8:     0x63bf4200b07a - std::panicking::default_hook::{{closure}}::hb59b88280d0324d9
[INFO] [stdout]                                at /rustc/df4ca44d3fbc9301ee17f30f4d474e6ae4b05252/library/std/src/panicking.rs:268:22
[INFO] [stdout]    9:     0x63bf4200ae84 - std::panicking::default_hook::he1dd496665be4a29
[INFO] [stdout]                                at /rustc/df4ca44d3fbc9301ee17f30f4d474e6ae4b05252/library/std/src/panicking.rs:292:9
[INFO] [stdout]   10:     0x63bf41c9dcb9 - <alloc::boxed::Box<F,A> as core::ops::function::Fn<Args>>::call::h4ff71de18744e1dc
[INFO] [stdout]                                at /rustc/df4ca44d3fbc9301ee17f30f4d474e6ae4b05252/library/alloc/src/boxed.rs:2468:9
[INFO] [stdout]   11:     0x63bf41c9dcb9 - test::test_main::{{closure}}::hcf7c055ce117aa81
[INFO] [stdout]                                at /rustc/df4ca44d3fbc9301ee17f30f4d474e6ae4b05252/library/test/src/lib.rs:133:21
[INFO] [stdout]   12:     0x63bf4200b778 - <alloc::boxed::Box<F,A> as core::ops::function::Fn<Args>>::call::h1d66c6bbd60c9692
[INFO] [stdout]                                at /rustc/df4ca44d3fbc9301ee17f30f4d474e6ae4b05252/library/alloc/src/boxed.rs:2468:9
[INFO] [stdout]   13:     0x63bf4200b778 - std::panicking::rust_panic_with_hook::h2ff17fe8f26dfcf8
[INFO] [stdout]                                at /rustc/df4ca44d3fbc9301ee17f30f4d474e6ae4b05252/library/std/src/panicking.rs:809:13
[INFO] [stdout]   14:     0x63bf4200b53a - std::panicking::begin_panic_handler::{{closure}}::h4fad77951c07e101
[INFO] [stdout]                                at /rustc/df4ca44d3fbc9301ee17f30f4d474e6ae4b05252/library/std/src/panicking.rs:674:13
[INFO] [stdout]   15:     0x63bf4200a0c9 - std::sys::backtrace::__rust_end_short_backtrace::hb1a25b3da5d0ea08
[INFO] [stdout]                                at /rustc/df4ca44d3fbc9301ee17f30f4d474e6ae4b05252/library/std/src/sys/backtrace.rs:170:18
[INFO] [stdout]   16:     0x63bf4200b1cc - rust_begin_unwind
[INFO] [stdout]                                at /rustc/df4ca44d3fbc9301ee17f30f4d474e6ae4b05252/library/std/src/panicking.rs:665:5
[INFO] [stdout]   17:     0x63bf420313a0 - core::panicking::panic_fmt::ha9db07b529f9b256
[INFO] [stdout]                                at /rustc/df4ca44d3fbc9301ee17f30f4d474e6ae4b05252/library/core/src/panicking.rs:75:14
[INFO] [stdout]   18:     0x63bf41c52ba4 - pymute::runner::run_mutants::{{closure}}::{{closure}}::h77bf21344cce6f40
[INFO] [stdout]                                at /opt/rustwide/workdir/src/runner.rs:120:37
[INFO] [stdout]   19:     0x63bf41c47041 - core::result::Result<T,E>::unwrap_or_else::hb4217378bdf85c45
[INFO] [stdout]                                at /rustc/df4ca44d3fbc9301ee17f30f4d474e6ae4b05252/library/core/src/result.rs:1457:23
[INFO] [stdout]   20:     0x63bf41c52613 - pymute::runner::run_mutants::{{closure}}::hcd9f37d00b2203dc
[INFO] [stdout]                                at /opt/rustwide/workdir/src/runner.rs:119:26
[INFO] [stdout]   21:     0x63bf41c4ea58 - <rayon::iter::for_each::ForEachConsumer<F> as rayon::iter::plumbing::Folder<T>>::consume::hf0098b4009095e99
[INFO] [stdout]                                at /opt/rustwide/cargo-home/registry/src/index.crates.io-6f17d22bba15001f/rayon-1.10.0/src/iter/for_each.rs:47:9
[INFO] [stdout]   22:     0x63bf41c44d39 - <indicatif::rayon::ProgressFolder<C> as rayon::iter::plumbing::Folder<T>>::consume::h03aea11db6c83cc7
[INFO] [stdout]                                at /opt/rustwide/cargo-home/registry/src/index.crates.io-6f17d22bba15001f/indicatif-0.17.8/src/rayon.rs:186:19
[INFO] [stdout]   23:     0x63bf41c48ca0 - rayon::iter::plumbing::Folder::consume_iter::h9e1fd97e3f70c894
[INFO] [stdout]                                at /opt/rustwide/cargo-home/registry/src/index.crates.io-6f17d22bba15001f/rayon-1.10.0/src/iter/plumbing/mod.rs:178:20
[INFO] [stdout]   24:     0x63bf41c59363 - rayon::iter::plumbing::Producer::fold_with::hd38c3b6f0b42920c
[INFO] [stdout]                                at /opt/rustwide/cargo-home/registry/src/index.crates.io-6f17d22bba15001f/rayon-1.10.0/src/iter/plumbing/mod.rs:109:9
[INFO] [stdout]   25:     0x63bf41c4857a - rayon::iter::plumbing::bridge_producer_consumer::helper::h081a3687d63bf8b0
[INFO] [stdout]                                at /opt/rustwide/cargo-home/registry/src/index.crates.io-6f17d22bba15001f/rayon-1.10.0/src/iter/plumbing/mod.rs:437:13
[INFO] [stdout]   26:     0x63bf41c48b2d - rayon::iter::plumbing::bridge_producer_consumer::helper::{{closure}}::hd34ffa2ddcb0c4e0
[INFO] [stdout]                                at /opt/rustwide/cargo-home/registry/src/index.crates.io-6f17d22bba15001f/rayon-1.10.0/src/iter/plumbing/mod.rs:417:21
[INFO] [stdout]   27:     0x63bf41c4f215 - rayon_core::join::join_context::call_a::{{closure}}::h575444b7afa865ce
[INFO] [stdout]                                at /opt/rustwide/cargo-home/registry/src/index.crates.io-6f17d22bba15001f/rayon-core-1.12.1/src/join/mod.rs:124:17
[INFO] [stdout]   28:     0x63bf41c50010 - <core::panic::unwind_safe::AssertUnwindSafe<F> as core::ops::function::FnOnce<()>>::call_once::hab8c133d3a0e7baf
[INFO] [stdout]                                at /rustc/df4ca44d3fbc9301ee17f30f4d474e6ae4b05252/library/core/src/panic/unwind_safe.rs:272:9
[INFO] [stdout]   29:     0x63bf41c61e54 - std::panicking::try::do_call::he28e20a71dfa641c
[INFO] [stdout]                                at /rustc/df4ca44d3fbc9301ee17f30f4d474e6ae4b05252/library/std/src/panicking.rs:557:40
[INFO] [stdout]   30:     0x63bf41c596fb - __rust_try
[INFO] [stdout]   31:     0x63bf41c55e92 - std::panicking::try::hbcf9705a5a3e4072
[INFO] [stdout]                                at /rustc/df4ca44d3fbc9301ee17f30f4d474e6ae4b05252/library/std/src/panicking.rs:520:19
[INFO] [stdout]   32:     0x63bf41c55e92 - std::panic::catch_unwind::h9550aef93e032013
[INFO] [stdout]                                at /rustc/df4ca44d3fbc9301ee17f30f4d474e6ae4b05252/library/std/src/panic.rs:358:14
[INFO] [stdout]   33:     0x63bf41c5a547 - rayon_core::unwind::halt_unwinding::h6274f98923c6999e
[INFO] [stdout]                                at /opt/rustwide/cargo-home/registry/src/index.crates.io-6f17d22bba15001f/rayon-core-1.12.1/src/unwind.rs:17:5
[INFO] [stdout]   34:     0x63bf41c4ed74 - rayon_core::join::join_context::{{closure}}::he64ec35d33327e0d
[INFO] [stdout]                                at /opt/rustwide/cargo-home/registry/src/index.crates.io-6f17d22bba15001f/rayon-core-1.12.1/src/join/mod.rs:142:24
[INFO] [stdout]   35:     0x63bf41c4fedd - rayon_core::registry::in_worker::hd068baa59cb21c56
[INFO] [stdout]                                at /opt/rustwide/cargo-home/registry/src/index.crates.io-6f17d22bba15001f/rayon-core-1.12.1/src/registry.rs:951:13
[INFO] [stdout]   36:     0x63bf41c4eb0d - rayon_core::join::join_context::hb811963e677e5695
[INFO] [stdout]                                at /opt/rustwide/cargo-home/registry/src/index.crates.io-6f17d22bba15001f/rayon-core-1.12.1/src/join/mod.rs:132:5
[INFO] [stdout]   37:     0x63bf41c487f1 - rayon::iter::plumbing::bridge_producer_consumer::helper::h081a3687d63bf8b0
[INFO] [stdout]                                at /opt/rustwide/cargo-home/registry/src/index.crates.io-6f17d22bba15001f/rayon-1.10.0/src/iter/plumbing/mod.rs:415:47
[INFO] [stdout]   38:     0x63bf41c48a43 - rayon::iter::plumbing::bridge_producer_consumer::helper::{{closure}}::h5e461c1933e7811e
[INFO] [stdout]                                at /opt/rustwide/cargo-home/registry/src/index.crates.io-6f17d22bba15001f/rayon-1.10.0/src/iter/plumbing/mod.rs:426:21
[INFO] [stdout]   39:     0x63bf41c4f2e9 - rayon_core::join::join_context::call_b::{{closure}}::h141d0a345dd71a3b
[INFO] [stdout]                                at /opt/rustwide/cargo-home/registry/src/index.crates.io-6f17d22bba15001f/rayon-core-1.12.1/src/join/mod.rs:129:25
[INFO] [stdout]   40:     0x63bf41c59af1 - rayon_core::job::JobResult<T>::call::{{closure}}::h80f3827b5b4d9fac
[INFO] [stdout]                                at /opt/rustwide/cargo-home/registry/src/index.crates.io-6f17d22bba15001f/rayon-core-1.12.1/src/job.rs:218:41
[INFO] [stdout]   41:     0x63bf41c4ffb0 - <core::panic::unwind_safe::AssertUnwindSafe<F> as core::ops::function::FnOnce<()>>::call_once::h81262d0a825088f4
[INFO] [stdout]                                at /rustc/df4ca44d3fbc9301ee17f30f4d474e6ae4b05252/library/core/src/panic/unwind_safe.rs:272:9
[INFO] [stdout]   42:     0x63bf41c61d74 - std::panicking::try::do_call::h3a5a91736450f7e4
[INFO] [stdout]                                at /rustc/df4ca44d3fbc9301ee17f30f4d474e6ae4b05252/library/std/src/panicking.rs:557:40
[INFO] [stdout]   43:     0x63bf41c596fb - __rust_try
[INFO] [stdout]   44:     0x63bf41c55de2 - std::panicking::try::h13dd93df5ce3a138
[INFO] [stdout]                                at /rustc/df4ca44d3fbc9301ee17f30f4d474e6ae4b05252/library/std/src/panicking.rs:520:19
[INFO] [stdout]   45:     0x63bf41c55de2 - std::panic::catch_unwind::h85ecefc78707e5c2
[INFO] [stdout]                                at /rustc/df4ca44d3fbc9301ee17f30f4d474e6ae4b05252/library/std/src/panic.rs:358:14
[INFO] [stdout]   46:     0x63bf41c5a487 - rayon_core::unwind::halt_unwinding::h08ae110a5ab10667
[INFO] [stdout]                                at /opt/rustwide/cargo-home/registry/src/index.crates.io-6f17d22bba15001f/rayon-core-1.12.1/src/unwind.rs:17:5
[INFO] [stdout]   47:     0x63bf41c598ea - rayon_core::job::JobResult<T>::call::h7c466921cc9e8b5f
[INFO] [stdout]                                at /opt/rustwide/cargo-home/registry/src/index.crates.io-6f17d22bba15001f/rayon-core-1.12.1/src/job.rs:218:15
[INFO] [stdout]   48:     0x63bf41c5bd54 - <rayon_core::job::StackJob<L,F,R> as rayon_core::job::Job>::execute::h8fa26a17ec76b7bb
[INFO] [stdout]                                at /opt/rustwide/cargo-home/registry/src/index.crates.io-6f17d22bba15001f/rayon-core-1.12.1/src/job.rs:120:32
[INFO] [stdout]   49:     0x63bf41ceb2fb - rayon_core::job::JobRef::execute::hc000f5066aab16fe
[INFO] [stdout]                                at /opt/rustwide/cargo-home/registry/src/index.crates.io-6f17d22bba15001f/rayon-core-1.12.1/src/job.rs:64:9
[INFO] [stdout]   50:     0x63bf41cdd340 - rayon_core::registry::WorkerThread::execute::h55de9f657d8e8e84
[INFO] [stdout]                                at /opt/rustwide/cargo-home/registry/src/index.crates.io-6f17d22bba15001f/rayon-core-1.12.1/src/registry.rs:860:9
[INFO] [stdout]   51:     0x63bf41cdd09c - rayon_core::registry::WorkerThread::wait_until_cold::h37d381fba8d783ec
[INFO] [stdout]                                at /opt/rustwide/cargo-home/registry/src/index.crates.io-6f17d22bba15001f/rayon-core-1.12.1/src/registry.rs:794:21
[INFO] [stdout]   52:     0x63bf41cdce3b - rayon_core::registry::WorkerThread::wait_until::h90b42772c4234c1e
[INFO] [stdout]                                at /opt/rustwide/cargo-home/registry/src/index.crates.io-6f17d22bba15001f/rayon-core-1.12.1/src/registry.rs:769:13
[INFO] [stdout]   53:     0x63bf41cdd215 - rayon_core::registry::WorkerThread::wait_until_out_of_work::h57ce655b9e10ec37
[INFO] [stdout]                                at /opt/rustwide/cargo-home/registry/src/index.crates.io-6f17d22bba15001f/rayon-core-1.12.1/src/registry.rs:818:9
[INFO] [stdout]   54:     0x63bf41cdd71f - rayon_core::registry::main_loop::h83576113d0dacc06
[INFO] [stdout]                                at /opt/rustwide/cargo-home/registry/src/index.crates.io-6f17d22bba15001f/rayon-core-1.12.1/src/registry.rs:923:5
[INFO] [stdout]   55:     0x63bf41cda4b6 - rayon_core::registry::ThreadBuilder::run::h55c88fd676f5183d
[INFO] [stdout]                                at /opt/rustwide/cargo-home/registry/src/index.crates.io-6f17d22bba15001f/rayon-core-1.12.1/src/registry.rs:53:18
[INFO] [stdout]   56:     0x63bf41cda93d - <rayon_core::registry::DefaultSpawn as rayon_core::registry::ThreadSpawn>::spawn::{{closure}}::h2e41e925145ec22e
[INFO] [stdout]                                at /opt/rustwide/cargo-home/registry/src/index.crates.io-6f17d22bba15001f/rayon-core-1.12.1/src/registry.rs:98:20
[INFO] [stdout]   57:     0x63bf41ce5db6 - std::sys::backtrace::__rust_begin_short_backtrace::hb60c0de9539c3f42
[INFO] [stdout]                                at /rustc/df4ca44d3fbc9301ee17f30f4d474e6ae4b05252/library/std/src/sys/backtrace.rs:154:18
[INFO] [stdout]   58:     0x63bf41cf312d - std::thread::Builder::spawn_unchecked_::{{closure}}::{{closure}}::hdd3bd7b2c47497d2
[INFO] [stdout]                                at /rustc/df4ca44d3fbc9301ee17f30f4d474e6ae4b05252/library/std/src/thread/mod.rs:541:17
[INFO] [stdout]   59:     0x63bf41cf1701 - <core::panic::unwind_safe::AssertUnwindSafe<F> as core::ops::function::FnOnce<()>>::call_once::h8546041a7bf2bc4b
[INFO] [stdout]                                at /rustc/df4ca44d3fbc9301ee17f30f4d474e6ae4b05252/library/core/src/panic/unwind_safe.rs:272:9
[INFO] [stdout]   60:     0x63bf41cec6c1 - std::panicking::try::do_call::hbf078f0f0ff9b990
[INFO] [stdout]                                at /rustc/df4ca44d3fbc9301ee17f30f4d474e6ae4b05252/library/std/src/panicking.rs:557:40
[INFO] [stdout]   61:     0x63bf41cf458b - __rust_try
[INFO] [stdout]   62:     0x63bf41cf2d99 - std::panicking::try::hed97749e9f80a103
[INFO] [stdout]                                at /rustc/df4ca44d3fbc9301ee17f30f4d474e6ae4b05252/library/std/src/panicking.rs:520:19
[INFO] [stdout]   63:     0x63bf41cf2d99 - std::panic::catch_unwind::hdc3526a50b8e2c7f
[INFO] [stdout]                                at /rustc/df4ca44d3fbc9301ee17f30f4d474e6ae4b05252/library/std/src/panic.rs:358:14
[INFO] [stdout]   64:     0x63bf41cf2d99 - std::thread::Builder::spawn_unchecked_::{{closure}}::h6bcd2120a32bd118
[INFO] [stdout]                                at /rustc/df4ca44d3fbc9301ee17f30f4d474e6ae4b05252/library/std/src/thread/mod.rs:540:30
[INFO] [stdout]   65:     0x63bf41ce0d5f - core::ops::function::FnOnce::call_once{{vtable.shim}}::heb3940d142044bd9
[INFO] [stdout]                                at /rustc/df4ca44d3fbc9301ee17f30f4d474e6ae4b05252/library/core/src/ops/function.rs:250:5
[INFO] [stdout]   66:     0x63bf4201104b - <alloc::boxed::Box<F,A> as core::ops::function::FnOnce<Args>>::call_once::h69aa08ddb6adb8b6
[INFO] [stdout]                                at /rustc/df4ca44d3fbc9301ee17f30f4d474e6ae4b05252/library/alloc/src/boxed.rs:2454:9
[INFO] [stdout]   67:     0x63bf4201104b - <alloc::boxed::Box<F,A> as core::ops::function::FnOnce<Args>>::call_once::h5aa36efdb79c806f
[INFO] [stdout]                                at /rustc/df4ca44d3fbc9301ee17f30f4d474e6ae4b05252/library/alloc/src/boxed.rs:2454:9
[INFO] [stdout]   68:     0x63bf4201104b - std::sys::pal::unix::thread::Thread::new::thread_start::h6cd80a1b4be5158d
[INFO] [stdout]                                at /rustc/df4ca44d3fbc9301ee17f30f4d474e6ae4b05252/library/std/src/sys/pal/unix/thread.rs:105:17
[INFO] [stdout]   69:     0x712dfd5e0ac3 - <unknown>
[INFO] [stdout]   70:     0x712dfd671a04 - clone
[INFO] [stdout]   71:                0x0 - <unknown>
[INFO] [stdout] 
[INFO] [stdout] 
[INFO] [stdout] failures:
[INFO] [stdout]     runner::tests::test_pytest_mutants
[INFO] [stdout] 
[INFO] [stdout] test result: FAILED. 10 passed; 1 failed; 0 ignored; 0 measured; 0 filtered out; finished in 0.06s
[INFO] [stdout] 
[INFO] [stderr] error: test failed, to rerun pass `--lib`
[INFO] running `Command { std: "docker" "inspect" "0c386f64c68c75c472eaacb582bb219f86a828d876af9138517e953c0e74949d", kill_on_drop: false }`
[INFO] running `Command { std: "docker" "rm" "-f" "0c386f64c68c75c472eaacb582bb219f86a828d876af9138517e953c0e74949d", kill_on_drop: false }`
[INFO] [stdout] 0c386f64c68c75c472eaacb582bb219f86a828d876af9138517e953c0e74949d
